Jul 23 02:57:17.790899 np0000005699 devstack@c-api.service[97179]: DEBUG cinder.api.openstack.wsgi [req-6ce18fc9-816f-4cc4-b93c-70d0a24f39fd req-79824e62-889c-451d-90fc-f21c177337ce tempest-AttachSCSIVolumeTestJSON-2062211725 tempest-AttachSCSIVolumeTestJSON-2062211725-project-member] Calling method 'show' {{(pid=97179) _process_stack /opt/stack/cinder/cinder/api/openstack/wsgi.py:878}}
Jul 23 02:57:17.793916 np0000005699 devstack@c-api.service[97178]: INFO cinder.api.openstack.wsgi [None req-afde01f7-8ebe-42d5-9cc1-685b34fb4838 tempest-AttachSCSIVolumeTestJSON-2062211725 tempest-AttachSCSIVolumeTestJSON-2062211725-project-member] https://10.4.3.141/volume/v3/volumes/f4507d35-9297-48d3-b145-12fa54f18d10 returned with HTTP 200
Jul 23 02:57:17.794612 np0000005699 devstack@c-api.service[97178]: [pid: 97178|app: 0|req: 61/174] 10.4.3.141 () {66 vars in 1348 bytes} [Thu Jul 23 02:57:17 2026] GET /volume/v3/volumes/f4507d35-9297-48d3-b145-12fa54f18d10 => generated 847 bytes in 30 msecs (HTTP/1.1 200) 7 headers in 285 bytes (1 switches on core 0)
Jul 23 02:57:17.804675 np0000005699 devstack@c-api.service[97179]: /opt/stack/data/venv/lib/python3.12/site-packages/oslo_context/context.py:102: DeprecationWarning: Policy enforcement is depending on the value of is_admin. This key is deprecated. Please update your policy file to use the standard policy values.
Jul 23 02:57:17.804675 np0000005699 devstack@c-api.service[97179]: warnings.warn(
Jul 23 02:57:17.805482 np0000005699 devstack@c-api.service[97180]: INFO cinder.api.openstack.wsgi [None req-a625ae8a-2cd5-4405-8bfb-02c525716c86 tempest-GroupsTest-1748317984 tempest-GroupsTest-1748317984-project-member] https://10.4.3.141/volume/v3/groups/784e57e0-5684-417f-b5db-afb4368bbe29 returned with HTTP 202
Jul 23 02:57:17.806033 np0000005699 devstack@c-api.service[97180]: [pid: 97180|app: 0|req: 58/175] 10.4.3.141 () {70 vars in 1406 bytes} [Thu Jul 23 02:57:17 2026] PUT /volume/v3/groups/784e57e0-5684-417f-b5db-afb4368bbe29 => generated 0 bytes in 68 msecs (HTTP/1.1 202) 6 headers in 234 bytes (1 switches on core 0)
Jul 23 02:57:17.811737 np0000005699 devstack@c-api.service[97179]: INFO cinder.volume.api [req-6ce18fc9-816f-4cc4-b93c-70d0a24f39fd req-79824e62-889c-451d-90fc-f21c177337ce tempest-AttachSCSIVolumeTestJSON-2062211725 tempest-AttachSCSIVolumeTestJSON-2062211725-project-member] Volume info retrieved successfully.
Jul 23 02:57:17.816515 np0000005699 devstack@c-api.service[97178]: DEBUG cinder.api.middleware.request_id [None req-7a97d4f1-912e-40ff-952a-fa6443cd3a4a None None] RequestId filter calling following filter/app {{(pid=97178) _context_setter /opt/stack/cinder/cinder/api/middleware/request_id.py:62}}
Jul 23 02:57:17.818563 np0000005699 devstack@c-api.service[97179]: INFO cinder.api.openstack.wsgi [req-6ce18fc9-816f-4cc4-b93c-70d0a24f39fd req-79824e62-889c-451d-90fc-f21c177337ce tempest-AttachSCSIVolumeTestJSON-2062211725 tempest-AttachSCSIVolumeTestJSON-2062211725-project-member] https://10.4.3.141/volume/v3/volumes/f4507d35-9297-48d3-b145-12fa54f18d10 returned with HTTP 200
Jul 23 02:57:17.819185 np0000005699 devstack@c-api.service[97179]: [pid: 97179|app: 0|req: 57/176] 10.4.3.141 () {70 vars in 1639 bytes} [Thu Jul 23 02:57:17 2026] GET /volume/v3/volumes/f4507d35-9297-48d3-b145-12fa54f18d10 => generated 1028 bytes in 32 msecs (HTTP/1.1 200) 7 headers in 287 bytes (1 switches on core 0)
Jul 23 02:57:17.819538 np0000005699 devstack@c-api.service[97178]: INFO cinder.api.openstack.wsgi [None req-7a97d4f1-912e-40ff-952a-fa6443cd3a4a tempest-GroupsTest-1748317984 tempest-GroupsTest-1748317984-project-member] GET https://10.4.3.141/volume/v3/groups/784e57e0-5684-417f-b5db-afb4368bbe29
Jul 23 02:57:17.819812 np0000005699 devstack@c-api.service[97178]: DEBUG cinder.api.openstack.wsgi [None req-7a97d4f1-912e-40ff-952a-fa6443cd3a4a tempest-GroupsTest-1748317984 tempest-GroupsTest-1748317984-project-member] Empty body provided in request {{(pid=97178) get_body /opt/stack/cinder/cinder/api/openstack/wsgi.py:725}}
Jul 23 02:57:17.820112 np0000005699 devstack@c-api.service[97178]: DEBUG cinder.api.openstack.wsgi [None req-7a97d4f1-912e-40ff-952a-fa6443cd3a4a tempest-GroupsTest-1748317984 tempest-GroupsTest-1748317984-project-member] Calling method 'version_select' {{(pid=97178) _process_stack /opt/stack/cinder/cinder/api/openstack/wsgi.py:878}}
Jul 23 02:57:17.820288 np0000005699 devstack@c-api.service[97178]: DEBUG cinder.api.v3.groups [None req-7a97d4f1-912e-40ff-952a-fa6443cd3a4a tempest-GroupsTest-1748317984 tempest-GroupsTest-1748317984-project-member] show called for member 784e57e0-5684-417f-b5db-afb4368bbe29 {{(pid=97178) show /opt/stack/cinder/cinder/api/v3/groups.py:58}}
Jul 23 02:57:17.825370 np0000005699 devstack@c-api.service[97178]: /opt/stack/data/venv/lib/python3.12/site-packages/oslo_context/context.py:102: DeprecationWarning: Policy enforcement is depending on the value of is_admin. This key is deprecated. Please update your policy file to use the standard policy values.
Jul 23 02:57:17.825370 np0000005699 devstack@c-api.service[97178]: warnings.warn(
Jul 23 02:57:17.834087 np0000005699 devstack@c-api.service[97178]: INFO cinder.api.openstack.wsgi [None req-7a97d4f1-912e-40ff-952a-fa6443cd3a4a tempest-GroupsTest-1748317984 tempest-GroupsTest-1748317984-project-member] https://10.4.3.141/volume/v3/groups/784e57e0-5684-417f-b5db-afb4368bbe29 returned with HTTP 200
Jul 23 02:57:17.836667 np0000005699 devstack@c-api.service[97178]: [pid: 97178|app: 0|req: 62/177] 10.4.3.141 () {68 vars in 1386 bytes} [Thu Jul 23 02:57:17 2026] GET /volume/v3/groups/784e57e0-5684-417f-b5db-afb4368bbe29 => generated 323 bytes in 19 msecs (HTTP/1.1 200) 7 headers in 286 bytes (1 switches on core 0)
Jul 23 02:57:17.898491 np0000005699 devstack@c-api.service[97180]: DEBUG cinder.api.middleware.request_id [req-6ce18fc9-816f-4cc4-b93c-70d0a24f39fd req-0a81c9c8-1fc0-41dd-9d98-8c4c93d77967 None None] RequestId filter calling following filter/app {{(pid=97180) _context_setter /opt/stack/cinder/cinder/api/middleware/request_id.py:62}}
Jul 23 02:57:17.901293 np0000005699 devstack@c-api.service[97180]: INFO cinder.api.openstack.wsgi [req-6ce18fc9-816f-4cc4-b93c-70d0a24f39fd req-0a81c9c8-1fc0-41dd-9d98-8c4c93d77967 tempest-AttachSCSIVolumeTestJSON-2062211725 tempest-AttachSCSIVolumeTestJSON-2062211725-project-member] PUT https://10.4.3.141/volume/v3/attachments/0991a225-a897-490f-945a-fbc8ce9838b0
Jul 23 02:57:17.901901 np0000005699 devstack@c-api.service[97180]: DEBUG cinder.api.openstack.wsgi [req-6ce18fc9-816f-4cc4-b93c-70d0a24f39fd req-0a81c9c8-1fc0-41dd-9d98-8c4c93d77967 tempest-AttachSCSIVolumeTestJSON-2062211725 tempest-AttachSCSIVolumeTestJSON-2062211725-project-member] Action: 'update', calling method: version_select, body: {"attachment": {"connector": {"platform": "x86_64", "os_type": "linux", "ip": "10.4.3.141", "host": "np0000005699", "multipath": false, "enforce_multipath": true, "initiator": "iqn.2016-04.com.open-iscsi:78da339bf639", "do_local_attach": false, "nvme_hostid": "4a473cee-9408-4429-8c2b-7adc13444bde", "uuid": "8515de1c-ba7e-467b-adde-6d9f8a8dbc1f", "system uuid": "e01fdc50-df0a-4021-80a7-84dd6679b2d2", "nqn": "nqn.2014-08.org.nvmexpress:uuid:e01fdc50-df0a-4021-80a7-84dd6679b2d2", "nvme_native_multipath": true, "found_dsc": "", "host_ips": ["10.4.3.141", "fe80::f816:3eff:fe40:a8fc", "192.168.10.6", "fe80::f816:3eff:fee6:78bb", "192.168.20.6", "fe80::f816:3eff:fe27:5ba7", "192.168.30.6", "fe80::f816:3eff:fe65:be30", "192.168.122.1", "172.24.5.1", "2001:db8::2", "fe80::6c72:71ff:fe53:d246", "fe80::f816:3eff:fe8d:a503", "fe80::6c03:f2ff:fe84:e375", "fe80::f816:3eff:fe1d:41d8", "fe80::d095:f5ff:fedc:bfc1", "fe80::f816:3eff:fe4a:9ba7", "fe80::c47b:f2ff:febb:9942", "fe80::f816:3eff:fe69:209c", "fe80::f4a8:c1ff:fe4b:1189", "fe80::f816:3eff:fe94:bdd", "fe80::242f:6aff:fea1:456d", "fe80::f816:3eff:fe15:bb9d", "fe80::fcc5:18ff:fef9:3f52"], "mountpoint": "/dev/sdc"}}} {{(pid=97180) _process_stack /opt/stack/cinder/cinder/api/openstack/wsgi.py:876}}
Jul 23 02:57:17.911879 np0000005699 devstack@c-api.service[97180]: DEBUG cinder.coordination [req-6ce18fc9-816f-4cc4-b93c-70d0a24f39fd req-0a81c9c8-1fc0-41dd-9d98-8c4c93d77967 tempest-AttachSCSIVolumeTestJSON-2062211725 tempest-AttachSCSIVolumeTestJSON-2062211725-project-member] Acquiring lock "cinder-attachment_update-f4507d35-9297-48d3-b145-12fa54f18d10-np0000005699" by "attachment_update" {{(pid=97180) __acquire /opt/stack/cinder/cinder/coordination.py:138}}
Jul 23 02:57:17.917547 np0000005699 devstack@c-api.service[97180]: DEBUG cinder.coordination [req-6ce18fc9-816f-4cc4-b93c-70d0a24f39fd req-0a81c9c8-1fc0-41dd-9d98-8c4c93d77967 tempest-AttachSCSIVolumeTestJSON-2062211725 tempest-AttachSCSIVolumeTestJSON-2062211725-project-member] Lock "cinder-attachment_update-f4507d35-9297-48d3-b145-12fa54f18d10-np0000005699" acquired by "attachment_update" :: waited 0.006s {{(pid=97180) __acquire /opt/stack/cinder/cinder/coordination.py:141}}
Jul 23 02:57:17.918925 np0000005699 devstack@c-api.service[97180]: /opt/stack/data/venv/lib/python3.12/site-packages/oslo_context/context.py:102: DeprecationWarning: Policy enforcement is depending on the value of is_admin. This key is deprecated. Please update your policy file to use the standard policy values.
Jul 23 02:57:17.918925 np0000005699 devstack@c-api.service[97180]: warnings.warn(
Jul 23 02:57:18.034818 np0000005699 devstack@c-api.service[97180]: DEBUG cinder.coordination [req-6ce18fc9-816f-4cc4-b93c-70d0a24f39fd req-0a81c9c8-1fc0-41dd-9d98-8c4c93d77967 tempest-AttachSCSIVolumeTestJSON-2062211725 tempest-AttachSCSIVolumeTestJSON-2062211725-project-member] Lock "cinder-attachment_update-f4507d35-9297-48d3-b145-12fa54f18d10-np0000005699" released by "attachment_update" :: held 0.117s {{(pid=97180) __release /opt/stack/cinder/cinder/coordination.py:152}}
Jul 23 02:57:18.036010 np0000005699 devstack@c-api.service[97180]: INFO cinder.api.openstack.wsgi [req-6ce18fc9-816f-4cc4-b93c-70d0a24f39fd req-0a81c9c8-1fc0-41dd-9d98-8c4c93d77967 tempest-AttachSCSIVolumeTestJSON-2062211725 tempest-AttachSCSIVolumeTestJSON-2062211725-project-member] https://10.4.3.141/volume/v3/attachments/0991a225-a897-490f-945a-fbc8ce9838b0 returned with HTTP 200
Jul 23 02:57:18.036010 np0000005699 devstack@c-api.service[97180]: [pid: 97180|app: 0|req: 59/178] 10.4.3.141 () {74 vars in 1705 bytes} [Thu Jul 23 02:57:17 2026] PUT /volume/v3/attachments/0991a225-a897-490f-945a-fbc8ce9838b0 => generated 535 bytes in 138 msecs (HTTP/1.1 200) 7 headers in 286 bytes (1 switches on core 0)
Jul 23 02:57:18.082262 np0000005699 devstack@c-api.service[97179]: DEBUG cinder.api.middleware.request_id [None req-b674f4d2-b9ac-48df-92d7-ab9d25c33db9 None None] RequestId filter calling following filter/app {{(pid=97179) _context_setter /opt/stack/cinder/cinder/api/middleware/request_id.py:62}}
Jul 23 02:57:18.084804 np0000005699 devstack@c-api.service[97179]: INFO cinder.api.openstack.wsgi [None req-b674f4d2-b9ac-48df-92d7-ab9d25c33db9 tempest-SnapshotsActionsTest-1330186223 tempest-SnapshotsActionsTest-1330186223-project-member] GET https://10.4.3.141/volume/v3/snapshots/925247ac-a04b-49a0-842f-87886526d24f
Jul 23 02:57:18.085026 np0000005699 devstack@c-api.service[97179]: DEBUG cinder.api.openstack.wsgi [None req-b674f4d2-b9ac-48df-92d7-ab9d25c33db9 tempest-SnapshotsActionsTest-1330186223 tempest-SnapshotsActionsTest-1330186223-project-member] Empty body provided in request {{(pid=97179) get_body /opt/stack/cinder/cinder/api/openstack/wsgi.py:725}}
Jul 23 02:57:18.085321 np0000005699 devstack@c-api.service[97179]: DEBUG cinder.api.openstack.wsgi [None req-b674f4d2-b9ac-48df-92d7-ab9d25c33db9 tempest-SnapshotsActionsTest-1330186223 tempest-SnapshotsActionsTest-1330186223-project-member] Calling method 'show' {{(pid=97179) _process_stack /opt/stack/cinder/cinder/api/openstack/wsgi.py:878}}
Jul 23 02:57:18.091840 np0000005699 devstack@c-api.service[97179]: /opt/stack/data/venv/lib/python3.12/site-packages/oslo_context/context.py:102: DeprecationWarning: Policy enforcement is depending on the value of is_admin. This key is deprecated. Please update your policy file to use the standard policy values.
Jul 23 02:57:18.091840 np0000005699 devstack@c-api.service[97179]: warnings.warn(
Jul 23 02:57:18.092724 np0000005699 devstack@c-api.service[97179]: INFO cinder.volume.api [None req-b674f4d2-b9ac-48df-92d7-ab9d25c33db9 tempest-SnapshotsActionsTest-1330186223 tempest-SnapshotsActionsTest-1330186223-project-member] Snapshot retrieved successfully.
Jul 23 02:57:18.093765 np0000005699 devstack@c-api.service[97179]: INFO cinder.api.openstack.wsgi [None req-b674f4d2-b9ac-48df-92d7-ab9d25c33db9 tempest-SnapshotsActionsTest-1330186223 tempest-SnapshotsActionsTest-1330186223-project-member] https://10.4.3.141/volume/v3/snapshots/925247ac-a04b-49a0-842f-87886526d24f returned with HTTP 200
Jul 23 02:57:18.094267 np0000005699 devstack@c-api.service[97179]: [pid: 97179|app: 0|req: 58/179] 10.4.3.141 () {66 vars in 1354 bytes} [Thu Jul 23 02:57:18 2026] GET /volume/v3/snapshots/925247ac-a04b-49a0-842f-87886526d24f => generated 466 bytes in 13 msecs (HTTP/1.1 200) 7 headers in 285 bytes (1 switches on core 0)
Jul 23 02:57:18.106060 np0000005699 devstack@c-api.service[97178]: DEBUG cinder.api.middleware.request_id [None req-f82bbfde-d265-404b-811e-bcc1a0a51d03 None None] RequestId filter calling following filter/app {{(pid=97178) _context_setter /opt/stack/cinder/cinder/api/middleware/request_id.py:62}}
Jul 23 02:57:18.110915 np0000005699 devstack@c-api.service[97178]: INFO cinder.api.openstack.wsgi [None req-f82bbfde-d265-404b-811e-bcc1a0a51d03 tempest-SnapshotsActionsTest-2042606958 tempest-SnapshotsActionsTest-2042606958-project-admin] POST https://10.4.3.141/volume/v3/snapshots/925247ac-a04b-49a0-842f-87886526d24f/action
Jul 23 02:57:18.110915 np0000005699 devstack@c-api.service[97178]: DEBUG cinder.api.openstack.wsgi [None req-f82bbfde-d265-404b-811e-bcc1a0a51d03 tempest-SnapshotsActionsTest-2042606958 tempest-SnapshotsActionsTest-2042606958-project-admin] Action body: b'{"os-reset_status": {"status": "error_deleting"}}' {{(pid=97178) get_method /opt/stack/cinder/cinder/api/openstack/wsgi.py:993}}
Jul 23 02:57:18.111101 np0000005699 devstack@c-api.service[97178]: DEBUG cinder.api.openstack.wsgi [None req-f82bbfde-d265-404b-811e-bcc1a0a51d03 tempest-SnapshotsActionsTest-2042606958 tempest-SnapshotsActionsTest-2042606958-project-admin] Action: 'action', calling method: _reset_status, body: {"os-reset_status": {"status": "error_deleting"}} {{(pid=97178) _process_stack /opt/stack/cinder/cinder/api/openstack/wsgi.py:876}}
Jul 23 02:57:18.113407 np0000005699 devstack@c-api.service[97178]: DEBUG cinder.api.contrib.admin_actions [None req-f82bbfde-d265-404b-811e-bcc1a0a51d03 tempest-SnapshotsActionsTest-2042606958 tempest-SnapshotsActionsTest-2042606958-project-admin] Updating snapshot '925247ac-a04b-49a0-842f-87886526d24f' with '{'status': 'error_deleting'}' {{(pid=97178) _reset_status /opt/stack/cinder/cinder/api/contrib/admin_actions.py:263}}
Jul 23 02:57:18.134900 np0000005699 devstack@c-api.service[97178]: /opt/stack/data/venv/lib/python3.12/site-packages/oslo_context/context.py:102: DeprecationWarning: Policy enforcement is depending on the value of is_admin. This key is deprecated. Please update your policy file to use the standard policy values.
Jul 23 02:57:18.134900 np0000005699 devstack@c-api.service[97178]: warnings.warn(
Jul 23 02:57:18.161638 np0000005699 devstack@c-api.service[97178]: INFO cinder.api.openstack.wsgi [None req-f82bbfde-d265-404b-811e-bcc1a0a51d03 tempest-SnapshotsActionsTest-2042606958 tempest-SnapshotsActionsTest-2042606958-project-admin] https://10.4.3.141/volume/v3/snapshots/925247ac-a04b-49a0-842f-87886526d24f/action returned with HTTP 202
Jul 23 02:57:18.162205 np0000005699 devstack@c-api.service[97178]: [pid: 97178|app: 0|req: 63/180] 10.4.3.141 () {68 vars in 1396 bytes} [Thu Jul 23 02:57:18 2026] POST /volume/v3/snapshots/925247ac-a04b-49a0-842f-87886526d24f/action => generated 0 bytes in 57 msecs (HTTP/1.1 202) 7 headers in 289 bytes (1 switches on core 0)
Jul 23 02:57:18.179346 np0000005699 devstack@c-api.service[97180]: DEBUG cinder.api.middleware.request_id [None req-49da678a-4681-46d4-a172-b0b98a592693 None None] RequestId filter calling following filter/app {{(pid=97180) _context_setter /opt/stack/cinder/cinder/api/middleware/request_id.py:62}}
Jul 23 02:57:18.183326 np0000005699 devstack@c-api.service[97180]: INFO cinder.api.openstack.wsgi [None req-49da678a-4681-46d4-a172-b0b98a592693 tempest-SnapshotsActionsTest-1330186223 tempest-SnapshotsActionsTest-1330186223-project-member] GET https://10.4.3.141/volume/v3/snapshots/925247ac-a04b-49a0-842f-87886526d24f
Jul 23 02:57:18.183326 np0000005699 devstack@c-api.service[97180]: DEBUG cinder.api.openstack.wsgi [None req-49da678a-4681-46d4-a172-b0b98a592693 tempest-SnapshotsActionsTest-1330186223 tempest-SnapshotsActionsTest-1330186223-project-member] Empty body provided in request {{(pid=97180) get_body /opt/stack/cinder/cinder/api/openstack/wsgi.py:725}}
Jul 23 02:57:18.183326 np0000005699 devstack@c-api.service[97180]: DEBUG cinder.api.openstack.wsgi [None req-49da678a-4681-46d4-a172-b0b98a592693 tempest-SnapshotsActionsTest-1330186223 tempest-SnapshotsActionsTest-1330186223-project-member] Calling method 'show' {{(pid=97180) _process_stack /opt/stack/cinder/cinder/api/openstack/wsgi.py:878}}
Jul 23 02:57:18.191708 np0000005699 devstack@c-api.service[97180]: /opt/stack/data/venv/lib/python3.12/site-packages/oslo_context/context.py:102: DeprecationWarning: Policy enforcement is depending on the value of is_admin. This key is deprecated. Please update your policy file to use the standard policy values.
Jul 23 02:57:18.191708 np0000005699 devstack@c-api.service[97180]: warnings.warn(
Jul 23 02:57:18.192487 np0000005699 devstack@c-api.service[97180]: INFO cinder.volume.api [None req-49da678a-4681-46d4-a172-b0b98a592693 tempest-SnapshotsActionsTest-1330186223 tempest-SnapshotsActionsTest-1330186223-project-member] Snapshot retrieved successfully.
Jul 23 02:57:18.193692 np0000005699 devstack@c-api.service[97180]: INFO cinder.api.openstack.wsgi [None req-49da678a-4681-46d4-a172-b0b98a592693 tempest-SnapshotsActionsTest-1330186223 tempest-SnapshotsActionsTest-1330186223-project-member] https://10.4.3.141/volume/v3/snapshots/925247ac-a04b-49a0-842f-87886526d24f returned with HTTP 200
Jul 23 02:57:18.194896 np0000005699 devstack@c-api.service[97180]: [pid: 97180|app: 0|req: 60/181] 10.4.3.141 () {66 vars in 1354 bytes} [Thu Jul 23 02:57:18 2026] GET /volume/v3/snapshots/925247ac-a04b-49a0-842f-87886526d24f => generated 471 bytes in 16 msecs (HTTP/1.1 200) 7 headers in 285 bytes (1 switches on core 0)
Jul 23 02:57:18.201421 np0000005699 devstack@c-api.service[97179]: DEBUG cinder.api.middleware.request_id [None req-7ed215e6-48bc-4233-b205-caa876e70d6a None None] RequestId filter calling following filter/app {{(pid=97179) _context_setter /opt/stack/cinder/cinder/api/middleware/request_id.py:62}}
Jul 23 02:57:18.205943 np0000005699 devstack@c-api.service[97179]: INFO cinder.api.openstack.wsgi [None req-7ed215e6-48bc-4233-b205-caa876e70d6a None None] GET https://10.4.3.141/volume//
Jul 23 02:57:18.205943 np0000005699 devstack@c-api.service[97179]: DEBUG cinder.api.openstack.wsgi [None req-7ed215e6-48bc-4233-b205-caa876e70d6a None None] Empty body provided in request {{(pid=97179) get_body /opt/stack/cinder/cinder/api/openstack/wsgi.py:725}}
Jul 23 02:57:18.205943 np0000005699 devstack@c-api.service[97179]: DEBUG cinder.api.openstack.wsgi [None req-7ed215e6-48bc-4233-b205-caa876e70d6a None None] Calling method 'all' {{(pid=97179) _process_stack /opt/stack/cinder/cinder/api/openstack/wsgi.py:878}}
Jul 23 02:57:18.205943 np0000005699 devstack@c-api.service[97179]: INFO cinder.api.openstack.wsgi [None req-7ed215e6-48bc-4233-b205-caa876e70d6a None None] https://10.4.3.141/volume// returned with HTTP 300
Jul 23 02:57:18.206879 np0000005699 devstack@c-api.service[97179]: [pid: 97179|app: 0|req: 59/182] 10.4.3.141 () {66 vars in 1426 bytes} [Thu Jul 23 02:57:18 2026] GET /volume/ => generated 386 bytes in 11 msecs (HTTP/1.1 300) 7 headers in 299 bytes (1 switches on core 0)
Jul 23 02:57:18.212464 np0000005699 devstack@c-api.service[97178]: DEBUG cinder.api.middleware.request_id [None req-1343d313-0df6-42db-bfc0-483649244d50 None None] RequestId filter calling following filter/app {{(pid=97178) _context_setter /opt/stack/cinder/cinder/api/middleware/request_id.py:62}}
Jul 23 02:57:18.217806 np0000005699 devstack@c-api.service[97178]: INFO cinder.api.openstack.wsgi [None req-1343d313-0df6-42db-bfc0-483649244d50 tempest-SnapshotsActionsTest-2042606958 tempest-SnapshotsActionsTest-2042606958-project-admin] POST https://10.4.3.141/volume/v3/snapshots/925247ac-a04b-49a0-842f-87886526d24f/action
Jul 23 02:57:18.220430 np0000005699 devstack@c-api.service[97178]: DEBUG cinder.api.openstack.wsgi [None req-1343d313-0df6-42db-bfc0-483649244d50 tempest-SnapshotsActionsTest-2042606958 tempest-SnapshotsActionsTest-2042606958-project-admin] Action body: b'{"os-force_delete": {}}' {{(pid=97178) get_method /opt/stack/cinder/cinder/api/openstack/wsgi.py:993}}
Jul 23 02:57:18.220430 np0000005699 devstack@c-api.service[97178]: DEBUG cinder.api.openstack.wsgi [None req-1343d313-0df6-42db-bfc0-483649244d50 tempest-SnapshotsActionsTest-2042606958 tempest-SnapshotsActionsTest-2042606958-project-admin] Action: 'action', calling method: _force_delete, body: {"os-force_delete": {}} {{(pid=97178) _process_stack /opt/stack/cinder/cinder/api/openstack/wsgi.py:876}}
Jul 23 02:57:18.220943 np0000005699 devstack@c-api.service[97180]: DEBUG cinder.api.middleware.request_id [req-57408a05-f863-4715-8a06-af0e488b2b4f req-55ae6d55-bee6-438b-bd9b-02f1e9540e15 None None] RequestId filter calling following filter/app {{(pid=97180) _context_setter /opt/stack/cinder/cinder/api/middleware/request_id.py:62}}
Jul 23 02:57:18.228173 np0000005699 devstack@c-api.service[97180]: INFO cinder.api.openstack.wsgi [req-57408a05-f863-4715-8a06-af0e488b2b4f req-55ae6d55-bee6-438b-bd9b-02f1e9540e15 tempest-ServerActionsV293TestJSON-1264374543 tempest-ServerActionsV293TestJSON-1264374543-project-member] POST https://10.4.3.141/volume/v3/attachments
Jul 23 02:57:18.228887 np0000005699 devstack@c-api.service[97180]: DEBUG cinder.api.openstack.wsgi [req-57408a05-f863-4715-8a06-af0e488b2b4f req-55ae6d55-bee6-438b-bd9b-02f1e9540e15 tempest-ServerActionsV293TestJSON-1264374543 tempest-ServerActionsV293TestJSON-1264374543-project-member] Action: 'create', calling method: version_select, body: {"attachment": {"volume_uuid": "34afafd9-c093-4cd6-ac12-e99dc1d19104", "connector": null, "instance_uuid": "4c23eab1-b507-428e-ac27-b9f63ecdfad8"}} {{(pid=97180) _process_stack /opt/stack/cinder/cinder/api/openstack/wsgi.py:876}}
Jul 23 02:57:18.232548 np0000005699 devstack@c-api.service[97178]: /opt/stack/data/venv/lib/python3.12/site-packages/oslo_context/context.py:102: DeprecationWarning: Policy enforcement is depending on the value of is_admin. This key is deprecated. Please update your policy file to use the standard policy values.
Jul 23 02:57:18.232548 np0000005699 devstack@c-api.service[97178]: warnings.warn(
Jul 23 02:57:18.233071 np0000005699 devstack@c-api.service[97178]: INFO cinder.volume.api [None req-1343d313-0df6-42db-bfc0-483649244d50 tempest-SnapshotsActionsTest-2042606958 tempest-SnapshotsActionsTest-2042606958-project-admin] Snapshot retrieved successfully.
Jul 23 02:57:18.249656 np0000005699 devstack@c-api.service[97180]: /opt/stack/data/venv/lib/python3.12/site-packages/oslo_context/context.py:102: DeprecationWarning: Policy enforcement is depending on the value of is_admin. This key is deprecated. Please update your policy file to use the standard policy values.
Jul 23 02:57:18.249656 np0000005699 devstack@c-api.service[97180]: warnings.warn(
Jul 23 02:57:18.283994 np0000005699 devstack@c-api.service[97178]: INFO cinder.volume.api [None req-1343d313-0df6-42db-bfc0-483649244d50 tempest-SnapshotsActionsTest-2042606958 tempest-SnapshotsActionsTest-2042606958-project-admin] Snapshot delete request issued successfully.
Jul 23 02:57:18.283994 np0000005699 devstack@c-api.service[97178]: INFO cinder.api.openstack.wsgi [None req-1343d313-0df6-42db-bfc0-483649244d50 tempest-SnapshotsActionsTest-2042606958 tempest-SnapshotsActionsTest-2042606958-project-admin] https://10.4.3.141/volume/v3/snapshots/925247ac-a04b-49a0-842f-87886526d24f/action returned with HTTP 202
Jul 23 02:57:18.284773 np0000005699 devstack@c-api.service[97178]: [pid: 97178|app: 0|req: 64/183] 10.4.3.141 () {68 vars in 1396 bytes} [Thu Jul 23 02:57:18 2026] POST /volume/v3/snapshots/925247ac-a04b-49a0-842f-87886526d24f/action => generated 0 bytes in 73 msecs (HTTP/1.1 202) 7 headers in 289 bytes (1 switches on core 0)
Jul 23 02:57:18.300167 np0000005699 devstack@c-api.service[97179]: DEBUG cinder.api.middleware.request_id [None req-cab49df8-7350-4304-b18e-4b6f82ebbccb None None] RequestId filter calling following filter/app {{(pid=97179) _context_setter /opt/stack/cinder/cinder/api/middleware/request_id.py:62}}
Jul 23 02:57:18.304176 np0000005699 devstack@c-api.service[97179]: INFO cinder.api.openstack.wsgi [None req-cab49df8-7350-4304-b18e-4b6f82ebbccb tempest-SnapshotsActionsTest-1330186223 tempest-SnapshotsActionsTest-1330186223-project-member] GET https://10.4.3.141/volume/v3/snapshots/925247ac-a04b-49a0-842f-87886526d24f
Jul 23 02:57:18.304176 np0000005699 devstack@c-api.service[97179]: DEBUG cinder.api.openstack.wsgi [None req-cab49df8-7350-4304-b18e-4b6f82ebbccb tempest-SnapshotsActionsTest-1330186223 tempest-SnapshotsActionsTest-1330186223-project-member] Empty body provided in request {{(pid=97179) get_body /opt/stack/cinder/cinder/api/openstack/wsgi.py:725}}
Jul 23 02:57:18.304176 np0000005699 devstack@c-api.service[97179]: DEBUG cinder.api.openstack.wsgi [None req-cab49df8-7350-4304-b18e-4b6f82ebbccb tempest-SnapshotsActionsTest-1330186223 tempest-SnapshotsActionsTest-1330186223-project-member] Calling method 'show' {{(pid=97179) _process_stack /opt/stack/cinder/cinder/api/openstack/wsgi.py:878}}
Jul 23 02:57:18.308688 np0000005699 devstack@c-api.service[97180]: INFO cinder.api.openstack.wsgi [req-57408a05-f863-4715-8a06-af0e488b2b4f req-55ae6d55-bee6-438b-bd9b-02f1e9540e15 tempest-ServerActionsV293TestJSON-1264374543 tempest-ServerActionsV293TestJSON-1264374543-project-member] https://10.4.3.141/volume/v3/attachments returned with HTTP 200
Jul 23 02:57:18.309297 np0000005699 devstack@c-api.service[97180]: [pid: 97180|app: 0|req: 61/184] 10.4.3.141 () {74 vars in 1594 bytes} [Thu Jul 23 02:57:18 2026] POST /volume/v3/attachments => generated 273 bytes in 90 msecs (HTTP/1.1 200) 7 headers in 286 bytes (1 switches on core 0)
Jul 23 02:57:18.312588 np0000005699 devstack@c-api.service[97179]: /opt/stack/data/venv/lib/python3.12/site-packages/oslo_context/context.py:102: DeprecationWarning: Policy enforcement is depending on the value of is_admin. This key is deprecated. Please update your policy file to use the standard policy values.
Jul 23 02:57:18.312588 np0000005699 devstack@c-api.service[97179]: warnings.warn(
Jul 23 02:57:18.313411 np0000005699 devstack@c-api.service[97179]: INFO cinder.volume.api [None req-cab49df8-7350-4304-b18e-4b6f82ebbccb tempest-SnapshotsActionsTest-1330186223 tempest-SnapshotsActionsTest-1330186223-project-member] Snapshot retrieved successfully.
Jul 23 02:57:18.316542 np0000005699 devstack@c-api.service[97179]: INFO cinder.api.openstack.wsgi [None req-cab49df8-7350-4304-b18e-4b6f82ebbccb tempest-SnapshotsActionsTest-1330186223 tempest-SnapshotsActionsTest-1330186223-project-member] https://10.4.3.141/volume/v3/snapshots/925247ac-a04b-49a0-842f-87886526d24f returned with HTTP 200
Jul 23 02:57:18.317147 np0000005699 devstack@c-api.service[97179]: [pid: 97179|app: 0|req: 60/185] 10.4.3.141 () {66 vars in 1354 bytes} [Thu Jul 23 02:57:18 2026] GET /volume/v3/snapshots/925247ac-a04b-49a0-842f-87886526d24f => generated 465 bytes in 18 msecs (HTTP/1.1 200) 7 headers in 285 bytes (1 switches on core 0)
Jul 23 02:57:18.385700 np0000005699 devstack@c-api.service[97178]: DEBUG cinder.api.middleware.request_id [req-57408a05-f863-4715-8a06-af0e488b2b4f req-755c753d-63dc-49f7-b309-dd25fa0ed23e None None] RequestId filter calling following filter/app {{(pid=97178) _context_setter /opt/stack/cinder/cinder/api/middleware/request_id.py:62}}
Jul 23 02:57:18.390586 np0000005699 devstack@c-api.service[97178]: INFO cinder.api.openstack.wsgi [req-57408a05-f863-4715-8a06-af0e488b2b4f req-755c753d-63dc-49f7-b309-dd25fa0ed23e tempest-ServerActionsV293TestJSON-1264374543 tempest-ServerActionsV293TestJSON-1264374543-project-member] DELETE https://10.4.3.141/volume/v3/attachments/327d6d1b-54ff-43c2-9652-79c775618041
Jul 23 02:57:18.390586 np0000005699 devstack@c-api.service[97178]: DEBUG cinder.api.openstack.wsgi [req-57408a05-f863-4715-8a06-af0e488b2b4f req-755c753d-63dc-49f7-b309-dd25fa0ed23e tempest-ServerActionsV293TestJSON-1264374543 tempest-ServerActionsV293TestJSON-1264374543-project-member] Empty body provided in request {{(pid=97178) get_body /opt/stack/cinder/cinder/api/openstack/wsgi.py:725}}
Jul 23 02:57:18.390586 np0000005699 devstack@c-api.service[97178]: DEBUG cinder.api.openstack.wsgi [req-57408a05-f863-4715-8a06-af0e488b2b4f req-755c753d-63dc-49f7-b309-dd25fa0ed23e tempest-ServerActionsV293TestJSON-1264374543 tempest-ServerActionsV293TestJSON-1264374543-project-member] Calling method 'version_select' {{(pid=97178) _process_stack /opt/stack/cinder/cinder/api/openstack/wsgi.py:878}}
Jul 23 02:57:18.410107 np0000005699 devstack@c-api.service[97178]: /opt/stack/data/venv/lib/python3.12/site-packages/oslo_context/context.py:102: DeprecationWarning: Policy enforcement is depending on the value of is_admin. This key is deprecated. Please update your policy file to use the standard policy values.
Jul 23 02:57:18.410107 np0000005699 devstack@c-api.service[97178]: warnings.warn(
Jul 23 02:57:18.473993 np0000005699 devstack@c-api.service[97180]: DEBUG cinder.api.middleware.request_id [req-6ce18fc9-816f-4cc4-b93c-70d0a24f39fd req-23fa39e9-a896-4665-ad35-2d7b637e553e None None] RequestId filter calling following filter/app {{(pid=97180) _context_setter /opt/stack/cinder/cinder/api/middleware/request_id.py:62}}
Jul 23 02:57:18.478234 np0000005699 devstack@c-api.service[97180]: INFO cinder.api.openstack.wsgi [req-6ce18fc9-816f-4cc4-b93c-70d0a24f39fd req-23fa39e9-a896-4665-ad35-2d7b637e553e tempest-AttachSCSIVolumeTestJSON-2062211725 tempest-AttachSCSIVolumeTestJSON-2062211725-project-member] POST https://10.4.3.141/volume/v3/attachments/0991a225-a897-490f-945a-fbc8ce9838b0/action
Jul 23 02:57:18.479063 np0000005699 devstack@c-api.service[97180]: DEBUG cinder.api.openstack.wsgi [req-6ce18fc9-816f-4cc4-b93c-70d0a24f39fd req-23fa39e9-a896-4665-ad35-2d7b637e553e tempest-AttachSCSIVolumeTestJSON-2062211725 tempest-AttachSCSIVolumeTestJSON-2062211725-project-member] Action body: b'{"os-complete": null}' {{(pid=97180) get_method /opt/stack/cinder/cinder/api/openstack/wsgi.py:993}}
Jul 23 02:57:18.479443 np0000005699 devstack@c-api.service[97180]: DEBUG cinder.api.openstack.wsgi [req-6ce18fc9-816f-4cc4-b93c-70d0a24f39fd req-23fa39e9-a896-4665-ad35-2d7b637e553e tempest-AttachSCSIVolumeTestJSON-2062211725 tempest-AttachSCSIVolumeTestJSON-2062211725-project-member] Action: 'action', calling method: complete, body: {"os-complete": null} {{(pid=97180) _process_stack /opt/stack/cinder/cinder/api/openstack/wsgi.py:876}}
Jul 23 02:57:18.486067 np0000005699 devstack@c-api.service[97178]: INFO cinder.api.openstack.wsgi [req-57408a05-f863-4715-8a06-af0e488b2b4f req-755c753d-63dc-49f7-b309-dd25fa0ed23e tempest-ServerActionsV293TestJSON-1264374543 tempest-ServerActionsV293TestJSON-1264374543-project-member] https://10.4.3.141/volume/v3/attachments/327d6d1b-54ff-43c2-9652-79c775618041 returned with HTTP 200
Jul 23 02:57:18.486823 np0000005699 devstack@c-api.service[97178]: [pid: 97178|app: 0|req: 65/186] 10.4.3.141 () {72 vars in 1673 bytes} [Thu Jul 23 02:57:18 2026] DELETE /volume/v3/attachments/327d6d1b-54ff-43c2-9652-79c775618041 => generated 192 bytes in 102 msecs (HTTP/1.1 200) 7 headers in 286 bytes (1 switches on core 0)
Jul 23 02:57:18.501098 np0000005699 devstack@c-api.service[97180]: /opt/stack/data/venv/lib/python3.12/site-packages/oslo_context/context.py:102: DeprecationWarning: Policy enforcement is depending on the value of is_admin. This key is deprecated. Please update your policy file to use the standard policy values.
Jul 23 02:57:18.501098 np0000005699 devstack@c-api.service[97180]: warnings.warn(
Jul 23 02:57:18.516808 np0000005699 devstack@c-api.service[97180]: INFO cinder.api.openstack.wsgi [req-6ce18fc9-816f-4cc4-b93c-70d0a24f39fd req-23fa39e9-a896-4665-ad35-2d7b637e553e tempest-AttachSCSIVolumeTestJSON-2062211725 tempest-AttachSCSIVolumeTestJSON-2062211725-project-member] https://10.4.3.141/volume/v3/attachments/0991a225-a897-490f-945a-fbc8ce9838b0/action returned with HTTP 204
Jul 23 02:57:18.517463 np0000005699 devstack@c-api.service[97180]: [pid: 97180|app: 0|req: 62/187] 10.4.3.141 () {74 vars in 1725 bytes} [Thu Jul 23 02:57:18 2026] POST /volume/v3/attachments/0991a225-a897-490f-945a-fbc8ce9838b0/action => generated 0 bytes in 44 msecs (HTTP/1.1 204) 7 headers in 292 bytes (1 switches on core 0)
Jul 23 02:57:18.630538 np0000005699 devstack@c-api.service[97179]: DEBUG cinder.api.middleware.request_id [None req-619ec436-83ad-4ca2-820c-cb2496af9350 None None] RequestId filter calling following filter/app {{(pid=97179) _context_setter /opt/stack/cinder/cinder/api/middleware/request_id.py:62}}
Jul 23 02:57:18.631084 np0000005699 devstack@c-api.service[97179]: INFO cinder.api.openstack.wsgi [None req-619ec436-83ad-4ca2-820c-cb2496af9350 None None] GET https://10.4.3.141/volume//
Jul 23 02:57:18.631364 np0000005699 devstack@c-api.service[97179]: DEBUG cinder.api.openstack.wsgi [None req-619ec436-83ad-4ca2-820c-cb2496af9350 None None] Empty body provided in request {{(pid=97179) get_body /opt/stack/cinder/cinder/api/openstack/wsgi.py:725}}
Jul 23 02:57:18.631659 np0000005699 devstack@c-api.service[97179]: DEBUG cinder.api.openstack.wsgi [None req-619ec436-83ad-4ca2-820c-cb2496af9350 None None] Calling method 'all' {{(pid=97179) _process_stack /opt/stack/cinder/cinder/api/openstack/wsgi.py:878}}
Jul 23 02:57:18.632134 np0000005699 devstack@c-api.service[97179]: INFO cinder.api.openstack.wsgi [None req-619ec436-83ad-4ca2-820c-cb2496af9350 None None] https://10.4.3.141/volume// returned with HTTP 300
Jul 23 02:57:18.632633 np0000005699 devstack@c-api.service[97179]: [pid: 97179|app: 0|req: 61/188] 10.4.3.141 () {66 vars in 1426 bytes} [Thu Jul 23 02:57:18 2026] GET /volume/ => generated 386 bytes in 3 msecs (HTTP/1.1 300) 7 headers in 299 bytes (1 switches on core 0)
Jul 23 02:57:18.644862 np0000005699 devstack@c-api.service[97178]: DEBUG cinder.api.middleware.request_id [req-57408a05-f863-4715-8a06-af0e488b2b4f req-f8e76c2c-42a6-473b-8265-acef77c80dd1 None None] RequestId filter calling following filter/app {{(pid=97178) _context_setter /opt/stack/cinder/cinder/api/middleware/request_id.py:62}}
Jul 23 02:57:18.647991 np0000005699 devstack@c-api.service[97178]: INFO cinder.api.openstack.wsgi [req-57408a05-f863-4715-8a06-af0e488b2b4f req-f8e76c2c-42a6-473b-8265-acef77c80dd1 tempest-ServerActionsV293TestJSON-1264374543 tempest-ServerActionsV293TestJSON-1264374543-project-member] POST https://10.4.3.141/volume/v3/volumes/34afafd9-c093-4cd6-ac12-e99dc1d19104/action
Jul 23 02:57:18.651561 np0000005699 devstack@c-api.service[97178]: DEBUG cinder.api.openstack.wsgi [req-57408a05-f863-4715-8a06-af0e488b2b4f req-f8e76c2c-42a6-473b-8265-acef77c80dd1 tempest-ServerActionsV293TestJSON-1264374543 tempest-ServerActionsV293TestJSON-1264374543-project-member] Action body: b'{"os-reimage": {"image_id": "0a9f108f-ac48-495b-93b7-c8a325c4849c", "reimage_reserved": true}}' {{(pid=97178) get_method /opt/stack/cinder/cinder/api/openstack/wsgi.py:993}}
Jul 23 02:57:18.651768 np0000005699 devstack@c-api.service[97178]: DEBUG cinder.api.openstack.wsgi [req-57408a05-f863-4715-8a06-af0e488b2b4f req-f8e76c2c-42a6-473b-8265-acef77c80dd1 tempest-ServerActionsV293TestJSON-1264374543 tempest-ServerActionsV293TestJSON-1264374543-project-member] Action: 'action', calling method: version_select, body: {"os-reimage": {"image_id": "0a9f108f-ac48-495b-93b7-c8a325c4849c", "reimage_reserved": true}} {{(pid=97178) _process_stack /opt/stack/cinder/cinder/api/openstack/wsgi.py:876}}
Jul 23 02:57:18.673038 np0000005699 devstack@c-api.service[97178]: /opt/stack/data/venv/lib/python3.12/site-packages/oslo_context/context.py:102: DeprecationWarning: Policy enforcement is depending on the value of is_admin. This key is deprecated. Please update your policy file to use the standard policy values.
Jul 23 02:57:18.673038 np0000005699 devstack@c-api.service[97178]: warnings.warn(
Jul 23 02:57:18.675948 np0000005699 devstack@c-api.service[97178]: INFO cinder.volume.api [req-57408a05-f863-4715-8a06-af0e488b2b4f req-f8e76c2c-42a6-473b-8265-acef77c80dd1 tempest-ServerActionsV293TestJSON-1264374543 tempest-ServerActionsV293TestJSON-1264374543-project-member] Volume info retrieved successfully.
Jul 23 02:57:18.810946 np0000005699 devstack@c-api.service[97180]: DEBUG cinder.api.middleware.request_id [None req-9c0fcf5d-967b-41a3-9ca1-fcaca3092636 None None] RequestId filter calling following filter/app {{(pid=97180) _context_setter /opt/stack/cinder/cinder/api/middleware/request_id.py:62}}
Jul 23 02:57:18.812903 np0000005699 devstack@c-api.service[97180]: INFO cinder.api.openstack.wsgi [None req-9c0fcf5d-967b-41a3-9ca1-fcaca3092636 tempest-AttachSCSIVolumeTestJSON-2062211725 tempest-AttachSCSIVolumeTestJSON-2062211725-project-member] GET https://10.4.3.141/volume/v3/volumes/f4507d35-9297-48d3-b145-12fa54f18d10
Jul 23 02:57:18.813057 np0000005699 devstack@c-api.service[97180]: DEBUG cinder.api.openstack.wsgi [None req-9c0fcf5d-967b-41a3-9ca1-fcaca3092636 tempest-AttachSCSIVolumeTestJSON-2062211725 tempest-AttachSCSIVolumeTestJSON-2062211725-project-member] Empty body provided in request {{(pid=97180) get_body /opt/stack/cinder/cinder/api/openstack/wsgi.py:725}}
Jul 23 02:57:18.813286 np0000005699 devstack@c-api.service[97180]: DEBUG cinder.api.openstack.wsgi [None req-9c0fcf5d-967b-41a3-9ca1-fcaca3092636 tempest-AttachSCSIVolumeTestJSON-2062211725 tempest-AttachSCSIVolumeTestJSON-2062211725-project-member] Calling method 'show' {{(pid=97180) _process_stack /opt/stack/cinder/cinder/api/openstack/wsgi.py:878}}
Jul 23 02:57:18.823993 np0000005699 devstack@c-api.service[97180]: /opt/stack/data/venv/lib/python3.12/site-packages/oslo_context/context.py:102: DeprecationWarning: Policy enforcement is depending on the value of is_admin. This key is deprecated. Please update your policy file to use the standard policy values.
Jul 23 02:57:18.823993 np0000005699 devstack@c-api.service[97180]: warnings.warn(
Jul 23 02:57:18.828334 np0000005699 devstack@c-api.service[97180]: INFO cinder.volume.api [None req-9c0fcf5d-967b-41a3-9ca1-fcaca3092636 tempest-AttachSCSIVolumeTestJSON-2062211725 tempest-AttachSCSIVolumeTestJSON-2062211725-project-member] Volume info retrieved successfully.
Jul 23 02:57:18.834033 np0000005699 devstack@c-api.service[97180]: INFO cinder.api.openstack.wsgi [None req-9c0fcf5d-967b-41a3-9ca1-fcaca3092636 tempest-AttachSCSIVolumeTestJSON-2062211725 tempest-AttachSCSIVolumeTestJSON-2062211725-project-member] https://10.4.3.141/volume/v3/volumes/f4507d35-9297-48d3-b145-12fa54f18d10 returned with HTTP 200
Jul 23 02:57:18.834450 np0000005699 devstack@c-api.service[97180]: [pid: 97180|app: 0|req: 63/189] 10.4.3.141 () {66 vars in 1348 bytes} [Thu Jul 23 02:57:18 2026] GET /volume/v3/volumes/f4507d35-9297-48d3-b145-12fa54f18d10 => generated 1140 bytes in 24 msecs (HTTP/1.1 200) 7 headers in 286 bytes (1 switches on core 0)
Jul 23 02:57:18.845536 np0000005699 devstack@c-api.service[97179]: DEBUG cinder.api.middleware.request_id [None req-d7226c36-b731-4439-be9e-8dd0930555d4 None None] RequestId filter calling following filter/app {{(pid=97179) _context_setter /opt/stack/cinder/cinder/api/middleware/request_id.py:62}}
Jul 23 02:57:18.847369 np0000005699 devstack@c-api.service[97179]: INFO cinder.api.openstack.wsgi [None req-d7226c36-b731-4439-be9e-8dd0930555d4 tempest-GroupsTest-1748317984 tempest-GroupsTest-1748317984-project-member] GET https://10.4.3.141/volume/v3/groups/784e57e0-5684-417f-b5db-afb4368bbe29
Jul 23 02:57:18.847734 np0000005699 devstack@c-api.service[97179]: DEBUG cinder.api.openstack.wsgi [None req-d7226c36-b731-4439-be9e-8dd0930555d4 tempest-GroupsTest-1748317984 tempest-GroupsTest-1748317984-project-member] Empty body provided in request {{(pid=97179) get_body /opt/stack/cinder/cinder/api/openstack/wsgi.py:725}}
Jul 23 02:57:18.847919 np0000005699 devstack@c-api.service[97179]: DEBUG cinder.api.openstack.wsgi [None req-d7226c36-b731-4439-be9e-8dd0930555d4 tempest-GroupsTest-1748317984 tempest-GroupsTest-1748317984-project-member] Calling method 'version_select' {{(pid=97179) _process_stack /opt/stack/cinder/cinder/api/openstack/wsgi.py:878}}
Jul 23 02:57:18.848073 np0000005699 devstack@c-api.service[97179]: DEBUG cinder.api.v3.groups [None req-d7226c36-b731-4439-be9e-8dd0930555d4 tempest-GroupsTest-1748317984 tempest-GroupsTest-1748317984-project-member] show called for member 784e57e0-5684-417f-b5db-afb4368bbe29 {{(pid=97179) show /opt/stack/cinder/cinder/api/v3/groups.py:58}}
Jul 23 02:57:18.850810 np0000005699 devstack@c-api.service[97180]: DEBUG cinder.api.middleware.request_id [None req-7a27a5bc-9b59-4b85-a9d1-25a38a44b986 None None] RequestId filter calling following filter/app {{(pid=97180) _context_setter /opt/stack/cinder/cinder/api/middleware/request_id.py:62}}
Jul 23 02:57:18.852318 np0000005699 devstack@c-api.service[97179]: /opt/stack/data/venv/lib/python3.12/site-packages/oslo_context/context.py:102: DeprecationWarning: Policy enforcement is depending on the value of is_admin. This key is deprecated. Please update your policy file to use the standard policy values.
Jul 23 02:57:18.852318 np0000005699 devstack@c-api.service[97179]: warnings.warn(
Jul 23 02:57:18.853253 np0000005699 devstack@c-api.service[97180]: INFO cinder.api.openstack.wsgi [None req-7a27a5bc-9b59-4b85-a9d1-25a38a44b986 tempest-AttachSCSIVolumeTestJSON-2062211725 tempest-AttachSCSIVolumeTestJSON-2062211725-project-member] GET https://10.4.3.141/volume/v3/volumes/f4507d35-9297-48d3-b145-12fa54f18d10
Jul 23 02:57:18.853567 np0000005699 devstack@c-api.service[97180]: DEBUG cinder.api.openstack.wsgi [None req-7a27a5bc-9b59-4b85-a9d1-25a38a44b986 tempest-AttachSCSIVolumeTestJSON-2062211725 tempest-AttachSCSIVolumeTestJSON-2062211725-project-member] Empty body provided in request {{(pid=97180) get_body /opt/stack/cinder/cinder/api/openstack/wsgi.py:725}}
Jul 23 02:57:18.853996 np0000005699 devstack@c-api.service[97180]: DEBUG cinder.api.openstack.wsgi [None req-7a27a5bc-9b59-4b85-a9d1-25a38a44b986 tempest-AttachSCSIVolumeTestJSON-2062211725 tempest-AttachSCSIVolumeTestJSON-2062211725-project-member] Calling method 'show' {{(pid=97180) _process_stack /opt/stack/cinder/cinder/api/openstack/wsgi.py:878}}
Jul 23 02:57:18.860334 np0000005699 devstack@c-api.service[97179]: INFO cinder.api.openstack.wsgi [None req-d7226c36-b731-4439-be9e-8dd0930555d4 tempest-GroupsTest-1748317984 tempest-GroupsTest-1748317984-project-member] https://10.4.3.141/volume/v3/groups/784e57e0-5684-417f-b5db-afb4368bbe29 returned with HTTP 200
Jul 23 02:57:18.860737 np0000005699 devstack@c-api.service[97179]: [pid: 97179|app: 0|req: 62/190] 10.4.3.141 () {68 vars in 1386 bytes} [Thu Jul 23 02:57:18 2026] GET /volume/v3/groups/784e57e0-5684-417f-b5db-afb4368bbe29 => generated 324 bytes in 16 msecs (HTTP/1.1 200) 7 headers in 286 bytes (1 switches on core 0)
Jul 23 02:57:18.866087 np0000005699 devstack@c-api.service[97180]: /opt/stack/data/venv/lib/python3.12/site-packages/oslo_context/context.py:102: DeprecationWarning: Policy enforcement is depending on the value of is_admin. This key is deprecated. Please update your policy file to use the standard policy values.
Jul 23 02:57:18.866087 np0000005699 devstack@c-api.service[97180]: warnings.warn(
Jul 23 02:57:18.870123 np0000005699 devstack@c-api.service[97180]: INFO cinder.volume.api [None req-7a27a5bc-9b59-4b85-a9d1-25a38a44b986 tempest-AttachSCSIVolumeTestJSON-2062211725 tempest-AttachSCSIVolumeTestJSON-2062211725-project-member] Volume info retrieved successfully.
Jul 23 02:57:18.874367 np0000005699 devstack@c-api.service[97179]: DEBUG cinder.api.middleware.request_id [None req-ff3ff7fc-4ec9-486e-a79a-1f1f9fc90630 None None] RequestId filter calling following filter/app {{(pid=97179) _context_setter /opt/stack/cinder/cinder/api/middleware/request_id.py:62}}
Jul 23 02:57:18.875671 np0000005699 devstack@c-api.service[97180]: INFO cinder.api.openstack.wsgi [None req-7a27a5bc-9b59-4b85-a9d1-25a38a44b986 tempest-AttachSCSIVolumeTestJSON-2062211725 tempest-AttachSCSIVolumeTestJSON-2062211725-project-member] https://10.4.3.141/volume/v3/volumes/f4507d35-9297-48d3-b145-12fa54f18d10 returned with HTTP 200
Jul 23 02:57:18.875671 np0000005699 devstack@c-api.service[97180]: [pid: 97180|app: 0|req: 64/191] 10.4.3.141 () {66 vars in 1348 bytes} [Thu Jul 23 02:57:18 2026] GET /volume/v3/volumes/f4507d35-9297-48d3-b145-12fa54f18d10 => generated 1140 bytes in 25 msecs (HTTP/1.1 200) 7 headers in 286 bytes (1 switches on core 0)
Jul 23 02:57:18.876709 np0000005699 devstack@c-api.service[97179]: INFO cinder.api.openstack.wsgi [None req-ff3ff7fc-4ec9-486e-a79a-1f1f9fc90630 tempest-GroupsTest-1748317984 tempest-GroupsTest-1748317984-project-member] GET https://10.4.3.141/volume/v3/volumes/detail
Jul 23 02:57:18.876953 np0000005699 devstack@c-api.service[97179]: DEBUG cinder.api.openstack.wsgi [None req-ff3ff7fc-4ec9-486e-a79a-1f1f9fc90630 tempest-GroupsTest-1748317984 tempest-GroupsTest-1748317984-project-member] Empty body provided in request {{(pid=97179) get_body /opt/stack/cinder/cinder/api/openstack/wsgi.py:725}}
Jul 23 02:57:18.877182 np0000005699 devstack@c-api.service[97179]: DEBUG cinder.api.openstack.wsgi [None req-ff3ff7fc-4ec9-486e-a79a-1f1f9fc90630 tempest-GroupsTest-1748317984 tempest-GroupsTest-1748317984-project-member] Calling method 'detail' {{(pid=97179) _process_stack /opt/stack/cinder/cinder/api/openstack/wsgi.py:878}}
Jul 23 02:57:18.877620 np0000005699 devstack@c-api.service[97179]: DEBUG cinder.api.api_utils [None req-ff3ff7fc-4ec9-486e-a79a-1f1f9fc90630 tempest-GroupsTest-1748317984 tempest-GroupsTest-1748317984-project-member] Removing options '' from query. {{(pid=97179) remove_invalid_filter_options /opt/stack/cinder/cinder/api/api_utils.py:82}}
Jul 23 02:57:18.878069 np0000005699 devstack@c-api.service[97179]: /opt/stack/data/venv/lib/python3.12/site-packages/oslo_context/context.py:102: DeprecationWarning: Policy enforcement is depending on the value of is_admin. This key is deprecated. Please update your policy file to use the standard policy values.
Jul 23 02:57:18.878069 np0000005699 devstack@c-api.service[97179]: warnings.warn(
Jul 23 02:57:18.878513 np0000005699 devstack@c-api.service[97179]: DEBUG cinder.volume.api [None req-ff3ff7fc-4ec9-486e-a79a-1f1f9fc90630 tempest-GroupsTest-1748317984 tempest-GroupsTest-1748317984-project-member] Searching by: MultiDict([('no_migration_targets', True)]). {{(pid=97179) get_all /opt/stack/cinder/cinder/volume/api.py:737}}
Jul 23 02:57:18.890630 np0000005699 devstack@c-api.service[97179]: INFO cinder.volume.api [None req-ff3ff7fc-4ec9-486e-a79a-1f1f9fc90630 tempest-GroupsTest-1748317984 tempest-GroupsTest-1748317984-project-member] Get all volumes completed successfully.
Jul 23 02:57:18.891597 np0000005699 devstack@c-api.service[97179]: WARNING stevedore.named [None req-ff3ff7fc-4ec9-486e-a79a-1f1f9fc90630 tempest-GroupsTest-1748317984 tempest-GroupsTest-1748317984-project-member] Could not load cinder.keymgr.conf_key_mgr.ConfKeyManager
Jul 23 02:57:18.891854 np0000005699 devstack@c-api.service[97179]: WARNING castellan.key_manager [None req-ff3ff7fc-4ec9-486e-a79a-1f1f9fc90630 tempest-GroupsTest-1748317984 tempest-GroupsTest-1748317984-project-member] Deprecation Warning : cinder.keymgr.conf_key_mgr.ConfKeyManager is not a stevedore based driver, trying to load it as a class: stevedore.exception.NoMatches: No 'castellan.drivers' driver found, looking for 'cinder.keymgr.conf_key_mgr.ConfKeyManager'
Jul 23 02:57:18.896196 np0000005699 devstack@c-api.service[97180]: DEBUG cinder.api.middleware.request_id [None req-8e357afd-ee55-449b-9c31-55e8deff9cbc None None] RequestId filter calling following filter/app {{(pid=97180) _context_setter /opt/stack/cinder/cinder/api/middleware/request_id.py:62}}
Jul 23 02:57:18.898262 np0000005699 devstack@c-api.service[97180]: INFO cinder.api.openstack.wsgi [None req-8e357afd-ee55-449b-9c31-55e8deff9cbc tempest-AttachSCSIVolumeTestJSON-2062211725 tempest-AttachSCSIVolumeTestJSON-2062211725-project-reader] GET https://10.4.3.141/volume/v3/volumes/f4507d35-9297-48d3-b145-12fa54f18d10
Jul 23 02:57:18.898533 np0000005699 devstack@c-api.service[97180]: DEBUG cinder.api.openstack.wsgi [None req-8e357afd-ee55-449b-9c31-55e8deff9cbc tempest-AttachSCSIVolumeTestJSON-2062211725 tempest-AttachSCSIVolumeTestJSON-2062211725-project-reader] Empty body provided in request {{(pid=97180) get_body /opt/stack/cinder/cinder/api/openstack/wsgi.py:725}}
