Jun 15 15:14:21.011655 np0000002861 devstack@c-api.service[99282]: DEBUG cinder.api.openstack.wsgi [None req-861c2a2e-7a08-485a-a57c-5a2a5b2090e2 tempest-TaggedBootDevicesTest-233061465 tempest-TaggedBootDevicesTest-233061465-project-member] Empty body provided in request {{(pid=99282) get_body /opt/stack/cinder/cinder/api/openstack/wsgi.py:725}}
Jun 15 15:14:21.011931 np0000002861 devstack@c-api.service[99282]: DEBUG cinder.api.openstack.wsgi [None req-861c2a2e-7a08-485a-a57c-5a2a5b2090e2 tempest-TaggedBootDevicesTest-233061465 tempest-TaggedBootDevicesTest-233061465-project-member] Calling method 'show' {{(pid=99282) _process_stack /opt/stack/cinder/cinder/api/openstack/wsgi.py:878}}
Jun 15 15:14:21.020098 np0000002861 devstack@c-api.service[99282]: /opt/stack/data/venv/lib/python3.12/site-packages/oslo_context/context.py:102: DeprecationWarning: Policy enforcement is depending on the value of is_admin. This key is deprecated. Please update your policy file to use the standard policy values.
Jun 15 15:14:21.020098 np0000002861 devstack@c-api.service[99282]: warnings.warn(
Jun 15 15:14:21.024115 np0000002861 devstack@c-api.service[99282]: INFO cinder.volume.api [None req-861c2a2e-7a08-485a-a57c-5a2a5b2090e2 tempest-TaggedBootDevicesTest-233061465 tempest-TaggedBootDevicesTest-233061465-project-member] Volume info retrieved successfully.
Jun 15 15:14:21.028288 np0000002861 devstack@c-api.service[99282]: INFO cinder.api.openstack.wsgi [None req-861c2a2e-7a08-485a-a57c-5a2a5b2090e2 tempest-TaggedBootDevicesTest-233061465 tempest-TaggedBootDevicesTest-233061465-project-member] https://10.4.3.73/volume/v3/volumes/d97f3d38-6f37-4dcb-b3f0-519c05338b52 returned with HTTP 200
Jun 15 15:14:21.028882 np0000002861 devstack@c-api.service[99282]: [pid: 99282|app: 0|req: 39/123] 10.4.3.73 () {66 vars in 1341 bytes} [Mon Jun 15 15:14:21 2026] GET /volume/v3/volumes/d97f3d38-6f37-4dcb-b3f0-519c05338b52 => generated 817 bytes in 20 msecs (HTTP/1.1 200) 7 headers in 285 bytes (1 switches on core 0)
Jun 15 15:14:21.179326 np0000002861 devstack@c-api.service[99283]: DEBUG cinder.api.middleware.request_id [None req-77962b95-4b8d-417b-b1e7-5c3c2b3cead8 None None] RequestId filter calling following filter/app {{(pid=99283) _context_setter /opt/stack/cinder/cinder/api/middleware/request_id.py:62}}
Jun 15 15:14:21.181309 np0000002861 devstack@c-api.service[99283]: INFO cinder.api.openstack.wsgi [None req-77962b95-4b8d-417b-b1e7-5c3c2b3cead8 tempest-ServerActionsTestOtherB-163110344 tempest-ServerActionsTestOtherB-163110344-project-member] GET https://10.4.3.73/volume/v3/volumes/221ae40f-174c-4953-80f8-7d65a34e016c
Jun 15 15:14:21.181540 np0000002861 devstack@c-api.service[99283]: DEBUG cinder.api.openstack.wsgi [None req-77962b95-4b8d-417b-b1e7-5c3c2b3cead8 tempest-ServerActionsTestOtherB-163110344 tempest-ServerActionsTestOtherB-163110344-project-member] Empty body provided in request {{(pid=99283) get_body /opt/stack/cinder/cinder/api/openstack/wsgi.py:725}}
Jun 15 15:14:21.181745 np0000002861 devstack@c-api.service[99283]: DEBUG cinder.api.openstack.wsgi [None req-77962b95-4b8d-417b-b1e7-5c3c2b3cead8 tempest-ServerActionsTestOtherB-163110344 tempest-ServerActionsTestOtherB-163110344-project-member] Calling method 'show' {{(pid=99283) _process_stack /opt/stack/cinder/cinder/api/openstack/wsgi.py:878}}
Jun 15 15:14:21.197047 np0000002861 devstack@c-api.service[99283]: /opt/stack/data/venv/lib/python3.12/site-packages/oslo_context/context.py:102: DeprecationWarning: Policy enforcement is depending on the value of is_admin. This key is deprecated. Please update your policy file to use the standard policy values.
Jun 15 15:14:21.197047 np0000002861 devstack@c-api.service[99283]: warnings.warn(
Jun 15 15:14:21.202077 np0000002861 devstack@c-api.service[99283]: INFO cinder.volume.api [None req-77962b95-4b8d-417b-b1e7-5c3c2b3cead8 tempest-ServerActionsTestOtherB-163110344 tempest-ServerActionsTestOtherB-163110344-project-member] Volume info retrieved successfully.
Jun 15 15:14:21.210474 np0000002861 devstack@c-api.service[99283]: INFO cinder.api.openstack.wsgi [None req-77962b95-4b8d-417b-b1e7-5c3c2b3cead8 tempest-ServerActionsTestOtherB-163110344 tempest-ServerActionsTestOtherB-163110344-project-member] https://10.4.3.73/volume/v3/volumes/221ae40f-174c-4953-80f8-7d65a34e016c returned with HTTP 200
Jun 15 15:14:21.210969 np0000002861 devstack@c-api.service[99283]: [pid: 99283|app: 0|req: 43/124] 10.4.3.73 () {66 vars in 1341 bytes} [Mon Jun 15 15:14:21 2026] GET /volume/v3/volumes/221ae40f-174c-4953-80f8-7d65a34e016c => generated 1137 bytes in 32 msecs (HTTP/1.1 200) 7 headers in 286 bytes (1 switches on core 0)
Jun 15 15:14:21.228753 np0000002861 devstack@c-api.service[99284]: DEBUG cinder.api.middleware.request_id [None req-1dbcca19-6f7d-45ad-a02d-cc677bdc7b0a None None] RequestId filter calling following filter/app {{(pid=99284) _context_setter /opt/stack/cinder/cinder/api/middleware/request_id.py:62}}
Jun 15 15:14:21.232278 np0000002861 devstack@c-api.service[99284]: INFO cinder.api.openstack.wsgi [None req-1dbcca19-6f7d-45ad-a02d-cc677bdc7b0a tempest-ServerActionsTestOtherB-163110344 tempest-ServerActionsTestOtherB-163110344-project-member] GET https://10.4.3.73/volume/v3/volumes/221ae40f-174c-4953-80f8-7d65a34e016c
Jun 15 15:14:21.232524 np0000002861 devstack@c-api.service[99284]: DEBUG cinder.api.openstack.wsgi [None req-1dbcca19-6f7d-45ad-a02d-cc677bdc7b0a tempest-ServerActionsTestOtherB-163110344 tempest-ServerActionsTestOtherB-163110344-project-member] Empty body provided in request {{(pid=99284) get_body /opt/stack/cinder/cinder/api/openstack/wsgi.py:725}}
Jun 15 15:14:21.232748 np0000002861 devstack@c-api.service[99284]: DEBUG cinder.api.openstack.wsgi [None req-1dbcca19-6f7d-45ad-a02d-cc677bdc7b0a tempest-ServerActionsTestOtherB-163110344 tempest-ServerActionsTestOtherB-163110344-project-member] Calling method 'show' {{(pid=99284) _process_stack /opt/stack/cinder/cinder/api/openstack/wsgi.py:878}}
Jun 15 15:14:21.244988 np0000002861 devstack@c-api.service[99284]: /opt/stack/data/venv/lib/python3.12/site-packages/oslo_context/context.py:102: DeprecationWarning: Policy enforcement is depending on the value of is_admin. This key is deprecated. Please update your policy file to use the standard policy values.
Jun 15 15:14:21.244988 np0000002861 devstack@c-api.service[99284]: warnings.warn(
Jun 15 15:14:21.251188 np0000002861 devstack@c-api.service[99284]: INFO cinder.volume.api [None req-1dbcca19-6f7d-45ad-a02d-cc677bdc7b0a tempest-ServerActionsTestOtherB-163110344 tempest-ServerActionsTestOtherB-163110344-project-member] Volume info retrieved successfully.
Jun 15 15:14:21.255628 np0000002861 devstack@c-api.service[99284]: INFO cinder.api.openstack.wsgi [None req-1dbcca19-6f7d-45ad-a02d-cc677bdc7b0a tempest-ServerActionsTestOtherB-163110344 tempest-ServerActionsTestOtherB-163110344-project-member] https://10.4.3.73/volume/v3/volumes/221ae40f-174c-4953-80f8-7d65a34e016c returned with HTTP 200
Jun 15 15:14:21.256175 np0000002861 devstack@c-api.service[99284]: [pid: 99284|app: 0|req: 43/125] 10.4.3.73 () {66 vars in 1341 bytes} [Mon Jun 15 15:14:21 2026] GET /volume/v3/volumes/221ae40f-174c-4953-80f8-7d65a34e016c => generated 1137 bytes in 28 msecs (HTTP/1.1 200) 7 headers in 286 bytes (1 switches on core 0)
Jun 15 15:14:21.380540 np0000002861 devstack@c-api.service[99282]: DEBUG cinder.api.middleware.request_id [None req-02ef8ea5-1bff-42ff-9aeb-63afb46768f4 None None] RequestId filter calling following filter/app {{(pid=99282) _context_setter /opt/stack/cinder/cinder/api/middleware/request_id.py:62}}
Jun 15 15:14:21.382571 np0000002861 devstack@c-api.service[99282]: INFO cinder.api.openstack.wsgi [None req-02ef8ea5-1bff-42ff-9aeb-63afb46768f4 tempest-AttachSCSIVolumeTestJSON-1055174632 tempest-AttachSCSIVolumeTestJSON-1055174632-project-member] GET https://10.4.3.73/volume/v3/volumes/f62791a0-6fe3-44d7-bcbb-7965cc898a75
Jun 15 15:14:21.382718 np0000002861 devstack@c-api.service[99282]: DEBUG cinder.api.openstack.wsgi [None req-02ef8ea5-1bff-42ff-9aeb-63afb46768f4 tempest-AttachSCSIVolumeTestJSON-1055174632 tempest-AttachSCSIVolumeTestJSON-1055174632-project-member] Empty body provided in request {{(pid=99282) get_body /opt/stack/cinder/cinder/api/openstack/wsgi.py:725}}
Jun 15 15:14:21.382916 np0000002861 devstack@c-api.service[99282]: DEBUG cinder.api.openstack.wsgi [None req-02ef8ea5-1bff-42ff-9aeb-63afb46768f4 tempest-AttachSCSIVolumeTestJSON-1055174632 tempest-AttachSCSIVolumeTestJSON-1055174632-project-member] Calling method 'show' {{(pid=99282) _process_stack /opt/stack/cinder/cinder/api/openstack/wsgi.py:878}}
Jun 15 15:14:21.388276 np0000002861 devstack@c-api.service[99282]: INFO cinder.api.openstack.wsgi [None req-02ef8ea5-1bff-42ff-9aeb-63afb46768f4 tempest-AttachSCSIVolumeTestJSON-1055174632 tempest-AttachSCSIVolumeTestJSON-1055174632-project-member] https://10.4.3.73/volume/v3/volumes/f62791a0-6fe3-44d7-bcbb-7965cc898a75 returned with HTTP 404
Jun 15 15:14:21.388830 np0000002861 devstack@c-api.service[99282]: [pid: 99282|app: 0|req: 40/126] 10.4.3.73 () {66 vars in 1341 bytes} [Mon Jun 15 15:14:21 2026] GET /volume/v3/volumes/f62791a0-6fe3-44d7-bcbb-7965cc898a75 => generated 109 bytes in 9 msecs (HTTP/1.1 404) 7 headers in 292 bytes (1 switches on core 0)
Jun 15 15:14:21.715704 np0000002861 devstack@c-api.service[99283]: DEBUG cinder.api.middleware.request_id [None req-4e4bef86-069e-4c8d-9a8a-9288153b27e0 None None] RequestId filter calling following filter/app {{(pid=99283) _context_setter /opt/stack/cinder/cinder/api/middleware/request_id.py:62}}
Jun 15 15:14:21.716195 np0000002861 devstack@c-api.service[99283]: INFO cinder.api.openstack.wsgi [None req-4e4bef86-069e-4c8d-9a8a-9288153b27e0 None None] GET https://10.4.3.73/volume//
Jun 15 15:14:21.716420 np0000002861 devstack@c-api.service[99283]: DEBUG cinder.api.openstack.wsgi [None req-4e4bef86-069e-4c8d-9a8a-9288153b27e0 None None] Empty body provided in request {{(pid=99283) get_body /opt/stack/cinder/cinder/api/openstack/wsgi.py:725}}
Jun 15 15:14:21.716698 np0000002861 devstack@c-api.service[99283]: DEBUG cinder.api.openstack.wsgi [None req-4e4bef86-069e-4c8d-9a8a-9288153b27e0 None None] Calling method 'all' {{(pid=99283) _process_stack /opt/stack/cinder/cinder/api/openstack/wsgi.py:878}}
Jun 15 15:14:21.717102 np0000002861 devstack@c-api.service[99283]: INFO cinder.api.openstack.wsgi [None req-4e4bef86-069e-4c8d-9a8a-9288153b27e0 None None] https://10.4.3.73/volume// returned with HTTP 300
Jun 15 15:14:21.717822 np0000002861 devstack@c-api.service[99283]: [pid: 99283|app: 0|req: 44/127] 10.4.3.73 () {66 vars in 1421 bytes} [Mon Jun 15 15:14:21 2026] GET /volume/ => generated 385 bytes in 2 msecs (HTTP/1.1 300) 7 headers in 299 bytes (1 switches on core 0)
Jun 15 15:14:21.726741 np0000002861 devstack@c-api.service[99284]: DEBUG cinder.api.middleware.request_id [req-c1b47c76-c363-41e1-bd58-69efcecc9553 req-5307a3a2-9ede-4cb9-80d1-48c7d8c3ef78 None None] RequestId filter calling following filter/app {{(pid=99284) _context_setter /opt/stack/cinder/cinder/api/middleware/request_id.py:62}}
Jun 15 15:14:21.728699 np0000002861 devstack@c-api.service[99284]: INFO cinder.api.openstack.wsgi [req-c1b47c76-c363-41e1-bd58-69efcecc9553 req-5307a3a2-9ede-4cb9-80d1-48c7d8c3ef78 tempest-TaggedAttachmentsTest-1521756172 tempest-TaggedAttachmentsTest-1521756172-project-member] POST https://10.4.3.73/volume/v3/attachments
Jun 15 15:14:21.729030 np0000002861 devstack@c-api.service[99284]: DEBUG cinder.api.openstack.wsgi [req-c1b47c76-c363-41e1-bd58-69efcecc9553 req-5307a3a2-9ede-4cb9-80d1-48c7d8c3ef78 tempest-TaggedAttachmentsTest-1521756172 tempest-TaggedAttachmentsTest-1521756172-project-member] Action: 'create', calling method: version_select, body: {"attachment": {"volume_uuid": "69512f2d-faec-42a2-947a-4cbba6cb202a", "connector": null, "instance_uuid": "a177f508-cba7-46d1-9c7e-e4b3cb87ea36"}} {{(pid=99284) _process_stack /opt/stack/cinder/cinder/api/openstack/wsgi.py:876}}
Jun 15 15:14:21.737742 np0000002861 devstack@c-api.service[99284]: /opt/stack/data/venv/lib/python3.12/site-packages/oslo_context/context.py:102: DeprecationWarning: Policy enforcement is depending on the value of is_admin. This key is deprecated. Please update your policy file to use the standard policy values.
Jun 15 15:14:21.737742 np0000002861 devstack@c-api.service[99284]: warnings.warn(
Jun 15 15:14:21.762775 np0000002861 devstack@c-api.service[99284]: INFO cinder.api.openstack.wsgi [req-c1b47c76-c363-41e1-bd58-69efcecc9553 req-5307a3a2-9ede-4cb9-80d1-48c7d8c3ef78 tempest-TaggedAttachmentsTest-1521756172 tempest-TaggedAttachmentsTest-1521756172-project-member] https://10.4.3.73/volume/v3/attachments returned with HTTP 200
Jun 15 15:14:21.763216 np0000002861 devstack@c-api.service[99284]: [pid: 99284|app: 0|req: 44/128] 10.4.3.73 () {74 vars in 1587 bytes} [Mon Jun 15 15:14:21 2026] POST /volume/v3/attachments => generated 273 bytes in 37 msecs (HTTP/1.1 200) 7 headers in 286 bytes (1 switches on core 0)
Jun 15 15:14:22.037667 np0000002861 devstack@c-api.service[99282]: DEBUG cinder.api.middleware.request_id [None req-6d6cba93-46a5-4c13-ad61-46989ce2c6e2 None None] RequestId filter calling following filter/app {{(pid=99282) _context_setter /opt/stack/cinder/cinder/api/middleware/request_id.py:62}}
Jun 15 15:14:22.038190 np0000002861 devstack@c-api.service[99282]: INFO cinder.api.openstack.wsgi [None req-6d6cba93-46a5-4c13-ad61-46989ce2c6e2 None None] GET https://10.4.3.73/volume//
Jun 15 15:14:22.038427 np0000002861 devstack@c-api.service[99282]: DEBUG cinder.api.openstack.wsgi [None req-6d6cba93-46a5-4c13-ad61-46989ce2c6e2 None None] Empty body provided in request {{(pid=99282) get_body /opt/stack/cinder/cinder/api/openstack/wsgi.py:725}}
Jun 15 15:14:22.038701 np0000002861 devstack@c-api.service[99282]: DEBUG cinder.api.openstack.wsgi [None req-6d6cba93-46a5-4c13-ad61-46989ce2c6e2 None None] Calling method 'all' {{(pid=99282) _process_stack /opt/stack/cinder/cinder/api/openstack/wsgi.py:878}}
Jun 15 15:14:22.039068 np0000002861 devstack@c-api.service[99282]: INFO cinder.api.openstack.wsgi [None req-6d6cba93-46a5-4c13-ad61-46989ce2c6e2 None None] https://10.4.3.73/volume// returned with HTTP 300
Jun 15 15:14:22.039437 np0000002861 devstack@c-api.service[99282]: [pid: 99282|app: 0|req: 41/129] 10.4.3.73 () {66 vars in 1421 bytes} [Mon Jun 15 15:14:22 2026] GET /volume/ => generated 385 bytes in 2 msecs (HTTP/1.1 300) 7 headers in 299 bytes (1 switches on core 0)
Jun 15 15:14:22.043966 np0000002861 devstack@c-api.service[99283]: DEBUG cinder.api.middleware.request_id [None req-c76abfd0-dad3-4295-be19-5fd0c14b60d0 None None] RequestId filter calling following filter/app {{(pid=99283) _context_setter /opt/stack/cinder/cinder/api/middleware/request_id.py:62}}
Jun 15 15:14:22.047279 np0000002861 devstack@c-api.service[99283]: INFO cinder.api.openstack.wsgi [None req-c76abfd0-dad3-4295-be19-5fd0c14b60d0 tempest-TaggedBootDevicesTest-233061465 tempest-TaggedBootDevicesTest-233061465-project-member] GET https://10.4.3.73/volume/v3/volumes/d97f3d38-6f37-4dcb-b3f0-519c05338b52
Jun 15 15:14:22.047593 np0000002861 devstack@c-api.service[99283]: DEBUG cinder.api.openstack.wsgi [None req-c76abfd0-dad3-4295-be19-5fd0c14b60d0 tempest-TaggedBootDevicesTest-233061465 tempest-TaggedBootDevicesTest-233061465-project-member] Empty body provided in request {{(pid=99283) get_body /opt/stack/cinder/cinder/api/openstack/wsgi.py:725}}
Jun 15 15:14:22.047987 np0000002861 devstack@c-api.service[99283]: DEBUG cinder.api.openstack.wsgi [None req-c76abfd0-dad3-4295-be19-5fd0c14b60d0 tempest-TaggedBootDevicesTest-233061465 tempest-TaggedBootDevicesTest-233061465-project-member] Calling method 'show' {{(pid=99283) _process_stack /opt/stack/cinder/cinder/api/openstack/wsgi.py:878}}
Jun 15 15:14:22.048358 np0000002861 devstack@c-api.service[99284]: DEBUG cinder.api.middleware.request_id [req-175c0716-f6fc-4370-a686-4dc787743f6d req-b5d801b4-affb-4777-9ec5-32b387121200 None None] RequestId filter calling following filter/app {{(pid=99284) _context_setter /opt/stack/cinder/cinder/api/middleware/request_id.py:62}}
Jun 15 15:14:22.051184 np0000002861 devstack@c-api.service[99284]: INFO cinder.api.openstack.wsgi [req-175c0716-f6fc-4370-a686-4dc787743f6d req-b5d801b4-affb-4777-9ec5-32b387121200 tempest-TestMultiAttachVolumeSwap-323381656 tempest-TestMultiAttachVolumeSwap-323381656-project-member] POST https://10.4.3.73/volume/v3/attachments
Jun 15 15:14:22.051603 np0000002861 devstack@c-api.service[99284]: DEBUG cinder.api.openstack.wsgi [req-175c0716-f6fc-4370-a686-4dc787743f6d req-b5d801b4-affb-4777-9ec5-32b387121200 tempest-TestMultiAttachVolumeSwap-323381656 tempest-TestMultiAttachVolumeSwap-323381656-project-member] Action: 'create', calling method: version_select, body: {"attachment": {"volume_uuid": "d1eff399-e7be-4e10-968a-58c0a624481c", "connector": null, "instance_uuid": "36581e39-be44-42fb-a005-98c2164d73e1"}} {{(pid=99284) _process_stack /opt/stack/cinder/cinder/api/openstack/wsgi.py:876}}
Jun 15 15:14:22.067852 np0000002861 devstack@c-api.service[99284]: /opt/stack/data/venv/lib/python3.12/site-packages/oslo_context/context.py:102: DeprecationWarning: Policy enforcement is depending on the value of is_admin. This key is deprecated. Please update your policy file to use the standard policy values.
Jun 15 15:14:22.067852 np0000002861 devstack@c-api.service[99284]: warnings.warn(
Jun 15 15:14:22.068021 np0000002861 devstack@c-api.service[99283]: /opt/stack/data/venv/lib/python3.12/site-packages/oslo_context/context.py:102: DeprecationWarning: Policy enforcement is depending on the value of is_admin. This key is deprecated. Please update your policy file to use the standard policy values.
Jun 15 15:14:22.068021 np0000002861 devstack@c-api.service[99283]: warnings.warn(
Jun 15 15:14:22.074941 np0000002861 devstack@c-api.service[99283]: INFO cinder.volume.api [None req-c76abfd0-dad3-4295-be19-5fd0c14b60d0 tempest-TaggedBootDevicesTest-233061465 tempest-TaggedBootDevicesTest-233061465-project-member] Volume info retrieved successfully.
Jun 15 15:14:22.083861 np0000002861 devstack@c-api.service[99283]: INFO cinder.api.openstack.wsgi [None req-c76abfd0-dad3-4295-be19-5fd0c14b60d0 tempest-TaggedBootDevicesTest-233061465 tempest-TaggedBootDevicesTest-233061465-project-member] https://10.4.3.73/volume/v3/volumes/d97f3d38-6f37-4dcb-b3f0-519c05338b52 returned with HTTP 200
Jun 15 15:14:22.084598 np0000002861 devstack@c-api.service[99283]: [pid: 99283|app: 0|req: 45/130] 10.4.3.73 () {66 vars in 1341 bytes} [Mon Jun 15 15:14:22 2026] GET /volume/v3/volumes/d97f3d38-6f37-4dcb-b3f0-519c05338b52 => generated 1357 bytes in 43 msecs (HTTP/1.1 200) 7 headers in 286 bytes (1 switches on core 0)
Jun 15 15:14:22.099099 np0000002861 devstack@c-api.service[99282]: DEBUG cinder.api.middleware.request_id [None req-97092716-6da8-4527-870a-0a5be27c637c None None] RequestId filter calling following filter/app {{(pid=99282) _context_setter /opt/stack/cinder/cinder/api/middleware/request_id.py:62}}
Jun 15 15:14:22.102470 np0000002861 devstack@c-api.service[99282]: INFO cinder.api.openstack.wsgi [None req-97092716-6da8-4527-870a-0a5be27c637c tempest-TaggedBootDevicesTest-233061465 tempest-TaggedBootDevicesTest-233061465-project-member] POST https://10.4.3.73/volume/v3/volumes
Jun 15 15:14:22.102984 np0000002861 devstack@c-api.service[99282]: DEBUG cinder.api.openstack.wsgi [None req-97092716-6da8-4527-870a-0a5be27c637c tempest-TaggedBootDevicesTest-233061465 tempest-TaggedBootDevicesTest-233061465-project-member] Action: 'create', calling method: create, body: {"volume": {"size": 1, "display_name": "tempest-TaggedBootDevicesTest-volume-263595430"}} {{(pid=99282) _process_stack /opt/stack/cinder/cinder/api/openstack/wsgi.py:876}}
Jun 15 15:14:22.108164 np0000002861 devstack@c-api.service[99282]: DEBUG cinder.api.v3.volumes [None req-97092716-6da8-4527-870a-0a5be27c637c tempest-TaggedBootDevicesTest-233061465 tempest-TaggedBootDevicesTest-233061465-project-member] Create volume request body: {'volume': {'size': 1, 'display_name': 'tempest-TaggedBootDevicesTest-volume-263595430'}} {{(pid=99282) create /opt/stack/cinder/cinder/api/v3/volumes.py:368}}
Jun 15 15:14:22.108344 np0000002861 devstack@c-api.service[99282]: INFO cinder.api.v3.volumes [None req-97092716-6da8-4527-870a-0a5be27c637c tempest-TaggedBootDevicesTest-233061465 tempest-TaggedBootDevicesTest-233061465-project-member] Create volume of 1 GB
Jun 15 15:14:22.115316 np0000002861 devstack@c-api.service[99282]: INFO cinder.volume.api [None req-97092716-6da8-4527-870a-0a5be27c637c tempest-TaggedBootDevicesTest-233061465 tempest-TaggedBootDevicesTest-233061465-project-member] Availability Zones retrieved successfully.
Jun 15 15:14:22.117945 np0000002861 devstack@c-api.service[99284]: WARNING cinder.volume.api [req-175c0716-f6fc-4370-a686-4dc787743f6d req-b5d801b4-affb-4777-9ec5-32b387121200 tempest-TestMultiAttachVolumeSwap-323381656 tempest-TestMultiAttachVolumeSwap-323381656-project-member] Using volume_admin_metadata to set Read Only mode is deprecated! Please use the mode argument in attachment-create.
Jun 15 15:14:22.122400 np0000002861 devstack@c-api.service[99282]: DEBUG cinder.volume.api [None req-97092716-6da8-4527-870a-0a5be27c637c tempest-TaggedBootDevicesTest-233061465 tempest-TaggedBootDevicesTest-233061465-project-member] Flow 'volume_create_api' (2999745a-4ebf-4cc0-8219-9bc14ae5a128) transitioned into state 'RUNNING' from state 'PENDING' {{(pid=99282) _flow_receiver /opt/stack/data/venv/lib/python3.12/site-packages/taskflow/listeners/logging.py:160}}
Jun 15 15:14:22.123336 np0000002861 devstack@c-api.service[99282]: DEBUG cinder.volume.api [None req-97092716-6da8-4527-870a-0a5be27c637c tempest-TaggedBootDevicesTest-233061465 tempest-TaggedBootDevicesTest-233061465-project-member] Task 'cinder.volume.flows.api.create_volume.ExtractVolumeRequestTask;volume:create' (350cdd50-8cf9-4601-a10a-d02969b7fd2d) transitioned into state 'RUNNING' from state 'PENDING' {{(pid=99282) _task_receiver /opt/stack/data/venv/lib/python3.12/site-packages/taskflow/listeners/logging.py:242}}
Jun 15 15:14:22.124328 np0000002861 devstack@c-api.service[99282]: DEBUG cinder.volume.flows.api.create_volume [None req-97092716-6da8-4527-870a-0a5be27c637c tempest-TaggedBootDevicesTest-233061465 tempest-TaggedBootDevicesTest-233061465-project-member] Validating volume size '1' using validate_int {{(pid=99282) _extract_size /opt/stack/cinder/cinder/volume/flows/api/create_volume.py:226}}
Jun 15 15:14:22.136922 np0000002861 devstack@c-api.service[99284]: INFO cinder.api.openstack.wsgi [req-175c0716-f6fc-4370-a686-4dc787743f6d req-b5d801b4-affb-4777-9ec5-32b387121200 tempest-TestMultiAttachVolumeSwap-323381656 tempest-TestMultiAttachVolumeSwap-323381656-project-member] https://10.4.3.73/volume/v3/attachments returned with HTTP 200
Jun 15 15:14:22.136922 np0000002861 devstack@c-api.service[99284]: [pid: 99284|app: 0|req: 45/131] 10.4.3.73 () {74 vars in 1587 bytes} [Mon Jun 15 15:14:22 2026] POST /volume/v3/attachments => generated 271 bytes in 89 msecs (HTTP/1.1 200) 7 headers in 286 bytes (1 switches on core 0)
Jun 15 15:14:22.155383 np0000002861 devstack@c-api.service[99282]: DEBUG cinder.volume.api [None req-97092716-6da8-4527-870a-0a5be27c637c tempest-TaggedBootDevicesTest-233061465 tempest-TaggedBootDevicesTest-233061465-project-member] Task 'cinder.volume.flows.api.create_volume.ExtractVolumeRequestTask;volume:create' (350cdd50-8cf9-4601-a10a-d02969b7fd2d) transitioned into state 'SUCCESS' from state 'RUNNING' with result '{'size': 1, 'snapshot_id': None, 'source_volid': None, 'volume_type': VolumeType(created_at=2026-06-15T15:10:27Z,deleted=False,deleted_at=None,description=None,extra_specs={volume_backend_name='storpool'},id=baa64089-ad7e-443a-b82c-c21710a4f5d7,is_public=True,name='storpool',projects=[],qos_specs=,qos_specs_id=None,updated_at=None), 'volume_type_id': 'baa64089-ad7e-443a-b82c-c21710a4f5d7', 'encryption_key_id': None, 'qos_specs': None, 'consistencygroup_id': None, 'cgsnapshot_id': None, 'group_id': None, 'replication_status': 'disabled', 'refresh_az': False, 'backup_id': None, 'multiattach': False, 'availability_zones': ['nova']}' {{(pid=99282) _task_receiver /opt/stack/data/venv/lib/python3.12/site-packages/taskflow/listeners/logging.py:218}}
Jun 15 15:14:22.156100 np0000002861 devstack@c-api.service[99282]: DEBUG cinder.volume.api [None req-97092716-6da8-4527-870a-0a5be27c637c tempest-TaggedBootDevicesTest-233061465 tempest-TaggedBootDevicesTest-233061465-project-member] Task 'cinder.volume.flows.api.create_volume.QuotaReserveTask;volume:create' (4e2360f7-17ba-4b5c-a1ec-43a91ba9c89d) transitioned into state 'RUNNING' from state 'PENDING' {{(pid=99282) _task_receiver /opt/stack/data/venv/lib/python3.12/site-packages/taskflow/listeners/logging.py:242}}
Jun 15 15:14:22.174420 np0000002861 devstack@c-api.service[99283]: DEBUG cinder.api.middleware.request_id [req-9318f43d-6b11-47b6-be3b-efd7576c6e4c req-9a608235-7a5e-441f-ba25-39040c8a12f1 None None] RequestId filter calling following filter/app {{(pid=99283) _context_setter /opt/stack/cinder/cinder/api/middleware/request_id.py:62}}
Jun 15 15:14:22.182159 np0000002861 devstack@c-api.service[99283]: INFO cinder.api.openstack.wsgi [req-9318f43d-6b11-47b6-be3b-efd7576c6e4c req-9a608235-7a5e-441f-ba25-39040c8a12f1 tempest-VolumesAssistedSnapshotsTest-1277230825 tempest-VolumesAssistedSnapshotsTest-1277230825-project-admin] GET https://10.4.3.73/volume/v3/volumes/b8e68964-5cb1-4f4a-9b56-208d74156cca
Jun 15 15:14:22.182159 np0000002861 devstack@c-api.service[99283]: DEBUG cinder.api.openstack.wsgi [req-9318f43d-6b11-47b6-be3b-efd7576c6e4c req-9a608235-7a5e-441f-ba25-39040c8a12f1 tempest-VolumesAssistedSnapshotsTest-1277230825 tempest-VolumesAssistedSnapshotsTest-1277230825-project-admin] Empty body provided in request {{(pid=99283) get_body /opt/stack/cinder/cinder/api/openstack/wsgi.py:725}}
Jun 15 15:14:22.182159 np0000002861 devstack@c-api.service[99283]: DEBUG cinder.api.openstack.wsgi [req-9318f43d-6b11-47b6-be3b-efd7576c6e4c req-9a608235-7a5e-441f-ba25-39040c8a12f1 tempest-VolumesAssistedSnapshotsTest-1277230825 tempest-VolumesAssistedSnapshotsTest-1277230825-project-admin] Calling method 'show' {{(pid=99283) _process_stack /opt/stack/cinder/cinder/api/openstack/wsgi.py:878}}
Jun 15 15:14:22.192296 np0000002861 devstack@c-api.service[99283]: /opt/stack/data/venv/lib/python3.12/site-packages/oslo_context/context.py:102: DeprecationWarning: Policy enforcement is depending on the value of is_admin. This key is deprecated. Please update your policy file to use the standard policy values.
Jun 15 15:14:22.192296 np0000002861 devstack@c-api.service[99283]: warnings.warn(
Jun 15 15:14:22.193713 np0000002861 devstack@c-api.service[99284]: DEBUG cinder.api.middleware.request_id [None req-a6206971-0d70-4064-b208-880de88319ec None None] RequestId filter calling following filter/app {{(pid=99284) _context_setter /opt/stack/cinder/cinder/api/middleware/request_id.py:62}}
Jun 15 15:14:22.196017 np0000002861 devstack@c-api.service[99284]: INFO cinder.api.openstack.wsgi [None req-a6206971-0d70-4064-b208-880de88319ec tempest-TaggedAttachmentsTest-1521756172 tempest-TaggedAttachmentsTest-1521756172-project-member] GET https://10.4.3.73/volume/v3/volumes/69512f2d-faec-42a2-947a-4cbba6cb202a
Jun 15 15:14:22.196272 np0000002861 devstack@c-api.service[99284]: DEBUG cinder.api.openstack.wsgi [None req-a6206971-0d70-4064-b208-880de88319ec tempest-TaggedAttachmentsTest-1521756172 tempest-TaggedAttachmentsTest-1521756172-project-member] Empty body provided in request {{(pid=99284) get_body /opt/stack/cinder/cinder/api/openstack/wsgi.py:725}}
Jun 15 15:14:22.196824 np0000002861 devstack@c-api.service[99284]: DEBUG cinder.api.openstack.wsgi [None req-a6206971-0d70-4064-b208-880de88319ec tempest-TaggedAttachmentsTest-1521756172 tempest-TaggedAttachmentsTest-1521756172-project-member] Calling method 'show' {{(pid=99284) _process_stack /opt/stack/cinder/cinder/api/openstack/wsgi.py:878}}
Jun 15 15:14:22.197811 np0000002861 devstack@c-api.service[99283]: INFO cinder.volume.api [req-9318f43d-6b11-47b6-be3b-efd7576c6e4c req-9a608235-7a5e-441f-ba25-39040c8a12f1 tempest-VolumesAssistedSnapshotsTest-1277230825 tempest-VolumesAssistedSnapshotsTest-1277230825-project-admin] Volume info retrieved successfully.
Jun 15 15:14:22.202998 np0000002861 devstack@c-api.service[99283]: INFO cinder.api.openstack.wsgi [req-9318f43d-6b11-47b6-be3b-efd7576c6e4c req-9a608235-7a5e-441f-ba25-39040c8a12f1 tempest-VolumesAssistedSnapshotsTest-1277230825 tempest-VolumesAssistedSnapshotsTest-1277230825-project-admin] https://10.4.3.73/volume/v3/volumes/b8e68964-5cb1-4f4a-9b56-208d74156cca returned with HTTP 200
Jun 15 15:14:22.202998 np0000002861 devstack@c-api.service[99283]: [pid: 99283|app: 0|req: 46/132] 10.4.3.73 () {68 vars in 1591 bytes} [Mon Jun 15 15:14:22 2026] GET /volume/v3/volumes/b8e68964-5cb1-4f4a-9b56-208d74156cca => generated 1013 bytes in 29 msecs (HTTP/1.1 200) 7 headers in 286 bytes (1 switches on core 0)
Jun 15 15:14:22.205155 np0000002861 devstack@c-api.service[99282]: DEBUG cinder.quota [None req-97092716-6da8-4527-870a-0a5be27c637c tempest-TaggedBootDevicesTest-233061465 tempest-TaggedBootDevicesTest-233061465-project-member] Created reservations ['d364e740-80d8-4c3c-a67a-33539c76d8eb', '1a2a7335-6d1e-49e3-8998-424872e000c4', '2aefc9ef-3753-43a1-b0af-4627dc5882ac', 'ad5343fd-ebd1-4404-90c2-6cbbcee4c1fb'] {{(pid=99282) reserve /opt/stack/cinder/cinder/quota.py:752}}
Jun 15 15:14:22.205945 np0000002861 devstack@c-api.service[99282]: DEBUG cinder.volume.api [None req-97092716-6da8-4527-870a-0a5be27c637c tempest-TaggedBootDevicesTest-233061465 tempest-TaggedBootDevicesTest-233061465-project-member] Task 'cinder.volume.flows.api.create_volume.QuotaReserveTask;volume:create' (4e2360f7-17ba-4b5c-a1ec-43a91ba9c89d) transitioned into state 'SUCCESS' from state 'RUNNING' with result '{'reservations': ['d364e740-80d8-4c3c-a67a-33539c76d8eb', '1a2a7335-6d1e-49e3-8998-424872e000c4', '2aefc9ef-3753-43a1-b0af-4627dc5882ac', 'ad5343fd-ebd1-4404-90c2-6cbbcee4c1fb']}' {{(pid=99282) _task_receiver /opt/stack/data/venv/lib/python3.12/site-packages/taskflow/listeners/logging.py:218}}
Jun 15 15:14:22.206718 np0000002861 devstack@c-api.service[99282]: DEBUG cinder.volume.api [None req-97092716-6da8-4527-870a-0a5be27c637c tempest-TaggedBootDevicesTest-233061465 tempest-TaggedBootDevicesTest-233061465-project-member] Task 'cinder.volume.flows.api.create_volume.EntryCreateTask;volume:create' (7dd0dbb8-fde2-4c13-b6c8-d5cf40d16586) transitioned into state 'RUNNING' from state 'PENDING' {{(pid=99282) _task_receiver /opt/stack/data/venv/lib/python3.12/site-packages/taskflow/listeners/logging.py:242}}
Jun 15 15:14:22.211961 np0000002861 devstack@c-api.service[99284]: /opt/stack/data/venv/lib/python3.12/site-packages/oslo_context/context.py:102: DeprecationWarning: Policy enforcement is depending on the value of is_admin. This key is deprecated. Please update your policy file to use the standard policy values.
Jun 15 15:14:22.211961 np0000002861 devstack@c-api.service[99284]: warnings.warn(
Jun 15 15:14:22.217327 np0000002861 devstack@c-api.service[99284]: INFO cinder.volume.api [None req-a6206971-0d70-4064-b208-880de88319ec tempest-TaggedAttachmentsTest-1521756172 tempest-TaggedAttachmentsTest-1521756172-project-member] Volume info retrieved successfully.
Jun 15 15:14:22.221822 np0000002861 devstack@c-api.service[99282]: DEBUG cinder.volume.api [None req-97092716-6da8-4527-870a-0a5be27c637c tempest-TaggedBootDevicesTest-233061465 tempest-TaggedBootDevicesTest-233061465-project-member] Task 'cinder.volume.flows.api.create_volume.EntryCreateTask;volume:create' (7dd0dbb8-fde2-4c13-b6c8-d5cf40d16586) transitioned into state 'SUCCESS' from state 'RUNNING' with result '{'volume_id': 'c48e5e54-096e-4bec-8e51-43de3316d1db', 'volume_properties': VolumeProperties(attach_status='detached',availability_zone='nova',cgsnapshot_id=None,consistencygroup_id=None,display_description=None,display_name='tempest-TaggedBootDevicesTest-volume-263595430',encryption_key_id=None,group_id=None,group_type_id=,metadata={},multiattach=False,project_id='ae8c1556090348ad9cc0bf185fa2af66',qos_specs=None,replication_status=,reservations=['d364e740-80d8-4c3c-a67a-33539c76d8eb','1a2a7335-6d1e-49e3-8998-424872e000c4','2aefc9ef-3753-43a1-b0af-4627dc5882ac','ad5343fd-ebd1-4404-90c2-6cbbcee4c1fb'],size=1,snapshot_id=None,source_replicaid=,source_volid=None,status='creating',user_id='a85e41de838e4cae9fd810fa20dec705',volume_type_id=baa64089-ad7e-443a-b82c-c21710a4f5d7), 'volume': Volume(_name_id=None,admin_metadata=,attach_status='detached',availability_zone='nova',bootable=False,cluster=,cluster_name=None,consistencygroup=,consistencygroup_id=None,created_at=2026-06-15T15:14:22Z,deleted=False,deleted_at=None,display_description=None,display_name='tempest-TaggedBootDevicesTest-volume-263595430',ec2_id=None,encryption_key_id=None,glance_metadata=,group=,group_id=None,host=None,id=c48e5e54-096e-4bec-8e51-43de3316d1db,launched_at=None,metadata={},migration_status=None,multiattach=False,previous_status=None,project_id='ae8c1556090348ad9cc0bf185fa2af66',provider_auth=None,provider_geometry=None,provider_id=None,provider_location=None,replication_driver_data=None,replication_extended_status=None,replication_status=None,scheduled_at=None,service_uuid=None,shared_targets=True,size=1,snapshot_id=None,snapshots=,source_volid=None,status='creating',terminated_at=None,updated_at=None,use_quota=True,user_id='a85e41de838e4cae9fd810fa20dec705',volume_attachment=VolumeAttachmentList,volume_type=VolumeType(baa64089-ad7e-443a-b82c-c21710a4f5d7),volume_type_id=baa64089-ad7e-443a-b82c-c21710a4f5d7)}' {{(pid=99282) _task_receiver /opt/stack/data/venv/lib/python3.12/site-packages/taskflow/listeners/logging.py:218}}
Jun 15 15:14:22.222667 np0000002861 devstack@c-api.service[99282]: DEBUG cinder.volume.api [None req-97092716-6da8-4527-870a-0a5be27c637c tempest-TaggedBootDevicesTest-233061465 tempest-TaggedBootDevicesTest-233061465-project-member] Task 'cinder.volume.flows.api.create_volume.QuotaCommitTask;volume:create' (e2f1c0aa-f97e-4a6d-91c2-23fbc26c73ae) transitioned into state 'RUNNING' from state 'PENDING' {{(pid=99282) _task_receiver /opt/stack/data/venv/lib/python3.12/site-packages/taskflow/listeners/logging.py:242}}
Jun 15 15:14:22.225107 np0000002861 devstack@c-api.service[99284]: INFO cinder.api.openstack.wsgi [None req-a6206971-0d70-4064-b208-880de88319ec tempest-TaggedAttachmentsTest-1521756172 tempest-TaggedAttachmentsTest-1521756172-project-member] https://10.4.3.73/volume/v3/volumes/69512f2d-faec-42a2-947a-4cbba6cb202a returned with HTTP 200
Jun 15 15:14:22.225956 np0000002861 devstack@c-api.service[99284]: [pid: 99284|app: 0|req: 46/133] 10.4.3.73 () {66 vars in 1341 bytes} [Mon Jun 15 15:14:22 2026] GET /volume/v3/volumes/69512f2d-faec-42a2-947a-4cbba6cb202a => generated 841 bytes in 33 msecs (HTTP/1.1 200) 7 headers in 285 bytes (1 switches on core 0)
Jun 15 15:14:22.245129 np0000002861 devstack@c-api.service[99282]: DEBUG cinder.volume.api [None req-97092716-6da8-4527-870a-0a5be27c637c tempest-TaggedBootDevicesTest-233061465 tempest-TaggedBootDevicesTest-233061465-project-member] Task 'cinder.volume.flows.api.create_volume.QuotaCommitTask;volume:create' (e2f1c0aa-f97e-4a6d-91c2-23fbc26c73ae) transitioned into state 'SUCCESS' from state 'RUNNING' with result '{'volume_properties': VolumeProperties(attach_status='detached',availability_zone='nova',cgsnapshot_id=None,consistencygroup_id=None,display_description=None,display_name='tempest-TaggedBootDevicesTest-volume-263595430',encryption_key_id=None,group_id=None,group_type_id=,metadata={},multiattach=False,project_id='ae8c1556090348ad9cc0bf185fa2af66',qos_specs=None,replication_status=,reservations=['d364e740-80d8-4c3c-a67a-33539c76d8eb','1a2a7335-6d1e-49e3-8998-424872e000c4','2aefc9ef-3753-43a1-b0af-4627dc5882ac','ad5343fd-ebd1-4404-90c2-6cbbcee4c1fb'],size=1,snapshot_id=None,source_replicaid=,source_volid=None,status='creating',user_id='a85e41de838e4cae9fd810fa20dec705',volume_type_id=baa64089-ad7e-443a-b82c-c21710a4f5d7)}' {{(pid=99282) _task_receiver /opt/stack/data/venv/lib/python3.12/site-packages/taskflow/listeners/logging.py:218}}
Jun 15 15:14:22.245965 np0000002861 devstack@c-api.service[99282]: DEBUG cinder.volume.api [None req-97092716-6da8-4527-870a-0a5be27c637c tempest-TaggedBootDevicesTest-233061465 tempest-TaggedBootDevicesTest-233061465-project-member] Task 'cinder.volume.flows.api.create_volume.VolumeCastTask;volume:create' (749cce75-22b0-4833-a79e-8887a240848f) transitioned into state 'RUNNING' from state 'PENDING' {{(pid=99282) _task_receiver /opt/stack/data/venv/lib/python3.12/site-packages/taskflow/listeners/logging.py:242}}
Jun 15 15:14:22.255429 np0000002861 devstack@c-api.service[99282]: DEBUG cinder.volume.api [None req-97092716-6da8-4527-870a-0a5be27c637c tempest-TaggedBootDevicesTest-233061465 tempest-TaggedBootDevicesTest-233061465-project-member] Task 'cinder.volume.flows.api.create_volume.VolumeCastTask;volume:create' (749cce75-22b0-4833-a79e-8887a240848f) transitioned into state 'SUCCESS' from state 'RUNNING' with result 'None' {{(pid=99282) _task_receiver /opt/stack/data/venv/lib/python3.12/site-packages/taskflow/listeners/logging.py:218}}
Jun 15 15:14:22.259347 np0000002861 devstack@c-api.service[99282]: DEBUG cinder.volume.api [None req-97092716-6da8-4527-870a-0a5be27c637c tempest-TaggedBootDevicesTest-233061465 tempest-TaggedBootDevicesTest-233061465-project-member] Flow 'volume_create_api' (2999745a-4ebf-4cc0-8219-9bc14ae5a128) transitioned into state 'SUCCESS' from state 'RUNNING' {{(pid=99282) _flow_receiver /opt/stack/data/venv/lib/python3.12/site-packages/taskflow/listeners/logging.py:160}}
Jun 15 15:14:22.259692 np0000002861 devstack@c-api.service[99282]: INFO cinder.volume.api [None req-97092716-6da8-4527-870a-0a5be27c637c tempest-TaggedBootDevicesTest-233061465 tempest-TaggedBootDevicesTest-233061465-project-member] Create volume request issued successfully.
Jun 15 15:14:22.260329 np0000002861 devstack@c-api.service[99282]: INFO cinder.api.openstack.wsgi [None req-97092716-6da8-4527-870a-0a5be27c637c tempest-TaggedBootDevicesTest-233061465 tempest-TaggedBootDevicesTest-233061465-project-member] https://10.4.3.73/volume/v3/volumes returned with HTTP 202
Jun 15 15:14:22.260736 np0000002861 devstack@c-api.service[99282]: [pid: 99282|app: 0|req: 42/134] 10.4.3.73 () {68 vars in 1251 bytes} [Mon Jun 15 15:14:22 2026] POST /volume/v3/volumes => generated 749 bytes in 163 msecs (HTTP/1.1 202) 7 headers in 291 bytes (2 switches on core 0)
Jun 15 15:14:22.275196 np0000002861 devstack@c-api.service[99283]: DEBUG cinder.api.middleware.request_id [None req-3e6048f2-38ba-4911-bf46-bb6c36ef6861 None None] RequestId filter calling following filter/app {{(pid=99283) _context_setter /opt/stack/cinder/cinder/api/middleware/request_id.py:62}}
Jun 15 15:14:22.277380 np0000002861 devstack@c-api.service[99283]: INFO cinder.api.openstack.wsgi [None req-3e6048f2-38ba-4911-bf46-bb6c36ef6861 tempest-TaggedBootDevicesTest-233061465 tempest-TaggedBootDevicesTest-233061465-project-member] GET https://10.4.3.73/volume/v3/volumes/c48e5e54-096e-4bec-8e51-43de3316d1db
Jun 15 15:14:22.277617 np0000002861 devstack@c-api.service[99283]: DEBUG cinder.api.openstack.wsgi [None req-3e6048f2-38ba-4911-bf46-bb6c36ef6861 tempest-TaggedBootDevicesTest-233061465 tempest-TaggedBootDevicesTest-233061465-project-member] Empty body provided in request {{(pid=99283) get_body /opt/stack/cinder/cinder/api/openstack/wsgi.py:725}}
Jun 15 15:14:22.277853 np0000002861 devstack@c-api.service[99283]: DEBUG cinder.api.openstack.wsgi [None req-3e6048f2-38ba-4911-bf46-bb6c36ef6861 tempest-TaggedBootDevicesTest-233061465 tempest-TaggedBootDevicesTest-233061465-project-member] Calling method 'show' {{(pid=99283) _process_stack /opt/stack/cinder/cinder/api/openstack/wsgi.py:878}}
Jun 15 15:14:22.285077 np0000002861 devstack@c-api.service[99283]: /opt/stack/data/venv/lib/python3.12/site-packages/oslo_context/context.py:102: DeprecationWarning: Policy enforcement is depending on the value of is_admin. This key is deprecated. Please update your policy file to use the standard policy values.
Jun 15 15:14:22.285077 np0000002861 devstack@c-api.service[99283]: warnings.warn(
Jun 15 15:14:22.291493 np0000002861 devstack@c-api.service[99283]: INFO cinder.volume.api [None req-3e6048f2-38ba-4911-bf46-bb6c36ef6861 tempest-TaggedBootDevicesTest-233061465 tempest-TaggedBootDevicesTest-233061465-project-member] Volume info retrieved successfully.
Jun 15 15:14:22.298754 np0000002861 devstack@c-api.service[99283]: INFO cinder.api.openstack.wsgi [None req-3e6048f2-38ba-4911-bf46-bb6c36ef6861 tempest-TaggedBootDevicesTest-233061465 tempest-TaggedBootDevicesTest-233061465-project-member] https://10.4.3.73/volume/v3/volumes/c48e5e54-096e-4bec-8e51-43de3316d1db returned with HTTP 200
Jun 15 15:14:22.299274 np0000002861 devstack@c-api.service[99283]: [pid: 99283|app: 0|req: 47/135] 10.4.3.73 () {66 vars in 1341 bytes} [Mon Jun 15 15:14:22 2026] GET /volume/v3/volumes/c48e5e54-096e-4bec-8e51-43de3316d1db => generated 817 bytes in 25 msecs (HTTP/1.1 200) 7 headers in 285 bytes (1 switches on core 0)
Jun 15 15:14:22.303725 np0000002861 devstack@c-api.service[99284]: DEBUG cinder.api.middleware.request_id [None req-1c5ef427-24d8-4655-9d38-2187409a582a None None] RequestId filter calling following filter/app {{(pid=99284) _context_setter /opt/stack/cinder/cinder/api/middleware/request_id.py:62}}
Jun 15 15:14:22.304461 np0000002861 devstack@c-api.service[99284]: INFO cinder.api.openstack.wsgi [None req-1c5ef427-24d8-4655-9d38-2187409a582a None None] GET https://10.4.3.73/volume//
Jun 15 15:14:22.304695 np0000002861 devstack@c-api.service[99284]: DEBUG cinder.api.openstack.wsgi [None req-1c5ef427-24d8-4655-9d38-2187409a582a None None] Empty body provided in request {{(pid=99284) get_body /opt/stack/cinder/cinder/api/openstack/wsgi.py:725}}
Jun 15 15:14:22.304940 np0000002861 devstack@c-api.service[99284]: DEBUG cinder.api.openstack.wsgi [None req-1c5ef427-24d8-4655-9d38-2187409a582a None None] Calling method 'all' {{(pid=99284) _process_stack /opt/stack/cinder/cinder/api/openstack/wsgi.py:878}}
Jun 15 15:14:22.305333 np0000002861 devstack@c-api.service[99284]: INFO cinder.api.openstack.wsgi [None req-1c5ef427-24d8-4655-9d38-2187409a582a None None] https://10.4.3.73/volume// returned with HTTP 300
Jun 15 15:14:22.305690 np0000002861 devstack@c-api.service[99284]: [pid: 99284|app: 0|req: 47/136] 10.4.3.73 () {66 vars in 1419 bytes} [Mon Jun 15 15:14:22 2026] GET /volume/ => generated 385 bytes in 3 msecs (HTTP/1.1 300) 7 headers in 299 bytes (1 switches on core 0)
Jun 15 15:14:22.315294 np0000002861 devstack@c-api.service[99282]: DEBUG cinder.api.middleware.request_id [req-c1b47c76-c363-41e1-bd58-69efcecc9553 req-20021945-b1bc-4c86-8f6f-d3e791ba4eec None None] RequestId filter calling following filter/app {{(pid=99282) _context_setter /opt/stack/cinder/cinder/api/middleware/request_id.py:62}}
Jun 15 15:14:22.317963 np0000002861 devstack@c-api.service[99282]: INFO cinder.api.openstack.wsgi [req-c1b47c76-c363-41e1-bd58-69efcecc9553 req-20021945-b1bc-4c86-8f6f-d3e791ba4eec tempest-TaggedAttachmentsTest-1521756172 tempest-TaggedAttachmentsTest-1521756172-project-member] GET https://10.4.3.73/volume/v3/volumes/69512f2d-faec-42a2-947a-4cbba6cb202a
Jun 15 15:14:22.318195 np0000002861 devstack@c-api.service[99282]: DEBUG cinder.api.openstack.wsgi [req-c1b47c76-c363-41e1-bd58-69efcecc9553 req-20021945-b1bc-4c86-8f6f-d3e791ba4eec tempest-TaggedAttachmentsTest-1521756172 tempest-TaggedAttachmentsTest-1521756172-project-member] Empty body provided in request {{(pid=99282) get_body /opt/stack/cinder/cinder/api/openstack/wsgi.py:725}}
Jun 15 15:14:22.318408 np0000002861 devstack@c-api.service[99282]: DEBUG cinder.api.openstack.wsgi [req-c1b47c76-c363-41e1-bd58-69efcecc9553 req-20021945-b1bc-4c86-8f6f-d3e791ba4eec tempest-TaggedAttachmentsTest-1521756172 tempest-TaggedAttachmentsTest-1521756172-project-member] Calling method 'show' {{(pid=99282) _process_stack /opt/stack/cinder/cinder/api/openstack/wsgi.py:878}}
Jun 15 15:14:22.327093 np0000002861 devstack@c-api.service[99282]: /opt/stack/data/venv/lib/python3.12/site-packages/oslo_context/context.py:102: DeprecationWarning: Policy enforcement is depending on the value of is_admin. This key is deprecated. Please update your policy file to use the standard policy values.
Jun 15 15:14:22.327093 np0000002861 devstack@c-api.service[99282]: warnings.warn(
Jun 15 15:14:22.330393 np0000002861 devstack@c-api.service[99282]: INFO cinder.volume.api [req-c1b47c76-c363-41e1-bd58-69efcecc9553 req-20021945-b1bc-4c86-8f6f-d3e791ba4eec tempest-TaggedAttachmentsTest-1521756172 tempest-TaggedAttachmentsTest-1521756172-project-member] Volume info retrieved successfully.
Jun 15 15:14:22.334186 np0000002861 devstack@c-api.service[99282]: INFO cinder.api.openstack.wsgi [req-c1b47c76-c363-41e1-bd58-69efcecc9553 req-20021945-b1bc-4c86-8f6f-d3e791ba4eec tempest-TaggedAttachmentsTest-1521756172 tempest-TaggedAttachmentsTest-1521756172-project-member] https://10.4.3.73/volume/v3/volumes/69512f2d-faec-42a2-947a-4cbba6cb202a returned with HTTP 200
Jun 15 15:14:22.334550 np0000002861 devstack@c-api.service[99282]: [pid: 99282|app: 0|req: 43/137] 10.4.3.73 () {70 vars in 1632 bytes} [Mon Jun 15 15:14:22 2026] GET /volume/v3/volumes/69512f2d-faec-42a2-947a-4cbba6cb202a => generated 1021 bytes in 20 msecs (HTTP/1.1 200) 7 headers in 287 bytes (1 switches on core 0)
Jun 15 15:14:22.413346 np0000002861 devstack@c-api.service[99283]: DEBUG cinder.api.middleware.request_id [req-c1b47c76-c363-41e1-bd58-69efcecc9553 req-6d344187-803d-4e61-8a72-24d4825fee34 None None] RequestId filter calling following filter/app {{(pid=99283) _context_setter /opt/stack/cinder/cinder/api/middleware/request_id.py:62}}
Jun 15 15:14:22.415892 np0000002861 devstack@c-api.service[99283]: INFO cinder.api.openstack.wsgi [req-c1b47c76-c363-41e1-bd58-69efcecc9553 req-6d344187-803d-4e61-8a72-24d4825fee34 tempest-TaggedAttachmentsTest-1521756172 tempest-TaggedAttachmentsTest-1521756172-project-member] PUT https://10.4.3.73/volume/v3/attachments/8db14790-3ab6-42fc-9a8f-2f6963b8a505
Jun 15 15:14:22.416513 np0000002861 devstack@c-api.service[99283]: DEBUG cinder.api.openstack.wsgi [req-c1b47c76-c363-41e1-bd58-69efcecc9553 req-6d344187-803d-4e61-8a72-24d4825fee34 tempest-TaggedAttachmentsTest-1521756172 tempest-TaggedAttachmentsTest-1521756172-project-member] Action: 'update', calling method: version_select, body: {"attachment": {"connector": {"platform": "x86_64", "os_type": "linux", "ip": "10.4.3.73", "host": "np0000002861", "multipath": true, "enforce_multipath": true, "initiator": "iqn.2016-04.com.open-iscsi:8b5877997295", "do_local_attach": false, "uuid": "8515de1c-ba7e-467b-adde-6d9f8a8dbc1f", "system uuid": "5896e517-65e6-4e33-9499-d10f2a2968c5", "nvme_native_multipath": false, "mountpoint": "/dev/vdb"}}} {{(pid=99283) _process_stack /opt/stack/cinder/cinder/api/openstack/wsgi.py:876}}
Jun 15 15:14:22.424219 np0000002861 devstack@c-api.service[99283]: DEBUG cinder.coordination [req-c1b47c76-c363-41e1-bd58-69efcecc9553 req-6d344187-803d-4e61-8a72-24d4825fee34 tempest-TaggedAttachmentsTest-1521756172 tempest-TaggedAttachmentsTest-1521756172-project-member] Acquiring lock "cinder-attachment_update-69512f2d-faec-42a2-947a-4cbba6cb202a-np0000002861" by "attachment_update" {{(pid=99283) __acquire /opt/stack/cinder/cinder/coordination.py:138}}
Jun 15 15:14:22.429383 np0000002861 devstack@c-api.service[99283]: DEBUG cinder.coordination [req-c1b47c76-c363-41e1-bd58-69efcecc9553 req-6d344187-803d-4e61-8a72-24d4825fee34 tempest-TaggedAttachmentsTest-1521756172 tempest-TaggedAttachmentsTest-1521756172-project-member] Lock "cinder-attachment_update-69512f2d-faec-42a2-947a-4cbba6cb202a-np0000002861" acquired by "attachment_update" :: waited 0.005s {{(pid=99283) __acquire /opt/stack/cinder/cinder/coordination.py:141}}
Jun 15 15:14:22.430404 np0000002861 devstack@c-api.service[99283]: /opt/stack/data/venv/lib/python3.12/site-packages/oslo_context/context.py:102: DeprecationWarning: Policy enforcement is depending on the value of is_admin. This key is deprecated. Please update your policy file to use the standard policy values.
Jun 15 15:14:22.430404 np0000002861 devstack@c-api.service[99283]: warnings.warn(
Jun 15 15:14:22.518426 np0000002861 devstack@c-api.service[99284]: DEBUG cinder.api.middleware.request_id [None req-7617dbff-5ebd-4ab8-8347-549c05cbf0f9 None None] RequestId filter calling following filter/app {{(pid=99284) _context_setter /opt/stack/cinder/cinder/api/middleware/request_id.py:62}}
Jun 15 15:14:22.520107 np0000002861 devstack@c-api.service[99284]: INFO cinder.api.openstack.wsgi [None req-7617dbff-5ebd-4ab8-8347-549c05cbf0f9 tempest-TestMultiAttachVolumeSwap-323381656 tempest-TestMultiAttachVolumeSwap-323381656-project-member] GET https://10.4.3.73/volume/v3/volumes/d1eff399-e7be-4e10-968a-58c0a624481c
Jun 15 15:14:22.520342 np0000002861 devstack@c-api.service[99284]: DEBUG cinder.api.openstack.wsgi [None req-7617dbff-5ebd-4ab8-8347-549c05cbf0f9 tempest-TestMultiAttachVolumeSwap-323381656 tempest-TestMultiAttachVolumeSwap-323381656-project-member] Empty body provided in request {{(pid=99284) get_body /opt/stack/cinder/cinder/api/openstack/wsgi.py:725}}
Jun 15 15:14:22.520569 np0000002861 devstack@c-api.service[99284]: DEBUG cinder.api.openstack.wsgi [None req-7617dbff-5ebd-4ab8-8347-549c05cbf0f9 tempest-TestMultiAttachVolumeSwap-323381656 tempest-TestMultiAttachVolumeSwap-323381656-project-member] Calling method 'show' {{(pid=99284) _process_stack /opt/stack/cinder/cinder/api/openstack/wsgi.py:878}}
