Jun 29 20:00:44.712527 np0000003923 devstack@g-api.service[99520]: [pid: 99520|app: 0|req: 60/195] 127.0.0.1 () {44 vars in 1051 bytes} [Mon Jun 29 20:00:44 2026] GET /v2/schemas/image => generated 6083 bytes in 8 msecs (HTTP/1.1 200) 4 headers in 158 bytes (1 switches on core 0)
Jun 29 20:00:44.730880 np0000003923 devstack@g-api.service[99519]: DEBUG glance.api.middleware.version_negotiation [None req-8415fd01-a8c7-4789-a6e5-f3f3ba8039f2 tempest-VolumesActionsTest-228697036 tempest-VolumesActionsTest-228697036-project-member] Determining version of request: GET /v2/images/037931eb-289d-4a38-9414-3ec010e09379 Accept: application/json {{(pid=99519) process_request /opt/stack/glance/glance/api/middleware/version_negotiation.py:44}}
Jun 29 20:00:44.731102 np0000003923 devstack@g-api.service[99519]: DEBUG glance.api.middleware.version_negotiation [None req-8415fd01-a8c7-4789-a6e5-f3f3ba8039f2 tempest-VolumesActionsTest-228697036 tempest-VolumesActionsTest-228697036-project-member] Using url versioning {{(pid=99519) process_request /opt/stack/glance/glance/api/middleware/version_negotiation.py:57}}
Jun 29 20:00:44.731300 np0000003923 devstack@g-api.service[99519]: DEBUG glance.api.middleware.version_negotiation [None req-8415fd01-a8c7-4789-a6e5-f3f3ba8039f2 tempest-VolumesActionsTest-228697036 tempest-VolumesActionsTest-228697036-project-member] Matched version: v2 {{(pid=99519) process_request /opt/stack/glance/glance/api/middleware/version_negotiation.py:69}}
Jun 29 20:00:44.731390 np0000003923 devstack@g-api.service[99519]: DEBUG glance.api.middleware.version_negotiation [None req-8415fd01-a8c7-4789-a6e5-f3f3ba8039f2 tempest-VolumesActionsTest-228697036 tempest-VolumesActionsTest-228697036-project-member] new path /v2/images/037931eb-289d-4a38-9414-3ec010e09379 {{(pid=99519) process_request /opt/stack/glance/glance/api/middleware/version_negotiation.py:70}}
Jun 29 20:00:44.743804 np0000003923 devstack@g-api.service[99519]: [pid: 99519|app: 0|req: 67/196] 127.0.0.1 () {40 vars in 834 bytes} [Mon Jun 29 20:00:44 2026] GET /v2/images/037931eb-289d-4a38-9414-3ec010e09379 => generated 648 bytes in 13 msecs (HTTP/1.1 200) 4 headers in 157 bytes (1 switches on core 0)
Jun 29 20:00:45.415897 np0000003923 devstack@g-api.service[99518]: DEBUG glance.api.middleware.version_negotiation [None req-8415fd01-a8c7-4789-a6e5-f3f3ba8039f2 tempest-VolumesActionsTest-228697036 tempest-VolumesActionsTest-228697036-project-member] Determining version of request: PUT /v2/images/037931eb-289d-4a38-9414-3ec010e09379/file Accept: */* {{(pid=99518) process_request /opt/stack/glance/glance/api/middleware/version_negotiation.py:44}}
Jun 29 20:00:45.416345 np0000003923 devstack@g-api.service[99518]: DEBUG glance.api.middleware.version_negotiation [None req-8415fd01-a8c7-4789-a6e5-f3f3ba8039f2 tempest-VolumesActionsTest-228697036 tempest-VolumesActionsTest-228697036-project-member] Using url versioning {{(pid=99518) process_request /opt/stack/glance/glance/api/middleware/version_negotiation.py:57}}
Jun 29 20:00:45.416401 np0000003923 devstack@g-api.service[99518]: DEBUG glance.api.middleware.version_negotiation [None req-8415fd01-a8c7-4789-a6e5-f3f3ba8039f2 tempest-VolumesActionsTest-228697036 tempest-VolumesActionsTest-228697036-project-member] Matched version: v2 {{(pid=99518) process_request /opt/stack/glance/glance/api/middleware/version_negotiation.py:69}}
Jun 29 20:00:45.416811 np0000003923 devstack@g-api.service[99518]: DEBUG glance.api.middleware.version_negotiation [None req-8415fd01-a8c7-4789-a6e5-f3f3ba8039f2 tempest-VolumesActionsTest-228697036 tempest-VolumesActionsTest-228697036-project-member] new path /v2/images/037931eb-289d-4a38-9414-3ec010e09379/file {{(pid=99518) process_request /opt/stack/glance/glance/api/middleware/version_negotiation.py:70}}
Jun 29 20:00:45.753804 np0000003923 devstack@g-api.service[99520]: DEBUG glance.api.middleware.version_negotiation [None req-8415fd01-a8c7-4789-a6e5-f3f3ba8039f2 tempest-VolumesActionsTest-228697036 tempest-VolumesActionsTest-228697036-project-member] Determining version of request: GET /v2/images/037931eb-289d-4a38-9414-3ec010e09379 Accept: application/json {{(pid=99520) process_request /opt/stack/glance/glance/api/middleware/version_negotiation.py:44}}
Jun 29 20:00:45.754271 np0000003923 devstack@g-api.service[99520]: DEBUG glance.api.middleware.version_negotiation [None req-8415fd01-a8c7-4789-a6e5-f3f3ba8039f2 tempest-VolumesActionsTest-228697036 tempest-VolumesActionsTest-228697036-project-member] Using url versioning {{(pid=99520) process_request /opt/stack/glance/glance/api/middleware/version_negotiation.py:57}}
Jun 29 20:00:45.754271 np0000003923 devstack@g-api.service[99520]: DEBUG glance.api.middleware.version_negotiation [None req-8415fd01-a8c7-4789-a6e5-f3f3ba8039f2 tempest-VolumesActionsTest-228697036 tempest-VolumesActionsTest-228697036-project-member] Matched version: v2 {{(pid=99520) process_request /opt/stack/glance/glance/api/middleware/version_negotiation.py:69}}
Jun 29 20:00:45.754271 np0000003923 devstack@g-api.service[99520]: DEBUG glance.api.middleware.version_negotiation [None req-8415fd01-a8c7-4789-a6e5-f3f3ba8039f2 tempest-VolumesActionsTest-228697036 tempest-VolumesActionsTest-228697036-project-member] new path /v2/images/037931eb-289d-4a38-9414-3ec010e09379 {{(pid=99520) process_request /opt/stack/glance/glance/api/middleware/version_negotiation.py:70}}
Jun 29 20:00:45.765139 np0000003923 devstack@g-api.service[99520]: [pid: 99520|app: 0|req: 61/197] 127.0.0.1 () {40 vars in 834 bytes} [Mon Jun 29 20:00:45 2026] GET /v2/images/037931eb-289d-4a38-9414-3ec010e09379 => generated 648 bytes in 11 msecs (HTTP/1.1 200) 4 headers in 157 bytes (1 switches on core 0)
Jun 29 20:00:46.053990 np0000003923 devstack@g-api.service[99518]: INFO glance.api.v2.image_data [None req-8415fd01-a8c7-4789-a6e5-f3f3ba8039f2 tempest-VolumesActionsTest-228697036 tempest-VolumesActionsTest-228697036-project-member] Unable to create trust: no such option collect_timing in group [keystone_authtoken] Use the existing user token.
Jun 29 20:00:46.685369 np0000003923 devstack@g-api.service[99518]: DEBUG glance.location [None req-8415fd01-a8c7-4789-a6e5-f3f3ba8039f2 tempest-VolumesActionsTest-228697036 tempest-VolumesActionsTest-228697036-project-member] Enabling in-flight format inspection for raw {{(pid=99518) set_data /opt/stack/glance/glance/location.py:616}}
Jun 29 20:00:46.686000 np0000003923 devstack@g-api.service[99518]: DEBUG glance_store.backend [None req-8415fd01-a8c7-4789-a6e5-f3f3ba8039f2 tempest-VolumesActionsTest-228697036 tempest-VolumesActionsTest-228697036-project-member] Attempting to import store swift {{(pid=99518) _load_store /opt/stack/data/venv/lib/python3.12/site-packages/glance_store/backend.py:215}}
Jun 29 20:00:46.687950 np0000003923 devstack@g-api.service[99518]: DEBUG glance_store.capabilities [None req-8415fd01-a8c7-4789-a6e5-f3f3ba8039f2 tempest-VolumesActionsTest-228697036 tempest-VolumesActionsTest-228697036-project-member] Store glance_store._drivers.swift.store.SingleTenantStore doesn't support updating dynamic storage capabilities. Please overwrite 'update_capabilities' method of the store to implement updating logics if needed. {{(pid=99518) update_capabilities /opt/stack/data/venv/lib/python3.12/site-packages/glance_store/capabilities.py:91}}
Jun 29 20:00:46.688220 np0000003923 devstack@g-api.service[99518]: DEBUG glance_store.driver [None req-8415fd01-a8c7-4789-a6e5-f3f3ba8039f2 tempest-VolumesActionsTest-228697036 tempest-VolumesActionsTest-228697036-project-member] Late loading location class glance_store._drivers.swift.store.StoreLocation {{(pid=99518) get_store_location_class /opt/stack/data/venv/lib/python3.12/site-packages/glance_store/driver.py:134}}
Jun 29 20:00:46.688440 np0000003923 devstack@g-api.service[99518]: DEBUG glance_store.location [None req-8415fd01-a8c7-4789-a6e5-f3f3ba8039f2 tempest-VolumesActionsTest-228697036 tempest-VolumesActionsTest-228697036-project-member] Registering scheme swift+https with {'store': , 'location_class': , 'store_entry': 'swift'} {{(pid=99518) register_scheme_map /opt/stack/data/venv/lib/python3.12/site-packages/glance_store/location.py:146}}
Jun 29 20:00:46.688663 np0000003923 devstack@g-api.service[99518]: DEBUG glance_store.location [None req-8415fd01-a8c7-4789-a6e5-f3f3ba8039f2 tempest-VolumesActionsTest-228697036 tempest-VolumesActionsTest-228697036-project-member] Registering scheme swift+https with {'store': , 'location_class': , 'store_entry': 'swift'} {{(pid=99518) register_scheme_map /opt/stack/data/venv/lib/python3.12/site-packages/glance_store/location.py:146}}
Jun 29 20:00:46.688843 np0000003923 devstack@g-api.service[99518]: DEBUG glance_store.location [None req-8415fd01-a8c7-4789-a6e5-f3f3ba8039f2 tempest-VolumesActionsTest-228697036 tempest-VolumesActionsTest-228697036-project-member] Registering scheme swift with {'store': , 'location_class': , 'store_entry': 'swift'} {{(pid=99518) register_scheme_map /opt/stack/data/venv/lib/python3.12/site-packages/glance_store/location.py:146}}
Jun 29 20:00:46.689015 np0000003923 devstack@g-api.service[99518]: DEBUG glance_store.location [None req-8415fd01-a8c7-4789-a6e5-f3f3ba8039f2 tempest-VolumesActionsTest-228697036 tempest-VolumesActionsTest-228697036-project-member] Registering scheme swift+https with {'store': , 'location_class': , 'store_entry': 'swift'} {{(pid=99518) register_scheme_map /opt/stack/data/venv/lib/python3.12/site-packages/glance_store/location.py:146}}
Jun 29 20:00:46.689186 np0000003923 devstack@g-api.service[99518]: DEBUG glance_store.location [None req-8415fd01-a8c7-4789-a6e5-f3f3ba8039f2 tempest-VolumesActionsTest-228697036 tempest-VolumesActionsTest-228697036-project-member] Registering scheme swift with {'store': , 'location_class': , 'store_entry': 'swift'} {{(pid=99518) register_scheme_map /opt/stack/data/venv/lib/python3.12/site-packages/glance_store/location.py:146}}
Jun 29 20:00:46.689341 np0000003923 devstack@g-api.service[99518]: DEBUG glance_store.location [None req-8415fd01-a8c7-4789-a6e5-f3f3ba8039f2 tempest-VolumesActionsTest-228697036 tempest-VolumesActionsTest-228697036-project-member] Registering scheme swift+http with {'store': , 'location_class': , 'store_entry': 'swift'} {{(pid=99518) register_scheme_map /opt/stack/data/venv/lib/python3.12/site-packages/glance_store/location.py:146}}
Jun 29 20:00:46.689518 np0000003923 devstack@g-api.service[99518]: DEBUG glance_store.location [None req-8415fd01-a8c7-4789-a6e5-f3f3ba8039f2 tempest-VolumesActionsTest-228697036 tempest-VolumesActionsTest-228697036-project-member] Registering scheme swift+https with {'store': , 'location_class': , 'store_entry': 'swift'} {{(pid=99518) register_scheme_map /opt/stack/data/venv/lib/python3.12/site-packages/glance_store/location.py:146}}
Jun 29 20:00:46.689726 np0000003923 devstack@g-api.service[99518]: DEBUG glance_store.location [None req-8415fd01-a8c7-4789-a6e5-f3f3ba8039f2 tempest-VolumesActionsTest-228697036 tempest-VolumesActionsTest-228697036-project-member] Registering scheme swift with {'store': , 'location_class': , 'store_entry': 'swift'} {{(pid=99518) register_scheme_map /opt/stack/data/venv/lib/python3.12/site-packages/glance_store/location.py:146}}
Jun 29 20:00:46.689903 np0000003923 devstack@g-api.service[99518]: DEBUG glance_store.location [None req-8415fd01-a8c7-4789-a6e5-f3f3ba8039f2 tempest-VolumesActionsTest-228697036 tempest-VolumesActionsTest-228697036-project-member] Registering scheme swift+http with {'store': , 'location_class': , 'store_entry': 'swift'} {{(pid=99518) register_scheme_map /opt/stack/data/venv/lib/python3.12/site-packages/glance_store/location.py:146}}
Jun 29 20:00:46.690103 np0000003923 devstack@g-api.service[99518]: DEBUG glance_store.location [None req-8415fd01-a8c7-4789-a6e5-f3f3ba8039f2 tempest-VolumesActionsTest-228697036 tempest-VolumesActionsTest-228697036-project-member] Registering scheme swift+config with {'store': , 'location_class': , 'store_entry': 'swift'} {{(pid=99518) register_scheme_map /opt/stack/data/venv/lib/python3.12/site-packages/glance_store/location.py:146}}
Jun 29 20:00:46.775076 np0000003923 devstack@g-api.service[99519]: DEBUG glance.api.middleware.version_negotiation [None req-0ae0f015-d553-4b32-9cab-742d76af5f86 tempest-VolumesActionsTest-228697036 tempest-VolumesActionsTest-228697036-project-member] Determining version of request: GET /v2/images/037931eb-289d-4a38-9414-3ec010e09379 Accept: application/json {{(pid=99519) process_request /opt/stack/glance/glance/api/middleware/version_negotiation.py:44}}
Jun 29 20:00:46.776268 np0000003923 devstack@g-api.service[99519]: DEBUG glance.api.middleware.version_negotiation [None req-0ae0f015-d553-4b32-9cab-742d76af5f86 tempest-VolumesActionsTest-228697036 tempest-VolumesActionsTest-228697036-project-member] Using url versioning {{(pid=99519) process_request /opt/stack/glance/glance/api/middleware/version_negotiation.py:57}}
Jun 29 20:00:46.776268 np0000003923 devstack@g-api.service[99519]: DEBUG glance.api.middleware.version_negotiation [None req-0ae0f015-d553-4b32-9cab-742d76af5f86 tempest-VolumesActionsTest-228697036 tempest-VolumesActionsTest-228697036-project-member] Matched version: v2 {{(pid=99519) process_request /opt/stack/glance/glance/api/middleware/version_negotiation.py:69}}
Jun 29 20:00:46.776268 np0000003923 devstack@g-api.service[99519]: DEBUG glance.api.middleware.version_negotiation [None req-0ae0f015-d553-4b32-9cab-742d76af5f86 tempest-VolumesActionsTest-228697036 tempest-VolumesActionsTest-228697036-project-member] new path /v2/images/037931eb-289d-4a38-9414-3ec010e09379 {{(pid=99519) process_request /opt/stack/glance/glance/api/middleware/version_negotiation.py:70}}
Jun 29 20:00:46.786441 np0000003923 devstack@g-api.service[99519]: [pid: 99519|app: 0|req: 68/198] 127.0.0.1 () {40 vars in 834 bytes} [Mon Jun 29 20:00:46 2026] GET /v2/images/037931eb-289d-4a38-9414-3ec010e09379 => generated 648 bytes in 11 msecs (HTTP/1.1 200) 4 headers in 157 bytes (1 switches on core 0)
Jun 29 20:00:46.848881 np0000003923 devstack@g-api.service[99518]: DEBUG swiftclient [None req-8415fd01-a8c7-4789-a6e5-f3f3ba8039f2 tempest-VolumesActionsTest-228697036 tempest-VolumesActionsTest-228697036-project-member] REQ: curl -i https://10.4.3.79:8080/v1/AUTH_17ac5e6a133e4c96878c6ea552fde4a2/glance -I -H "X-Auth-Token: gAAAAABqQs7u5KdQ..." {{(pid=99518) http_log /opt/stack/data/venv/lib/python3.12/site-packages/swiftclient/client.py:160}}
Jun 29 20:00:46.849024 np0000003923 devstack@g-api.service[99518]: DEBUG swiftclient [None req-8415fd01-a8c7-4789-a6e5-f3f3ba8039f2 tempest-VolumesActionsTest-228697036 tempest-VolumesActionsTest-228697036-project-member] RESP STATUS: 204 No Content {{(pid=99518) http_log /opt/stack/data/venv/lib/python3.12/site-packages/swiftclient/client.py:161}}
Jun 29 20:00:46.849251 np0000003923 devstack@g-api.service[99518]: DEBUG swiftclient [None req-8415fd01-a8c7-4789-a6e5-f3f3ba8039f2 tempest-VolumesActionsTest-228697036 tempest-VolumesActionsTest-228697036-project-member] RESP HEADERS: {'Date': 'Mon, 29 Jun 2026 20:00:46 GMT', 'Server': 'Apache/2.4.58 (Ubuntu)', 'Content-Type': 'text/plain; charset=utf-8', 'X-Container-Object-Count': '3', 'X-Container-Bytes-Used': '64356352', 'X-Timestamp': '1782762925.66375', 'Last-Modified': 'Mon, 29 Jun 2026 19:55:26 GMT', 'Accept-Ranges': 'bytes', 'X-Storage-Policy': 'Policy-0', 'X-Container-Sharding': 'False', 'Vary': 'Accept', 'X-Trans-Id': 'tx288fb2a350874eb9b5bcd-006a42ceee', 'X-Openstack-Request-Id': 'tx288fb2a350874eb9b5bcd-006a42ceee', 'Connection': 'close'} {{(pid=99518) http_log /opt/stack/data/venv/lib/python3.12/site-packages/swiftclient/client.py:162}}
Jun 29 20:00:46.849522 np0000003923 devstack@g-api.service[99518]: DEBUG glance_store._drivers.swift.store [None req-8415fd01-a8c7-4789-a6e5-f3f3ba8039f2 tempest-VolumesActionsTest-228697036 tempest-VolumesActionsTest-228697036-project-member] Adding image object '037931eb-289d-4a38-9414-3ec010e09379' to Swift {{(pid=99518) add /opt/stack/data/venv/lib/python3.12/site-packages/glance_store/_drivers/swift/store.py:970}}
Jun 29 20:00:46.849698 np0000003923 devstack@g-api.service[99518]: DEBUG glance_store._drivers.swift.store [None req-8415fd01-a8c7-4789-a6e5-f3f3ba8039f2 tempest-VolumesActionsTest-228697036 tempest-VolumesActionsTest-228697036-project-member] Cannot determine image size because it is either not provided in the request or chunked-transfer encoding is used. Adding image as a segmented object to Swift. {{(pid=99518) add /opt/stack/data/venv/lib/python3.12/site-packages/glance_store/_drivers/swift/store.py:994}}
Jun 29 20:00:46.857233 np0000003923 devstack@g-api.service[99518]: DEBUG oslo_utils.imageutils.format_inspector [None req-8415fd01-a8c7-4789-a6e5-f3f3ba8039f2 tempest-VolumesActionsTest-228697036 tempest-VolumesActionsTest-228697036-project-member] Format inspector for vmdk does not match, excluding from consideration (Signature KDMV not found: b'\x00\x00\x00\x00') {{(pid=99518) _process_chunk /opt/stack/data/venv/lib/python3.12/site-packages/oslo_utils/imageutils/format_inspector.py:1758}}
Jun 29 20:00:46.860234 np0000003923 devstack@g-api.service[99518]: DEBUG oslo_utils.imageutils.format_inspector [None req-8415fd01-a8c7-4789-a6e5-f3f3ba8039f2 tempest-VolumesActionsTest-228697036 tempest-VolumesActionsTest-228697036-project-member] Format inspector for vhdx does not match, excluding from consideration (Region signature not found at 30000) {{(pid=99518) _process_chunk /opt/stack/data/venv/lib/python3.12/site-packages/oslo_utils/imageutils/format_inspector.py:1758}}
Jun 29 20:00:47.797254 np0000003923 devstack@g-api.service[99520]: DEBUG glance.api.middleware.version_negotiation [None req-d531dda5-80c6-4b91-9442-8bc0710f4f45 tempest-VolumesActionsTest-228697036 tempest-VolumesActionsTest-228697036-project-member] Determining version of request: GET /v2/images/037931eb-289d-4a38-9414-3ec010e09379 Accept: application/json {{(pid=99520) process_request /opt/stack/glance/glance/api/middleware/version_negotiation.py:44}}
Jun 29 20:00:47.797254 np0000003923 devstack@g-api.service[99520]: DEBUG glance.api.middleware.version_negotiation [None req-d531dda5-80c6-4b91-9442-8bc0710f4f45 tempest-VolumesActionsTest-228697036 tempest-VolumesActionsTest-228697036-project-member] Using url versioning {{(pid=99520) process_request /opt/stack/glance/glance/api/middleware/version_negotiation.py:57}}
Jun 29 20:00:47.797254 np0000003923 devstack@g-api.service[99520]: DEBUG glance.api.middleware.version_negotiation [None req-d531dda5-80c6-4b91-9442-8bc0710f4f45 tempest-VolumesActionsTest-228697036 tempest-VolumesActionsTest-228697036-project-member] Matched version: v2 {{(pid=99520) process_request /opt/stack/glance/glance/api/middleware/version_negotiation.py:69}}
Jun 29 20:00:47.797254 np0000003923 devstack@g-api.service[99520]: DEBUG glance.api.middleware.version_negotiation [None req-d531dda5-80c6-4b91-9442-8bc0710f4f45 tempest-VolumesActionsTest-228697036 tempest-VolumesActionsTest-228697036-project-member] new path /v2/images/037931eb-289d-4a38-9414-3ec010e09379 {{(pid=99520) process_request /opt/stack/glance/glance/api/middleware/version_negotiation.py:70}}
Jun 29 20:00:47.828889 np0000003923 devstack@g-api.service[99520]: [pid: 99520|app: 0|req: 62/199] 127.0.0.1 () {40 vars in 834 bytes} [Mon Jun 29 20:00:47 2026] GET /v2/images/037931eb-289d-4a38-9414-3ec010e09379 => generated 648 bytes in 32 msecs (HTTP/1.1 200) 4 headers in 157 bytes (1 switches on core 0)
Jun 29 20:00:48.845207 np0000003923 devstack@g-api.service[99519]: DEBUG glance.api.middleware.version_negotiation [None req-a4fec6da-7077-45b9-b154-8b940310607d tempest-VolumesActionsTest-228697036 tempest-VolumesActionsTest-228697036-project-member] Determining version of request: GET /v2/images/037931eb-289d-4a38-9414-3ec010e09379 Accept: application/json {{(pid=99519) process_request /opt/stack/glance/glance/api/middleware/version_negotiation.py:44}}
Jun 29 20:00:48.845207 np0000003923 devstack@g-api.service[99519]: DEBUG glance.api.middleware.version_negotiation [None req-a4fec6da-7077-45b9-b154-8b940310607d tempest-VolumesActionsTest-228697036 tempest-VolumesActionsTest-228697036-project-member] Using url versioning {{(pid=99519) process_request /opt/stack/glance/glance/api/middleware/version_negotiation.py:57}}
Jun 29 20:00:48.845207 np0000003923 devstack@g-api.service[99519]: DEBUG glance.api.middleware.version_negotiation [None req-a4fec6da-7077-45b9-b154-8b940310607d tempest-VolumesActionsTest-228697036 tempest-VolumesActionsTest-228697036-project-member] Matched version: v2 {{(pid=99519) process_request /opt/stack/glance/glance/api/middleware/version_negotiation.py:69}}
Jun 29 20:00:48.845207 np0000003923 devstack@g-api.service[99519]: DEBUG glance.api.middleware.version_negotiation [None req-a4fec6da-7077-45b9-b154-8b940310607d tempest-VolumesActionsTest-228697036 tempest-VolumesActionsTest-228697036-project-member] new path /v2/images/037931eb-289d-4a38-9414-3ec010e09379 {{(pid=99519) process_request /opt/stack/glance/glance/api/middleware/version_negotiation.py:70}}
Jun 29 20:00:48.876084 np0000003923 devstack@g-api.service[99519]: [pid: 99519|app: 0|req: 69/200] 127.0.0.1 () {40 vars in 834 bytes} [Mon Jun 29 20:00:48 2026] GET /v2/images/037931eb-289d-4a38-9414-3ec010e09379 => generated 648 bytes in 32 msecs (HTTP/1.1 200) 4 headers in 157 bytes (1 switches on core 0)
Jun 29 20:00:49.529486 np0000003923 devstack@g-api.service[99518]: DEBUG swiftclient [None req-8415fd01-a8c7-4789-a6e5-f3f3ba8039f2 tempest-VolumesActionsTest-228697036 tempest-VolumesActionsTest-228697036-project-member] REQ: curl -i https://10.4.3.79:8080/v1/AUTH_17ac5e6a133e4c96878c6ea552fde4a2/glance/037931eb-289d-4a38-9414-3ec010e09379-00001 -X PUT -H "X-Auth-Token: gAAAAABqQs7u5KdQ..." {{(pid=99518) http_log /opt/stack/data/venv/lib/python3.12/site-packages/swiftclient/client.py:160}}
Jun 29 20:00:49.529890 np0000003923 devstack@g-api.service[99518]: DEBUG swiftclient [None req-8415fd01-a8c7-4789-a6e5-f3f3ba8039f2 tempest-VolumesActionsTest-228697036 tempest-VolumesActionsTest-228697036-project-member] RESP STATUS: 201 Created {{(pid=99518) http_log /opt/stack/data/venv/lib/python3.12/site-packages/swiftclient/client.py:161}}
Jun 29 20:00:49.529890 np0000003923 devstack@g-api.service[99518]: DEBUG swiftclient [None req-8415fd01-a8c7-4789-a6e5-f3f3ba8039f2 tempest-VolumesActionsTest-228697036 tempest-VolumesActionsTest-228697036-project-member] RESP HEADERS: {'Date': 'Mon, 29 Jun 2026 20:00:49 GMT', 'Server': 'Apache/2.4.58 (Ubuntu)', 'Content-Type': 'text/html; charset=UTF-8', 'Content-Length': '0', 'Etag': 'eda9a9889837ac4bc81d6387d92c1bec', 'Last-Modified': 'Mon, 29 Jun 2026 20:00:47 GMT', 'X-Trans-Id': 'tx948bdf5ae3994d6a9d184-006a42ceee', 'X-Openstack-Request-Id': 'tx948bdf5ae3994d6a9d184-006a42ceee', 'Connection': 'close'} {{(pid=99518) http_log /opt/stack/data/venv/lib/python3.12/site-packages/swiftclient/client.py:162}}
Jun 29 20:00:49.530069 np0000003923 devstack@g-api.service[99518]: DEBUG glance_store._drivers.swift.store [None req-8415fd01-a8c7-4789-a6e5-f3f3ba8039f2 tempest-VolumesActionsTest-228697036 tempest-VolumesActionsTest-228697036-project-member] Wrote chunk 037931eb-289d-4a38-9414-3ec010e09379-00001 (1/?) of length 204800000 to Swift returning MD5 of content: eda9a9889837ac4bc81d6387d92c1bec {{(pid=99518) add /opt/stack/data/venv/lib/python3.12/site-packages/glance_store/_drivers/swift/store.py:1059}}
Jun 29 20:00:49.890807 np0000003923 devstack@g-api.service[99520]: DEBUG glance.api.middleware.version_negotiation [None req-c731090c-201c-4e4a-ae5c-6259e38dd806 tempest-VolumesActionsTest-228697036 tempest-VolumesActionsTest-228697036-project-member] Determining version of request: GET /v2/images/037931eb-289d-4a38-9414-3ec010e09379 Accept: application/json {{(pid=99520) process_request /opt/stack/glance/glance/api/middleware/version_negotiation.py:44}}
Jun 29 20:00:49.891693 np0000003923 devstack@g-api.service[99520]: DEBUG glance.api.middleware.version_negotiation [None req-c731090c-201c-4e4a-ae5c-6259e38dd806 tempest-VolumesActionsTest-228697036 tempest-VolumesActionsTest-228697036-project-member] Using url versioning {{(pid=99520) process_request /opt/stack/glance/glance/api/middleware/version_negotiation.py:57}}
Jun 29 20:00:49.891693 np0000003923 devstack@g-api.service[99520]: DEBUG glance.api.middleware.version_negotiation [None req-c731090c-201c-4e4a-ae5c-6259e38dd806 tempest-VolumesActionsTest-228697036 tempest-VolumesActionsTest-228697036-project-member] Matched version: v2 {{(pid=99520) process_request /opt/stack/glance/glance/api/middleware/version_negotiation.py:69}}
Jun 29 20:00:49.891693 np0000003923 devstack@g-api.service[99520]: DEBUG glance.api.middleware.version_negotiation [None req-c731090c-201c-4e4a-ae5c-6259e38dd806 tempest-VolumesActionsTest-228697036 tempest-VolumesActionsTest-228697036-project-member] new path /v2/images/037931eb-289d-4a38-9414-3ec010e09379 {{(pid=99520) process_request /opt/stack/glance/glance/api/middleware/version_negotiation.py:70}}
Jun 29 20:00:49.917785 np0000003923 devstack@g-api.service[99520]: [pid: 99520|app: 0|req: 63/201] 127.0.0.1 () {40 vars in 834 bytes} [Mon Jun 29 20:00:49 2026] GET /v2/images/037931eb-289d-4a38-9414-3ec010e09379 => generated 648 bytes in 27 msecs (HTTP/1.1 200) 4 headers in 157 bytes (1 switches on core 0)
Jun 29 20:00:50.887279 np0000003923 devstack@g-api.service[99519]: DEBUG glance.api.middleware.version_negotiation [None req-07390eb8-79fb-4492-bbbc-50b7336fafa5 tempest-VolumesActionsTest-228697036 tempest-VolumesActionsTest-228697036-project-member] Determining version of request: GET /v2/images/c1471cf1-6ace-4358-b56f-1a5e10ef5cbf Accept: */* {{(pid=99519) process_request /opt/stack/glance/glance/api/middleware/version_negotiation.py:44}}
Jun 29 20:00:50.887279 np0000003923 devstack@g-api.service[99519]: DEBUG glance.api.middleware.version_negotiation [None req-07390eb8-79fb-4492-bbbc-50b7336fafa5 tempest-VolumesActionsTest-228697036 tempest-VolumesActionsTest-228697036-project-member] Using url versioning {{(pid=99519) process_request /opt/stack/glance/glance/api/middleware/version_negotiation.py:57}}
Jun 29 20:00:50.887279 np0000003923 devstack@g-api.service[99519]: DEBUG glance.api.middleware.version_negotiation [None req-07390eb8-79fb-4492-bbbc-50b7336fafa5 tempest-VolumesActionsTest-228697036 tempest-VolumesActionsTest-228697036-project-member] Matched version: v2 {{(pid=99519) process_request /opt/stack/glance/glance/api/middleware/version_negotiation.py:69}}
Jun 29 20:00:50.887279 np0000003923 devstack@g-api.service[99519]: DEBUG glance.api.middleware.version_negotiation [None req-07390eb8-79fb-4492-bbbc-50b7336fafa5 tempest-VolumesActionsTest-228697036 tempest-VolumesActionsTest-228697036-project-member] new path /v2/images/c1471cf1-6ace-4358-b56f-1a5e10ef5cbf {{(pid=99519) process_request /opt/stack/glance/glance/api/middleware/version_negotiation.py:70}}
Jun 29 20:00:50.904012 np0000003923 devstack@g-api.service[99519]: [pid: 99519|app: 0|req: 70/202] 127.0.0.1 () {44 vars in 1111 bytes} [Mon Jun 29 20:00:50 2026] GET /v2/images/c1471cf1-6ace-4358-b56f-1a5e10ef5cbf => generated 1044 bytes in 18 msecs (HTTP/1.1 200) 4 headers in 158 bytes (1 switches on core 0)
Jun 29 20:00:50.932409 np0000003923 devstack@g-api.service[99520]: DEBUG glance.api.middleware.version_negotiation [None req-27e75490-93ff-42f7-b917-82bd57a343da tempest-VolumesActionsTest-228697036 tempest-VolumesActionsTest-228697036-project-member] Determining version of request: GET /v2/images/037931eb-289d-4a38-9414-3ec010e09379 Accept: application/json {{(pid=99520) process_request /opt/stack/glance/glance/api/middleware/version_negotiation.py:44}}
Jun 29 20:00:50.933133 np0000003923 devstack@g-api.service[99520]: DEBUG glance.api.middleware.version_negotiation [None req-27e75490-93ff-42f7-b917-82bd57a343da tempest-VolumesActionsTest-228697036 tempest-VolumesActionsTest-228697036-project-member] Using url versioning {{(pid=99520) process_request /opt/stack/glance/glance/api/middleware/version_negotiation.py:57}}
Jun 29 20:00:50.933392 np0000003923 devstack@g-api.service[99520]: DEBUG glance.api.middleware.version_negotiation [None req-27e75490-93ff-42f7-b917-82bd57a343da tempest-VolumesActionsTest-228697036 tempest-VolumesActionsTest-228697036-project-member] Matched version: v2 {{(pid=99520) process_request /opt/stack/glance/glance/api/middleware/version_negotiation.py:69}}
Jun 29 20:00:50.933641 np0000003923 devstack@g-api.service[99520]: DEBUG glance.api.middleware.version_negotiation [None req-27e75490-93ff-42f7-b917-82bd57a343da tempest-VolumesActionsTest-228697036 tempest-VolumesActionsTest-228697036-project-member] new path /v2/images/037931eb-289d-4a38-9414-3ec010e09379 {{(pid=99520) process_request /opt/stack/glance/glance/api/middleware/version_negotiation.py:70}}
Jun 29 20:00:50.949145 np0000003923 devstack@g-api.service[99519]: DEBUG glance.api.middleware.version_negotiation [None req-170e412f-c05b-4f81-a5b0-7a6800cea8f8 tempest-ServerActionsTestOtherB-1410581572 tempest-ServerActionsTestOtherB-1410581572-project-member] Determining version of request: GET /v2/schemas/image Accept: */* {{(pid=99519) process_request /opt/stack/glance/glance/api/middleware/version_negotiation.py:44}}
Jun 29 20:00:50.950148 np0000003923 devstack@g-api.service[99520]: [pid: 99520|app: 0|req: 64/203] 127.0.0.1 () {40 vars in 834 bytes} [Mon Jun 29 20:00:50 2026] GET /v2/images/037931eb-289d-4a38-9414-3ec010e09379 => generated 648 bytes in 18 msecs (HTTP/1.1 200) 4 headers in 157 bytes (1 switches on core 0)
Jun 29 20:00:50.950428 np0000003923 devstack@g-api.service[99519]: DEBUG glance.api.middleware.version_negotiation [None req-170e412f-c05b-4f81-a5b0-7a6800cea8f8 tempest-ServerActionsTestOtherB-1410581572 tempest-ServerActionsTestOtherB-1410581572-project-member] Using url versioning {{(pid=99519) process_request /opt/stack/glance/glance/api/middleware/version_negotiation.py:57}}
Jun 29 20:00:50.950818 np0000003923 devstack@g-api.service[99519]: DEBUG glance.api.middleware.version_negotiation [None req-170e412f-c05b-4f81-a5b0-7a6800cea8f8 tempest-ServerActionsTestOtherB-1410581572 tempest-ServerActionsTestOtherB-1410581572-project-member] Matched version: v2 {{(pid=99519) process_request /opt/stack/glance/glance/api/middleware/version_negotiation.py:69}}
Jun 29 20:00:50.951013 np0000003923 devstack@g-api.service[99519]: DEBUG glance.api.middleware.version_negotiation [None req-170e412f-c05b-4f81-a5b0-7a6800cea8f8 tempest-ServerActionsTestOtherB-1410581572 tempest-ServerActionsTestOtherB-1410581572-project-member] new path /v2/schemas/image {{(pid=99519) process_request /opt/stack/glance/glance/api/middleware/version_negotiation.py:70}}
Jun 29 20:00:50.957053 np0000003923 devstack@g-api.service[99519]: [pid: 99519|app: 0|req: 71/204] 127.0.0.1 () {44 vars in 1051 bytes} [Mon Jun 29 20:00:50 2026] GET /v2/schemas/image => generated 6083 bytes in 7 msecs (HTTP/1.1 200) 4 headers in 158 bytes (1 switches on core 0)
Jun 29 20:00:51.970384 np0000003923 devstack@g-api.service[99520]: DEBUG glance.api.middleware.version_negotiation [None req-9d20ed5b-f82a-4e76-99c8-86ad6cc9ae25 tempest-VolumesActionsTest-228697036 tempest-VolumesActionsTest-228697036-project-member] Determining version of request: GET /v2/images/037931eb-289d-4a38-9414-3ec010e09379 Accept: application/json {{(pid=99520) process_request /opt/stack/glance/glance/api/middleware/version_negotiation.py:44}}
Jun 29 20:00:51.970384 np0000003923 devstack@g-api.service[99520]: DEBUG glance.api.middleware.version_negotiation [None req-9d20ed5b-f82a-4e76-99c8-86ad6cc9ae25 tempest-VolumesActionsTest-228697036 tempest-VolumesActionsTest-228697036-project-member] Using url versioning {{(pid=99520) process_request /opt/stack/glance/glance/api/middleware/version_negotiation.py:57}}
Jun 29 20:00:51.970384 np0000003923 devstack@g-api.service[99520]: DEBUG glance.api.middleware.version_negotiation [None req-9d20ed5b-f82a-4e76-99c8-86ad6cc9ae25 tempest-VolumesActionsTest-228697036 tempest-VolumesActionsTest-228697036-project-member] Matched version: v2 {{(pid=99520) process_request /opt/stack/glance/glance/api/middleware/version_negotiation.py:69}}
Jun 29 20:00:51.970384 np0000003923 devstack@g-api.service[99520]: DEBUG glance.api.middleware.version_negotiation [None req-9d20ed5b-f82a-4e76-99c8-86ad6cc9ae25 tempest-VolumesActionsTest-228697036 tempest-VolumesActionsTest-228697036-project-member] new path /v2/images/037931eb-289d-4a38-9414-3ec010e09379 {{(pid=99520) process_request /opt/stack/glance/glance/api/middleware/version_negotiation.py:70}}
Jun 29 20:00:51.990517 np0000003923 devstack@g-api.service[99520]: [pid: 99520|app: 0|req: 65/205] 127.0.0.1 () {40 vars in 834 bytes} [Mon Jun 29 20:00:51 2026] GET /v2/images/037931eb-289d-4a38-9414-3ec010e09379 => generated 648 bytes in 24 msecs (HTTP/1.1 200) 4 headers in 157 bytes (1 switches on core 0)
Jun 29 20:00:52.149819 np0000003923 devstack@g-api.service[99518]: DEBUG swiftclient [None req-8415fd01-a8c7-4789-a6e5-f3f3ba8039f2 tempest-VolumesActionsTest-228697036 tempest-VolumesActionsTest-228697036-project-member] REQ: curl -i https://10.4.3.79:8080/v1/AUTH_17ac5e6a133e4c96878c6ea552fde4a2/glance/037931eb-289d-4a38-9414-3ec010e09379-00002 -X PUT -H "X-Auth-Token: gAAAAABqQs7u5KdQ..." {{(pid=99518) http_log /opt/stack/data/venv/lib/python3.12/site-packages/swiftclient/client.py:160}}
Jun 29 20:00:52.150285 np0000003923 devstack@g-api.service[99518]: DEBUG swiftclient [None req-8415fd01-a8c7-4789-a6e5-f3f3ba8039f2 tempest-VolumesActionsTest-228697036 tempest-VolumesActionsTest-228697036-project-member] RESP STATUS: 201 Created {{(pid=99518) http_log /opt/stack/data/venv/lib/python3.12/site-packages/swiftclient/client.py:161}}
Jun 29 20:00:52.150285 np0000003923 devstack@g-api.service[99518]: DEBUG swiftclient [None req-8415fd01-a8c7-4789-a6e5-f3f3ba8039f2 tempest-VolumesActionsTest-228697036 tempest-VolumesActionsTest-228697036-project-member] RESP HEADERS: {'Date': 'Mon, 29 Jun 2026 20:00:52 GMT', 'Server': 'Apache/2.4.58 (Ubuntu)', 'Content-Type': 'text/html; charset=UTF-8', 'Content-Length': '0', 'Etag': 'eda9a9889837ac4bc81d6387d92c1bec', 'Last-Modified': 'Mon, 29 Jun 2026 20:00:50 GMT', 'X-Trans-Id': 'txe3029bf7d2c44509bfe26-006a42cef1', 'X-Openstack-Request-Id': 'txe3029bf7d2c44509bfe26-006a42cef1', 'Connection': 'close'} {{(pid=99518) http_log /opt/stack/data/venv/lib/python3.12/site-packages/swiftclient/client.py:162}}
Jun 29 20:00:52.150285 np0000003923 devstack@g-api.service[99518]: DEBUG glance_store._drivers.swift.store [None req-8415fd01-a8c7-4789-a6e5-f3f3ba8039f2 tempest-VolumesActionsTest-228697036 tempest-VolumesActionsTest-228697036-project-member] Wrote chunk 037931eb-289d-4a38-9414-3ec010e09379-00002 (2/?) of length 204800000 to Swift returning MD5 of content: eda9a9889837ac4bc81d6387d92c1bec {{(pid=99518) add /opt/stack/data/venv/lib/python3.12/site-packages/glance_store/_drivers/swift/store.py:1059}}
Jun 29 20:00:53.001859 np0000003923 devstack@g-api.service[99519]: DEBUG glance.api.middleware.version_negotiation [None req-170e412f-c05b-4f81-a5b0-7a6800cea8f8 tempest-ServerActionsTestOtherB-1410581572 tempest-ServerActionsTestOtherB-1410581572-project-member] Determining version of request: GET /v2/images/037931eb-289d-4a38-9414-3ec010e09379 Accept: application/json {{(pid=99519) process_request /opt/stack/glance/glance/api/middleware/version_negotiation.py:44}}
Jun 29 20:00:53.001859 np0000003923 devstack@g-api.service[99519]: DEBUG glance.api.middleware.version_negotiation [None req-170e412f-c05b-4f81-a5b0-7a6800cea8f8 tempest-ServerActionsTestOtherB-1410581572 tempest-ServerActionsTestOtherB-1410581572-project-member] Using url versioning {{(pid=99519) process_request /opt/stack/glance/glance/api/middleware/version_negotiation.py:57}}
Jun 29 20:00:53.001859 np0000003923 devstack@g-api.service[99519]: DEBUG glance.api.middleware.version_negotiation [None req-170e412f-c05b-4f81-a5b0-7a6800cea8f8 tempest-ServerActionsTestOtherB-1410581572 tempest-ServerActionsTestOtherB-1410581572-project-member] Matched version: v2 {{(pid=99519) process_request /opt/stack/glance/glance/api/middleware/version_negotiation.py:69}}
Jun 29 20:00:53.001859 np0000003923 devstack@g-api.service[99519]: DEBUG glance.api.middleware.version_negotiation [None req-170e412f-c05b-4f81-a5b0-7a6800cea8f8 tempest-ServerActionsTestOtherB-1410581572 tempest-ServerActionsTestOtherB-1410581572-project-member] new path /v2/images/037931eb-289d-4a38-9414-3ec010e09379 {{(pid=99519) process_request /opt/stack/glance/glance/api/middleware/version_negotiation.py:70}}
Jun 29 20:00:53.027754 np0000003923 devstack@g-api.service[99519]: [pid: 99519|app: 0|req: 72/206] 127.0.0.1 () {40 vars in 834 bytes} [Mon Jun 29 20:00:53 2026] GET /v2/images/037931eb-289d-4a38-9414-3ec010e09379 => generated 648 bytes in 26 msecs (HTTP/1.1 200) 4 headers in 157 bytes (1 switches on core 0)
Jun 29 20:00:54.038631 np0000003923 devstack@g-api.service[99520]: DEBUG glance.api.middleware.version_negotiation [None req-6c0ec649-0f9a-46aa-93d5-593df2efd938 tempest-VolumesActionsTest-228697036 tempest-VolumesActionsTest-228697036-project-member] Determining version of request: GET /v2/images/037931eb-289d-4a38-9414-3ec010e09379 Accept: application/json {{(pid=99520) process_request /opt/stack/glance/glance/api/middleware/version_negotiation.py:44}}
Jun 29 20:00:54.039189 np0000003923 devstack@g-api.service[99520]: DEBUG glance.api.middleware.version_negotiation [None req-6c0ec649-0f9a-46aa-93d5-593df2efd938 tempest-VolumesActionsTest-228697036 tempest-VolumesActionsTest-228697036-project-member] Using url versioning {{(pid=99520) process_request /opt/stack/glance/glance/api/middleware/version_negotiation.py:57}}
Jun 29 20:00:54.039189 np0000003923 devstack@g-api.service[99520]: DEBUG glance.api.middleware.version_negotiation [None req-6c0ec649-0f9a-46aa-93d5-593df2efd938 tempest-VolumesActionsTest-228697036 tempest-VolumesActionsTest-228697036-project-member] Matched version: v2 {{(pid=99520) process_request /opt/stack/glance/glance/api/middleware/version_negotiation.py:69}}
Jun 29 20:00:54.039189 np0000003923 devstack@g-api.service[99520]: DEBUG glance.api.middleware.version_negotiation [None req-6c0ec649-0f9a-46aa-93d5-593df2efd938 tempest-VolumesActionsTest-228697036 tempest-VolumesActionsTest-228697036-project-member] new path /v2/images/037931eb-289d-4a38-9414-3ec010e09379 {{(pid=99520) process_request /opt/stack/glance/glance/api/middleware/version_negotiation.py:70}}
Jun 29 20:00:54.054073 np0000003923 devstack@g-api.service[99520]: [pid: 99520|app: 0|req: 66/207] 127.0.0.1 () {40 vars in 834 bytes} [Mon Jun 29 20:00:54 2026] GET /v2/images/037931eb-289d-4a38-9414-3ec010e09379 => generated 648 bytes in 15 msecs (HTTP/1.1 200) 4 headers in 157 bytes (1 switches on core 0)
Jun 29 20:00:54.831332 np0000003923 devstack@g-api.service[99518]: DEBUG swiftclient [None req-8415fd01-a8c7-4789-a6e5-f3f3ba8039f2 tempest-VolumesActionsTest-228697036 tempest-VolumesActionsTest-228697036-project-member] REQ: curl -i https://10.4.3.79:8080/v1/AUTH_17ac5e6a133e4c96878c6ea552fde4a2/glance/037931eb-289d-4a38-9414-3ec010e09379-00003 -X PUT -H "X-Auth-Token: gAAAAABqQs7u5KdQ..." {{(pid=99518) http_log /opt/stack/data/venv/lib/python3.12/site-packages/swiftclient/client.py:160}}
Jun 29 20:00:54.831713 np0000003923 devstack@g-api.service[99518]: DEBUG swiftclient [None req-8415fd01-a8c7-4789-a6e5-f3f3ba8039f2 tempest-VolumesActionsTest-228697036 tempest-VolumesActionsTest-228697036-project-member] RESP STATUS: 201 Created {{(pid=99518) http_log /opt/stack/data/venv/lib/python3.12/site-packages/swiftclient/client.py:161}}
Jun 29 20:00:54.831713 np0000003923 devstack@g-api.service[99518]: DEBUG swiftclient [None req-8415fd01-a8c7-4789-a6e5-f3f3ba8039f2 tempest-VolumesActionsTest-228697036 tempest-VolumesActionsTest-228697036-project-member] RESP HEADERS: {'Date': 'Mon, 29 Jun 2026 20:00:54 GMT', 'Server': 'Apache/2.4.58 (Ubuntu)', 'Content-Type': 'text/html; charset=UTF-8', 'Content-Length': '0', 'Etag': 'eda9a9889837ac4bc81d6387d92c1bec', 'Last-Modified': 'Mon, 29 Jun 2026 20:00:53 GMT', 'X-Trans-Id': 'tx309e2e5318f0450d9a2df-006a42cef4', 'X-Openstack-Request-Id': 'tx309e2e5318f0450d9a2df-006a42cef4', 'Connection': 'close'} {{(pid=99518) http_log /opt/stack/data/venv/lib/python3.12/site-packages/swiftclient/client.py:162}}
Jun 29 20:00:54.831818 np0000003923 devstack@g-api.service[99518]: DEBUG glance_store._drivers.swift.store [None req-8415fd01-a8c7-4789-a6e5-f3f3ba8039f2 tempest-VolumesActionsTest-228697036 tempest-VolumesActionsTest-228697036-project-member] Wrote chunk 037931eb-289d-4a38-9414-3ec010e09379-00003 (3/?) of length 204800000 to Swift returning MD5 of content: eda9a9889837ac4bc81d6387d92c1bec {{(pid=99518) add /opt/stack/data/venv/lib/python3.12/site-packages/glance_store/_drivers/swift/store.py:1059}}
Jun 29 20:00:55.068730 np0000003923 devstack@g-api.service[99519]: DEBUG glance.api.middleware.version_negotiation [None req-0bfc8cb6-876b-4bba-b3a1-a9bb3701bbbd tempest-VolumesActionsTest-228697036 tempest-VolumesActionsTest-228697036-project-member] Determining version of request: GET /v2/images/037931eb-289d-4a38-9414-3ec010e09379 Accept: application/json {{(pid=99519) process_request /opt/stack/glance/glance/api/middleware/version_negotiation.py:44}}
Jun 29 20:00:55.068730 np0000003923 devstack@g-api.service[99519]: DEBUG glance.api.middleware.version_negotiation [None req-0bfc8cb6-876b-4bba-b3a1-a9bb3701bbbd tempest-VolumesActionsTest-228697036 tempest-VolumesActionsTest-228697036-project-member] Using url versioning {{(pid=99519) process_request /opt/stack/glance/glance/api/middleware/version_negotiation.py:57}}
Jun 29 20:00:55.068730 np0000003923 devstack@g-api.service[99519]: DEBUG glance.api.middleware.version_negotiation [None req-0bfc8cb6-876b-4bba-b3a1-a9bb3701bbbd tempest-VolumesActionsTest-228697036 tempest-VolumesActionsTest-228697036-project-member] Matched version: v2 {{(pid=99519) process_request /opt/stack/glance/glance/api/middleware/version_negotiation.py:69}}
Jun 29 20:00:55.068730 np0000003923 devstack@g-api.service[99519]: DEBUG glance.api.middleware.version_negotiation [None req-0bfc8cb6-876b-4bba-b3a1-a9bb3701bbbd tempest-VolumesActionsTest-228697036 tempest-VolumesActionsTest-228697036-project-member] new path /v2/images/037931eb-289d-4a38-9414-3ec010e09379 {{(pid=99519) process_request /opt/stack/glance/glance/api/middleware/version_negotiation.py:70}}
Jun 29 20:00:55.084243 np0000003923 devstack@g-api.service[99519]: [pid: 99519|app: 0|req: 73/208] 127.0.0.1 () {40 vars in 834 bytes} [Mon Jun 29 20:00:55 2026] GET /v2/images/037931eb-289d-4a38-9414-3ec010e09379 => generated 648 bytes in 16 msecs (HTTP/1.1 200) 4 headers in 157 bytes (1 switches on core 0)
Jun 29 20:00:56.096475 np0000003923 devstack@g-api.service[99520]: DEBUG glance.api.middleware.version_negotiation [None req-10f7b18d-666a-40e1-a0dc-47335e3ab0b9 tempest-VolumesActionsTest-228697036 tempest-VolumesActionsTest-228697036-project-member] Determining version of request: GET /v2/images/037931eb-289d-4a38-9414-3ec010e09379 Accept: application/json {{(pid=99520) process_request /opt/stack/glance/glance/api/middleware/version_negotiation.py:44}}
Jun 29 20:00:56.096475 np0000003923 devstack@g-api.service[99520]: DEBUG glance.api.middleware.version_negotiation [None req-10f7b18d-666a-40e1-a0dc-47335e3ab0b9 tempest-VolumesActionsTest-228697036 tempest-VolumesActionsTest-228697036-project-member] Using url versioning {{(pid=99520) process_request /opt/stack/glance/glance/api/middleware/version_negotiation.py:57}}
Jun 29 20:00:56.096475 np0000003923 devstack@g-api.service[99520]: DEBUG glance.api.middleware.version_negotiation [None req-10f7b18d-666a-40e1-a0dc-47335e3ab0b9 tempest-VolumesActionsTest-228697036 tempest-VolumesActionsTest-228697036-project-member] Matched version: v2 {{(pid=99520) process_request /opt/stack/glance/glance/api/middleware/version_negotiation.py:69}}
Jun 29 20:00:56.096475 np0000003923 devstack@g-api.service[99520]: DEBUG glance.api.middleware.version_negotiation [None req-10f7b18d-666a-40e1-a0dc-47335e3ab0b9 tempest-VolumesActionsTest-228697036 tempest-VolumesActionsTest-228697036-project-member] new path /v2/images/037931eb-289d-4a38-9414-3ec010e09379 {{(pid=99520) process_request /opt/stack/glance/glance/api/middleware/version_negotiation.py:70}}
Jun 29 20:00:56.117626 np0000003923 devstack@g-api.service[99520]: [pid: 99520|app: 0|req: 67/209] 127.0.0.1 () {40 vars in 834 bytes} [Mon Jun 29 20:00:56 2026] GET /v2/images/037931eb-289d-4a38-9414-3ec010e09379 => generated 648 bytes in 18 msecs (HTTP/1.1 200) 4 headers in 157 bytes (1 switches on core 0)
Jun 29 20:00:56.682863 np0000003923 devstack@g-api.service[99518]: DEBUG dbcounter [-] [99518] Writing DB stats glance:SELECT=24,glance:INSERT=1,glance:UPDATE=1 {{(pid=99518) stat_writer /opt/stack/data/venv/lib/python3.12/site-packages/dbcounter.py:115}}
Jun 29 20:00:57.128747 np0000003923 devstack@g-api.service[99519]: DEBUG glance.api.middleware.version_negotiation [None req-d74b3f04-9453-492c-810d-04c0a667755e tempest-VolumesActionsTest-228697036 tempest-VolumesActionsTest-228697036-project-member] Determining version of request: GET /v2/images/037931eb-289d-4a38-9414-3ec010e09379 Accept: application/json {{(pid=99519) process_request /opt/stack/glance/glance/api/middleware/version_negotiation.py:44}}
Jun 29 20:00:57.128747 np0000003923 devstack@g-api.service[99519]: DEBUG glance.api.middleware.version_negotiation [None req-d74b3f04-9453-492c-810d-04c0a667755e tempest-VolumesActionsTest-228697036 tempest-VolumesActionsTest-228697036-project-member] Using url versioning {{(pid=99519) process_request /opt/stack/glance/glance/api/middleware/version_negotiation.py:57}}
Jun 29 20:00:57.128747 np0000003923 devstack@g-api.service[99519]: DEBUG glance.api.middleware.version_negotiation [None req-d74b3f04-9453-492c-810d-04c0a667755e tempest-VolumesActionsTest-228697036 tempest-VolumesActionsTest-228697036-project-member] Matched version: v2 {{(pid=99519) process_request /opt/stack/glance/glance/api/middleware/version_negotiation.py:69}}
Jun 29 20:00:57.128747 np0000003923 devstack@g-api.service[99519]: DEBUG glance.api.middleware.version_negotiation [None req-d74b3f04-9453-492c-810d-04c0a667755e tempest-VolumesActionsTest-228697036 tempest-VolumesActionsTest-228697036-project-member] new path /v2/images/037931eb-289d-4a38-9414-3ec010e09379 {{(pid=99519) process_request /opt/stack/glance/glance/api/middleware/version_negotiation.py:70}}
Jun 29 20:00:57.142597 np0000003923 devstack@g-api.service[99519]: [pid: 99519|app: 0|req: 74/210] 127.0.0.1 () {40 vars in 834 bytes} [Mon Jun 29 20:00:57 2026] GET /v2/images/037931eb-289d-4a38-9414-3ec010e09379 => generated 648 bytes in 14 msecs (HTTP/1.1 200) 4 headers in 157 bytes (1 switches on core 0)
Jun 29 20:00:57.581425 np0000003923 devstack@g-api.service[99518]: DEBUG swiftclient [None req-8415fd01-a8c7-4789-a6e5-f3f3ba8039f2 tempest-VolumesActionsTest-228697036 tempest-VolumesActionsTest-228697036-project-member] REQ: curl -i https://10.4.3.79:8080/v1/AUTH_17ac5e6a133e4c96878c6ea552fde4a2/glance/037931eb-289d-4a38-9414-3ec010e09379-00004 -X PUT -H "X-Auth-Token: gAAAAABqQs7u5KdQ..." {{(pid=99518) http_log /opt/stack/data/venv/lib/python3.12/site-packages/swiftclient/client.py:160}}
Jun 29 20:00:57.581727 np0000003923 devstack@g-api.service[99518]: DEBUG swiftclient [None req-8415fd01-a8c7-4789-a6e5-f3f3ba8039f2 tempest-VolumesActionsTest-228697036 tempest-VolumesActionsTest-228697036-project-member] RESP STATUS: 201 Created {{(pid=99518) http_log /opt/stack/data/venv/lib/python3.12/site-packages/swiftclient/client.py:161}}
Jun 29 20:00:57.581902 np0000003923 devstack@g-api.service[99518]: DEBUG swiftclient [None req-8415fd01-a8c7-4789-a6e5-f3f3ba8039f2 tempest-VolumesActionsTest-228697036 tempest-VolumesActionsTest-228697036-project-member] RESP HEADERS: {'Date': 'Mon, 29 Jun 2026 20:00:57 GMT', 'Server': 'Apache/2.4.58 (Ubuntu)', 'Content-Type': 'text/html; charset=UTF-8', 'Content-Length': '0', 'Etag': 'eda9a9889837ac4bc81d6387d92c1bec', 'Last-Modified': 'Mon, 29 Jun 2026 20:00:55 GMT', 'X-Trans-Id': 'tx5c73805a0d804889b0eed-006a42cef6', 'X-Openstack-Request-Id': 'tx5c73805a0d804889b0eed-006a42cef6', 'Connection': 'close'} {{(pid=99518) http_log /opt/stack/data/venv/lib/python3.12/site-packages/swiftclient/client.py:162}}
Jun 29 20:00:57.582352 np0000003923 devstack@g-api.service[99518]: DEBUG glance_store._drivers.swift.store [None req-8415fd01-a8c7-4789-a6e5-f3f3ba8039f2 tempest-VolumesActionsTest-228697036 tempest-VolumesActionsTest-228697036-project-member] Wrote chunk 037931eb-289d-4a38-9414-3ec010e09379-00004 (4/?) of length 204800000 to Swift returning MD5 of content: eda9a9889837ac4bc81d6387d92c1bec {{(pid=99518) add /opt/stack/data/venv/lib/python3.12/site-packages/glance_store/_drivers/swift/store.py:1059}}
Jun 29 20:00:58.156363 np0000003923 devstack@g-api.service[99520]: DEBUG glance.api.middleware.version_negotiation [None req-11729eb4-c2c3-413a-84c1-8aced15a7348 tempest-VolumesActionsTest-228697036 tempest-VolumesActionsTest-228697036-project-member] Determining version of request: GET /v2/images/037931eb-289d-4a38-9414-3ec010e09379 Accept: application/json {{(pid=99520) process_request /opt/stack/glance/glance/api/middleware/version_negotiation.py:44}}
Jun 29 20:00:58.157678 np0000003923 devstack@g-api.service[99520]: DEBUG glance.api.middleware.version_negotiation [None req-11729eb4-c2c3-413a-84c1-8aced15a7348 tempest-VolumesActionsTest-228697036 tempest-VolumesActionsTest-228697036-project-member] Using url versioning {{(pid=99520) process_request /opt/stack/glance/glance/api/middleware/version_negotiation.py:57}}
