Jul 23 07:00:56.913776 np0000005729 devstack@c-api.service[97013]: DEBUG cinder.api.openstack.wsgi [None req-63f00e4d-ffef-4bdc-833f-76ce58a036c1 tempest-TaggedBootDevicesTest_v242-625159576 tempest-TaggedBootDevicesTest_v242-625159576-project-member] Action: 'create', calling method: create, body: {"volume": {"size": 1, "display_name": "tempest-TaggedBootDevicesTest_v242-volume-458227137", "imageRef": "443fe7f8-d2bd-4174-921f-ea5b5ef5afdd"}} {{(pid=97013) _process_stack /opt/stack/cinder/cinder/api/openstack/wsgi.py:876}}
Jul 23 07:00:56.916093 np0000005729 devstack@c-api.service[97013]: DEBUG cinder.api.v3.volumes [None req-63f00e4d-ffef-4bdc-833f-76ce58a036c1 tempest-TaggedBootDevicesTest_v242-625159576 tempest-TaggedBootDevicesTest_v242-625159576-project-member] Create volume request body: {'volume': {'size': 1, 'display_name': 'tempest-TaggedBootDevicesTest_v242-volume-458227137', 'imageRef': '443fe7f8-d2bd-4174-921f-ea5b5ef5afdd'}} {{(pid=97013) create /opt/stack/cinder/cinder/api/v3/volumes.py:368}}
Jul 23 07:00:57.156926 np0000005729 devstack@c-api.service[97014]: DEBUG cinder.api.middleware.request_id [req-b9b34bfb-e5c6-497a-977e-089c6682ffe5 req-73de1672-a33f-4e91-a43d-ae19a8054e04 None None] RequestId filter calling following filter/app {{(pid=97014) _context_setter /opt/stack/cinder/cinder/api/middleware/request_id.py:62}}
Jul 23 07:00:57.159068 np0000005729 devstack@c-api.service[97014]: INFO cinder.api.openstack.wsgi [req-b9b34bfb-e5c6-497a-977e-089c6682ffe5 req-73de1672-a33f-4e91-a43d-ae19a8054e04 tempest-AttachVolumeNegativeTest-278338504 tempest-AttachVolumeNegativeTest-278338504-project-member] POST https://10.4.3.96/volume/v3/attachments/5e6b0d42-af3a-4947-bcaa-a1bb562ca99f/action
Jul 23 07:00:57.159809 np0000005729 devstack@c-api.service[97014]: DEBUG cinder.api.openstack.wsgi [req-b9b34bfb-e5c6-497a-977e-089c6682ffe5 req-73de1672-a33f-4e91-a43d-ae19a8054e04 tempest-AttachVolumeNegativeTest-278338504 tempest-AttachVolumeNegativeTest-278338504-project-member] Action body: b'{"os-complete": null}' {{(pid=97014) get_method /opt/stack/cinder/cinder/api/openstack/wsgi.py:993}}
Jul 23 07:00:57.159809 np0000005729 devstack@c-api.service[97014]: DEBUG cinder.api.openstack.wsgi [req-b9b34bfb-e5c6-497a-977e-089c6682ffe5 req-73de1672-a33f-4e91-a43d-ae19a8054e04 tempest-AttachVolumeNegativeTest-278338504 tempest-AttachVolumeNegativeTest-278338504-project-member] Action: 'action', calling method: complete, body: {"os-complete": null} {{(pid=97014) _process_stack /opt/stack/cinder/cinder/api/openstack/wsgi.py:876}}
Jul 23 07:00:57.179311 np0000005729 devstack@c-api.service[97014]: /opt/stack/data/venv/lib/python3.12/site-packages/oslo_context/context.py:102: DeprecationWarning: Policy enforcement is depending on the value of is_admin. This key is deprecated. Please update your policy file to use the standard policy values.
Jul 23 07:00:57.179311 np0000005729 devstack@c-api.service[97014]: warnings.warn(
Jul 23 07:00:57.191886 np0000005729 devstack@c-api.service[97014]: INFO cinder.api.openstack.wsgi [req-b9b34bfb-e5c6-497a-977e-089c6682ffe5 req-73de1672-a33f-4e91-a43d-ae19a8054e04 tempest-AttachVolumeNegativeTest-278338504 tempest-AttachVolumeNegativeTest-278338504-project-member] https://10.4.3.96/volume/v3/attachments/5e6b0d42-af3a-4947-bcaa-a1bb562ca99f/action returned with HTTP 204
Jul 23 07:00:57.192508 np0000005729 devstack@c-api.service[97014]: [pid: 97014|app: 0|req: 28/82] 10.4.3.96 () {74 vars in 1718 bytes} [Thu Jul 23 07:00:57 2026] POST /volume/v3/attachments/5e6b0d42-af3a-4947-bcaa-a1bb562ca99f/action => generated 0 bytes in 36 msecs (HTTP/1.1 204) 7 headers in 292 bytes (1 switches on core 0)
Jul 23 07:00:57.421188 np0000005729 devstack@c-api.service[97015]: DEBUG cinder.api.middleware.request_id [None req-d7777f01-88b1-4161-b69c-412f1e278d69 None None] RequestId filter calling following filter/app {{(pid=97015) _context_setter /opt/stack/cinder/cinder/api/middleware/request_id.py:62}}
Jul 23 07:00:57.423761 np0000005729 devstack@c-api.service[97015]: INFO cinder.api.openstack.wsgi [None req-d7777f01-88b1-4161-b69c-412f1e278d69 tempest-VolumeRetypeWithoutMigrationTest-1890529861 tempest-VolumeRetypeWithoutMigrationTest-1890529861-project-member] GET https://10.4.3.96/volume/v3/volumes/06365b24-4030-42fe-a3ea-4d9f3f4437fd
Jul 23 07:00:57.423968 np0000005729 devstack@c-api.service[97015]: DEBUG cinder.api.openstack.wsgi [None req-d7777f01-88b1-4161-b69c-412f1e278d69 tempest-VolumeRetypeWithoutMigrationTest-1890529861 tempest-VolumeRetypeWithoutMigrationTest-1890529861-project-member] Empty body provided in request {{(pid=97015) get_body /opt/stack/cinder/cinder/api/openstack/wsgi.py:725}}
Jul 23 07:00:57.424157 np0000005729 devstack@c-api.service[97015]: DEBUG cinder.api.openstack.wsgi [None req-d7777f01-88b1-4161-b69c-412f1e278d69 tempest-VolumeRetypeWithoutMigrationTest-1890529861 tempest-VolumeRetypeWithoutMigrationTest-1890529861-project-member] Calling method 'show' {{(pid=97015) _process_stack /opt/stack/cinder/cinder/api/openstack/wsgi.py:878}}
Jul 23 07:00:57.435484 np0000005729 devstack@c-api.service[97015]: /opt/stack/data/venv/lib/python3.12/site-packages/oslo_context/context.py:102: DeprecationWarning: Policy enforcement is depending on the value of is_admin. This key is deprecated. Please update your policy file to use the standard policy values.
Jul 23 07:00:57.435484 np0000005729 devstack@c-api.service[97015]: warnings.warn(
Jul 23 07:00:57.441353 np0000005729 devstack@c-api.service[97015]: INFO cinder.volume.api [None req-d7777f01-88b1-4161-b69c-412f1e278d69 tempest-VolumeRetypeWithoutMigrationTest-1890529861 tempest-VolumeRetypeWithoutMigrationTest-1890529861-project-member] Volume info retrieved successfully.
Jul 23 07:00:57.448557 np0000005729 devstack@c-api.service[97013]: INFO cinder.api.v3.volumes [None req-63f00e4d-ffef-4bdc-833f-76ce58a036c1 tempest-TaggedBootDevicesTest_v242-625159576 tempest-TaggedBootDevicesTest_v242-625159576-project-member] Create volume of 1 GB
Jul 23 07:00:57.451604 np0000005729 devstack@c-api.service[97015]: INFO cinder.api.openstack.wsgi [None req-d7777f01-88b1-4161-b69c-412f1e278d69 tempest-VolumeRetypeWithoutMigrationTest-1890529861 tempest-VolumeRetypeWithoutMigrationTest-1890529861-project-member] https://10.4.3.96/volume/v3/volumes/06365b24-4030-42fe-a3ea-4d9f3f4437fd returned with HTTP 200
Jul 23 07:00:57.452167 np0000005729 devstack@c-api.service[97015]: [pid: 97015|app: 0|req: 29/83] 10.4.3.96 () {66 vars in 1341 bytes} [Thu Jul 23 07:00:57 2026] GET /volume/v3/volumes/06365b24-4030-42fe-a3ea-4d9f3f4437fd => generated 858 bytes in 31 msecs (HTTP/1.1 200) 7 headers in 285 bytes (1 switches on core 0)
Jul 23 07:00:57.455672 np0000005729 devstack@c-api.service[97013]: INFO cinder.volume.api [None req-63f00e4d-ffef-4bdc-833f-76ce58a036c1 tempest-TaggedBootDevicesTest_v242-625159576 tempest-TaggedBootDevicesTest_v242-625159576-project-member] Availability Zones retrieved successfully.
Jul 23 07:00:57.461926 np0000005729 devstack@c-api.service[97013]: DEBUG cinder.volume.api [None req-63f00e4d-ffef-4bdc-833f-76ce58a036c1 tempest-TaggedBootDevicesTest_v242-625159576 tempest-TaggedBootDevicesTest_v242-625159576-project-member] Flow 'volume_create_api' (3cc71b0b-7ab9-4b6c-8f46-06ff7e1fa4f4) transitioned into state 'RUNNING' from state 'PENDING' {{(pid=97013) _flow_receiver /opt/stack/data/venv/lib/python3.12/site-packages/taskflow/listeners/logging.py:160}}
Jul 23 07:00:57.463242 np0000005729 devstack@c-api.service[97013]: DEBUG cinder.volume.api [None req-63f00e4d-ffef-4bdc-833f-76ce58a036c1 tempest-TaggedBootDevicesTest_v242-625159576 tempest-TaggedBootDevicesTest_v242-625159576-project-member] Task 'cinder.volume.flows.api.create_volume.ExtractVolumeRequestTask;volume:create' (0df14610-8f6b-49e7-b7fe-0f61063aaf0c) transitioned into state 'RUNNING' from state 'PENDING' {{(pid=97013) _task_receiver /opt/stack/data/venv/lib/python3.12/site-packages/taskflow/listeners/logging.py:242}}
Jul 23 07:00:57.464682 np0000005729 devstack@c-api.service[97013]: DEBUG cinder.volume.flows.api.create_volume [None req-63f00e4d-ffef-4bdc-833f-76ce58a036c1 tempest-TaggedBootDevicesTest_v242-625159576 tempest-TaggedBootDevicesTest_v242-625159576-project-member] Validating volume size '1' using validate_int {{(pid=97013) _extract_size /opt/stack/cinder/cinder/volume/flows/api/create_volume.py:226}}
Jul 23 07:00:57.472964 np0000005729 devstack@c-api.service[97014]: DEBUG cinder.api.middleware.request_id [None req-a0c8db65-5cc3-42e1-805d-cbf8ab9cade0 None None] RequestId filter calling following filter/app {{(pid=97014) _context_setter /opt/stack/cinder/cinder/api/middleware/request_id.py:62}}
Jul 23 07:00:57.475120 np0000005729 devstack@c-api.service[97014]: INFO cinder.api.openstack.wsgi [None req-a0c8db65-5cc3-42e1-805d-cbf8ab9cade0 tempest-VolumeRetypeWithoutMigrationTest-431138412 tempest-VolumeRetypeWithoutMigrationTest-431138412-project-admin] GET https://10.4.3.96/volume/v3/volumes/06365b24-4030-42fe-a3ea-4d9f3f4437fd
Jul 23 07:00:57.475284 np0000005729 devstack@c-api.service[97014]: DEBUG cinder.api.openstack.wsgi [None req-a0c8db65-5cc3-42e1-805d-cbf8ab9cade0 tempest-VolumeRetypeWithoutMigrationTest-431138412 tempest-VolumeRetypeWithoutMigrationTest-431138412-project-admin] Empty body provided in request {{(pid=97014) get_body /opt/stack/cinder/cinder/api/openstack/wsgi.py:725}}
Jul 23 07:00:57.475514 np0000005729 devstack@c-api.service[97014]: DEBUG cinder.api.openstack.wsgi [None req-a0c8db65-5cc3-42e1-805d-cbf8ab9cade0 tempest-VolumeRetypeWithoutMigrationTest-431138412 tempest-VolumeRetypeWithoutMigrationTest-431138412-project-admin] Calling method 'show' {{(pid=97014) _process_stack /opt/stack/cinder/cinder/api/openstack/wsgi.py:878}}
Jul 23 07:00:57.484454 np0000005729 devstack@c-api.service[97014]: /opt/stack/data/venv/lib/python3.12/site-packages/oslo_context/context.py:102: DeprecationWarning: Policy enforcement is depending on the value of is_admin. This key is deprecated. Please update your policy file to use the standard policy values.
Jul 23 07:00:57.484454 np0000005729 devstack@c-api.service[97014]: warnings.warn(
Jul 23 07:00:57.489208 np0000005729 devstack@c-api.service[97014]: INFO cinder.volume.api [None req-a0c8db65-5cc3-42e1-805d-cbf8ab9cade0 tempest-VolumeRetypeWithoutMigrationTest-431138412 tempest-VolumeRetypeWithoutMigrationTest-431138412-project-admin] Volume info retrieved successfully.
Jul 23 07:00:57.495207 np0000005729 devstack@c-api.service[97014]: INFO cinder.api.openstack.wsgi [None req-a0c8db65-5cc3-42e1-805d-cbf8ab9cade0 tempest-VolumeRetypeWithoutMigrationTest-431138412 tempest-VolumeRetypeWithoutMigrationTest-431138412-project-admin] https://10.4.3.96/volume/v3/volumes/06365b24-4030-42fe-a3ea-4d9f3f4437fd returned with HTTP 200
Jul 23 07:00:57.495891 np0000005729 devstack@c-api.service[97014]: [pid: 97014|app: 0|req: 29/84] 10.4.3.96 () {66 vars in 1341 bytes} [Thu Jul 23 07:00:57 2026] GET /volume/v3/volumes/06365b24-4030-42fe-a3ea-4d9f3f4437fd => generated 1031 bytes in 23 msecs (HTTP/1.1 200) 7 headers in 286 bytes (1 switches on core 0)
Jul 23 07:00:57.511052 np0000005729 devstack@c-api.service[97015]: DEBUG cinder.api.middleware.request_id [None req-628b21e0-4e72-4e44-90bc-f9fe2ff51a7d None None] RequestId filter calling following filter/app {{(pid=97015) _context_setter /opt/stack/cinder/cinder/api/middleware/request_id.py:62}}
Jul 23 07:00:57.513254 np0000005729 devstack@c-api.service[97015]: INFO cinder.api.openstack.wsgi [None req-628b21e0-4e72-4e44-90bc-f9fe2ff51a7d tempest-VolumeRetypeWithoutMigrationTest-1890529861 tempest-VolumeRetypeWithoutMigrationTest-1890529861-project-member] POST https://10.4.3.96/volume/v3/volumes/06365b24-4030-42fe-a3ea-4d9f3f4437fd/action
Jul 23 07:00:57.515943 np0000005729 devstack@c-api.service[97015]: DEBUG cinder.api.openstack.wsgi [None req-628b21e0-4e72-4e44-90bc-f9fe2ff51a7d tempest-VolumeRetypeWithoutMigrationTest-1890529861 tempest-VolumeRetypeWithoutMigrationTest-1890529861-project-member] Action body: b'{"os-retype": {"new_type": "volume-type-2", "migration_policy": "never"}}' {{(pid=97015) get_method /opt/stack/cinder/cinder/api/openstack/wsgi.py:993}}
Jul 23 07:00:57.516146 np0000005729 devstack@c-api.service[97015]: DEBUG cinder.api.openstack.wsgi [None req-628b21e0-4e72-4e44-90bc-f9fe2ff51a7d tempest-VolumeRetypeWithoutMigrationTest-1890529861 tempest-VolumeRetypeWithoutMigrationTest-1890529861-project-member] Action: 'action', calling method: _retype, body: {"os-retype": {"new_type": "volume-type-2", "migration_policy": "never"}} {{(pid=97015) _process_stack /opt/stack/cinder/cinder/api/openstack/wsgi.py:876}}
Jul 23 07:00:57.533442 np0000005729 devstack@c-api.service[97015]: /opt/stack/data/venv/lib/python3.12/site-packages/oslo_context/context.py:102: DeprecationWarning: Policy enforcement is depending on the value of is_admin. This key is deprecated. Please update your policy file to use the standard policy values.
Jul 23 07:00:57.533442 np0000005729 devstack@c-api.service[97015]: warnings.warn(
Jul 23 07:00:57.535116 np0000005729 devstack@c-api.service[97015]: INFO cinder.volume.api [None req-628b21e0-4e72-4e44-90bc-f9fe2ff51a7d tempest-VolumeRetypeWithoutMigrationTest-1890529861 tempest-VolumeRetypeWithoutMigrationTest-1890529861-project-member] Volume info retrieved successfully.
Jul 23 07:00:57.557217 np0000005729 devstack@c-api.service[97013]: DEBUG cinder.volume.api [None req-63f00e4d-ffef-4bdc-833f-76ce58a036c1 tempest-TaggedBootDevicesTest_v242-625159576 tempest-TaggedBootDevicesTest_v242-625159576-project-member] Task 'cinder.volume.flows.api.create_volume.ExtractVolumeRequestTask;volume:create' (0df14610-8f6b-49e7-b7fe-0f61063aaf0c) transitioned into state 'SUCCESS' from state 'RUNNING' with result '{'size': 1, 'snapshot_id': None, 'source_volid': None, 'volume_type': VolumeType(created_at=2026-07-23T06:57:47Z,deleted=False,deleted_at=None,description=None,extra_specs={volume_backend_name='storpool'},id=9d35edfc-7827-41fd-b76b-797d6525c004,is_public=True,name='storpool',projects=[],qos_specs=,qos_specs_id=None,updated_at=None), 'volume_type_id': '9d35edfc-7827-41fd-b76b-797d6525c004', 'encryption_key_id': None, 'qos_specs': None, 'consistencygroup_id': None, 'cgsnapshot_id': None, 'group_id': None, 'replication_status': 'disabled', 'refresh_az': False, 'backup_id': None, 'multiattach': False, 'availability_zones': ['nova']}' {{(pid=97013) _task_receiver /opt/stack/data/venv/lib/python3.12/site-packages/taskflow/listeners/logging.py:218}}
Jul 23 07:00:57.558557 np0000005729 devstack@c-api.service[97013]: DEBUG cinder.volume.api [None req-63f00e4d-ffef-4bdc-833f-76ce58a036c1 tempest-TaggedBootDevicesTest_v242-625159576 tempest-TaggedBootDevicesTest_v242-625159576-project-member] Task 'cinder.volume.flows.api.create_volume.QuotaReserveTask;volume:create' (ee1edb9c-7ce6-4a40-9b9e-f09b47c9b29b) transitioned into state 'RUNNING' from state 'PENDING' {{(pid=97013) _task_receiver /opt/stack/data/venv/lib/python3.12/site-packages/taskflow/listeners/logging.py:242}}
Jul 23 07:00:57.646593 np0000005729 devstack@c-api.service[97014]: DEBUG cinder.api.middleware.request_id [None req-d5934411-4fdd-497d-a110-e4f818b3967c None None] RequestId filter calling following filter/app {{(pid=97014) _context_setter /opt/stack/cinder/cinder/api/middleware/request_id.py:62}}
Jul 23 07:00:57.648763 np0000005729 devstack@c-api.service[97013]: DEBUG cinder.quota [None req-63f00e4d-ffef-4bdc-833f-76ce58a036c1 tempest-TaggedBootDevicesTest_v242-625159576 tempest-TaggedBootDevicesTest_v242-625159576-project-member] Created reservations ['ee3009e1-3247-4b9c-98fc-0e89d77f16e6', '3d4a4c58-62a9-4023-8f90-9e0af57cddb2', 'dbff8078-0815-4aa4-b313-22578e1cc616', 'fb1fff83-1e0d-4bd8-b2d1-c2ac735e403f'] {{(pid=97013) reserve /opt/stack/cinder/cinder/quota.py:752}}
Jul 23 07:00:57.649650 np0000005729 devstack@c-api.service[97014]: INFO cinder.api.openstack.wsgi [None req-d5934411-4fdd-497d-a110-e4f818b3967c tempest-AttachVolumeNegativeTest-278338504 tempest-AttachVolumeNegativeTest-278338504-project-member] GET https://10.4.3.96/volume/v3/volumes/8a508d9c-2d09-4a3e-b1c8-cca6cf2536d2
Jul 23 07:00:57.650339 np0000005729 devstack@c-api.service[97013]: DEBUG cinder.volume.api [None req-63f00e4d-ffef-4bdc-833f-76ce58a036c1 tempest-TaggedBootDevicesTest_v242-625159576 tempest-TaggedBootDevicesTest_v242-625159576-project-member] Task 'cinder.volume.flows.api.create_volume.QuotaReserveTask;volume:create' (ee1edb9c-7ce6-4a40-9b9e-f09b47c9b29b) transitioned into state 'SUCCESS' from state 'RUNNING' with result '{'reservations': ['ee3009e1-3247-4b9c-98fc-0e89d77f16e6', '3d4a4c58-62a9-4023-8f90-9e0af57cddb2', 'dbff8078-0815-4aa4-b313-22578e1cc616', 'fb1fff83-1e0d-4bd8-b2d1-c2ac735e403f']}' {{(pid=97013) _task_receiver /opt/stack/data/venv/lib/python3.12/site-packages/taskflow/listeners/logging.py:218}}
Jul 23 07:00:57.650445 np0000005729 devstack@c-api.service[97014]: DEBUG cinder.api.openstack.wsgi [None req-d5934411-4fdd-497d-a110-e4f818b3967c tempest-AttachVolumeNegativeTest-278338504 tempest-AttachVolumeNegativeTest-278338504-project-member] Empty body provided in request {{(pid=97014) get_body /opt/stack/cinder/cinder/api/openstack/wsgi.py:725}}
Jul 23 07:00:57.650821 np0000005729 devstack@c-api.service[97014]: DEBUG cinder.api.openstack.wsgi [None req-d5934411-4fdd-497d-a110-e4f818b3967c tempest-AttachVolumeNegativeTest-278338504 tempest-AttachVolumeNegativeTest-278338504-project-member] Calling method 'show' {{(pid=97014) _process_stack /opt/stack/cinder/cinder/api/openstack/wsgi.py:878}}
Jul 23 07:00:57.651021 np0000005729 devstack@c-api.service[97013]: DEBUG cinder.volume.api [None req-63f00e4d-ffef-4bdc-833f-76ce58a036c1 tempest-TaggedBootDevicesTest_v242-625159576 tempest-TaggedBootDevicesTest_v242-625159576-project-member] Task 'cinder.volume.flows.api.create_volume.EntryCreateTask;volume:create' (a70c83f1-6e8e-4280-84aa-1c5c6afdb35a) transitioned into state 'RUNNING' from state 'PENDING' {{(pid=97013) _task_receiver /opt/stack/data/venv/lib/python3.12/site-packages/taskflow/listeners/logging.py:242}}
Jul 23 07:00:57.665033 np0000005729 devstack@c-api.service[97014]: /opt/stack/data/venv/lib/python3.12/site-packages/oslo_context/context.py:102: DeprecationWarning: Policy enforcement is depending on the value of is_admin. This key is deprecated. Please update your policy file to use the standard policy values.
Jul 23 07:00:57.665033 np0000005729 devstack@c-api.service[97014]: warnings.warn(
Jul 23 07:00:57.670046 np0000005729 devstack@c-api.service[97014]: INFO cinder.volume.api [None req-d5934411-4fdd-497d-a110-e4f818b3967c tempest-AttachVolumeNegativeTest-278338504 tempest-AttachVolumeNegativeTest-278338504-project-member] Volume info retrieved successfully.
Jul 23 07:00:57.678675 np0000005729 devstack@c-api.service[97014]: INFO cinder.api.openstack.wsgi [None req-d5934411-4fdd-497d-a110-e4f818b3967c tempest-AttachVolumeNegativeTest-278338504 tempest-AttachVolumeNegativeTest-278338504-project-member] https://10.4.3.96/volume/v3/volumes/8a508d9c-2d09-4a3e-b1c8-cca6cf2536d2 returned with HTTP 200
Jul 23 07:00:57.679263 np0000005729 devstack@c-api.service[97014]: [pid: 97014|app: 0|req: 30/85] 10.4.3.96 () {66 vars in 1341 bytes} [Thu Jul 23 07:00:57 2026] GET /volume/v3/volumes/8a508d9c-2d09-4a3e-b1c8-cca6cf2536d2 => generated 1138 bytes in 33 msecs (HTTP/1.1 200) 7 headers in 286 bytes (1 switches on core 0)
Jul 23 07:00:57.687438 np0000005729 devstack@c-api.service[97013]: DEBUG cinder.volume.api [None req-63f00e4d-ffef-4bdc-833f-76ce58a036c1 tempest-TaggedBootDevicesTest_v242-625159576 tempest-TaggedBootDevicesTest_v242-625159576-project-member] Task 'cinder.volume.flows.api.create_volume.EntryCreateTask;volume:create' (a70c83f1-6e8e-4280-84aa-1c5c6afdb35a) transitioned into state 'SUCCESS' from state 'RUNNING' with result '{'volume_id': '5c9eb67f-1266-4d84-9c32-949b2db11c9f', 'volume_properties': VolumeProperties(attach_status='detached',availability_zone='nova',cgsnapshot_id=None,consistencygroup_id=None,display_description=None,display_name='tempest-TaggedBootDevicesTest_v242-volume-458227137',encryption_key_id=None,group_id=None,group_type_id=,metadata={},multiattach=False,project_id='76eb18ff577a4b96b697608eddd266fe',qos_specs=None,replication_status=,reservations=['ee3009e1-3247-4b9c-98fc-0e89d77f16e6','3d4a4c58-62a9-4023-8f90-9e0af57cddb2','dbff8078-0815-4aa4-b313-22578e1cc616','fb1fff83-1e0d-4bd8-b2d1-c2ac735e403f'],size=1,snapshot_id=None,source_replicaid=,source_volid=None,status='creating',user_id='beeb6bbbb4ba4d78bc2d8296bc838e2a',volume_type_id=9d35edfc-7827-41fd-b76b-797d6525c004), 'volume': Volume(_name_id=None,admin_metadata=,attach_status='detached',availability_zone='nova',bootable=False,cluster=,cluster_name=None,consistencygroup=,consistencygroup_id=None,created_at=2026-07-23T07:00:57Z,deleted=False,deleted_at=None,display_description=None,display_name='tempest-TaggedBootDevicesTest_v242-volume-458227137',ec2_id=None,encryption_key_id=None,glance_metadata=,group=,group_id=None,host=None,id=5c9eb67f-1266-4d84-9c32-949b2db11c9f,launched_at=None,metadata={},migration_status=None,multiattach=False,previous_status=None,project_id='76eb18ff577a4b96b697608eddd266fe',provider_auth=None,provider_geometry=None,provider_id=None,provider_location=None,replication_driver_data=None,replication_extended_status=None,replication_status=None,scheduled_at=None,service_uuid=None,shared_targets=True,size=1,snapshot_id=None,snapshots=,source_volid=None,status='creating',terminated_at=None,updated_at=None,use_quota=True,user_id='beeb6bbbb4ba4d78bc2d8296bc838e2a',volume_attachment=VolumeAttachmentList,volume_type=VolumeType(9d35edfc-7827-41fd-b76b-797d6525c004),volume_type_id=9d35edfc-7827-41fd-b76b-797d6525c004)}' {{(pid=97013) _task_receiver /opt/stack/data/venv/lib/python3.12/site-packages/taskflow/listeners/logging.py:218}}
Jul 23 07:00:57.689264 np0000005729 devstack@c-api.service[97013]: DEBUG cinder.volume.api [None req-63f00e4d-ffef-4bdc-833f-76ce58a036c1 tempest-TaggedBootDevicesTest_v242-625159576 tempest-TaggedBootDevicesTest_v242-625159576-project-member] Task 'cinder.volume.flows.api.create_volume.QuotaCommitTask;volume:create' (46cd6464-3fc2-4692-8222-8fbdced464da) transitioned into state 'RUNNING' from state 'PENDING' {{(pid=97013) _task_receiver /opt/stack/data/venv/lib/python3.12/site-packages/taskflow/listeners/logging.py:242}}
Jul 23 07:00:57.695504 np0000005729 devstack@c-api.service[97014]: DEBUG cinder.api.middleware.request_id [None req-f4a631e5-d991-4dbf-8950-f81de544f107 None None] RequestId filter calling following filter/app {{(pid=97014) _context_setter /opt/stack/cinder/cinder/api/middleware/request_id.py:62}}
Jul 23 07:00:57.699025 np0000005729 devstack@c-api.service[97014]: INFO cinder.api.openstack.wsgi [None req-f4a631e5-d991-4dbf-8950-f81de544f107 tempest-AttachVolumeNegativeTest-278338504 tempest-AttachVolumeNegativeTest-278338504-project-member] GET https://10.4.3.96/volume/v3/volumes/8a508d9c-2d09-4a3e-b1c8-cca6cf2536d2
Jul 23 07:00:57.699298 np0000005729 devstack@c-api.service[97014]: DEBUG cinder.api.openstack.wsgi [None req-f4a631e5-d991-4dbf-8950-f81de544f107 tempest-AttachVolumeNegativeTest-278338504 tempest-AttachVolumeNegativeTest-278338504-project-member] Empty body provided in request {{(pid=97014) get_body /opt/stack/cinder/cinder/api/openstack/wsgi.py:725}}
Jul 23 07:00:57.700229 np0000005729 devstack@c-api.service[97014]: DEBUG cinder.api.openstack.wsgi [None req-f4a631e5-d991-4dbf-8950-f81de544f107 tempest-AttachVolumeNegativeTest-278338504 tempest-AttachVolumeNegativeTest-278338504-project-member] Calling method 'show' {{(pid=97014) _process_stack /opt/stack/cinder/cinder/api/openstack/wsgi.py:878}}
Jul 23 07:00:57.716899 np0000005729 devstack@c-api.service[97014]: /opt/stack/data/venv/lib/python3.12/site-packages/oslo_context/context.py:102: DeprecationWarning: Policy enforcement is depending on the value of is_admin. This key is deprecated. Please update your policy file to use the standard policy values.
Jul 23 07:00:57.716899 np0000005729 devstack@c-api.service[97014]: warnings.warn(
Jul 23 07:00:57.720590 np0000005729 devstack@c-api.service[97015]: WARNING cinder.quota [None req-628b21e0-4e72-4e44-90bc-f9fe2ff51a7d tempest-VolumeRetypeWithoutMigrationTest-1890529861 tempest-VolumeRetypeWithoutMigrationTest-1890529861-project-member] Deprecated: Default quota for resource: volumes_volume-type-2 is set by the default quota flag: quota_volumes_volume-type-2, it is now deprecated. Please use the default quota class for default quota.
Jul 23 07:00:57.721045 np0000005729 devstack@c-api.service[97015]: WARNING cinder.quota [None req-628b21e0-4e72-4e44-90bc-f9fe2ff51a7d tempest-VolumeRetypeWithoutMigrationTest-1890529861 tempest-VolumeRetypeWithoutMigrationTest-1890529861-project-member] Deprecated: Default quota for resource: gigabytes_volume-type-2 is set by the default quota flag: quota_gigabytes_volume-type-2, it is now deprecated. Please use the default quota class for default quota.
Jul 23 07:00:57.725422 np0000005729 devstack@c-api.service[97014]: INFO cinder.volume.api [None req-f4a631e5-d991-4dbf-8950-f81de544f107 tempest-AttachVolumeNegativeTest-278338504 tempest-AttachVolumeNegativeTest-278338504-project-member] Volume info retrieved successfully.
Jul 23 07:00:57.728842 np0000005729 devstack@c-api.service[97013]: DEBUG cinder.volume.api [None req-63f00e4d-ffef-4bdc-833f-76ce58a036c1 tempest-TaggedBootDevicesTest_v242-625159576 tempest-TaggedBootDevicesTest_v242-625159576-project-member] Task 'cinder.volume.flows.api.create_volume.QuotaCommitTask;volume:create' (46cd6464-3fc2-4692-8222-8fbdced464da) transitioned into state 'SUCCESS' from state 'RUNNING' with result '{'volume_properties': VolumeProperties(attach_status='detached',availability_zone='nova',cgsnapshot_id=None,consistencygroup_id=None,display_description=None,display_name='tempest-TaggedBootDevicesTest_v242-volume-458227137',encryption_key_id=None,group_id=None,group_type_id=,metadata={},multiattach=False,project_id='76eb18ff577a4b96b697608eddd266fe',qos_specs=None,replication_status=,reservations=['ee3009e1-3247-4b9c-98fc-0e89d77f16e6','3d4a4c58-62a9-4023-8f90-9e0af57cddb2','dbff8078-0815-4aa4-b313-22578e1cc616','fb1fff83-1e0d-4bd8-b2d1-c2ac735e403f'],size=1,snapshot_id=None,source_replicaid=,source_volid=None,status='creating',user_id='beeb6bbbb4ba4d78bc2d8296bc838e2a',volume_type_id=9d35edfc-7827-41fd-b76b-797d6525c004)}' {{(pid=97013) _task_receiver /opt/stack/data/venv/lib/python3.12/site-packages/taskflow/listeners/logging.py:218}}
Jul 23 07:00:57.729680 np0000005729 devstack@c-api.service[97013]: DEBUG cinder.volume.api [None req-63f00e4d-ffef-4bdc-833f-76ce58a036c1 tempest-TaggedBootDevicesTest_v242-625159576 tempest-TaggedBootDevicesTest_v242-625159576-project-member] Task 'cinder.volume.flows.api.create_volume.VolumeCastTask;volume:create' (21cf854a-0189-452e-9deb-6ba285a0bc95) transitioned into state 'RUNNING' from state 'PENDING' {{(pid=97013) _task_receiver /opt/stack/data/venv/lib/python3.12/site-packages/taskflow/listeners/logging.py:242}}
Jul 23 07:00:57.733371 np0000005729 devstack@c-api.service[97014]: INFO cinder.api.openstack.wsgi [None req-f4a631e5-d991-4dbf-8950-f81de544f107 tempest-AttachVolumeNegativeTest-278338504 tempest-AttachVolumeNegativeTest-278338504-project-member] https://10.4.3.96/volume/v3/volumes/8a508d9c-2d09-4a3e-b1c8-cca6cf2536d2 returned with HTTP 200
Jul 23 07:00:57.733615 np0000005729 devstack@c-api.service[97014]: [pid: 97014|app: 0|req: 31/86] 10.4.3.96 () {66 vars in 1341 bytes} [Thu Jul 23 07:00:57 2026] GET /volume/v3/volumes/8a508d9c-2d09-4a3e-b1c8-cca6cf2536d2 => generated 1138 bytes in 39 msecs (HTTP/1.1 200) 7 headers in 286 bytes (1 switches on core 0)
Jul 23 07:00:57.742654 np0000005729 devstack@c-api.service[97013]: DEBUG cinder.volume.api [None req-63f00e4d-ffef-4bdc-833f-76ce58a036c1 tempest-TaggedBootDevicesTest_v242-625159576 tempest-TaggedBootDevicesTest_v242-625159576-project-member] Task 'cinder.volume.flows.api.create_volume.VolumeCastTask;volume:create' (21cf854a-0189-452e-9deb-6ba285a0bc95) transitioned into state 'SUCCESS' from state 'RUNNING' with result 'None' {{(pid=97013) _task_receiver /opt/stack/data/venv/lib/python3.12/site-packages/taskflow/listeners/logging.py:218}}
Jul 23 07:00:57.743666 np0000005729 devstack@c-api.service[97013]: DEBUG cinder.volume.api [None req-63f00e4d-ffef-4bdc-833f-76ce58a036c1 tempest-TaggedBootDevicesTest_v242-625159576 tempest-TaggedBootDevicesTest_v242-625159576-project-member] Flow 'volume_create_api' (3cc71b0b-7ab9-4b6c-8f46-06ff7e1fa4f4) transitioned into state 'SUCCESS' from state 'RUNNING' {{(pid=97013) _flow_receiver /opt/stack/data/venv/lib/python3.12/site-packages/taskflow/listeners/logging.py:160}}
Jul 23 07:00:57.744680 np0000005729 devstack@c-api.service[97013]: INFO cinder.volume.api [None req-63f00e4d-ffef-4bdc-833f-76ce58a036c1 tempest-TaggedBootDevicesTest_v242-625159576 tempest-TaggedBootDevicesTest_v242-625159576-project-member] Create volume request issued successfully.
Jul 23 07:00:57.745866 np0000005729 devstack@c-api.service[97015]: DEBUG cinder.quota [None req-628b21e0-4e72-4e44-90bc-f9fe2ff51a7d tempest-VolumeRetypeWithoutMigrationTest-1890529861 tempest-VolumeRetypeWithoutMigrationTest-1890529861-project-member] Created reservations ['9adb885d-ad14-4031-85db-b94d44a482cd', 'ca53537e-eb02-4094-9de2-5233d076d552'] {{(pid=97015) reserve /opt/stack/cinder/cinder/quota.py:752}}
Jul 23 07:00:57.745962 np0000005729 devstack@c-api.service[97013]: INFO cinder.api.openstack.wsgi [None req-63f00e4d-ffef-4bdc-833f-76ce58a036c1 tempest-TaggedBootDevicesTest_v242-625159576 tempest-TaggedBootDevicesTest_v242-625159576-project-member] https://10.4.3.96/volume/v3/volumes returned with HTTP 202
Jul 23 07:00:57.746616 np0000005729 devstack@c-api.service[97013]: [pid: 97013|app: 0|req: 27/87] 10.4.3.96 () {68 vars in 1252 bytes} [Thu Jul 23 07:00:56 2026] POST /volume/v3/volumes => generated 754 bytes in 1085 msecs (HTTP/1.1 202) 7 headers in 291 bytes (1 switches on core 0)
Jul 23 07:00:57.766513 np0000005729 devstack@c-api.service[97014]: DEBUG cinder.api.middleware.request_id [None req-fe85ff7a-3af6-4dd9-934c-17531f3e0af8 None None] RequestId filter calling following filter/app {{(pid=97014) _context_setter /opt/stack/cinder/cinder/api/middleware/request_id.py:62}}
Jul 23 07:00:57.769329 np0000005729 devstack@c-api.service[97014]: INFO cinder.api.openstack.wsgi [None req-fe85ff7a-3af6-4dd9-934c-17531f3e0af8 tempest-TaggedBootDevicesTest_v242-625159576 tempest-TaggedBootDevicesTest_v242-625159576-project-member] GET https://10.4.3.96/volume/v3/volumes/5c9eb67f-1266-4d84-9c32-949b2db11c9f
Jul 23 07:00:57.769467 np0000005729 devstack@c-api.service[97015]: DEBUG cinder.quota [None req-628b21e0-4e72-4e44-90bc-f9fe2ff51a7d tempest-VolumeRetypeWithoutMigrationTest-1890529861 tempest-VolumeRetypeWithoutMigrationTest-1890529861-project-member] Created reservations ['6e3c5d22-d28c-4629-86fb-ce5e76a2fbbe', '65081a3b-c721-45e8-a888-f674d15fdb14'] {{(pid=97015) reserve /opt/stack/cinder/cinder/quota.py:752}}
Jul 23 07:00:57.769716 np0000005729 devstack@c-api.service[97014]: DEBUG cinder.api.openstack.wsgi [None req-fe85ff7a-3af6-4dd9-934c-17531f3e0af8 tempest-TaggedBootDevicesTest_v242-625159576 tempest-TaggedBootDevicesTest_v242-625159576-project-member] Empty body provided in request {{(pid=97014) get_body /opt/stack/cinder/cinder/api/openstack/wsgi.py:725}}
Jul 23 07:00:57.770193 np0000005729 devstack@c-api.service[97014]: DEBUG cinder.api.openstack.wsgi [None req-fe85ff7a-3af6-4dd9-934c-17531f3e0af8 tempest-TaggedBootDevicesTest_v242-625159576 tempest-TaggedBootDevicesTest_v242-625159576-project-member] Calling method 'show' {{(pid=97014) _process_stack /opt/stack/cinder/cinder/api/openstack/wsgi.py:878}}
Jul 23 07:00:57.786203 np0000005729 devstack@c-api.service[97014]: /opt/stack/data/venv/lib/python3.12/site-packages/oslo_context/context.py:102: DeprecationWarning: Policy enforcement is depending on the value of is_admin. This key is deprecated. Please update your policy file to use the standard policy values.
Jul 23 07:00:57.786203 np0000005729 devstack@c-api.service[97014]: warnings.warn(
Jul 23 07:00:57.792679 np0000005729 devstack@c-api.service[97014]: INFO cinder.volume.api [None req-fe85ff7a-3af6-4dd9-934c-17531f3e0af8 tempest-TaggedBootDevicesTest_v242-625159576 tempest-TaggedBootDevicesTest_v242-625159576-project-member] Volume info retrieved successfully.
Jul 23 07:00:57.802702 np0000005729 devstack@c-api.service[97014]: INFO cinder.api.openstack.wsgi [None req-fe85ff7a-3af6-4dd9-934c-17531f3e0af8 tempest-TaggedBootDevicesTest_v242-625159576 tempest-TaggedBootDevicesTest_v242-625159576-project-member] https://10.4.3.96/volume/v3/volumes/5c9eb67f-1266-4d84-9c32-949b2db11c9f returned with HTTP 200
Jul 23 07:00:57.803270 np0000005729 devstack@c-api.service[97014]: [pid: 97014|app: 0|req: 32/88] 10.4.3.96 () {66 vars in 1341 bytes} [Thu Jul 23 07:00:57 2026] GET /volume/v3/volumes/5c9eb67f-1266-4d84-9c32-949b2db11c9f => generated 822 bytes in 38 msecs (HTTP/1.1 200) 7 headers in 285 bytes (1 switches on core 0)
Jul 23 07:00:57.815580 np0000005729 devstack@c-api.service[97015]: INFO cinder.volume.api [None req-628b21e0-4e72-4e44-90bc-f9fe2ff51a7d tempest-VolumeRetypeWithoutMigrationTest-1890529861 tempest-VolumeRetypeWithoutMigrationTest-1890529861-project-member] Retype volume request issued successfully.
Jul 23 07:00:57.815942 np0000005729 devstack@c-api.service[97015]: INFO cinder.api.openstack.wsgi [None req-628b21e0-4e72-4e44-90bc-f9fe2ff51a7d tempest-VolumeRetypeWithoutMigrationTest-1890529861 tempest-VolumeRetypeWithoutMigrationTest-1890529861-project-member] https://10.4.3.96/volume/v3/volumes/06365b24-4030-42fe-a3ea-4d9f3f4437fd/action returned with HTTP 202
Jul 23 07:00:57.816514 np0000005729 devstack@c-api.service[97015]: [pid: 97015|app: 0|req: 30/89] 10.4.3.96 () {68 vars in 1383 bytes} [Thu Jul 23 07:00:57 2026] POST /volume/v3/volumes/06365b24-4030-42fe-a3ea-4d9f3f4437fd/action => generated 0 bytes in 306 msecs (HTTP/1.1 202) 7 headers in 289 bytes (1 switches on core 0)
Jul 23 07:00:57.831643 np0000005729 devstack@c-api.service[97013]: DEBUG cinder.api.middleware.request_id [None req-0426efe9-fce7-4e12-97e1-a0af975122ee None None] RequestId filter calling following filter/app {{(pid=97013) _context_setter /opt/stack/cinder/cinder/api/middleware/request_id.py:62}}
Jul 23 07:00:57.833948 np0000005729 devstack@c-api.service[97013]: INFO cinder.api.openstack.wsgi [None req-0426efe9-fce7-4e12-97e1-a0af975122ee tempest-VolumeRetypeWithoutMigrationTest-1890529861 tempest-VolumeRetypeWithoutMigrationTest-1890529861-project-member] GET https://10.4.3.96/volume/v3/volumes/06365b24-4030-42fe-a3ea-4d9f3f4437fd
Jul 23 07:00:57.834220 np0000005729 devstack@c-api.service[97013]: DEBUG cinder.api.openstack.wsgi [None req-0426efe9-fce7-4e12-97e1-a0af975122ee tempest-VolumeRetypeWithoutMigrationTest-1890529861 tempest-VolumeRetypeWithoutMigrationTest-1890529861-project-member] Empty body provided in request {{(pid=97013) get_body /opt/stack/cinder/cinder/api/openstack/wsgi.py:725}}
Jul 23 07:00:57.834444 np0000005729 devstack@c-api.service[97013]: DEBUG cinder.api.openstack.wsgi [None req-0426efe9-fce7-4e12-97e1-a0af975122ee tempest-VolumeRetypeWithoutMigrationTest-1890529861 tempest-VolumeRetypeWithoutMigrationTest-1890529861-project-member] Calling method 'show' {{(pid=97013) _process_stack /opt/stack/cinder/cinder/api/openstack/wsgi.py:878}}
Jul 23 07:00:57.843838 np0000005729 devstack@c-api.service[97013]: /opt/stack/data/venv/lib/python3.12/site-packages/oslo_context/context.py:102: DeprecationWarning: Policy enforcement is depending on the value of is_admin. This key is deprecated. Please update your policy file to use the standard policy values.
Jul 23 07:00:57.843838 np0000005729 devstack@c-api.service[97013]: warnings.warn(
Jul 23 07:00:57.850524 np0000005729 devstack@c-api.service[97013]: INFO cinder.volume.api [None req-0426efe9-fce7-4e12-97e1-a0af975122ee tempest-VolumeRetypeWithoutMigrationTest-1890529861 tempest-VolumeRetypeWithoutMigrationTest-1890529861-project-member] Volume info retrieved successfully.
Jul 23 07:00:57.856501 np0000005729 devstack@c-api.service[97013]: INFO cinder.api.openstack.wsgi [None req-0426efe9-fce7-4e12-97e1-a0af975122ee tempest-VolumeRetypeWithoutMigrationTest-1890529861 tempest-VolumeRetypeWithoutMigrationTest-1890529861-project-member] https://10.4.3.96/volume/v3/volumes/06365b24-4030-42fe-a3ea-4d9f3f4437fd returned with HTTP 200
Jul 23 07:00:57.857031 np0000005729 devstack@c-api.service[97013]: [pid: 97013|app: 0|req: 28/90] 10.4.3.96 () {66 vars in 1341 bytes} [Thu Jul 23 07:00:57 2026] GET /volume/v3/volumes/06365b24-4030-42fe-a3ea-4d9f3f4437fd => generated 857 bytes in 26 msecs (HTTP/1.1 200) 7 headers in 285 bytes (1 switches on core 0)
Jul 23 07:00:58.382768 np0000005729 devstack@c-api.service[97014]: DEBUG cinder.api.middleware.request_id [req-fcddcec1-0aba-484a-bb2f-f69da1db2555 req-32e956b6-e296-466e-bd13-c764267ea38e None None] RequestId filter calling following filter/app {{(pid=97014) _context_setter /opt/stack/cinder/cinder/api/middleware/request_id.py:62}}
Jul 23 07:00:58.386238 np0000005729 devstack@c-api.service[97014]: INFO cinder.api.openstack.wsgi [req-fcddcec1-0aba-484a-bb2f-f69da1db2555 req-32e956b6-e296-466e-bd13-c764267ea38e tempest-ServerActionsV293TestJSON-2130074551 tempest-ServerActionsV293TestJSON-2130074551-project-member] GET https://10.4.3.96/volume/v3/volumes/80f65609-eb6f-4275-b853-01315860050f
Jul 23 07:00:58.386238 np0000005729 devstack@c-api.service[97014]: DEBUG cinder.api.openstack.wsgi [req-fcddcec1-0aba-484a-bb2f-f69da1db2555 req-32e956b6-e296-466e-bd13-c764267ea38e tempest-ServerActionsV293TestJSON-2130074551 tempest-ServerActionsV293TestJSON-2130074551-project-member] Empty body provided in request {{(pid=97014) get_body /opt/stack/cinder/cinder/api/openstack/wsgi.py:725}}
Jul 23 07:00:58.386238 np0000005729 devstack@c-api.service[97014]: DEBUG cinder.api.openstack.wsgi [req-fcddcec1-0aba-484a-bb2f-f69da1db2555 req-32e956b6-e296-466e-bd13-c764267ea38e tempest-ServerActionsV293TestJSON-2130074551 tempest-ServerActionsV293TestJSON-2130074551-project-member] Calling method 'show' {{(pid=97014) _process_stack /opt/stack/cinder/cinder/api/openstack/wsgi.py:878}}
Jul 23 07:00:58.400047 np0000005729 devstack@c-api.service[97014]: /opt/stack/data/venv/lib/python3.12/site-packages/oslo_context/context.py:102: DeprecationWarning: Policy enforcement is depending on the value of is_admin. This key is deprecated. Please update your policy file to use the standard policy values.
Jul 23 07:00:58.400047 np0000005729 devstack@c-api.service[97014]: warnings.warn(
Jul 23 07:00:58.406905 np0000005729 devstack@c-api.service[97014]: INFO cinder.volume.api [req-fcddcec1-0aba-484a-bb2f-f69da1db2555 req-32e956b6-e296-466e-bd13-c764267ea38e tempest-ServerActionsV293TestJSON-2130074551 tempest-ServerActionsV293TestJSON-2130074551-project-member] Volume info retrieved successfully.
Jul 23 07:00:58.412868 np0000005729 devstack@c-api.service[97014]: INFO cinder.api.openstack.wsgi [req-fcddcec1-0aba-484a-bb2f-f69da1db2555 req-32e956b6-e296-466e-bd13-c764267ea38e tempest-ServerActionsV293TestJSON-2130074551 tempest-ServerActionsV293TestJSON-2130074551-project-member] https://10.4.3.96/volume/v3/volumes/80f65609-eb6f-4275-b853-01315860050f returned with HTTP 200
Jul 23 07:00:58.413174 np0000005729 devstack@c-api.service[97014]: [pid: 97014|app: 0|req: 33/91] 10.4.3.96 () {68 vars in 1591 bytes} [Thu Jul 23 07:00:58 2026] GET /volume/v3/volumes/80f65609-eb6f-4275-b853-01315860050f => generated 1681 bytes in 31 msecs (HTTP/1.1 200) 7 headers in 286 bytes (1 switches on core 0)
Jul 23 07:00:58.464549 np0000005729 devstack@c-api.service[97015]: DEBUG cinder.api.middleware.request_id [req-fcddcec1-0aba-484a-bb2f-f69da1db2555 req-4fd842b6-24f1-4438-ac48-619041d9e024 None None] RequestId filter calling following filter/app {{(pid=97015) _context_setter /opt/stack/cinder/cinder/api/middleware/request_id.py:62}}
Jul 23 07:00:58.468306 np0000005729 devstack@c-api.service[97015]: INFO cinder.api.openstack.wsgi [req-fcddcec1-0aba-484a-bb2f-f69da1db2555 req-4fd842b6-24f1-4438-ac48-619041d9e024 tempest-ServerActionsV293TestJSON-2130074551 tempest-ServerActionsV293TestJSON-2130074551-project-member] GET https://10.4.3.96/volume/v3/volumes/80f65609-eb6f-4275-b853-01315860050f
Jul 23 07:00:58.468470 np0000005729 devstack@c-api.service[97015]: DEBUG cinder.api.openstack.wsgi [req-fcddcec1-0aba-484a-bb2f-f69da1db2555 req-4fd842b6-24f1-4438-ac48-619041d9e024 tempest-ServerActionsV293TestJSON-2130074551 tempest-ServerActionsV293TestJSON-2130074551-project-member] Empty body provided in request {{(pid=97015) get_body /opt/stack/cinder/cinder/api/openstack/wsgi.py:725}}
Jul 23 07:00:58.469149 np0000005729 devstack@c-api.service[97015]: DEBUG cinder.api.openstack.wsgi [req-fcddcec1-0aba-484a-bb2f-f69da1db2555 req-4fd842b6-24f1-4438-ac48-619041d9e024 tempest-ServerActionsV293TestJSON-2130074551 tempest-ServerActionsV293TestJSON-2130074551-project-member] Calling method 'show' {{(pid=97015) _process_stack /opt/stack/cinder/cinder/api/openstack/wsgi.py:878}}
Jul 23 07:00:58.487750 np0000005729 devstack@c-api.service[97015]: /opt/stack/data/venv/lib/python3.12/site-packages/oslo_context/context.py:102: DeprecationWarning: Policy enforcement is depending on the value of is_admin. This key is deprecated. Please update your policy file to use the standard policy values.
Jul 23 07:00:58.487750 np0000005729 devstack@c-api.service[97015]: warnings.warn(
Jul 23 07:00:58.494449 np0000005729 devstack@c-api.service[97015]: INFO cinder.volume.api [req-fcddcec1-0aba-484a-bb2f-f69da1db2555 req-4fd842b6-24f1-4438-ac48-619041d9e024 tempest-ServerActionsV293TestJSON-2130074551 tempest-ServerActionsV293TestJSON-2130074551-project-member] Volume info retrieved successfully.
Jul 23 07:00:58.505326 np0000005729 devstack@c-api.service[97015]: INFO cinder.api.openstack.wsgi [req-fcddcec1-0aba-484a-bb2f-f69da1db2555 req-4fd842b6-24f1-4438-ac48-619041d9e024 tempest-ServerActionsV293TestJSON-2130074551 tempest-ServerActionsV293TestJSON-2130074551-project-member] https://10.4.3.96/volume/v3/volumes/80f65609-eb6f-4275-b853-01315860050f returned with HTTP 200
Jul 23 07:00:58.506506 np0000005729 devstack@c-api.service[97015]: [pid: 97015|app: 0|req: 31/92] 10.4.3.96 () {68 vars in 1591 bytes} [Thu Jul 23 07:00:58 2026] GET /volume/v3/volumes/80f65609-eb6f-4275-b853-01315860050f => generated 1681 bytes in 43 msecs (HTTP/1.1 200) 7 headers in 286 bytes (1 switches on core 0)
Jul 23 07:00:58.821383 np0000005729 devstack@c-api.service[97013]: DEBUG cinder.api.middleware.request_id [None req-b9bc425f-ea4f-4ae3-bc7d-066ebd224cc7 None None] RequestId filter calling following filter/app {{(pid=97013) _context_setter /opt/stack/cinder/cinder/api/middleware/request_id.py:62}}
Jul 23 07:00:58.823584 np0000005729 devstack@c-api.service[97013]: INFO cinder.api.openstack.wsgi [None req-b9bc425f-ea4f-4ae3-bc7d-066ebd224cc7 tempest-TaggedBootDevicesTest_v242-625159576 tempest-TaggedBootDevicesTest_v242-625159576-project-member] GET https://10.4.3.96/volume/v3/volumes/5c9eb67f-1266-4d84-9c32-949b2db11c9f
Jul 23 07:00:58.823977 np0000005729 devstack@c-api.service[97013]: DEBUG cinder.api.openstack.wsgi [None req-b9bc425f-ea4f-4ae3-bc7d-066ebd224cc7 tempest-TaggedBootDevicesTest_v242-625159576 tempest-TaggedBootDevicesTest_v242-625159576-project-member] Empty body provided in request {{(pid=97013) get_body /opt/stack/cinder/cinder/api/openstack/wsgi.py:725}}
Jul 23 07:00:58.824432 np0000005729 devstack@c-api.service[97013]: DEBUG cinder.api.openstack.wsgi [None req-b9bc425f-ea4f-4ae3-bc7d-066ebd224cc7 tempest-TaggedBootDevicesTest_v242-625159576 tempest-TaggedBootDevicesTest_v242-625159576-project-member] Calling method 'show' {{(pid=97013) _process_stack /opt/stack/cinder/cinder/api/openstack/wsgi.py:878}}
Jul 23 07:00:58.839331 np0000005729 devstack@c-api.service[97013]: /opt/stack/data/venv/lib/python3.12/site-packages/oslo_context/context.py:102: DeprecationWarning: Policy enforcement is depending on the value of is_admin. This key is deprecated. Please update your policy file to use the standard policy values.
Jul 23 07:00:58.839331 np0000005729 devstack@c-api.service[97013]: warnings.warn(
Jul 23 07:00:58.847094 np0000005729 devstack@c-api.service[97013]: INFO cinder.volume.api [None req-b9bc425f-ea4f-4ae3-bc7d-066ebd224cc7 tempest-TaggedBootDevicesTest_v242-625159576 tempest-TaggedBootDevicesTest_v242-625159576-project-member] Volume info retrieved successfully.
Jul 23 07:00:58.858088 np0000005729 devstack@c-api.service[97013]: INFO cinder.api.openstack.wsgi [None req-b9bc425f-ea4f-4ae3-bc7d-066ebd224cc7 tempest-TaggedBootDevicesTest_v242-625159576 tempest-TaggedBootDevicesTest_v242-625159576-project-member] https://10.4.3.96/volume/v3/volumes/5c9eb67f-1266-4d84-9c32-949b2db11c9f returned with HTTP 200
Jul 23 07:00:58.858088 np0000005729 devstack@c-api.service[97013]: [pid: 97013|app: 0|req: 29/93] 10.4.3.96 () {66 vars in 1341 bytes} [Thu Jul 23 07:00:58 2026] GET /volume/v3/volumes/5c9eb67f-1266-4d84-9c32-949b2db11c9f => generated 1362 bytes in 37 msecs (HTTP/1.1 200) 7 headers in 286 bytes (1 switches on core 0)
Jul 23 07:00:58.875239 np0000005729 devstack@c-api.service[97014]: DEBUG cinder.api.middleware.request_id [None req-258ef129-84fb-449b-84ae-a391f19a1dfd None None] RequestId filter calling following filter/app {{(pid=97014) _context_setter /opt/stack/cinder/cinder/api/middleware/request_id.py:62}}
Jul 23 07:00:58.876771 np0000005729 devstack@c-api.service[97015]: DEBUG cinder.api.middleware.request_id [None req-ef013a02-00c2-42d6-86a3-2ec4354438aa None None] RequestId filter calling following filter/app {{(pid=97015) _context_setter /opt/stack/cinder/cinder/api/middleware/request_id.py:62}}
Jul 23 07:00:58.878808 np0000005729 devstack@c-api.service[97014]: INFO cinder.api.openstack.wsgi [None req-258ef129-84fb-449b-84ae-a391f19a1dfd tempest-VolumeRetypeWithoutMigrationTest-1890529861 tempest-VolumeRetypeWithoutMigrationTest-1890529861-project-member] GET https://10.4.3.96/volume/v3/volumes/06365b24-4030-42fe-a3ea-4d9f3f4437fd
Jul 23 07:00:58.880580 np0000005729 devstack@c-api.service[97015]: INFO cinder.api.openstack.wsgi [None req-ef013a02-00c2-42d6-86a3-2ec4354438aa tempest-TaggedBootDevicesTest_v242-625159576 tempest-TaggedBootDevicesTest_v242-625159576-project-member] POST https://10.4.3.96/volume/v3/volumes
Jul 23 07:00:58.881008 np0000005729 devstack@c-api.service[97014]: DEBUG cinder.api.openstack.wsgi [None req-258ef129-84fb-449b-84ae-a391f19a1dfd tempest-VolumeRetypeWithoutMigrationTest-1890529861 tempest-VolumeRetypeWithoutMigrationTest-1890529861-project-member] Empty body provided in request {{(pid=97014) get_body /opt/stack/cinder/cinder/api/openstack/wsgi.py:725}}
Jul 23 07:00:58.881533 np0000005729 devstack@c-api.service[97014]: DEBUG cinder.api.openstack.wsgi [None req-258ef129-84fb-449b-84ae-a391f19a1dfd tempest-VolumeRetypeWithoutMigrationTest-1890529861 tempest-VolumeRetypeWithoutMigrationTest-1890529861-project-member] Calling method 'show' {{(pid=97014) _process_stack /opt/stack/cinder/cinder/api/openstack/wsgi.py:878}}
Jul 23 07:00:58.881888 np0000005729 devstack@c-api.service[97015]: DEBUG cinder.api.openstack.wsgi [None req-ef013a02-00c2-42d6-86a3-2ec4354438aa tempest-TaggedBootDevicesTest_v242-625159576 tempest-TaggedBootDevicesTest_v242-625159576-project-member] Action: 'create', calling method: create, body: {"volume": {"size": 1, "display_name": "tempest-TaggedBootDevicesTest_v242-volume-943530766"}} {{(pid=97015) _process_stack /opt/stack/cinder/cinder/api/openstack/wsgi.py:876}}
Jul 23 07:00:58.885821 np0000005729 devstack@c-api.service[97015]: DEBUG cinder.api.v3.volumes [None req-ef013a02-00c2-42d6-86a3-2ec4354438aa tempest-TaggedBootDevicesTest_v242-625159576 tempest-TaggedBootDevicesTest_v242-625159576-project-member] Create volume request body: {'volume': {'size': 1, 'display_name': 'tempest-TaggedBootDevicesTest_v242-volume-943530766'}} {{(pid=97015) create /opt/stack/cinder/cinder/api/v3/volumes.py:368}}
Jul 23 07:00:58.885821 np0000005729 devstack@c-api.service[97015]: INFO cinder.api.v3.volumes [None req-ef013a02-00c2-42d6-86a3-2ec4354438aa tempest-TaggedBootDevicesTest_v242-625159576 tempest-TaggedBootDevicesTest_v242-625159576-project-member] Create volume of 1 GB
Jul 23 07:00:58.893757 np0000005729 devstack@c-api.service[97015]: INFO cinder.volume.api [None req-ef013a02-00c2-42d6-86a3-2ec4354438aa tempest-TaggedBootDevicesTest_v242-625159576 tempest-TaggedBootDevicesTest_v242-625159576-project-member] Availability Zones retrieved successfully.
Jul 23 07:00:58.899371 np0000005729 devstack@c-api.service[97014]: /opt/stack/data/venv/lib/python3.12/site-packages/oslo_context/context.py:102: DeprecationWarning: Policy enforcement is depending on the value of is_admin. This key is deprecated. Please update your policy file to use the standard policy values.
Jul 23 07:00:58.899371 np0000005729 devstack@c-api.service[97014]: warnings.warn(
Jul 23 07:00:58.900792 np0000005729 devstack@c-api.service[97015]: DEBUG cinder.volume.api [None req-ef013a02-00c2-42d6-86a3-2ec4354438aa tempest-TaggedBootDevicesTest_v242-625159576 tempest-TaggedBootDevicesTest_v242-625159576-project-member] Flow 'volume_create_api' (105e6322-e0f6-4a2c-8436-61bff9f204db) transitioned into state 'RUNNING' from state 'PENDING' {{(pid=97015) _flow_receiver /opt/stack/data/venv/lib/python3.12/site-packages/taskflow/listeners/logging.py:160}}
