Jul 23 06:57:50.548828 np0000005729 devstack@g-api.service[99756]: DEBUG glance_store.location [-] Registering scheme swift+config with {'store': , 'location_class': , 'store_entry': 'swift'} {{(pid=99756) register_scheme_map /opt/stack/data/venv/lib/python3.12/site-packages/glance_store/location.py:146}}
Jul 23 06:57:50.548863 np0000005729 devstack@g-api.service[99754]: DEBUG glance_store.location [-] Registering scheme swift+https with {'store': , 'location_class': , 'store_entry': 'swift'} {{(pid=99754) register_scheme_map /opt/stack/data/venv/lib/python3.12/site-packages/glance_store/location.py:146}}
Jul 23 06:57:50.548863 np0000005729 devstack@g-api.service[99754]: DEBUG glance_store.location [-] Registering scheme swift with {'store': , 'location_class': , 'store_entry': 'swift'} {{(pid=99754) register_scheme_map /opt/stack/data/venv/lib/python3.12/site-packages/glance_store/location.py:146}}
Jul 23 06:57:50.548863 np0000005729 devstack@g-api.service[99754]: DEBUG glance_store.location [-] Registering scheme swift+https with {'store': , 'location_class': , 'store_entry': 'swift'} {{(pid=99754) register_scheme_map /opt/stack/data/venv/lib/python3.12/site-packages/glance_store/location.py:146}}
Jul 23 06:57:50.548959 np0000005729 devstack@g-api.service[99754]: DEBUG glance_store.location [-] Registering scheme swift with {'store': , 'location_class': , 'store_entry': 'swift'} {{(pid=99754) register_scheme_map /opt/stack/data/venv/lib/python3.12/site-packages/glance_store/location.py:146}}
Jul 23 06:57:50.548959 np0000005729 devstack@g-api.service[99754]: DEBUG glance_store.location [-] Registering scheme swift+http with {'store': , 'location_class': , 'store_entry': 'swift'} {{(pid=99754) register_scheme_map /opt/stack/data/venv/lib/python3.12/site-packages/glance_store/location.py:146}}
Jul 23 06:57:50.549021 np0000005729 devstack@g-api.service[99754]: DEBUG glance_store.location [-] Registering scheme swift+https with {'store': , 'location_class': , 'store_entry': 'swift'} {{(pid=99754) register_scheme_map /opt/stack/data/venv/lib/python3.12/site-packages/glance_store/location.py:146}}
Jul 23 06:57:50.549054 np0000005729 devstack@g-api.service[99756]: DEBUG glance.sqlite_migration [-] SQLite caching database not located, skipping migration {{(pid=99756) get_db_path /opt/stack/glance/glance/sqlite_migration.py:68}}
Jul 23 06:57:50.549090 np0000005729 devstack@g-api.service[99754]: DEBUG glance_store.location [-] Registering scheme swift with {'store': , 'location_class': , 'store_entry': 'swift'} {{(pid=99754) register_scheme_map /opt/stack/data/venv/lib/python3.12/site-packages/glance_store/location.py:146}}
Jul 23 06:57:50.549090 np0000005729 devstack@g-api.service[99754]: DEBUG glance_store.location [-] Registering scheme swift+http with {'store': , 'location_class': , 'store_entry': 'swift'} {{(pid=99754) register_scheme_map /opt/stack/data/venv/lib/python3.12/site-packages/glance_store/location.py:146}}
Jul 23 06:57:50.549148 np0000005729 devstack@g-api.service[99754]: DEBUG glance_store.location [-] Registering scheme swift+config with {'store': , 'location_class': , 'store_entry': 'swift'} {{(pid=99754) register_scheme_map /opt/stack/data/venv/lib/python3.12/site-packages/glance_store/location.py:146}}
Jul 23 06:57:50.549226 np0000005729 devstack@g-api.service[99755]: DEBUG glance_store.capabilities [-] Store glance_store._drivers.swift.store.SingleTenantStore doesn't support updating dynamic storage capabilities. Please overwrite 'update_capabilities' method of the store to implement updating logics if needed. {{(pid=99755) update_capabilities /opt/stack/data/venv/lib/python3.12/site-packages/glance_store/capabilities.py:91}}
Jul 23 06:57:50.549279 np0000005729 devstack@g-api.service[99756]: WARNING glance.common.wsgi_app [-] Import methods are enabled but staging directory /tmp/staging/ does not exist; Imports will fail!
Jul 23 06:57:50.549314 np0000005729 devstack@g-api.service[99755]: DEBUG glance_store.driver [-] Late loading location class glance_store._drivers.swift.store.StoreLocation {{(pid=99755) get_store_location_class /opt/stack/data/venv/lib/python3.12/site-packages/glance_store/driver.py:134}}
Jul 23 06:57:50.549346 np0000005729 devstack@g-api.service[99754]: DEBUG glance.sqlite_migration [-] SQLite caching database not located, skipping migration {{(pid=99754) get_db_path /opt/stack/glance/glance/sqlite_migration.py:68}}
Jul 23 06:57:50.549386 np0000005729 devstack@g-api.service[99755]: DEBUG glance_store.location [-] Registering scheme swift+https with {'store': , 'location_class': , 'store_entry': 'swift'} {{(pid=99755) register_scheme_map /opt/stack/data/venv/lib/python3.12/site-packages/glance_store/location.py:146}}
Jul 23 06:57:50.549429 np0000005729 devstack@g-api.service[99755]: DEBUG glance_store.location [-] Registering scheme swift+https with {'store': , 'location_class': , 'store_entry': 'swift'} {{(pid=99755) register_scheme_map /opt/stack/data/venv/lib/python3.12/site-packages/glance_store/location.py:146}}
Jul 23 06:57:50.549475 np0000005729 devstack@g-api.service[99755]: DEBUG glance_store.location [-] Registering scheme swift with {'store': , 'location_class': , 'store_entry': 'swift'} {{(pid=99755) register_scheme_map /opt/stack/data/venv/lib/python3.12/site-packages/glance_store/location.py:146}}
Jul 23 06:57:50.549517 np0000005729 devstack@g-api.service[99754]: WARNING glance.common.wsgi_app [-] Import methods are enabled but staging directory /tmp/staging/ does not exist; Imports will fail!
Jul 23 06:57:50.549552 np0000005729 devstack@g-api.service[99755]: DEBUG glance_store.location [-] Registering scheme swift+https with {'store': , 'location_class': , 'store_entry': 'swift'} {{(pid=99755) register_scheme_map /opt/stack/data/venv/lib/python3.12/site-packages/glance_store/location.py:146}}
Jul 23 06:57:50.549583 np0000005729 devstack@g-api.service[99755]: DEBUG glance_store.location [-] Registering scheme swift with {'store': , 'location_class': , 'store_entry': 'swift'} {{(pid=99755) register_scheme_map /opt/stack/data/venv/lib/python3.12/site-packages/glance_store/location.py:146}}
Jul 23 06:57:50.549614 np0000005729 devstack@g-api.service[99755]: DEBUG glance_store.location [-] Registering scheme swift+http with {'store': , 'location_class': , 'store_entry': 'swift'} {{(pid=99755) register_scheme_map /opt/stack/data/venv/lib/python3.12/site-packages/glance_store/location.py:146}}
Jul 23 06:57:50.549655 np0000005729 devstack@g-api.service[99755]: DEBUG glance_store.location [-] Registering scheme swift+https with {'store': , 'location_class': , 'store_entry': 'swift'} {{(pid=99755) register_scheme_map /opt/stack/data/venv/lib/python3.12/site-packages/glance_store/location.py:146}}
Jul 23 06:57:50.549727 np0000005729 devstack@g-api.service[99755]: DEBUG glance_store.location [-] Registering scheme swift with {'store': , 'location_class': , 'store_entry': 'swift'} {{(pid=99755) register_scheme_map /opt/stack/data/venv/lib/python3.12/site-packages/glance_store/location.py:146}}
Jul 23 06:57:50.549820 np0000005729 devstack@g-api.service[99755]: DEBUG glance_store.location [-] Registering scheme swift+http with {'store': , 'location_class': , 'store_entry': 'swift'} {{(pid=99755) register_scheme_map /opt/stack/data/venv/lib/python3.12/site-packages/glance_store/location.py:146}}
Jul 23 06:57:50.549874 np0000005729 devstack@g-api.service[99755]: DEBUG glance_store.location [-] Registering scheme swift+config with {'store': , 'location_class': , 'store_entry': 'swift'} {{(pid=99755) register_scheme_map /opt/stack/data/venv/lib/python3.12/site-packages/glance_store/location.py:146}}
Jul 23 06:57:50.550112 np0000005729 devstack@g-api.service[99755]: DEBUG glance.sqlite_migration [-] SQLite caching database not located, skipping migration {{(pid=99755) get_db_path /opt/stack/glance/glance/sqlite_migration.py:68}}
Jul 23 06:57:50.550379 np0000005729 devstack@g-api.service[99755]: WARNING glance.common.wsgi_app [-] Import methods are enabled but staging directory /tmp/staging/ does not exist; Imports will fail!
Jul 23 06:57:50.682459 np0000005729 devstack@g-api.service[99755]: DEBUG glance.common.config [None req-2f0c34c0-7679-4992-a6dc-709871528b88 None None] Loading glance-api-keystone+cachemanagement from /etc/glance/glance-api-paste.ini {{(pid=99755) load_paste_app /opt/stack/glance/glance/common/config.py:765}}
Jul 23 06:57:50.687634 np0000005729 devstack@g-api.service[99754]: DEBUG glance.common.config [None req-08a30dbc-ce39-4b26-9d83-a47d50b45821 None None] Loading glance-api-keystone+cachemanagement from /etc/glance/glance-api-paste.ini {{(pid=99754) load_paste_app /opt/stack/glance/glance/common/config.py:765}}
Jul 23 06:57:50.688063 np0000005729 devstack@g-api.service[99756]: DEBUG glance.common.config [None req-45063dd2-0841-4f2b-8246-41c700e92a47 None None] Loading glance-api-keystone+cachemanagement from /etc/glance/glance-api-paste.ini {{(pid=99756) load_paste_app /opt/stack/glance/glance/common/config.py:765}}
Jul 23 06:57:51.270850 np0000005729 devstack@g-api.service[99755]: INFO glance.image_cache [None req-2f0c34c0-7679-4992-a6dc-709871528b88 None None] Image cache loaded driver 'centralized_db'.
Jul 23 06:57:51.272622 np0000005729 devstack@g-api.service[99754]: INFO glance.image_cache [None req-08a30dbc-ce39-4b26-9d83-a47d50b45821 None None] Image cache loaded driver 'centralized_db'.
Jul 23 06:57:51.277548 np0000005729 devstack@g-api.service[99756]: INFO glance.image_cache [None req-45063dd2-0841-4f2b-8246-41c700e92a47 None None] Image cache loaded driver 'centralized_db'.
Jul 23 06:57:51.317422 np0000005729 devstack@g-api.service[99755]: INFO dbcounter [None req-2f0c34c0-7679-4992-a6dc-709871528b88 None None] Registered counter for database glance
Jul 23 06:57:51.320344 np0000005729 devstack@g-api.service[99754]: INFO dbcounter [None req-08a30dbc-ce39-4b26-9d83-a47d50b45821 None None] Registered counter for database glance
Jul 23 06:57:51.321961 np0000005729 devstack@g-api.service[99756]: INFO dbcounter [None req-45063dd2-0841-4f2b-8246-41c700e92a47 None None] Registered counter for database glance
Jul 23 06:57:51.355418 np0000005729 devstack@g-api.service[99755]: DEBUG oslo_db.sqlalchemy.engines [None req-2f0c34c0-7679-4992-a6dc-709871528b88 None None] MySQL server mode set to STRICT_TRANS_TABLES,STRICT_ALL_TABLES,NO_ZERO_IN_DATE,NO_ZERO_DATE,ERROR_FOR_DIVISION_BY_ZERO,TRADITIONAL,NO_ENGINE_SUBSTITUTION {{(pid=99755) _check_effective_sql_mode /opt/stack/data/venv/lib/python3.12/site-packages/oslo_db/sqlalchemy/engines.py:325}}
Jul 23 06:57:51.359179 np0000005729 devstack@g-api.service[99754]: DEBUG oslo_db.sqlalchemy.engines [None req-08a30dbc-ce39-4b26-9d83-a47d50b45821 None None] MySQL server mode set to STRICT_TRANS_TABLES,STRICT_ALL_TABLES,NO_ZERO_IN_DATE,NO_ZERO_DATE,ERROR_FOR_DIVISION_BY_ZERO,TRADITIONAL,NO_ENGINE_SUBSTITUTION {{(pid=99754) _check_effective_sql_mode /opt/stack/data/venv/lib/python3.12/site-packages/oslo_db/sqlalchemy/engines.py:325}}
Jul 23 06:57:51.362182 np0000005729 devstack@g-api.service[99756]: DEBUG oslo_db.sqlalchemy.engines [None req-45063dd2-0841-4f2b-8246-41c700e92a47 None None] MySQL server mode set to STRICT_TRANS_TABLES,STRICT_ALL_TABLES,NO_ZERO_IN_DATE,NO_ZERO_DATE,ERROR_FOR_DIVISION_BY_ZERO,TRADITIONAL,NO_ENGINE_SUBSTITUTION {{(pid=99756) _check_effective_sql_mode /opt/stack/data/venv/lib/python3.12/site-packages/oslo_db/sqlalchemy/engines.py:325}}
Jul 23 06:57:51.378064 np0000005729 devstack@g-api.service[99755]: DEBUG dbcounter [-] [99755] Writer thread running {{(pid=99755) stat_writer /opt/stack/data/venv/lib/python3.12/site-packages/dbcounter.py:102}}
Jul 23 06:57:51.378536 np0000005729 devstack@g-api.service[99754]: DEBUG dbcounter [-] [99754] Writer thread running {{(pid=99754) stat_writer /opt/stack/data/venv/lib/python3.12/site-packages/dbcounter.py:102}}
Jul 23 06:57:51.383559 np0000005729 devstack@g-api.service[99754]: DEBUG glance.image_cache.drivers.centralized_db [None req-08a30dbc-ce39-4b26-9d83-a47d50b45821 None None] Node reference is already recorded, ignoring it {{(pid=99754) configure /opt/stack/glance/glance/image_cache/drivers/centralized_db.py:71}}
Jul 23 06:57:51.384091 np0000005729 devstack@g-api.service[99756]: DEBUG dbcounter [-] [99756] Writer thread running {{(pid=99756) stat_writer /opt/stack/data/venv/lib/python3.12/site-packages/dbcounter.py:102}}
Jul 23 06:57:51.386533 np0000005729 devstack@g-api.service[99756]: DEBUG glance.image_cache.drivers.centralized_db [None req-45063dd2-0841-4f2b-8246-41c700e92a47 None None] Node reference is already recorded, ignoring it {{(pid=99756) configure /opt/stack/glance/glance/image_cache/drivers/centralized_db.py:71}}
Jul 23 06:57:51.394280 np0000005729 devstack@g-api.service[99756]: INFO glance.image_cache [None req-45063dd2-0841-4f2b-8246-41c700e92a47 None None] Image cache loaded driver 'centralized_db'.
Jul 23 06:57:51.471095 np0000005729 devstack@g-api.service[99754]: INFO glance.image_cache [None req-08a30dbc-ce39-4b26-9d83-a47d50b45821 None None] Image cache loaded driver 'centralized_db'.
Jul 23 06:57:51.477735 np0000005729 devstack@g-api.service[99755]: INFO glance.image_cache [None req-2f0c34c0-7679-4992-a6dc-709871528b88 None None] Image cache loaded driver 'centralized_db'.
Jul 23 06:57:51.477960 np0000005729 devstack@g-api.service[99754]: DEBUG glance.image_cache.drivers.centralized_db [None req-08a30dbc-ce39-4b26-9d83-a47d50b45821 None None] Node reference is already recorded, ignoring it {{(pid=99754) configure /opt/stack/glance/glance/image_cache/drivers/centralized_db.py:71}}
Jul 23 06:57:51.482536 np0000005729 devstack@g-api.service[99754]: DEBUG glance.api.v2.cached_images [None req-08a30dbc-ce39-4b26-9d83-a47d50b45821 None None] Started cache worker thread {{(pid=99754) __init__ /opt/stack/glance/glance/api/v2/cached_images.py:71}}
Jul 23 06:57:51.483168 np0000005729 devstack@g-api.service[99754]: INFO glance.image_cache [None req-08a30dbc-ce39-4b26-9d83-a47d50b45821 None None] Image cache loaded driver 'centralized_db'.
Jul 23 06:57:51.485414 np0000005729 devstack@g-api.service[99755]: DEBUG glance.image_cache.drivers.centralized_db [None req-2f0c34c0-7679-4992-a6dc-709871528b88 None None] Node reference is already recorded, ignoring it {{(pid=99755) configure /opt/stack/glance/glance/image_cache/drivers/centralized_db.py:71}}
Jul 23 06:57:51.487485 np0000005729 devstack@g-api.service[99756]: DEBUG glance.image_cache.drivers.centralized_db [None req-45063dd2-0841-4f2b-8246-41c700e92a47 None None] Node reference is already recorded, ignoring it {{(pid=99756) configure /opt/stack/glance/glance/image_cache/drivers/centralized_db.py:71}}
Jul 23 06:57:51.488939 np0000005729 devstack@g-api.service[99754]: DEBUG glance.image_cache.drivers.centralized_db [None req-08a30dbc-ce39-4b26-9d83-a47d50b45821 None None] Node reference is already recorded, ignoring it {{(pid=99754) configure /opt/stack/glance/glance/image_cache/drivers/centralized_db.py:71}}
Jul 23 06:57:51.491602 np0000005729 devstack@g-api.service[99755]: DEBUG glance.api.v2.cached_images [None req-2f0c34c0-7679-4992-a6dc-709871528b88 None None] Started cache worker thread {{(pid=99755) __init__ /opt/stack/glance/glance/api/v2/cached_images.py:71}}
Jul 23 06:57:51.491871 np0000005729 devstack@g-api.service[99756]: DEBUG glance.api.v2.cached_images [None req-45063dd2-0841-4f2b-8246-41c700e92a47 None None] Started cache worker thread {{(pid=99756) __init__ /opt/stack/glance/glance/api/v2/cached_images.py:71}}
Jul 23 06:57:51.492338 np0000005729 devstack@g-api.service[99755]: INFO glance.image_cache [None req-2f0c34c0-7679-4992-a6dc-709871528b88 None None] Image cache loaded driver 'centralized_db'.
Jul 23 06:57:51.492548 np0000005729 devstack@g-api.service[99756]: INFO glance.image_cache [None req-45063dd2-0841-4f2b-8246-41c700e92a47 None None] Image cache loaded driver 'centralized_db'.
Jul 23 06:57:51.492864 np0000005729 devstack@g-api.service[99754]: INFO glance.api.middleware.cache_manage [None req-08a30dbc-ce39-4b26-9d83-a47d50b45821 None None] Initialized image cache management middleware
Jul 23 06:57:51.492989 np0000005729 devstack@g-api.service[99754]: INFO glance.image_cache [None req-08a30dbc-ce39-4b26-9d83-a47d50b45821 None None] Image cache loaded driver 'centralized_db'.
Jul 23 06:57:51.498708 np0000005729 devstack@g-api.service[99756]: DEBUG glance.image_cache.drivers.centralized_db [None req-45063dd2-0841-4f2b-8246-41c700e92a47 None None] Node reference is already recorded, ignoring it {{(pid=99756) configure /opt/stack/glance/glance/image_cache/drivers/centralized_db.py:71}}
Jul 23 06:57:51.499449 np0000005729 devstack@g-api.service[99754]: DEBUG glance.image_cache.drivers.centralized_db [None req-08a30dbc-ce39-4b26-9d83-a47d50b45821 None None] Node reference is already recorded, ignoring it {{(pid=99754) configure /opt/stack/glance/glance/image_cache/drivers/centralized_db.py:71}}
Jul 23 06:57:51.499620 np0000005729 devstack@g-api.service[99755]: DEBUG glance.image_cache.drivers.centralized_db [None req-2f0c34c0-7679-4992-a6dc-709871528b88 None None] Node reference is already recorded, ignoring it {{(pid=99755) configure /opt/stack/glance/glance/image_cache/drivers/centralized_db.py:71}}
Jul 23 06:57:51.502946 np0000005729 devstack@g-api.service[99756]: INFO glance.api.middleware.cache_manage [None req-45063dd2-0841-4f2b-8246-41c700e92a47 None None] Initialized image cache management middleware
Jul 23 06:57:51.503098 np0000005729 devstack@g-api.service[99756]: INFO glance.image_cache [None req-45063dd2-0841-4f2b-8246-41c700e92a47 None None] Image cache loaded driver 'centralized_db'.
Jul 23 06:57:51.503304 np0000005729 devstack@g-api.service[99754]: INFO glance.api.middleware.cache [None req-08a30dbc-ce39-4b26-9d83-a47d50b45821 None None] Initialized image cache middleware
Jul 23 06:57:51.503970 np0000005729 devstack@g-api.service[99755]: INFO glance.api.middleware.cache_manage [None req-2f0c34c0-7679-4992-a6dc-709871528b88 None None] Initialized image cache management middleware
Jul 23 06:57:51.504114 np0000005729 devstack@g-api.service[99755]: INFO glance.image_cache [None req-2f0c34c0-7679-4992-a6dc-709871528b88 None None] Image cache loaded driver 'centralized_db'.
Jul 23 06:57:51.508982 np0000005729 devstack@g-api.service[99756]: DEBUG glance.image_cache.drivers.centralized_db [None req-45063dd2-0841-4f2b-8246-41c700e92a47 None None] Node reference is already recorded, ignoring it {{(pid=99756) configure /opt/stack/glance/glance/image_cache/drivers/centralized_db.py:71}}
Jul 23 06:57:51.509718 np0000005729 devstack@g-api.service[99755]: DEBUG glance.image_cache.drivers.centralized_db [None req-2f0c34c0-7679-4992-a6dc-709871528b88 None None] Node reference is already recorded, ignoring it {{(pid=99755) configure /opt/stack/glance/glance/image_cache/drivers/centralized_db.py:71}}
Jul 23 06:57:51.512347 np0000005729 devstack@g-api.service[99756]: INFO glance.api.middleware.cache [None req-45063dd2-0841-4f2b-8246-41c700e92a47 None None] Initialized image cache middleware
Jul 23 06:57:51.512655 np0000005729 devstack@g-api.service[99754]: DEBUG glance.common.config [None req-08a30dbc-ce39-4b26-9d83-a47d50b45821 None None] ******************************************************************************** {{(pid=99754) log_opt_values /opt/stack/data/venv/lib/python3.12/site-packages/oslo_config/cfg.py:3226}}
Jul 23 06:57:51.512744 np0000005729 devstack@g-api.service[99754]: DEBUG glance.common.config [None req-08a30dbc-ce39-4b26-9d83-a47d50b45821 None None] Configuration options gathered from: {{(pid=99754) log_opt_values /opt/stack/data/venv/lib/python3.12/site-packages/oslo_config/cfg.py:3227}}
Jul 23 06:57:51.513002 np0000005729 devstack@g-api.service[99754]: DEBUG glance.common.config [None req-08a30dbc-ce39-4b26-9d83-a47d50b45821 None None] command line args: [] {{(pid=99754) log_opt_values /opt/stack/data/venv/lib/python3.12/site-packages/oslo_config/cfg.py:3228}}
Jul 23 06:57:51.513126 np0000005729 devstack@g-api.service[99754]: DEBUG glance.common.config [None req-08a30dbc-ce39-4b26-9d83-a47d50b45821 None None] config files: ['/etc/glance/glance-image-import.conf', '/etc/glance/glance-api.conf'] {{(pid=99754) log_opt_values /opt/stack/data/venv/lib/python3.12/site-packages/oslo_config/cfg.py:3229}}
Jul 23 06:57:51.513214 np0000005729 devstack@g-api.service[99754]: DEBUG glance.common.config [None req-08a30dbc-ce39-4b26-9d83-a47d50b45821 None None] ================================================================================ {{(pid=99754) log_opt_values /opt/stack/data/venv/lib/python3.12/site-packages/oslo_config/cfg.py:3234}}
Jul 23 06:57:51.513318 np0000005729 devstack@g-api.service[99754]: DEBUG glance.common.config [None req-08a30dbc-ce39-4b26-9d83-a47d50b45821 None None] allow_anonymous_access = False {{(pid=99754) log_opt_values /opt/stack/data/venv/lib/python3.12/site-packages/oslo_config/cfg.py:3242}}
Jul 23 06:57:51.513418 np0000005729 devstack@g-api.service[99754]: DEBUG glance.common.config [None req-08a30dbc-ce39-4b26-9d83-a47d50b45821 None None] api_limit_max = 1000 {{(pid=99754) log_opt_values /opt/stack/data/venv/lib/python3.12/site-packages/oslo_config/cfg.py:3242}}
Jul 23 06:57:51.513504 np0000005729 devstack@g-api.service[99754]: DEBUG glance.common.config [None req-08a30dbc-ce39-4b26-9d83-a47d50b45821 None None] config_dir = [] {{(pid=99754) log_opt_values /opt/stack/data/venv/lib/python3.12/site-packages/oslo_config/cfg.py:3242}}
Jul 23 06:57:51.513573 np0000005729 devstack@g-api.service[99754]: DEBUG glance.common.config [None req-08a30dbc-ce39-4b26-9d83-a47d50b45821 None None] config_file = ['/etc/glance/glance-image-import.conf', '/etc/glance/glance-api.conf'] {{(pid=99754) log_opt_values /opt/stack/data/venv/lib/python3.12/site-packages/oslo_config/cfg.py:3242}}
Jul 23 06:57:51.513666 np0000005729 devstack@g-api.service[99754]: DEBUG glance.common.config [None req-08a30dbc-ce39-4b26-9d83-a47d50b45821 None None] config_source = [] {{(pid=99754) log_opt_values /opt/stack/data/venv/lib/python3.12/site-packages/oslo_config/cfg.py:3242}}
Jul 23 06:57:51.513779 np0000005729 devstack@g-api.service[99754]: DEBUG glance.common.config [None req-08a30dbc-ce39-4b26-9d83-a47d50b45821 None None] control_exchange = glance {{(pid=99754) log_opt_values /opt/stack/data/venv/lib/python3.12/site-packages/oslo_config/cfg.py:3242}}
Jul 23 06:57:51.513846 np0000005729 devstack@g-api.service[99754]: DEBUG glance.common.config [None req-08a30dbc-ce39-4b26-9d83-a47d50b45821 None None] debug = True {{(pid=99754) log_opt_values /opt/stack/data/venv/lib/python3.12/site-packages/oslo_config/cfg.py:3242}}
Jul 23 06:57:51.514038 np0000005729 devstack@g-api.service[99754]: DEBUG glance.common.config [None req-08a30dbc-ce39-4b26-9d83-a47d50b45821 None None] default_log_levels = ['amqp=WARN', 'boto=WARN', 'sqlalchemy=WARN', 'suds=INFO', 'oslo.messaging=INFO', 'oslo_messaging=INFO', 'iso8601=WARN', 'requests.packages.urllib3.connectionpool=WARN', 'urllib3.connectionpool=WARN', 'websocket=WARN', 'requests.packages.urllib3.util.retry=WARN', 'urllib3.util.retry=WARN', 'keystonemiddleware=WARN', 'routes.middleware=WARN', 'stevedore=WARN', 'taskflow=WARN', 'keystoneauth=WARN', 'oslo.cache=INFO', 'oslo_policy=INFO', 'dogpile.core.dogpile=INFO'] {{(pid=99754) log_opt_values /opt/stack/data/venv/lib/python3.12/site-packages/oslo_config/cfg.py:3242}}
Jul 23 06:57:51.514139 np0000005729 devstack@g-api.service[99755]: INFO glance.api.middleware.cache [None req-2f0c34c0-7679-4992-a6dc-709871528b88 None None] Initialized image cache middleware
Jul 23 06:57:51.514185 np0000005729 devstack@g-api.service[99754]: DEBUG glance.common.config [None req-08a30dbc-ce39-4b26-9d83-a47d50b45821 None None] default_publisher_id = image.localhost {{(pid=99754) log_opt_values /opt/stack/data/venv/lib/python3.12/site-packages/oslo_config/cfg.py:3242}}
Jul 23 06:57:51.514227 np0000005729 devstack@g-api.service[99754]: DEBUG glance.common.config [None req-08a30dbc-ce39-4b26-9d83-a47d50b45821 None None] delayed_delete = False {{(pid=99754) log_opt_values /opt/stack/data/venv/lib/python3.12/site-packages/oslo_config/cfg.py:3242}}
Jul 23 06:57:51.514305 np0000005729 devstack@g-api.service[99754]: DEBUG glance.common.config [None req-08a30dbc-ce39-4b26-9d83-a47d50b45821 None None] digest_algorithm = sha256 {{(pid=99754) log_opt_values /opt/stack/data/venv/lib/python3.12/site-packages/oslo_config/cfg.py:3242}}
Jul 23 06:57:51.514393 np0000005729 devstack@g-api.service[99754]: DEBUG glance.common.config [None req-08a30dbc-ce39-4b26-9d83-a47d50b45821 None None] disabled_notifications = [] {{(pid=99754) log_opt_values /opt/stack/data/venv/lib/python3.12/site-packages/oslo_config/cfg.py:3242}}
Jul 23 06:57:51.514480 np0000005729 devstack@g-api.service[99754]: DEBUG glance.common.config [None req-08a30dbc-ce39-4b26-9d83-a47d50b45821 None None] do_secure_hash = True {{(pid=99754) log_opt_values /opt/stack/data/venv/lib/python3.12/site-packages/oslo_config/cfg.py:3242}}
Jul 23 06:57:51.514575 np0000005729 devstack@g-api.service[99754]: DEBUG glance.common.config [None req-08a30dbc-ce39-4b26-9d83-a47d50b45821 None None] enabled_backends = None {{(pid=99754) log_opt_values /opt/stack/data/venv/lib/python3.12/site-packages/oslo_config/cfg.py:3242}}
Jul 23 06:57:51.514680 np0000005729 devstack@g-api.service[99754]: DEBUG glance.common.config [None req-08a30dbc-ce39-4b26-9d83-a47d50b45821 None None] enabled_import_methods = ['glance-direct', 'web-download', 'copy-image'] {{(pid=99754) log_opt_values /opt/stack/data/venv/lib/python3.12/site-packages/oslo_config/cfg.py:3242}}
Jul 23 06:57:51.514789 np0000005729 devstack@g-api.service[99754]: DEBUG glance.common.config [None req-08a30dbc-ce39-4b26-9d83-a47d50b45821 None None] fatal_deprecations = False {{(pid=99754) log_opt_values /opt/stack/data/venv/lib/python3.12/site-packages/oslo_config/cfg.py:3242}}
Jul 23 06:57:51.514886 np0000005729 devstack@g-api.service[99754]: DEBUG glance.common.config [None req-08a30dbc-ce39-4b26-9d83-a47d50b45821 None None] hashing_algorithm = sha512 {{(pid=99754) log_opt_values /opt/stack/data/venv/lib/python3.12/site-packages/oslo_config/cfg.py:3242}}
Jul 23 06:57:51.514984 np0000005729 devstack@g-api.service[99754]: DEBUG glance.common.config [None req-08a30dbc-ce39-4b26-9d83-a47d50b45821 None None] http_retries = 3 {{(pid=99754) log_opt_values /opt/stack/data/venv/lib/python3.12/site-packages/oslo_config/cfg.py:3242}}
Jul 23 06:57:51.515076 np0000005729 devstack@g-api.service[99754]: DEBUG glance.common.config [None req-08a30dbc-ce39-4b26-9d83-a47d50b45821 None None] image_cache_dir = /opt/stack/data/glance/cache/ {{(pid=99754) log_opt_values /opt/stack/data/venv/lib/python3.12/site-packages/oslo_config/cfg.py:3242}}
Jul 23 06:57:51.515166 np0000005729 devstack@g-api.service[99754]: DEBUG glance.common.config [None req-08a30dbc-ce39-4b26-9d83-a47d50b45821 None None] image_cache_driver = centralized_db {{(pid=99754) log_opt_values /opt/stack/data/venv/lib/python3.12/site-packages/oslo_config/cfg.py:3242}}
Jul 23 06:57:51.515265 np0000005729 devstack@g-api.service[99754]: DEBUG glance.common.config [None req-08a30dbc-ce39-4b26-9d83-a47d50b45821 None None] image_cache_max_size = 10737418240 {{(pid=99754) log_opt_values /opt/stack/data/venv/lib/python3.12/site-packages/oslo_config/cfg.py:3242}}
Jul 23 06:57:51.515359 np0000005729 devstack@g-api.service[99754]: DEBUG glance.common.config [None req-08a30dbc-ce39-4b26-9d83-a47d50b45821 None None] image_cache_sqlite_db = cache.db {{(pid=99754) log_opt_values /opt/stack/data/venv/lib/python3.12/site-packages/oslo_config/cfg.py:3242}}
Jul 23 06:57:51.515445 np0000005729 devstack@g-api.service[99754]: DEBUG glance.common.config [None req-08a30dbc-ce39-4b26-9d83-a47d50b45821 None None] image_cache_stall_time = 86400 {{(pid=99754) log_opt_values /opt/stack/data/venv/lib/python3.12/site-packages/oslo_config/cfg.py:3242}}
Jul 23 06:57:51.515531 np0000005729 devstack@g-api.service[99754]: DEBUG glance.common.config [None req-08a30dbc-ce39-4b26-9d83-a47d50b45821 None None] image_location_quota = 10 {{(pid=99754) log_opt_values /opt/stack/data/venv/lib/python3.12/site-packages/oslo_config/cfg.py:3242}}
Jul 23 06:57:51.515617 np0000005729 devstack@g-api.service[99754]: DEBUG glance.common.config [None req-08a30dbc-ce39-4b26-9d83-a47d50b45821 None None] image_member_quota = 128 {{(pid=99754) log_opt_values /opt/stack/data/venv/lib/python3.12/site-packages/oslo_config/cfg.py:3242}}
Jul 23 06:57:51.515782 np0000005729 devstack@g-api.service[99754]: DEBUG glance.common.config [None req-08a30dbc-ce39-4b26-9d83-a47d50b45821 None None] image_property_quota = 128 {{(pid=99754) log_opt_values /opt/stack/data/venv/lib/python3.12/site-packages/oslo_config/cfg.py:3242}}
Jul 23 06:57:51.515841 np0000005729 devstack@g-api.service[99754]: DEBUG glance.common.config [None req-08a30dbc-ce39-4b26-9d83-a47d50b45821 None None] image_size_cap = 1099511627776 {{(pid=99754) log_opt_values /opt/stack/data/venv/lib/python3.12/site-packages/oslo_config/cfg.py:3242}}
Jul 23 06:57:51.515896 np0000005729 devstack@g-api.service[99754]: DEBUG glance.common.config [None req-08a30dbc-ce39-4b26-9d83-a47d50b45821 None None] image_tag_quota = 128 {{(pid=99754) log_opt_values /opt/stack/data/venv/lib/python3.12/site-packages/oslo_config/cfg.py:3242}}
Jul 23 06:57:51.516012 np0000005729 devstack@g-api.service[99754]: DEBUG glance.common.config [None req-08a30dbc-ce39-4b26-9d83-a47d50b45821 None None] instance_format = [instance: %(uuid)s] {{(pid=99754) log_opt_values /opt/stack/data/venv/lib/python3.12/site-packages/oslo_config/cfg.py:3242}}
Jul 23 06:57:51.516095 np0000005729 devstack@g-api.service[99754]: DEBUG glance.common.config [None req-08a30dbc-ce39-4b26-9d83-a47d50b45821 None None] instance_uuid_format = [instance: %(uuid)s] {{(pid=99754) log_opt_values /opt/stack/data/venv/lib/python3.12/site-packages/oslo_config/cfg.py:3242}}
Jul 23 06:57:51.516181 np0000005729 devstack@g-api.service[99754]: DEBUG glance.common.config [None req-08a30dbc-ce39-4b26-9d83-a47d50b45821 None None] limit_param_default = 25 {{(pid=99754) log_opt_values /opt/stack/data/venv/lib/python3.12/site-packages/oslo_config/cfg.py:3242}}
Jul 23 06:57:51.516284 np0000005729 devstack@g-api.service[99754]: DEBUG glance.common.config [None req-08a30dbc-ce39-4b26-9d83-a47d50b45821 None None] log_color = False {{(pid=99754) log_opt_values /opt/stack/data/venv/lib/python3.12/site-packages/oslo_config/cfg.py:3242}}
Jul 23 06:57:51.516376 np0000005729 devstack@g-api.service[99754]: DEBUG glance.common.config [None req-08a30dbc-ce39-4b26-9d83-a47d50b45821 None None] log_config_append = None {{(pid=99754) log_opt_values /opt/stack/data/venv/lib/python3.12/site-packages/oslo_config/cfg.py:3242}}
Jul 23 06:57:51.516467 np0000005729 devstack@g-api.service[99754]: DEBUG glance.common.config [None req-08a30dbc-ce39-4b26-9d83-a47d50b45821 None None] log_date_format = %Y-%m-%d %H:%M:%S {{(pid=99754) log_opt_values /opt/stack/data/venv/lib/python3.12/site-packages/oslo_config/cfg.py:3242}}
Jul 23 06:57:51.516552 np0000005729 devstack@g-api.service[99754]: DEBUG glance.common.config [None req-08a30dbc-ce39-4b26-9d83-a47d50b45821 None None] log_dir = None {{(pid=99754) log_opt_values /opt/stack/data/venv/lib/python3.12/site-packages/oslo_config/cfg.py:3242}}
Jul 23 06:57:51.516637 np0000005729 devstack@g-api.service[99754]: DEBUG glance.common.config [None req-08a30dbc-ce39-4b26-9d83-a47d50b45821 None None] log_file = None {{(pid=99754) log_opt_values /opt/stack/data/venv/lib/python3.12/site-packages/oslo_config/cfg.py:3242}}
Jul 23 06:57:51.516744 np0000005729 devstack@g-api.service[99754]: DEBUG glance.common.config [None req-08a30dbc-ce39-4b26-9d83-a47d50b45821 None None] log_rotate_interval = 1 {{(pid=99754) log_opt_values /opt/stack/data/venv/lib/python3.12/site-packages/oslo_config/cfg.py:3242}}
Jul 23 06:57:51.516836 np0000005729 devstack@g-api.service[99754]: DEBUG glance.common.config [None req-08a30dbc-ce39-4b26-9d83-a47d50b45821 None None] log_rotate_interval_type = days {{(pid=99754) log_opt_values /opt/stack/data/venv/lib/python3.12/site-packages/oslo_config/cfg.py:3242}}
Jul 23 06:57:51.516939 np0000005729 devstack@g-api.service[99754]: DEBUG glance.common.config [None req-08a30dbc-ce39-4b26-9d83-a47d50b45821 None None] log_rotation_type = none {{(pid=99754) log_opt_values /opt/stack/data/venv/lib/python3.12/site-packages/oslo_config/cfg.py:3242}}
Jul 23 06:57:51.517016 np0000005729 devstack@g-api.service[99754]: DEBUG glance.common.config [None req-08a30dbc-ce39-4b26-9d83-a47d50b45821 None None] logging_context_format_string = %(color)s%(levelname)s %(name)s [%(global_request_id)s %(request_id)s %(project_name)s %(user_name)s%(color)s] %(instance)s%(color)s%(message)s {{(pid=99754) log_opt_values /opt/stack/data/venv/lib/python3.12/site-packages/oslo_config/cfg.py:3242}}
Jul 23 06:57:51.517084 np0000005729 devstack@g-api.service[99754]: DEBUG glance.common.config [None req-08a30dbc-ce39-4b26-9d83-a47d50b45821 None None] logging_debug_format_suffix = {{(pid=%(process)d) %(funcName)s %(pathname)s:%(lineno)d}} {{(pid=99754) log_opt_values /opt/stack/data/venv/lib/python3.12/site-packages/oslo_config/cfg.py:3242}}
Jul 23 06:57:51.517179 np0000005729 devstack@g-api.service[99754]: DEBUG glance.common.config [None req-08a30dbc-ce39-4b26-9d83-a47d50b45821 None None] logging_default_format_string = %(color)s%(levelname)s %(name)s [-%(color)s] %(instance)s%(color)s%(message)s {{(pid=99754) log_opt_values /opt/stack/data/venv/lib/python3.12/site-packages/oslo_config/cfg.py:3242}}
Jul 23 06:57:51.517281 np0000005729 devstack@g-api.service[99754]: DEBUG glance.common.config [None req-08a30dbc-ce39-4b26-9d83-a47d50b45821 None None] logging_exception_prefix = ERROR %(name)s %(instance)s {{(pid=99754) log_opt_values /opt/stack/data/venv/lib/python3.12/site-packages/oslo_config/cfg.py:3242}}
Jul 23 06:57:51.517349 np0000005729 devstack@g-api.service[99754]: DEBUG glance.common.config [None req-08a30dbc-ce39-4b26-9d83-a47d50b45821 None None] logging_user_identity_format = %(user)s %(project)s %(domain)s %(system_scope)s %(user_domain)s %(project_domain)s {{(pid=99754) log_opt_values /opt/stack/data/venv/lib/python3.12/site-packages/oslo_config/cfg.py:3242}}
Jul 23 06:57:51.517435 np0000005729 devstack@g-api.service[99754]: DEBUG glance.common.config [None req-08a30dbc-ce39-4b26-9d83-a47d50b45821 None None] max_logfile_count = 30 {{(pid=99754) log_opt_values /opt/stack/data/venv/lib/python3.12/site-packages/oslo_config/cfg.py:3242}}
Jul 23 06:57:51.517520 np0000005729 devstack@g-api.service[99754]: DEBUG glance.common.config [None req-08a30dbc-ce39-4b26-9d83-a47d50b45821 None None] max_logfile_size_mb = 200 {{(pid=99754) log_opt_values /opt/stack/data/venv/lib/python3.12/site-packages/oslo_config/cfg.py:3242}}
Jul 23 06:57:51.517604 np0000005729 devstack@g-api.service[99754]: DEBUG glance.common.config [None req-08a30dbc-ce39-4b26-9d83-a47d50b45821 None None] max_request_id_length = 64 {{(pid=99754) log_opt_values /opt/stack/data/venv/lib/python3.12/site-packages/oslo_config/cfg.py:3242}}
Jul 23 06:57:51.517704 np0000005729 devstack@g-api.service[99754]: DEBUG glance.common.config [None req-08a30dbc-ce39-4b26-9d83-a47d50b45821 None None] metadata_encryption_key = **** {{(pid=99754) log_opt_values /opt/stack/data/venv/lib/python3.12/site-packages/oslo_config/cfg.py:3242}}
Jul 23 06:57:51.517798 np0000005729 devstack@g-api.service[99754]: DEBUG glance.common.config [None req-08a30dbc-ce39-4b26-9d83-a47d50b45821 None None] node_staging_uri = file:///tmp/staging/ {{(pid=99754) log_opt_values /opt/stack/data/venv/lib/python3.12/site-packages/oslo_config/cfg.py:3242}}
Jul 23 06:57:51.517881 np0000005729 devstack@g-api.service[99754]: DEBUG glance.common.config [None req-08a30dbc-ce39-4b26-9d83-a47d50b45821 None None] property_protection_file = None {{(pid=99754) log_opt_values /opt/stack/data/venv/lib/python3.12/site-packages/oslo_config/cfg.py:3242}}
Jul 23 06:57:51.517985 np0000005729 devstack@g-api.service[99754]: DEBUG glance.common.config [None req-08a30dbc-ce39-4b26-9d83-a47d50b45821 None None] property_protection_rule_format = roles {{(pid=99754) log_opt_values /opt/stack/data/venv/lib/python3.12/site-packages/oslo_config/cfg.py:3242}}
Jul 23 06:57:51.518077 np0000005729 devstack@g-api.service[99754]: DEBUG glance.common.config [None req-08a30dbc-ce39-4b26-9d83-a47d50b45821 None None] public_endpoint = https://10.4.3.96/image {{(pid=99754) log_opt_values /opt/stack/data/venv/lib/python3.12/site-packages/oslo_config/cfg.py:3242}}
Jul 23 06:57:51.518162 np0000005729 devstack@g-api.service[99754]: DEBUG glance.common.config [None req-08a30dbc-ce39-4b26-9d83-a47d50b45821 None None] publish_errors = False {{(pid=99754) log_opt_values /opt/stack/data/venv/lib/python3.12/site-packages/oslo_config/cfg.py:3242}}
Jul 23 06:57:51.518257 np0000005729 devstack@g-api.service[99754]: DEBUG glance.common.config [None req-08a30dbc-ce39-4b26-9d83-a47d50b45821 None None] pydev_worker_debug_host = None {{(pid=99754) log_opt_values /opt/stack/data/venv/lib/python3.12/site-packages/oslo_config/cfg.py:3242}}
Jul 23 06:57:51.518348 np0000005729 devstack@g-api.service[99754]: DEBUG glance.common.config [None req-08a30dbc-ce39-4b26-9d83-a47d50b45821 None None] pydev_worker_debug_port = 5678 {{(pid=99754) log_opt_values /opt/stack/data/venv/lib/python3.12/site-packages/oslo_config/cfg.py:3242}}
Jul 23 06:57:51.518433 np0000005729 devstack@g-api.service[99754]: DEBUG glance.common.config [None req-08a30dbc-ce39-4b26-9d83-a47d50b45821 None None] rate_limit_burst = 0 {{(pid=99754) log_opt_values /opt/stack/data/venv/lib/python3.12/site-packages/oslo_config/cfg.py:3242}}
Jul 23 06:57:51.518521 np0000005729 devstack@g-api.service[99754]: DEBUG glance.common.config [None req-08a30dbc-ce39-4b26-9d83-a47d50b45821 None None] rate_limit_except_level = CRITICAL {{(pid=99754) log_opt_values /opt/stack/data/venv/lib/python3.12/site-packages/oslo_config/cfg.py:3242}}
Jul 23 06:57:51.518604 np0000005729 devstack@g-api.service[99754]: DEBUG glance.common.config [None req-08a30dbc-ce39-4b26-9d83-a47d50b45821 None None] rate_limit_interval = 0 {{(pid=99754) log_opt_values /opt/stack/data/venv/lib/python3.12/site-packages/oslo_config/cfg.py:3242}}
Jul 23 06:57:51.518696 np0000005729 devstack@g-api.service[99754]: DEBUG glance.common.config [None req-08a30dbc-ce39-4b26-9d83-a47d50b45821 None None] scrub_pool_size = 1 {{(pid=99754) log_opt_values /opt/stack/data/venv/lib/python3.12/site-packages/oslo_config/cfg.py:3242}}
Jul 23 06:57:51.518789 np0000005729 devstack@g-api.service[99754]: DEBUG glance.common.config [None req-08a30dbc-ce39-4b26-9d83-a47d50b45821 None None] scrub_time = 0 {{(pid=99754) log_opt_values /opt/stack/data/venv/lib/python3.12/site-packages/oslo_config/cfg.py:3242}}
Jul 23 06:57:51.518871 np0000005729 devstack@g-api.service[99754]: DEBUG glance.common.config [None req-08a30dbc-ce39-4b26-9d83-a47d50b45821 None None] shell_completion = None {{(pid=99754) log_opt_values /opt/stack/data/venv/lib/python3.12/site-packages/oslo_config/cfg.py:3242}}
Jul 23 06:57:51.518972 np0000005729 devstack@g-api.service[99754]: DEBUG glance.common.config [None req-08a30dbc-ce39-4b26-9d83-a47d50b45821 None None] show_image_direct_url = False {{(pid=99754) log_opt_values /opt/stack/data/venv/lib/python3.12/site-packages/oslo_config/cfg.py:3242}}
Jul 23 06:57:51.519163 np0000005729 devstack@g-api.service[99754]: WARNING oslo_config.cfg [None req-08a30dbc-ce39-4b26-9d83-a47d50b45821 None None] Deprecated: Option "show_multiple_locations" from group "DEFAULT" is deprecated for removal (Use of this option, deprecated since Newton, is a security risk and will be removed once we figure out a way to satisfy those use cases that currently require it. An earlier announcement that the same functionality can be achieved with greater granularity by using policies is incorrect. You cannot work around this option via policy configuration at the present time, though that is the direction we believe the fix will take. Please keep an eye on the Glance release notes to stay up to date on progress in addressing this issue.). Its value may be silently ignored in the future.
Jul 23 06:57:51.519276 np0000005729 devstack@g-api.service[99754]: DEBUG glance.common.config [None req-08a30dbc-ce39-4b26-9d83-a47d50b45821 None None] show_multiple_locations = False {{(pid=99754) log_opt_values /opt/stack/data/venv/lib/python3.12/site-packages/oslo_config/cfg.py:3242}}
Jul 23 06:57:51.519370 np0000005729 devstack@g-api.service[99754]: DEBUG glance.common.config [None req-08a30dbc-ce39-4b26-9d83-a47d50b45821 None None] syslog_log_facility = LOG_USER {{(pid=99754) log_opt_values /opt/stack/data/venv/lib/python3.12/site-packages/oslo_config/cfg.py:3242}}
Jul 23 06:57:51.519459 np0000005729 devstack@g-api.service[99754]: DEBUG glance.common.config [None req-08a30dbc-ce39-4b26-9d83-a47d50b45821 None None] transport_url = **** {{(pid=99754) log_opt_values /opt/stack/data/venv/lib/python3.12/site-packages/oslo_config/cfg.py:3242}}
Jul 23 06:57:51.519545 np0000005729 devstack@g-api.service[99754]: DEBUG glance.common.config [None req-08a30dbc-ce39-4b26-9d83-a47d50b45821 None None] use_journal = False {{(pid=99754) log_opt_values /opt/stack/data/venv/lib/python3.12/site-packages/oslo_config/cfg.py:3242}}
Jul 23 06:57:51.519630 np0000005729 devstack@g-api.service[99754]: DEBUG glance.common.config [None req-08a30dbc-ce39-4b26-9d83-a47d50b45821 None None] use_json = False {{(pid=99754) log_opt_values /opt/stack/data/venv/lib/python3.12/site-packages/oslo_config/cfg.py:3242}}
Jul 23 06:57:51.519738 np0000005729 devstack@g-api.service[99754]: DEBUG glance.common.config [None req-08a30dbc-ce39-4b26-9d83-a47d50b45821 None None] use_keystone_limits = True {{(pid=99754) log_opt_values /opt/stack/data/venv/lib/python3.12/site-packages/oslo_config/cfg.py:3242}}
Jul 23 06:57:51.519822 np0000005729 devstack@g-api.service[99754]: DEBUG glance.common.config [None req-08a30dbc-ce39-4b26-9d83-a47d50b45821 None None] use_stderr = False {{(pid=99754) log_opt_values /opt/stack/data/venv/lib/python3.12/site-packages/oslo_config/cfg.py:3242}}
Jul 23 06:57:51.519910 np0000005729 devstack@g-api.service[99754]: DEBUG glance.common.config [None req-08a30dbc-ce39-4b26-9d83-a47d50b45821 None None] use_syslog = False {{(pid=99754) log_opt_values /opt/stack/data/venv/lib/python3.12/site-packages/oslo_config/cfg.py:3242}}
Jul 23 06:57:51.520012 np0000005729 devstack@g-api.service[99754]: DEBUG glance.common.config [None req-08a30dbc-ce39-4b26-9d83-a47d50b45821 None None] user_storage_quota = 0 {{(pid=99754) log_opt_values /opt/stack/data/venv/lib/python3.12/site-packages/oslo_config/cfg.py:3242}}
Jul 23 06:57:51.520104 np0000005729 devstack@g-api.service[99754]: DEBUG glance.common.config [None req-08a30dbc-ce39-4b26-9d83-a47d50b45821 None None] worker_self_reference_url = http://127.0.0.1:60999 {{(pid=99754) log_opt_values /opt/stack/data/venv/lib/python3.12/site-packages/oslo_config/cfg.py:3242}}
Jul 23 06:57:51.520210 np0000005729 devstack@g-api.service[99754]: DEBUG glance.common.config [None req-08a30dbc-ce39-4b26-9d83-a47d50b45821 None None] oslo_concurrency.disable_process_locking = False {{(pid=99754) log_opt_values /opt/stack/data/venv/lib/python3.12/site-packages/oslo_config/cfg.py:3253}}
Jul 23 06:57:51.520305 np0000005729 devstack@g-api.service[99754]: DEBUG glance.common.config [None req-08a30dbc-ce39-4b26-9d83-a47d50b45821 None None] oslo_concurrency.lock_path = /opt/stack/data/glance/locks {{(pid=99754) log_opt_values /opt/stack/data/venv/lib/python3.12/site-packages/oslo_config/cfg.py:3253}}
Jul 23 06:57:51.520396 np0000005729 devstack@g-api.service[99754]: DEBUG glance.common.config [None req-08a30dbc-ce39-4b26-9d83-a47d50b45821 None None] oslo_middleware.enable_proxy_headers_parsing = False {{(pid=99754) log_opt_values /opt/stack/data/venv/lib/python3.12/site-packages/oslo_config/cfg.py:3253}}
Jul 23 06:57:51.520488 np0000005729 devstack@g-api.service[99754]: DEBUG glance.common.config [None req-08a30dbc-ce39-4b26-9d83-a47d50b45821 None None] oslo_middleware.http_basic_auth_user_file = /etc/htpasswd {{(pid=99754) log_opt_values /opt/stack/data/venv/lib/python3.12/site-packages/oslo_config/cfg.py:3253}}
Jul 23 06:57:51.520577 np0000005729 devstack@g-api.service[99754]: DEBUG glance.common.config [None req-08a30dbc-ce39-4b26-9d83-a47d50b45821 None None] paste_deploy.config_file = None {{(pid=99754) log_opt_values /opt/stack/data/venv/lib/python3.12/site-packages/oslo_config/cfg.py:3253}}
Jul 23 06:57:51.520667 np0000005729 devstack@g-api.service[99754]: DEBUG glance.common.config [None req-08a30dbc-ce39-4b26-9d83-a47d50b45821 None None] paste_deploy.flavor = keystone+cachemanagement {{(pid=99754) log_opt_values /opt/stack/data/venv/lib/python3.12/site-packages/oslo_config/cfg.py:3253}}
Jul 23 06:57:51.520830 np0000005729 devstack@g-api.service[99754]: DEBUG glance.common.config [None req-08a30dbc-ce39-4b26-9d83-a47d50b45821 None None] image_format.container_formats = ['ami', 'ari', 'aki', 'bare', 'ovf', 'ova', 'docker', 'compressed'] {{(pid=99754) log_opt_values /opt/stack/data/venv/lib/python3.12/site-packages/oslo_config/cfg.py:3253}}
Jul 23 06:57:51.520958 np0000005729 devstack@g-api.service[99754]: DEBUG glance.common.config [None req-08a30dbc-ce39-4b26-9d83-a47d50b45821 None None] image_format.disk_formats = ['ami', 'ari', 'aki', 'vhd', 'vhdx', 'vmdk', 'raw', 'qcow2', 'vdi', 'iso', 'ploop'] {{(pid=99754) log_opt_values /opt/stack/data/venv/lib/python3.12/site-packages/oslo_config/cfg.py:3253}}
Jul 23 06:57:51.521087 np0000005729 devstack@g-api.service[99754]: DEBUG glance.common.config [None req-08a30dbc-ce39-4b26-9d83-a47d50b45821 None None] image_format.gpt_safety_checks_nonfatal = [] {{(pid=99754) log_opt_values /opt/stack/data/venv/lib/python3.12/site-packages/oslo_config/cfg.py:3253}}
Jul 23 06:57:51.521185 np0000005729 devstack@g-api.service[99754]: DEBUG glance.common.config [None req-08a30dbc-ce39-4b26-9d83-a47d50b45821 None None] image_format.require_image_format_match = True {{(pid=99754) log_opt_values /opt/stack/data/venv/lib/python3.12/site-packages/oslo_config/cfg.py:3253}}
Jul 23 06:57:51.521295 np0000005729 devstack@g-api.service[99754]: DEBUG glance.common.config [None req-08a30dbc-ce39-4b26-9d83-a47d50b45821 None None] image_format.vmdk_allowed_types = ['streamOptimized', 'monolithicSparse'] {{(pid=99754) log_opt_values /opt/stack/data/venv/lib/python3.12/site-packages/oslo_config/cfg.py:3253}}
Jul 23 06:57:51.521394 np0000005729 devstack@g-api.service[99754]: DEBUG glance.common.config [None req-08a30dbc-ce39-4b26-9d83-a47d50b45821 None None] task.task_executor = taskflow {{(pid=99754) log_opt_values /opt/stack/data/venv/lib/python3.12/site-packages/oslo_config/cfg.py:3253}}
Jul 23 06:57:51.521484 np0000005729 devstack@g-api.service[99754]: DEBUG glance.common.config [None req-08a30dbc-ce39-4b26-9d83-a47d50b45821 None None] task.task_time_to_live = 48 {{(pid=99754) log_opt_values /opt/stack/data/venv/lib/python3.12/site-packages/oslo_config/cfg.py:3253}}
Jul 23 06:57:51.521567 np0000005729 devstack@g-api.service[99754]: DEBUG glance.common.config [None req-08a30dbc-ce39-4b26-9d83-a47d50b45821 None None] task.work_dir = None {{(pid=99754) log_opt_values /opt/stack/data/venv/lib/python3.12/site-packages/oslo_config/cfg.py:3253}}
Jul 23 06:57:51.521662 np0000005729 devstack@g-api.service[99754]: DEBUG glance.common.config [None req-08a30dbc-ce39-4b26-9d83-a47d50b45821 None None] wsgi.python_interpreter = /opt/stack/data/venv/bin/python3 {{(pid=99754) log_opt_values /opt/stack/data/venv/lib/python3.12/site-packages/oslo_config/cfg.py:3253}}
Jul 23 06:57:51.521767 np0000005729 devstack@g-api.service[99754]: DEBUG glance.common.config [None req-08a30dbc-ce39-4b26-9d83-a47d50b45821 None None] wsgi.task_pool_threads = 16 {{(pid=99754) log_opt_values /opt/stack/data/venv/lib/python3.12/site-packages/oslo_config/cfg.py:3253}}
Jul 23 06:57:51.521862 np0000005729 devstack@g-api.service[99754]: DEBUG glance.common.config [None req-08a30dbc-ce39-4b26-9d83-a47d50b45821 None None] import_filtering_opts.allowed_hosts = [] {{(pid=99754) log_opt_values /opt/stack/data/venv/lib/python3.12/site-packages/oslo_config/cfg.py:3253}}
Jul 23 06:57:51.521954 np0000005729 devstack@g-api.service[99754]: DEBUG glance.common.config [None req-08a30dbc-ce39-4b26-9d83-a47d50b45821 None None] import_filtering_opts.allowed_ports = [80, 443] {{(pid=99754) log_opt_values /opt/stack/data/venv/lib/python3.12/site-packages/oslo_config/cfg.py:3253}}
Jul 23 06:57:51.522072 np0000005729 devstack@g-api.service[99754]: DEBUG glance.common.config [None req-08a30dbc-ce39-4b26-9d83-a47d50b45821 None None] import_filtering_opts.allowed_schemes = ['http', 'https'] {{(pid=99754) log_opt_values /opt/stack/data/venv/lib/python3.12/site-packages/oslo_config/cfg.py:3253}}
Jul 23 06:57:51.522161 np0000005729 devstack@g-api.service[99754]: DEBUG glance.common.config [None req-08a30dbc-ce39-4b26-9d83-a47d50b45821 None None] import_filtering_opts.disallowed_hosts = [] {{(pid=99754) log_opt_values /opt/stack/data/venv/lib/python3.12/site-packages/oslo_config/cfg.py:3253}}
Jul 23 06:57:51.522257 np0000005729 devstack@g-api.service[99754]: DEBUG glance.common.config [None req-08a30dbc-ce39-4b26-9d83-a47d50b45821 None None] import_filtering_opts.disallowed_ports = [] {{(pid=99754) log_opt_values /opt/stack/data/venv/lib/python3.12/site-packages/oslo_config/cfg.py:3253}}
Jul 23 06:57:51.522342 np0000005729 devstack@g-api.service[99754]: DEBUG glance.common.config [None req-08a30dbc-ce39-4b26-9d83-a47d50b45821 None None] import_filtering_opts.disallowed_schemes = [] {{(pid=99754) log_opt_values /opt/stack/data/venv/lib/python3.12/site-packages/oslo_config/cfg.py:3253}}
