Jul 23 06:57:28.806806 np0000005729 nova-scheduler[93449]: DEBUG cotyledon.oslo_config_glue [-] oslo_messaging_rabbit.rabbit_quorum_max_memory_bytes = 0 {{(pid=93449) log_opt_values /opt/stack/data/venv/lib/python3.12/site-packages/oslo_config/cfg.py:3253}}
Jul 23 06:57:28.806806 np0000005729 nova-scheduler[93449]: DEBUG cotyledon.oslo_config_glue [-] oslo_messaging_rabbit.rabbit_quorum_max_memory_length = 0 {{(pid=93449) log_opt_values /opt/stack/data/venv/lib/python3.12/site-packages/oslo_config/cfg.py:3253}}
Jul 23 06:57:28.806806 np0000005729 nova-scheduler[93449]: DEBUG cotyledon.oslo_config_glue [-] oslo_messaging_rabbit.rabbit_quorum_queue = False {{(pid=93449) log_opt_values /opt/stack/data/venv/lib/python3.12/site-packages/oslo_config/cfg.py:3253}}
Jul 23 06:57:28.806806 np0000005729 nova-scheduler[93449]: DEBUG cotyledon.oslo_config_glue [-] oslo_messaging_rabbit.rabbit_retry_backoff = 2 {{(pid=93449) log_opt_values /opt/stack/data/venv/lib/python3.12/site-packages/oslo_config/cfg.py:3253}}
Jul 23 06:57:28.806806 np0000005729 nova-scheduler[93449]: DEBUG cotyledon.oslo_config_glue [-] oslo_messaging_rabbit.rabbit_retry_interval = 1 {{(pid=93449) log_opt_values /opt/stack/data/venv/lib/python3.12/site-packages/oslo_config/cfg.py:3253}}
Jul 23 06:57:28.806806 np0000005729 nova-scheduler[93449]: DEBUG cotyledon.oslo_config_glue [-] oslo_messaging_rabbit.rabbit_stream_fanout = False {{(pid=93449) log_opt_values /opt/stack/data/venv/lib/python3.12/site-packages/oslo_config/cfg.py:3253}}
Jul 23 06:57:28.806977 np0000005729 nova-scheduler[93449]: DEBUG cotyledon.oslo_config_glue [-] oslo_messaging_rabbit.rabbit_transient_queues_ttl = 1800 {{(pid=93449) log_opt_values /opt/stack/data/venv/lib/python3.12/site-packages/oslo_config/cfg.py:3253}}
Jul 23 06:57:28.806977 np0000005729 nova-scheduler[93449]: DEBUG cotyledon.oslo_config_glue [-] oslo_messaging_rabbit.rabbit_transient_quorum_queue = False {{(pid=93449) log_opt_values /opt/stack/data/venv/lib/python3.12/site-packages/oslo_config/cfg.py:3253}}
Jul 23 06:57:28.806977 np0000005729 nova-scheduler[93449]: DEBUG cotyledon.oslo_config_glue [-] oslo_messaging_rabbit.rpc_conn_pool_size = 30 {{(pid=93449) log_opt_values /opt/stack/data/venv/lib/python3.12/site-packages/oslo_config/cfg.py:3253}}
Jul 23 06:57:28.806977 np0000005729 nova-scheduler[93449]: DEBUG cotyledon.oslo_config_glue [-] oslo_messaging_rabbit.ssl = False {{(pid=93449) log_opt_values /opt/stack/data/venv/lib/python3.12/site-packages/oslo_config/cfg.py:3253}}
Jul 23 06:57:28.806977 np0000005729 nova-scheduler[93449]: DEBUG cotyledon.oslo_config_glue [-] oslo_messaging_rabbit.ssl_ca_file = {{(pid=93449) log_opt_values /opt/stack/data/venv/lib/python3.12/site-packages/oslo_config/cfg.py:3253}}
Jul 23 06:57:28.806977 np0000005729 nova-scheduler[93449]: DEBUG cotyledon.oslo_config_glue [-] oslo_messaging_rabbit.ssl_cert_file = {{(pid=93449) log_opt_values /opt/stack/data/venv/lib/python3.12/site-packages/oslo_config/cfg.py:3253}}
Jul 23 06:57:28.806977 np0000005729 nova-scheduler[93449]: DEBUG cotyledon.oslo_config_glue [-] oslo_messaging_rabbit.ssl_enforce_fips_mode = False {{(pid=93449) log_opt_values /opt/stack/data/venv/lib/python3.12/site-packages/oslo_config/cfg.py:3253}}
Jul 23 06:57:28.806977 np0000005729 nova-scheduler[93449]: DEBUG cotyledon.oslo_config_glue [-] oslo_messaging_rabbit.ssl_enforce_hostname_verification = True {{(pid=93449) log_opt_values /opt/stack/data/venv/lib/python3.12/site-packages/oslo_config/cfg.py:3253}}
Jul 23 06:57:28.806977 np0000005729 nova-scheduler[93449]: DEBUG cotyledon.oslo_config_glue [-] oslo_messaging_rabbit.ssl_key_file = {{(pid=93449) log_opt_values /opt/stack/data/venv/lib/python3.12/site-packages/oslo_config/cfg.py:3253}}
Jul 23 06:57:28.807140 np0000005729 nova-scheduler[93449]: DEBUG cotyledon.oslo_config_glue [-] oslo_messaging_rabbit.ssl_version = {{(pid=93449) log_opt_values /opt/stack/data/venv/lib/python3.12/site-packages/oslo_config/cfg.py:3253}}
Jul 23 06:57:28.807140 np0000005729 nova-scheduler[93449]: DEBUG cotyledon.oslo_config_glue [-] oslo_messaging_rabbit.use_queue_manager = False {{(pid=93449) log_opt_values /opt/stack/data/venv/lib/python3.12/site-packages/oslo_config/cfg.py:3253}}
Jul 23 06:57:28.807140 np0000005729 nova-scheduler[93449]: DEBUG cotyledon.oslo_config_glue [-] oslo_messaging_notifications.driver = ['messagingv2'] {{(pid=93449) log_opt_values /opt/stack/data/venv/lib/python3.12/site-packages/oslo_config/cfg.py:3253}}
Jul 23 06:57:28.807202 np0000005729 nova-scheduler[93487]: INFO dbcounter [None req-c72a9109-1183-486d-85b4-8330828de40c None None] Registered counter for database nova_cell0
Jul 23 06:57:28.807244 np0000005729 nova-scheduler[93449]: DEBUG cotyledon.oslo_config_glue [-] oslo_messaging_notifications.retry = -1 {{(pid=93449) log_opt_values /opt/stack/data/venv/lib/python3.12/site-packages/oslo_config/cfg.py:3253}}
Jul 23 06:57:28.807244 np0000005729 nova-scheduler[93449]: DEBUG cotyledon.oslo_config_glue [-] oslo_messaging_notifications.topics = ['notifications'] {{(pid=93449) log_opt_values /opt/stack/data/venv/lib/python3.12/site-packages/oslo_config/cfg.py:3253}}
Jul 23 06:57:28.807244 np0000005729 nova-scheduler[93449]: DEBUG cotyledon.oslo_config_glue [-] oslo_messaging_notifications.transport_url = **** {{(pid=93449) log_opt_values /opt/stack/data/venv/lib/python3.12/site-packages/oslo_config/cfg.py:3253}}
Jul 23 06:57:28.807244 np0000005729 nova-scheduler[93449]: DEBUG cotyledon.oslo_config_glue [-] oslo_limit.auth_section = None {{(pid=93449) log_opt_values /opt/stack/data/venv/lib/python3.12/site-packages/oslo_config/cfg.py:3253}}
Jul 23 06:57:28.807244 np0000005729 nova-scheduler[93449]: DEBUG cotyledon.oslo_config_glue [-] oslo_limit.auth_type = None {{(pid=93449) log_opt_values /opt/stack/data/venv/lib/python3.12/site-packages/oslo_config/cfg.py:3253}}
Jul 23 06:57:28.807244 np0000005729 nova-scheduler[93449]: DEBUG cotyledon.oslo_config_glue [-] oslo_limit.cafile = None {{(pid=93449) log_opt_values /opt/stack/data/venv/lib/python3.12/site-packages/oslo_config/cfg.py:3253}}
Jul 23 06:57:28.807244 np0000005729 nova-scheduler[93449]: DEBUG cotyledon.oslo_config_glue [-] oslo_limit.certfile = None {{(pid=93449) log_opt_values /opt/stack/data/venv/lib/python3.12/site-packages/oslo_config/cfg.py:3253}}
Jul 23 06:57:28.807244 np0000005729 nova-scheduler[93449]: DEBUG cotyledon.oslo_config_glue [-] oslo_limit.collect_timing = False {{(pid=93449) log_opt_values /opt/stack/data/venv/lib/python3.12/site-packages/oslo_config/cfg.py:3253}}
Jul 23 06:57:28.807244 np0000005729 nova-scheduler[93449]: DEBUG cotyledon.oslo_config_glue [-] oslo_limit.connect_retries = None {{(pid=93449) log_opt_values /opt/stack/data/venv/lib/python3.12/site-packages/oslo_config/cfg.py:3253}}
Jul 23 06:57:28.807404 np0000005729 nova-scheduler[93449]: DEBUG cotyledon.oslo_config_glue [-] oslo_limit.connect_retry_delay = None {{(pid=93449) log_opt_values /opt/stack/data/venv/lib/python3.12/site-packages/oslo_config/cfg.py:3253}}
Jul 23 06:57:28.807404 np0000005729 nova-scheduler[93449]: DEBUG cotyledon.oslo_config_glue [-] oslo_limit.endpoint_id = None {{(pid=93449) log_opt_values /opt/stack/data/venv/lib/python3.12/site-packages/oslo_config/cfg.py:3253}}
Jul 23 06:57:28.807404 np0000005729 nova-scheduler[93449]: DEBUG cotyledon.oslo_config_glue [-] oslo_limit.endpoint_interface = public {{(pid=93449) log_opt_values /opt/stack/data/venv/lib/python3.12/site-packages/oslo_config/cfg.py:3253}}
Jul 23 06:57:28.807404 np0000005729 nova-scheduler[93449]: DEBUG cotyledon.oslo_config_glue [-] oslo_limit.endpoint_override = None {{(pid=93449) log_opt_values /opt/stack/data/venv/lib/python3.12/site-packages/oslo_config/cfg.py:3253}}
Jul 23 06:57:28.807404 np0000005729 nova-scheduler[93449]: DEBUG cotyledon.oslo_config_glue [-] oslo_limit.endpoint_region_name = None {{(pid=93449) log_opt_values /opt/stack/data/venv/lib/python3.12/site-packages/oslo_config/cfg.py:3253}}
Jul 23 06:57:28.807404 np0000005729 nova-scheduler[93449]: DEBUG cotyledon.oslo_config_glue [-] oslo_limit.endpoint_service_name = None {{(pid=93449) log_opt_values /opt/stack/data/venv/lib/python3.12/site-packages/oslo_config/cfg.py:3253}}
Jul 23 06:57:28.807404 np0000005729 nova-scheduler[93449]: DEBUG cotyledon.oslo_config_glue [-] oslo_limit.endpoint_service_type = None {{(pid=93449) log_opt_values /opt/stack/data/venv/lib/python3.12/site-packages/oslo_config/cfg.py:3253}}
Jul 23 06:57:28.807404 np0000005729 nova-scheduler[93449]: DEBUG cotyledon.oslo_config_glue [-] oslo_limit.insecure = False {{(pid=93449) log_opt_values /opt/stack/data/venv/lib/python3.12/site-packages/oslo_config/cfg.py:3253}}
Jul 23 06:57:28.807404 np0000005729 nova-scheduler[93449]: DEBUG cotyledon.oslo_config_glue [-] oslo_limit.keyfile = None {{(pid=93449) log_opt_values /opt/stack/data/venv/lib/python3.12/site-packages/oslo_config/cfg.py:3253}}
Jul 23 06:57:28.807566 np0000005729 nova-scheduler[93449]: DEBUG cotyledon.oslo_config_glue [-] oslo_limit.max_version = None {{(pid=93449) log_opt_values /opt/stack/data/venv/lib/python3.12/site-packages/oslo_config/cfg.py:3253}}
Jul 23 06:57:28.807566 np0000005729 nova-scheduler[93449]: DEBUG cotyledon.oslo_config_glue [-] oslo_limit.min_version = None {{(pid=93449) log_opt_values /opt/stack/data/venv/lib/python3.12/site-packages/oslo_config/cfg.py:3253}}
Jul 23 06:57:28.807566 np0000005729 nova-scheduler[93449]: DEBUG cotyledon.oslo_config_glue [-] oslo_limit.region_name = None {{(pid=93449) log_opt_values /opt/stack/data/venv/lib/python3.12/site-packages/oslo_config/cfg.py:3253}}
Jul 23 06:57:28.807566 np0000005729 nova-scheduler[93449]: DEBUG cotyledon.oslo_config_glue [-] oslo_limit.retriable_status_codes = None {{(pid=93449) log_opt_values /opt/stack/data/venv/lib/python3.12/site-packages/oslo_config/cfg.py:3253}}
Jul 23 06:57:28.807566 np0000005729 nova-scheduler[93449]: DEBUG cotyledon.oslo_config_glue [-] oslo_limit.service_name = None {{(pid=93449) log_opt_values /opt/stack/data/venv/lib/python3.12/site-packages/oslo_config/cfg.py:3253}}
Jul 23 06:57:28.807566 np0000005729 nova-scheduler[93449]: DEBUG cotyledon.oslo_config_glue [-] oslo_limit.service_type = None {{(pid=93449) log_opt_values /opt/stack/data/venv/lib/python3.12/site-packages/oslo_config/cfg.py:3253}}
Jul 23 06:57:28.807566 np0000005729 nova-scheduler[93449]: DEBUG cotyledon.oslo_config_glue [-] oslo_limit.split_loggers = False {{(pid=93449) log_opt_values /opt/stack/data/venv/lib/python3.12/site-packages/oslo_config/cfg.py:3253}}
Jul 23 06:57:28.807566 np0000005729 nova-scheduler[93449]: DEBUG cotyledon.oslo_config_glue [-] oslo_limit.status_code_retries = None {{(pid=93449) log_opt_values /opt/stack/data/venv/lib/python3.12/site-packages/oslo_config/cfg.py:3253}}
Jul 23 06:57:28.807566 np0000005729 nova-scheduler[93449]: DEBUG cotyledon.oslo_config_glue [-] oslo_limit.status_code_retry_delay = None {{(pid=93449) log_opt_values /opt/stack/data/venv/lib/python3.12/site-packages/oslo_config/cfg.py:3253}}
Jul 23 06:57:28.807745 np0000005729 nova-scheduler[93449]: DEBUG cotyledon.oslo_config_glue [-] oslo_limit.timeout = None {{(pid=93449) log_opt_values /opt/stack/data/venv/lib/python3.12/site-packages/oslo_config/cfg.py:3253}}
Jul 23 06:57:28.807745 np0000005729 nova-scheduler[93449]: DEBUG cotyledon.oslo_config_glue [-] oslo_limit.valid_interfaces = None {{(pid=93449) log_opt_values /opt/stack/data/venv/lib/python3.12/site-packages/oslo_config/cfg.py:3253}}
Jul 23 06:57:28.807745 np0000005729 nova-scheduler[93449]: DEBUG cotyledon.oslo_config_glue [-] oslo_limit.version = None {{(pid=93449) log_opt_values /opt/stack/data/venv/lib/python3.12/site-packages/oslo_config/cfg.py:3253}}
Jul 23 06:57:28.807745 np0000005729 nova-scheduler[93449]: DEBUG cotyledon.oslo_config_glue [-] oslo_reports.file_event_handler = None {{(pid=93449) log_opt_values /opt/stack/data/venv/lib/python3.12/site-packages/oslo_config/cfg.py:3253}}
Jul 23 06:57:28.807745 np0000005729 nova-scheduler[93449]: DEBUG cotyledon.oslo_config_glue [-] oslo_reports.file_event_handler_interval = 1 {{(pid=93449) log_opt_values /opt/stack/data/venv/lib/python3.12/site-packages/oslo_config/cfg.py:3253}}
Jul 23 06:57:28.807870 np0000005729 nova-scheduler[93449]: DEBUG cotyledon.oslo_config_glue [-] oslo_reports.log_dir = None {{(pid=93449) log_opt_values /opt/stack/data/venv/lib/python3.12/site-packages/oslo_config/cfg.py:3253}}
Jul 23 06:57:28.807870 np0000005729 nova-scheduler[93449]: DEBUG cotyledon.oslo_config_glue [-] ******************************************************************************** {{(pid=93449) log_opt_values /opt/stack/data/venv/lib/python3.12/site-packages/oslo_config/cfg.py:3260}}
Jul 23 06:57:28.808124 np0000005729 nova-scheduler[93449]: DEBUG cotyledon._service_worker [-] Run service ServiceWrapper(1) [93449] {{(pid=93449) wait_forever /opt/stack/data/venv/lib/python3.12/site-packages/cotyledon/_service_worker.py:218}}
Jul 23 06:57:28.809252 np0000005729 nova-scheduler[93449]: INFO nova.service [-] Starting scheduler node (version 33.1.0)
Jul 23 06:57:28.811241 np0000005729 nova-scheduler[93447]: DEBUG oslo_db.sqlalchemy.engines [None req-472c9e7c-dc5e-4af4-bc8c-894be7e29258 None None] MySQL server mode set to STRICT_TRANS_TABLES,STRICT_ALL_TABLES,NO_ZERO_IN_DATE,NO_ZERO_DATE,ERROR_FOR_DIVISION_BY_ZERO,TRADITIONAL,NO_ENGINE_SUBSTITUTION {{(pid=93447) _check_effective_sql_mode /opt/stack/data/venv/lib/python3.12/site-packages/oslo_db/sqlalchemy/engines.py:325}}
Jul 23 06:57:28.814299 np0000005729 nova-scheduler[93449]: INFO dbcounter [None req-ffd7d629-2171-4e6a-847b-c67bd9437c0c None None] Registered counter for database nova_cell0
Jul 23 06:57:28.823122 np0000005729 nova-scheduler[93447]: DEBUG dbcounter [-] [93447] Writer thread running {{(pid=93447) stat_writer /opt/stack/data/venv/lib/python3.12/site-packages/dbcounter.py:102}}
Jul 23 06:57:28.840160 np0000005729 nova-scheduler[93447]: DEBUG nova.service [None req-472c9e7c-dc5e-4af4-bc8c-894be7e29258 None None] Creating RPC server for service: nova-scheduler on topic: scheduler {{(pid=93447) start /opt/stack/nova/nova/service.py:196}}
Jul 23 06:57:28.846761 np0000005729 nova-scheduler[93487]: DEBUG oslo_db.sqlalchemy.engines [None req-c72a9109-1183-486d-85b4-8330828de40c None None] MySQL server mode set to STRICT_TRANS_TABLES,STRICT_ALL_TABLES,NO_ZERO_IN_DATE,NO_ZERO_DATE,ERROR_FOR_DIVISION_BY_ZERO,TRADITIONAL,NO_ENGINE_SUBSTITUTION {{(pid=93487) _check_effective_sql_mode /opt/stack/data/venv/lib/python3.12/site-packages/oslo_db/sqlalchemy/engines.py:325}}
Jul 23 06:57:28.854107 np0000005729 nova-scheduler[93449]: DEBUG oslo_db.sqlalchemy.engines [None req-ffd7d629-2171-4e6a-847b-c67bd9437c0c None None] MySQL server mode set to STRICT_TRANS_TABLES,STRICT_ALL_TABLES,NO_ZERO_IN_DATE,NO_ZERO_DATE,ERROR_FOR_DIVISION_BY_ZERO,TRADITIONAL,NO_ENGINE_SUBSTITUTION {{(pid=93449) _check_effective_sql_mode /opt/stack/data/venv/lib/python3.12/site-packages/oslo_db/sqlalchemy/engines.py:325}}
Jul 23 06:57:28.857051 np0000005729 nova-scheduler[93487]: DEBUG dbcounter [-] [93487] Writer thread running {{(pid=93487) stat_writer /opt/stack/data/venv/lib/python3.12/site-packages/dbcounter.py:102}}
Jul 23 06:57:28.860365 np0000005729 nova-scheduler[93487]: DEBUG nova.service [None req-c72a9109-1183-486d-85b4-8330828de40c None None] Creating RPC server for service: nova-scheduler on topic: scheduler {{(pid=93487) start /opt/stack/nova/nova/service.py:196}}
Jul 23 06:57:28.861980 np0000005729 nova-scheduler[93447]: DEBUG nova.service [None req-472c9e7c-dc5e-4af4-bc8c-894be7e29258 None None] Join ServiceGroup membership for this service scheduler {{(pid=93447) start /opt/stack/nova/nova/service.py:222}}
Jul 23 06:57:28.862218 np0000005729 nova-scheduler[93447]: DEBUG nova.servicegroup.drivers.db [None req-472c9e7c-dc5e-4af4-bc8c-894be7e29258 None None] DB_Driver: join new ServiceGroup member np0000005729 to the scheduler group, service = {{(pid=93447) join /opt/stack/nova/nova/servicegroup/drivers/db.py:44}}
Jul 23 06:57:28.868233 np0000005729 nova-scheduler[93449]: DEBUG dbcounter [-] [93449] Writer thread running {{(pid=93449) stat_writer /opt/stack/data/venv/lib/python3.12/site-packages/dbcounter.py:102}}
Jul 23 06:57:28.872865 np0000005729 nova-scheduler[93449]: DEBUG nova.service [None req-ffd7d629-2171-4e6a-847b-c67bd9437c0c None None] Creating RPC server for service: nova-scheduler on topic: scheduler {{(pid=93449) start /opt/stack/nova/nova/service.py:196}}
Jul 23 06:57:28.877991 np0000005729 nova-scheduler[93487]: DEBUG nova.service [None req-c72a9109-1183-486d-85b4-8330828de40c None None] Join ServiceGroup membership for this service scheduler {{(pid=93487) start /opt/stack/nova/nova/service.py:222}}
Jul 23 06:57:28.878192 np0000005729 nova-scheduler[93487]: DEBUG nova.servicegroup.drivers.db [None req-c72a9109-1183-486d-85b4-8330828de40c None None] DB_Driver: join new ServiceGroup member np0000005729 to the scheduler group, service = {{(pid=93487) join /opt/stack/nova/nova/servicegroup/drivers/db.py:44}}
Jul 23 06:57:28.893650 np0000005729 nova-scheduler[93449]: DEBUG nova.service [None req-ffd7d629-2171-4e6a-847b-c67bd9437c0c None None] Join ServiceGroup membership for this service scheduler {{(pid=93449) start /opt/stack/nova/nova/service.py:222}}
Jul 23 06:57:28.894316 np0000005729 nova-scheduler[93449]: DEBUG nova.servicegroup.drivers.db [None req-ffd7d629-2171-4e6a-847b-c67bd9437c0c None None] DB_Driver: join new ServiceGroup member np0000005729 to the scheduler group, service = {{(pid=93449) join /opt/stack/nova/nova/servicegroup/drivers/db.py:44}}
Jul 23 06:57:31.896422 np0000005729 nova-scheduler[93449]: DEBUG oslo.service.backend._threading.loopingcall [None req-089024e4-098b-40d0-baaa-1f53b9d774fe None None] Dynamic interval looping call 'nova.service.Service.periodic_tasks' sleeping for 60.00 seconds {{(pid=93449) _run_loop /opt/stack/data/venv/lib/python3.12/site-packages/oslo_service/backend/_threading/loopingcall.py:125}}
Jul 23 06:57:33.886303 np0000005729 nova-scheduler[93447]: DEBUG oslo.service.backend._threading.loopingcall [-] Fixed interval looping call 'nova.servicegroup.drivers.db.DbDriver._report_state' sleeping for 119.98 seconds {{(pid=93447) _run_loop /opt/stack/data/venv/lib/python3.12/site-packages/oslo_service/backend/_threading/loopingcall.py:125}}
Jul 23 06:57:33.889859 np0000005729 nova-scheduler[93487]: DEBUG oslo.service.backend._threading.loopingcall [-] Fixed interval looping call 'nova.servicegroup.drivers.db.DbDriver._report_state' sleeping for 119.99 seconds {{(pid=93487) _run_loop /opt/stack/data/venv/lib/python3.12/site-packages/oslo_service/backend/_threading/loopingcall.py:125}}
Jul 23 06:57:33.908821 np0000005729 nova-scheduler[93449]: DEBUG oslo.service.backend._threading.loopingcall [-] Fixed interval looping call 'nova.servicegroup.drivers.db.DbDriver._report_state' sleeping for 119.99 seconds {{(pid=93449) _run_loop /opt/stack/data/venv/lib/python3.12/site-packages/oslo_service/backend/_threading/loopingcall.py:125}}
Jul 23 06:57:37.460737 np0000005729 nova-scheduler[92184]: DEBUG dbcounter [-] [92184] Writing DB stats nova_api:SELECT=3 {{(pid=92184) stat_writer /opt/stack/data/venv/lib/python3.12/site-packages/dbcounter.py:115}}
Jul 23 06:57:37.594232 np0000005729 nova-scheduler[92184]: DEBUG dbcounter [-] [92184] Writing DB stats nova_cell0:SELECT=1 {{(pid=92184) stat_writer /opt/stack/data/venv/lib/python3.12/site-packages/dbcounter.py:115}}
Jul 23 06:57:37.598378 np0000005729 nova-scheduler[92184]: DEBUG dbcounter [-] [92184] Writing DB stats nova_cell1:SELECT=1 {{(pid=92184) stat_writer /opt/stack/data/venv/lib/python3.12/site-packages/dbcounter.py:115}}
Jul 23 06:57:43.881922 np0000005729 nova-scheduler[93447]: DEBUG dbcounter [-] [93447] Writing DB stats nova_cell0:SELECT=4,nova_cell0:INSERT=1,nova_cell0:UPDATE=1 {{(pid=93447) stat_writer /opt/stack/data/venv/lib/python3.12/site-packages/dbcounter.py:115}}
Jul 23 06:57:43.890837 np0000005729 nova-scheduler[93487]: DEBUG dbcounter [-] [93487] Writing DB stats nova_cell0:SELECT=3 {{(pid=93487) stat_writer /opt/stack/data/venv/lib/python3.12/site-packages/dbcounter.py:115}}
Jul 23 06:57:43.905085 np0000005729 nova-scheduler[93449]: DEBUG dbcounter [-] [93449] Writing DB stats nova_cell0:SELECT=3 {{(pid=93449) stat_writer /opt/stack/data/venv/lib/python3.12/site-packages/dbcounter.py:115}}
Jul 23 06:57:58.881280 np0000005729 nova-scheduler[93487]: DEBUG oslo.service.backend._threading.loopingcall [None req-50c5b618-3305-470d-afee-120b48735990 None None] Dynamic interval looping call 'nova.service.Service.periodic_tasks' sleeping for 60.00 seconds {{(pid=93487) _run_loop /opt/stack/data/venv/lib/python3.12/site-packages/oslo_service/backend/_threading/loopingcall.py:125}}
Jul 23 06:58:03.864375 np0000005729 nova-scheduler[93447]: DEBUG oslo.service.backend._threading.loopingcall [None req-48155399-ed79-48fb-90c6-6f35c7e9e691 None None] Dynamic interval looping call 'nova.service.Service.periodic_tasks' sleeping for 60.00 seconds {{(pid=93447) _run_loop /opt/stack/data/venv/lib/python3.12/site-packages/oslo_service/backend/_threading/loopingcall.py:125}}
Jul 23 06:58:31.896975 np0000005729 nova-scheduler[93449]: DEBUG oslo.service.backend._threading.loopingcall [None req-089024e4-098b-40d0-baaa-1f53b9d774fe None None] Dynamic interval looping call 'nova.service.Service.periodic_tasks' sleeping for 60.00 seconds {{(pid=93449) _run_loop /opt/stack/data/venv/lib/python3.12/site-packages/oslo_service/backend/_threading/loopingcall.py:125}}
Jul 23 06:58:58.881786 np0000005729 nova-scheduler[93487]: DEBUG oslo.service.backend._threading.loopingcall [None req-50c5b618-3305-470d-afee-120b48735990 None None] Dynamic interval looping call 'nova.service.Service.periodic_tasks' sleeping for 60.00 seconds {{(pid=93487) _run_loop /opt/stack/data/venv/lib/python3.12/site-packages/oslo_service/backend/_threading/loopingcall.py:125}}
Jul 23 06:59:03.864985 np0000005729 nova-scheduler[93447]: DEBUG oslo.service.backend._threading.loopingcall [None req-48155399-ed79-48fb-90c6-6f35c7e9e691 None None] Dynamic interval looping call 'nova.service.Service.periodic_tasks' sleeping for 60.00 seconds {{(pid=93447) _run_loop /opt/stack/data/venv/lib/python3.12/site-packages/oslo_service/backend/_threading/loopingcall.py:125}}
Jul 23 06:59:31.897566 np0000005729 nova-scheduler[93449]: DEBUG oslo.service.backend._threading.loopingcall [None req-089024e4-098b-40d0-baaa-1f53b9d774fe None None] Dynamic interval looping call 'nova.service.Service.periodic_tasks' sleeping for 60.00 seconds {{(pid=93449) _run_loop /opt/stack/data/venv/lib/python3.12/site-packages/oslo_service/backend/_threading/loopingcall.py:125}}
Jul 23 06:59:33.875379 np0000005729 nova-scheduler[93447]: DEBUG oslo.service.backend._threading.loopingcall [-] Fixed interval looping call 'nova.servicegroup.drivers.db.DbDriver._report_state' sleeping for 119.99 seconds {{(pid=93447) _run_loop /opt/stack/data/venv/lib/python3.12/site-packages/oslo_service/backend/_threading/loopingcall.py:125}}
Jul 23 06:59:33.884918 np0000005729 nova-scheduler[93487]: DEBUG oslo.service.backend._threading.loopingcall [-] Fixed interval looping call 'nova.servicegroup.drivers.db.DbDriver._report_state' sleeping for 120.00 seconds {{(pid=93487) _run_loop /opt/stack/data/venv/lib/python3.12/site-packages/oslo_service/backend/_threading/loopingcall.py:125}}
Jul 23 06:59:33.902258 np0000005729 nova-scheduler[93449]: DEBUG oslo.service.backend._threading.loopingcall [-] Fixed interval looping call 'nova.servicegroup.drivers.db.DbDriver._report_state' sleeping for 120.00 seconds {{(pid=93449) _run_loop /opt/stack/data/venv/lib/python3.12/site-packages/oslo_service/backend/_threading/loopingcall.py:125}}
Jul 23 06:59:43.872279 np0000005729 nova-scheduler[93447]: DEBUG dbcounter [-] [93447] Writing DB stats nova_cell0:SELECT=1,nova_cell0:UPDATE=1 {{(pid=93447) stat_writer /opt/stack/data/venv/lib/python3.12/site-packages/dbcounter.py:115}}
Jul 23 06:59:43.882328 np0000005729 nova-scheduler[93487]: DEBUG dbcounter [-] [93487] Writing DB stats nova_cell0:SELECT=1 {{(pid=93487) stat_writer /opt/stack/data/venv/lib/python3.12/site-packages/dbcounter.py:115}}
Jul 23 06:59:43.900415 np0000005729 nova-scheduler[93449]: DEBUG dbcounter [-] [93449] Writing DB stats nova_cell0:SELECT=1 {{(pid=93449) stat_writer /opt/stack/data/venv/lib/python3.12/site-packages/dbcounter.py:115}}
Jul 23 06:59:54.727791 np0000005729 nova-scheduler[93447]: DEBUG nova.scheduler.manager [None req-ef6d8d26-5a49-47db-9ae9-d1c5e7ab7c56 tempest-ServersNegativeTestJSON-1232899647 tempest-ServersNegativeTestJSON-1232899647-project-member] Starting to schedule for instances: ['b7513f35-c613-43f0-9bb9-55a4054cd8a0'] {{(pid=93447) select_destinations /opt/stack/nova/nova/scheduler/manager.py:209}}
Jul 23 06:59:54.728630 np0000005729 nova-scheduler[93447]: DEBUG nova.scheduler.request_filter [None req-ef6d8d26-5a49-47db-9ae9-d1c5e7ab7c56 tempest-ServersNegativeTestJSON-1232899647 tempest-ServersNegativeTestJSON-1232899647-project-member] compute_status_filter request filter added forbidden trait COMPUTE_STATUS_DISABLED {{(pid=93447) compute_status_filter /opt/stack/nova/nova/scheduler/request_filter.py:253}}
Jul 23 06:59:54.729115 np0000005729 nova-scheduler[93447]: DEBUG nova.scheduler.request_filter [None req-ef6d8d26-5a49-47db-9ae9-d1c5e7ab7c56 tempest-ServersNegativeTestJSON-1232899647 tempest-ServersNegativeTestJSON-1232899647-project-member] Request filter 'compute_status_filter' took 0.0 seconds {{(pid=93447) wrapper /opt/stack/nova/nova/scheduler/request_filter.py:46}}
Jul 23 06:59:54.729578 np0000005729 nova-scheduler[93447]: DEBUG nova.scheduler.request_filter [None req-ef6d8d26-5a49-47db-9ae9-d1c5e7ab7c56 tempest-ServersNegativeTestJSON-1232899647 tempest-ServersNegativeTestJSON-1232899647-project-member] Request filter 'accelerators_filter' took 0.0 seconds {{(pid=93447) wrapper /opt/stack/nova/nova/scheduler/request_filter.py:46}}
Jul 23 06:59:54.729962 np0000005729 nova-scheduler[93447]: DEBUG nova.scheduler.request_filter [None req-ef6d8d26-5a49-47db-9ae9-d1c5e7ab7c56 tempest-ServersNegativeTestJSON-1232899647 tempest-ServersNegativeTestJSON-1232899647-project-member] Request filter 'packed_virtqueue_filter' took 0.0 seconds {{(pid=93447) wrapper /opt/stack/nova/nova/scheduler/request_filter.py:46}}
Jul 23 06:59:54.730598 np0000005729 nova-scheduler[93447]: DEBUG nova.scheduler.request_filter [None req-ef6d8d26-5a49-47db-9ae9-d1c5e7ab7c56 tempest-ServersNegativeTestJSON-1232899647 tempest-ServersNegativeTestJSON-1232899647-project-member] Request filter 'remote_managed_ports_filter' took 0.0 seconds {{(pid=93447) wrapper /opt/stack/nova/nova/scheduler/request_filter.py:46}}
Jul 23 06:59:54.730951 np0000005729 nova-scheduler[93447]: DEBUG nova.scheduler.request_filter [None req-ef6d8d26-5a49-47db-9ae9-d1c5e7ab7c56 tempest-ServersNegativeTestJSON-1232899647 tempest-ServersNegativeTestJSON-1232899647-project-member] ephemeral_encryption_filter skipped {{(pid=93447) ephemeral_encryption_filter /opt/stack/nova/nova/scheduler/request_filter.py:426}}
Jul 23 06:59:54.732053 np0000005729 nova-scheduler[93447]: DEBUG nova.scheduler.request_filter [None req-ef6d8d26-5a49-47db-9ae9-d1c5e7ab7c56 tempest-ServersNegativeTestJSON-1232899647 tempest-ServersNegativeTestJSON-1232899647-project-member] virtio_sound_filter skipped {{(pid=93447) virtio_sound_filter /opt/stack/nova/nova/scheduler/request_filter.py:460}}
Jul 23 06:59:54.732490 np0000005729 nova-scheduler[93447]: DEBUG nova.scheduler.request_filter [None req-ef6d8d26-5a49-47db-9ae9-d1c5e7ab7c56 tempest-ServersNegativeTestJSON-1232899647 tempest-ServersNegativeTestJSON-1232899647-project-member] tpm_secret_security_filter skipped {{(pid=93447) tpm_secret_security_filter /opt/stack/nova/nova/scheduler/request_filter.py:477}}
Jul 23 06:59:55.296785 np0000005729 nova-scheduler[93447]: INFO nova.utils [None req-ef6d8d26-5a49-47db-9ae9-d1c5e7ab7c56 tempest-ServersNegativeTestJSON-1232899647 tempest-ServersNegativeTestJSON-1232899647-project-member] The cell worker thread pool ForkProcess-1.cell_worker is initialized
Jul 23 06:59:55.297226 np0000005729 nova-scheduler[93447]: DEBUG oslo_concurrency.lockutils [None req-ef6d8d26-5a49-47db-9ae9-d1c5e7ab7c56 tempest-ServersNegativeTestJSON-1232899647 tempest-ServersNegativeTestJSON-1232899647-project-member] Acquiring lock "09fbc380-77a2-478e-b492-e6234a36252c" by "nova.context.set_target_cell..get_or_set_cached_cell_and_set_connections" {{(pid=93447) inner /opt/stack/data/venv/lib/python3.12/site-packages/oslo_concurrency/lockutils.py:512}}
Jul 23 06:59:55.297544 np0000005729 nova-scheduler[93447]: DEBUG oslo_concurrency.lockutils [None req-ef6d8d26-5a49-47db-9ae9-d1c5e7ab7c56 tempest-ServersNegativeTestJSON-1232899647 tempest-ServersNegativeTestJSON-1232899647-project-member] Lock "09fbc380-77a2-478e-b492-e6234a36252c" acquired by "nova.context.set_target_cell..get_or_set_cached_cell_and_set_connections" :: waited 0.000s {{(pid=93447) inner /opt/stack/data/venv/lib/python3.12/site-packages/oslo_concurrency/lockutils.py:525}}
Jul 23 06:59:55.299771 np0000005729 nova-scheduler[93447]: DEBUG oslo_concurrency.lockutils [None req-ef6d8d26-5a49-47db-9ae9-d1c5e7ab7c56 tempest-ServersNegativeTestJSON-1232899647 tempest-ServersNegativeTestJSON-1232899647-project-member] Lock "09fbc380-77a2-478e-b492-e6234a36252c" "released" by "nova.context.set_target_cell..get_or_set_cached_cell_and_set_connections" :: held 0.002s {{(pid=93447) inner /opt/stack/data/venv/lib/python3.12/site-packages/oslo_concurrency/lockutils.py:544}}
Jul 23 06:59:55.301897 np0000005729 nova-scheduler[93447]: INFO dbcounter [None req-ef6d8d26-5a49-47db-9ae9-d1c5e7ab7c56 tempest-ServersNegativeTestJSON-1232899647 tempest-ServersNegativeTestJSON-1232899647-project-member] Registered counter for database nova_cell1
Jul 23 06:59:55.340296 np0000005729 nova-scheduler[93447]: DEBUG oslo_db.sqlalchemy.engines [None req-ef6d8d26-5a49-47db-9ae9-d1c5e7ab7c56 tempest-ServersNegativeTestJSON-1232899647 tempest-ServersNegativeTestJSON-1232899647-project-member] MySQL server mode set to STRICT_TRANS_TABLES,STRICT_ALL_TABLES,NO_ZERO_IN_DATE,NO_ZERO_DATE,ERROR_FOR_DIVISION_BY_ZERO,TRADITIONAL,NO_ENGINE_SUBSTITUTION {{(pid=93447) _check_effective_sql_mode /opt/stack/data/venv/lib/python3.12/site-packages/oslo_db/sqlalchemy/engines.py:325}}
Jul 23 06:59:55.348262 np0000005729 nova-scheduler[93447]: DEBUG dbcounter [-] [93447] Writer thread running {{(pid=93447) stat_writer /opt/stack/data/venv/lib/python3.12/site-packages/dbcounter.py:102}}
Jul 23 06:59:55.362432 np0000005729 nova-scheduler[93447]: DEBUG oslo_db.sqlalchemy.engines [None req-ef6d8d26-5a49-47db-9ae9-d1c5e7ab7c56 tempest-ServersNegativeTestJSON-1232899647 tempest-ServersNegativeTestJSON-1232899647-project-member] Parent process 92184 forked (93447) with an open database connection, which is being discarded and recreated. {{(pid=93447) checkout /opt/stack/data/venv/lib/python3.12/site-packages/oslo_db/sqlalchemy/engines.py:402}}
Jul 23 06:59:55.411059 np0000005729 nova-scheduler[93447]: DEBUG dbcounter [-] [93447] Writer thread running {{(pid=93447) stat_writer /opt/stack/data/venv/lib/python3.12/site-packages/dbcounter.py:102}}
Jul 23 06:59:55.415540 np0000005729 nova-scheduler[93447]: DEBUG oslo_concurrency.lockutils [None req-ef6d8d26-5a49-47db-9ae9-d1c5e7ab7c56 tempest-ServersNegativeTestJSON-1232899647 tempest-ServersNegativeTestJSON-1232899647-project-member] Acquiring lock "09fbc380-77a2-478e-b492-e6234a36252c" by "nova.context.set_target_cell..get_or_set_cached_cell_and_set_connections" {{(pid=93447) inner /opt/stack/data/venv/lib/python3.12/site-packages/oslo_concurrency/lockutils.py:512}}
Jul 23 06:59:55.415828 np0000005729 nova-scheduler[93447]: DEBUG oslo_concurrency.lockutils [None req-ef6d8d26-5a49-47db-9ae9-d1c5e7ab7c56 tempest-ServersNegativeTestJSON-1232899647 tempest-ServersNegativeTestJSON-1232899647-project-member] Lock "09fbc380-77a2-478e-b492-e6234a36252c" acquired by "nova.context.set_target_cell..get_or_set_cached_cell_and_set_connections" :: waited 0.000s {{(pid=93447) inner /opt/stack/data/venv/lib/python3.12/site-packages/oslo_concurrency/lockutils.py:525}}
Jul 23 06:59:55.415937 np0000005729 nova-scheduler[93447]: DEBUG oslo_concurrency.lockutils [None req-ef6d8d26-5a49-47db-9ae9-d1c5e7ab7c56 tempest-ServersNegativeTestJSON-1232899647 tempest-ServersNegativeTestJSON-1232899647-project-member] Lock "09fbc380-77a2-478e-b492-e6234a36252c" "released" by "nova.context.set_target_cell..get_or_set_cached_cell_and_set_connections" :: held 0.000s {{(pid=93447) inner /opt/stack/data/venv/lib/python3.12/site-packages/oslo_concurrency/lockutils.py:544}}
Jul 23 06:59:55.420414 np0000005729 nova-scheduler[93447]: DEBUG oslo_concurrency.lockutils [None req-ef6d8d26-5a49-47db-9ae9-d1c5e7ab7c56 tempest-ServersNegativeTestJSON-1232899647 tempest-ServersNegativeTestJSON-1232899647-project-member] Acquiring lock "np0000005729-np0000005729" by "nova.scheduler.host_manager.HostState.update.._locked_update" {{(pid=93447) inner /opt/stack/data/venv/lib/python3.12/site-packages/oslo_concurrency/lockutils.py:512}}
Jul 23 06:59:55.420603 np0000005729 nova-scheduler[93447]: DEBUG oslo_concurrency.lockutils [None req-ef6d8d26-5a49-47db-9ae9-d1c5e7ab7c56 tempest-ServersNegativeTestJSON-1232899647 tempest-ServersNegativeTestJSON-1232899647-project-member] Lock "np0000005729-np0000005729" acquired by "nova.scheduler.host_manager.HostState.update.._locked_update" :: waited 0.000s {{(pid=93447) inner /opt/stack/data/venv/lib/python3.12/site-packages/oslo_concurrency/lockutils.py:525}}
Jul 23 06:59:55.422171 np0000005729 nova-scheduler[93447]: DEBUG nova.scheduler.host_manager [None req-ef6d8d26-5a49-47db-9ae9-d1c5e7ab7c56 tempest-ServersNegativeTestJSON-1232899647 tempest-ServersNegativeTestJSON-1232899647-project-member] Update host state from compute node: ComputeNode(cpu_allocation_ratio=4.0,cpu_info='{"arch": "x86_64", "model": "EPYC-Milan", "vendor": "AMD", "topology": {"cells": 1, "sockets": 16, "cores": 1, "threads": 1}, "maxphysaddr": {"mode": "emulate", "bits": 40}, "features": ["mds-no", "amd-psfd", "lahf_lm", "clwb", "no-nested-data-bp", "lm", "clflushopt", "erms", "pcid", "pat", "pge", "tsc-scale", "msr", "ibpb", "popcnt", "fma", "rdctl-no", "rdtscp", "sse", "sse4.2", "cx8", "svme-addr-chk", "xsaveerptr", "sse4a", "xsaves", "skip-l1dfl-vmentry", "arch-capabilities", "syscall", "pause-filter", "stibp-always-on", "gds-no", "xsavec", "fsgsbase", "avx2", "aes", "mtrr", "bmi1", "pae", "smap", "misalignsse", "mca", "wbnoinvd", "nx", "topoext", "fxsr", "virt-ssbd", "rdpid", "sha-ni", "svm", "hypervisor", "rdseed", "lfence-always-serializing", "flushbyasid", "cmov", "invpcid", "abm", "fpu", "avx", "sep", "amd-ssbd", "umip", "amd-stibp", "vmcb-clean", "vaes", "pfthreshold", "lbrv", "3dnowprefetch", "tsc-deadline", "vgif", "x2apic", "fsrm", "fxsr_opt", "ssbd", "osvw", "xsave", "vme", "mmxext", "tsc_adjust", "pse", "apic", "bmi2", "pschange-mc-no", "spec-ctrl", "de", "xsaveopt", "null-sel-clr-base", "ssse3", "clzero", "mce", "tsc", "xgetbv1", "arat", "perfctr_core", "movbe", "pku", "cr8legacy", "smep", "adx", "cmp_legacy", "cx16", "pni", "nrip-save", "stibp", "sse4.1", "sse2", "v-vmsave-vmload", "rdrand", "clflush", "f16c", "pdpe1gb", "pse36", "mmx", "npt", "vpclmulqdq", "ibrs", "pclmuldq"]}',created_at=2026-07-23T06:57:50Z,current_workload=0,deleted=False,deleted_at=None,disk_allocation_ratio=1.0,disk_available_least=73,free_disk_gb=95,free_ram_mb=62765,host='np0000005729',host_ip=10.4.3.96,hypervisor_hostname='np0000005729',hypervisor_type='QEMU',hypervisor_version=8002002,id=1,local_gb=95,local_gb_used=0,mapped=1,memory_mb=63277,memory_mb_used=512,metrics='[]',numa_topology='{"nova_object.name": "NUMATopology", "nova_object.namespace": "nova", "nova_object.version": "1.2", "nova_object.data": {"cells": [{"nova_object.name": "NUMACell", "nova_object.namespace": "nova", "nova_object.version": "1.5", "nova_object.data": {"id": 0, "cpuset": [0, 1, 2, 3, 4, 5, 6, 7, 8, 9, 10, 11, 12, 13, 14, 15], "pcpuset": [0, 1, 2, 3, 4, 5, 6, 7, 8, 9, 10, 11, 12, 13, 14, 15], "memory": 63277, "cpu_usage": 0, "memory_usage": 0, "pinned_cpus": [], "siblings": [[6], [12], [2], [15], [5], [11], [8], [14], [4], [1], [7], [10], [0], [13], [3], [9]], "mempages": [{"nova_object.name": "NUMAPagesTopology", "nova_object.namespace": "nova", "nova_object.version": "1.1", "nova_object.data": {"size_kb": 4, "total": 16177929, "used": 0, "reserved": 0}, "nova_object.changes": ["used", "size_kb", "total", "reserved"]}, {"nova_object.name": "NUMAPagesTopology", "nova_object.namespace": "nova", "nova_object.version": "1.1", "nova_object.data": {"size_kb": 2048, "total": 41, "used": 0, "reserved": 0}, "nova_object.changes": ["used", "size_kb", "total", "reserved"]}, {"nova_object.name": "NUMAPagesTopology", "nova_object.namespace": "nova", "nova_object.version": "1.1", "nova_object.data": {"size_kb": 1048576, "total": 0, "used": 0, "reserved": 0}, "nova_object.changes": ["used", "size_kb", "total", "reserved"]}], "network_metadata": {"nova_object.name": "NetworkMetadata", "nova_object.namespace": "nova", "nova_object.version": "1.0", "nova_object.data": {"physnets": [], "tunneled": false}, "nova_object.changes": ["physnets", "tunneled"]}, "socket": null}, "nova_object.changes": ["id", "pinned_cpus", "siblings", "mempages", "cpuset", "network_metadata", "cpu_usage", "pcpuset", "memory", "memory_usage", "socket"]}]}, "nova_object.changes": ["cells"]}',pci_device_pools=PciDevicePoolList,ram_allocation_ratio=1.0,running_vms=0,service_id=3,stats={failed_builds='0',uptime=' 06:59:37 up 13 min, 2 users, load average: 2.01, 1.55, 0.84
Jul 23 06:59:55.422171 np0000005729 nova-scheduler[93447]: '},supported_hv_specs=[HVSpec,HVSpec,HVSpec,HVSpec,HVSpec,HVSpec,HVSpec,HVSpec,HVSpec,HVSpec,HVSpec,HVSpec,HVSpec,HVSpec,HVSpec,HVSpec,HVSpec,HVSpec,HVSpec,HVSpec,HVSpec,HVSpec,HVSpec,HVSpec,HVSpec],updated_at=2026-07-23T06:59:38Z,uuid=4d0bcf35-1672-40d2-b5f9-07599b339af1,vcpus=16,vcpus_used=0) {{(pid=93447) _locked_update /opt/stack/nova/nova/scheduler/host_manager.py:168}}
Jul 23 06:59:55.423127 np0000005729 nova-scheduler[93447]: DEBUG nova.scheduler.host_manager [None req-ef6d8d26-5a49-47db-9ae9-d1c5e7ab7c56 tempest-ServersNegativeTestJSON-1232899647 tempest-ServersNegativeTestJSON-1232899647-project-member] Update host state with aggregates: [] {{(pid=93447) _locked_update /opt/stack/nova/nova/scheduler/host_manager.py:171}}
Jul 23 06:59:55.423284 np0000005729 nova-scheduler[93447]: DEBUG nova.scheduler.host_manager [None req-ef6d8d26-5a49-47db-9ae9-d1c5e7ab7c56 tempest-ServersNegativeTestJSON-1232899647 tempest-ServersNegativeTestJSON-1232899647-project-member] Update host state with service dict: {'id': 3, 'uuid': 'cd0d5964-dd9c-4357-b043-439e65ce2b93', 'host': 'np0000005729', 'binary': 'nova-compute', 'topic': 'compute', 'report_count': 1, 'disabled': False, 'disabled_reason': None, 'last_seen_up': datetime.datetime(2026, 7, 23, 6, 57, 56, tzinfo=datetime.timezone.utc), 'forced_down': False, 'version': 72, 'created_at': datetime.datetime(2026, 7, 23, 6, 57, 49, tzinfo=datetime.timezone.utc), 'updated_at': datetime.datetime(2026, 7, 23, 6, 57, 56, tzinfo=datetime.timezone.utc), 'deleted_at': None, 'deleted': False} {{(pid=93447) _locked_update /opt/stack/nova/nova/scheduler/host_manager.py:174}}
Jul 23 06:59:55.423637 np0000005729 nova-scheduler[93447]: DEBUG nova.scheduler.host_manager [None req-ef6d8d26-5a49-47db-9ae9-d1c5e7ab7c56 tempest-ServersNegativeTestJSON-1232899647 tempest-ServersNegativeTestJSON-1232899647-project-member] Update host state with instances: [] {{(pid=93447) _locked_update /opt/stack/nova/nova/scheduler/host_manager.py:177}}
Jul 23 06:59:55.423637 np0000005729 nova-scheduler[93447]: DEBUG oslo_concurrency.lockutils [None req-ef6d8d26-5a49-47db-9ae9-d1c5e7ab7c56 tempest-ServersNegativeTestJSON-1232899647 tempest-ServersNegativeTestJSON-1232899647-project-member] Lock "np0000005729-np0000005729" "released" by "nova.scheduler.host_manager.HostState.update.._locked_update" :: held 0.003s {{(pid=93447) inner /opt/stack/data/venv/lib/python3.12/site-packages/oslo_concurrency/lockutils.py:544}}
Jul 23 06:59:55.424399 np0000005729 nova-scheduler[93447]: DEBUG nova.filters [None req-ef6d8d26-5a49-47db-9ae9-d1c5e7ab7c56 tempest-ServersNegativeTestJSON-1232899647 tempest-ServersNegativeTestJSON-1232899647-project-member] Starting with 1 host(s) {{(pid=93447) get_filtered_objects /opt/stack/nova/nova/filters.py:70}}
Jul 23 06:59:55.424479 np0000005729 nova-scheduler[93447]: DEBUG nova.filters [None req-ef6d8d26-5a49-47db-9ae9-d1c5e7ab7c56 tempest-ServersNegativeTestJSON-1232899647 tempest-ServersNegativeTestJSON-1232899647-project-member] Filter ComputeFilter returned 1 host(s) {{(pid=93447) get_filtered_objects /opt/stack/nova/nova/filters.py:102}}
Jul 23 06:59:55.424743 np0000005729 nova-scheduler[93447]: DEBUG nova.filters [None req-ef6d8d26-5a49-47db-9ae9-d1c5e7ab7c56 tempest-ServersNegativeTestJSON-1232899647 tempest-ServersNegativeTestJSON-1232899647-project-member] Filter ComputeCapabilitiesFilter returned 1 host(s) {{(pid=93447) get_filtered_objects /opt/stack/nova/nova/filters.py:102}}
Jul 23 06:59:55.425029 np0000005729 nova-scheduler[93447]: DEBUG nova.filters [None req-ef6d8d26-5a49-47db-9ae9-d1c5e7ab7c56 tempest-ServersNegativeTestJSON-1232899647 tempest-ServersNegativeTestJSON-1232899647-project-member] Filter ImagePropertiesFilter returned 1 host(s) {{(pid=93447) get_filtered_objects /opt/stack/nova/nova/filters.py:102}}
Jul 23 06:59:55.425273 np0000005729 nova-scheduler[93447]: DEBUG nova.filters [None req-ef6d8d26-5a49-47db-9ae9-d1c5e7ab7c56 tempest-ServersNegativeTestJSON-1232899647 tempest-ServersNegativeTestJSON-1232899647-project-member] Filter ServerGroupAntiAffinityFilter returned 1 host(s) {{(pid=93447) get_filtered_objects /opt/stack/nova/nova/filters.py:102}}
Jul 23 06:59:55.425386 np0000005729 nova-scheduler[93447]: DEBUG nova.filters [None req-ef6d8d26-5a49-47db-9ae9-d1c5e7ab7c56 tempest-ServersNegativeTestJSON-1232899647 tempest-ServersNegativeTestJSON-1232899647-project-member] Filter ServerGroupAffinityFilter returned 1 host(s) {{(pid=93447) get_filtered_objects /opt/stack/nova/nova/filters.py:102}}
Jul 23 06:59:55.425573 np0000005729 nova-scheduler[93447]: DEBUG nova.filters [None req-ef6d8d26-5a49-47db-9ae9-d1c5e7ab7c56 tempest-ServersNegativeTestJSON-1232899647 tempest-ServersNegativeTestJSON-1232899647-project-member] Filter SameHostFilter returned 1 host(s) {{(pid=93447) get_filtered_objects /opt/stack/nova/nova/filters.py:102}}
Jul 23 06:59:55.425712 np0000005729 nova-scheduler[93447]: DEBUG nova.filters [None req-ef6d8d26-5a49-47db-9ae9-d1c5e7ab7c56 tempest-ServersNegativeTestJSON-1232899647 tempest-ServersNegativeTestJSON-1232899647-project-member] Filter DifferentHostFilter returned 1 host(s) {{(pid=93447) get_filtered_objects /opt/stack/nova/nova/filters.py:102}}
Jul 23 06:59:55.425864 np0000005729 nova-scheduler[93447]: DEBUG nova.scheduler.manager [None req-ef6d8d26-5a49-47db-9ae9-d1c5e7ab7c56 tempest-ServersNegativeTestJSON-1232899647 tempest-ServersNegativeTestJSON-1232899647-project-member] Filtered [(np0000005729, np0000005729) ram: 62765MB disk: 74752MB io_ops: 0 instances: 0, allocation_candidates: 1] {{(pid=93447) _get_sorted_hosts /opt/stack/nova/nova/scheduler/manager.py:742}}
Jul 23 06:59:55.426099 np0000005729 nova-scheduler[93447]: DEBUG nova.scheduler.manager [None req-ef6d8d26-5a49-47db-9ae9-d1c5e7ab7c56 tempest-ServersNegativeTestJSON-1232899647 tempest-ServersNegativeTestJSON-1232899647-project-member] Weighed [WeighedHost [host: (np0000005729, np0000005729) ram: 62765MB disk: 74752MB io_ops: 0 instances: 0, allocation_candidates: 1, weight: 0.0]] {{(pid=93447) _get_sorted_hosts /opt/stack/nova/nova/scheduler/manager.py:764}}
Jul 23 06:59:55.426323 np0000005729 nova-scheduler[93447]: DEBUG nova.scheduler.utils [None req-ef6d8d26-5a49-47db-9ae9-d1c5e7ab7c56 tempest-ServersNegativeTestJSON-1232899647 tempest-ServersNegativeTestJSON-1232899647-project-member] Attempting to claim resources in the placement API for instance b7513f35-c613-43f0-9bb9-55a4054cd8a0 {{(pid=93447) claim_resources /opt/stack/nova/nova/scheduler/utils.py:1345}}
Jul 23 06:59:55.605147 np0000005729 nova-scheduler[93447]: DEBUG nova.scheduler.manager [None req-ef6d8d26-5a49-47db-9ae9-d1c5e7ab7c56 tempest-ServersNegativeTestJSON-1232899647 tempest-ServersNegativeTestJSON-1232899647-project-member] [instance: b7513f35-c613-43f0-9bb9-55a4054cd8a0] Selected host: (np0000005729, np0000005729) ram: 62765MB disk: 74752MB io_ops: 0 instances: 0, allocation_candidates: 1 {{(pid=93447) _consume_selected_host /opt/stack/nova/nova/scheduler/manager.py:624}}
Jul 23 06:59:55.605440 np0000005729 nova-scheduler[93447]: DEBUG oslo_concurrency.lockutils [None req-ef6d8d26-5a49-47db-9ae9-d1c5e7ab7c56 tempest-ServersNegativeTestJSON-1232899647 tempest-ServersNegativeTestJSON-1232899647-project-member] Acquiring lock "np0000005729-np0000005729" by "nova.scheduler.host_manager.HostState.consume_from_request.._locked" {{(pid=93447) inner /opt/stack/data/venv/lib/python3.12/site-packages/oslo_concurrency/lockutils.py:512}}
Jul 23 06:59:55.605585 np0000005729 nova-scheduler[93447]: DEBUG oslo_concurrency.lockutils [None req-ef6d8d26-5a49-47db-9ae9-d1c5e7ab7c56 tempest-ServersNegativeTestJSON-1232899647 tempest-ServersNegativeTestJSON-1232899647-project-member] Lock "np0000005729-np0000005729" acquired by "nova.scheduler.host_manager.HostState.consume_from_request.._locked" :: waited 0.000s {{(pid=93447) inner /opt/stack/data/venv/lib/python3.12/site-packages/oslo_concurrency/lockutils.py:525}}
Jul 23 06:59:55.606142 np0000005729 nova-scheduler[93447]: DEBUG oslo_concurrency.lockutils [None req-ef6d8d26-5a49-47db-9ae9-d1c5e7ab7c56 tempest-ServersNegativeTestJSON-1232899647 tempest-ServersNegativeTestJSON-1232899647-project-member] Lock "np0000005729-np0000005729" "released" by "nova.scheduler.host_manager.HostState.consume_from_request.._locked" :: held 0.000s {{(pid=93447) inner /opt/stack/data/venv/lib/python3.12/site-packages/oslo_concurrency/lockutils.py:544}}
Jul 23 06:59:58.883167 np0000005729 nova-scheduler[93487]: DEBUG oslo.service.backend._threading.loopingcall [None req-50c5b618-3305-470d-afee-120b48735990 None None] Dynamic interval looping call 'nova.service.Service.periodic_tasks' sleeping for 60.00 seconds {{(pid=93487) _run_loop /opt/stack/data/venv/lib/python3.12/site-packages/oslo_service/backend/_threading/loopingcall.py:125}}
Jul 23 06:59:59.362280 np0000005729 nova-scheduler[93487]: DEBUG nova.scheduler.manager [None req-4ca4e6dd-6989-4c30-951c-4507897f8eab tempest-AttachVolumeNegativeTest-278338504 tempest-AttachVolumeNegativeTest-278338504-project-member] Starting to schedule for instances: ['dbd69342-2341-4702-a4a8-6f24cff0ca3c'] {{(pid=93487) select_destinations /opt/stack/nova/nova/scheduler/manager.py:209}}
Jul 23 06:59:59.362824 np0000005729 nova-scheduler[93487]: DEBUG nova.scheduler.request_filter [None req-4ca4e6dd-6989-4c30-951c-4507897f8eab tempest-AttachVolumeNegativeTest-278338504 tempest-AttachVolumeNegativeTest-278338504-project-member] compute_status_filter request filter added forbidden trait COMPUTE_STATUS_DISABLED {{(pid=93487) compute_status_filter /opt/stack/nova/nova/scheduler/request_filter.py:253}}
Jul 23 06:59:59.362968 np0000005729 nova-scheduler[93487]: DEBUG nova.scheduler.request_filter [None req-4ca4e6dd-6989-4c30-951c-4507897f8eab tempest-AttachVolumeNegativeTest-278338504 tempest-AttachVolumeNegativeTest-278338504-project-member] Request filter 'compute_status_filter' took 0.0 seconds {{(pid=93487) wrapper /opt/stack/nova/nova/scheduler/request_filter.py:46}}
Jul 23 06:59:59.363261 np0000005729 nova-scheduler[93487]: DEBUG nova.scheduler.request_filter [None req-4ca4e6dd-6989-4c30-951c-4507897f8eab tempest-AttachVolumeNegativeTest-278338504 tempest-AttachVolumeNegativeTest-278338504-project-member] Request filter 'accelerators_filter' took 0.0 seconds {{(pid=93487) wrapper /opt/stack/nova/nova/scheduler/request_filter.py:46}}
Jul 23 06:59:59.363501 np0000005729 nova-scheduler[93487]: DEBUG nova.scheduler.request_filter [None req-4ca4e6dd-6989-4c30-951c-4507897f8eab tempest-AttachVolumeNegativeTest-278338504 tempest-AttachVolumeNegativeTest-278338504-project-member] Request filter 'packed_virtqueue_filter' took 0.0 seconds {{(pid=93487) wrapper /opt/stack/nova/nova/scheduler/request_filter.py:46}}
Jul 23 06:59:59.363866 np0000005729 nova-scheduler[93487]: DEBUG nova.scheduler.request_filter [None req-4ca4e6dd-6989-4c30-951c-4507897f8eab tempest-AttachVolumeNegativeTest-278338504 tempest-AttachVolumeNegativeTest-278338504-project-member] Request filter 'remote_managed_ports_filter' took 0.0 seconds {{(pid=93487) wrapper /opt/stack/nova/nova/scheduler/request_filter.py:46}}
Jul 23 06:59:59.364053 np0000005729 nova-scheduler[93487]: DEBUG nova.scheduler.request_filter [None req-4ca4e6dd-6989-4c30-951c-4507897f8eab tempest-AttachVolumeNegativeTest-278338504 tempest-AttachVolumeNegativeTest-278338504-project-member] ephemeral_encryption_filter skipped {{(pid=93487) ephemeral_encryption_filter /opt/stack/nova/nova/scheduler/request_filter.py:426}}
Jul 23 06:59:59.364249 np0000005729 nova-scheduler[93487]: DEBUG nova.scheduler.request_filter [None req-4ca4e6dd-6989-4c30-951c-4507897f8eab tempest-AttachVolumeNegativeTest-278338504 tempest-AttachVolumeNegativeTest-278338504-project-member] virtio_sound_filter skipped {{(pid=93487) virtio_sound_filter /opt/stack/nova/nova/scheduler/request_filter.py:460}}
