Aug 25 16:19:10.773620 np0000008093 devstack@c-api.service[100455]: INFO cinder.api.openstack.wsgi [None req-4d754fcd-5987-4f12-a682-1d0a48a07154 tempest-VolumesListTestJSON-272597691 tempest-VolumesListTestJSON-272597691-project-member] POST https://10.4.3.102/volume/v3/volumes
Aug 25 16:19:10.773620 np0000008093 devstack@c-api.service[100455]: DEBUG cinder.api.openstack.wsgi [None req-4d754fcd-5987-4f12-a682-1d0a48a07154 tempest-VolumesListTestJSON-272597691 tempest-VolumesListTestJSON-272597691-project-member] Action: 'create', calling method: create, body: {"volume": {"metadata": {"Type": "work"}, "size": 1, "name": "tempest-VolumesListTestJSON-Volume-876177640"}} {{(pid=100455) _process_stack /opt/stack/cinder/cinder/api/openstack/wsgi.py:876}}
Aug 25 16:19:10.773779 np0000008093 devstack@c-api.service[100457]: DEBUG cinder.api.middleware.request_id [None req-0d1fe167-1c25-494b-ae72-1441de2e56c5 None None] RequestId filter calling following filter/app {{(pid=100457) _context_setter /opt/stack/cinder/cinder/api/middleware/request_id.py:62}}
Aug 25 16:19:10.773779 np0000008093 devstack@c-api.service[100457]: INFO cinder.api.openstack.wsgi [None req-0d1fe167-1c25-494b-ae72-1441de2e56c5 None None] GET https://10.4.3.102/volume//
Aug 25 16:19:10.773779 np0000008093 devstack@c-api.service[100457]: DEBUG cinder.api.openstack.wsgi [None req-0d1fe167-1c25-494b-ae72-1441de2e56c5 None None] Empty body provided in request {{(pid=100457) get_body /opt/stack/cinder/cinder/api/openstack/wsgi.py:725}}
Aug 25 16:19:10.773925 np0000008093 devstack@c-api.service[100457]: DEBUG cinder.api.openstack.wsgi [None req-0d1fe167-1c25-494b-ae72-1441de2e56c5 None None] Calling method 'all' {{(pid=100457) _process_stack /opt/stack/cinder/cinder/api/openstack/wsgi.py:878}}
Aug 25 16:19:10.774392 np0000008093 devstack@c-api.service[100457]: INFO cinder.api.openstack.wsgi [None req-0d1fe167-1c25-494b-ae72-1441de2e56c5 None None] https://10.4.3.102/volume// returned with HTTP 300
Aug 25 16:19:10.774613 np0000008093 devstack@c-api.service[100457]: [pid: 100457|app: 0|req: 67/274] 10.4.3.102 () {66 vars in 1428 bytes} [Tue Aug 25 16:19:10 2026] GET /volume/ => generated 386 bytes in 2 msecs (HTTP/1.1 300) 7 headers in 299 bytes (1 switches on core 0)
Aug 25 16:19:10.776303 np0000008093 devstack@c-api.service[100455]: DEBUG cinder.api.v3.volumes [None req-4d754fcd-5987-4f12-a682-1d0a48a07154 tempest-VolumesListTestJSON-272597691 tempest-VolumesListTestJSON-272597691-project-member] Create volume request body: {'volume': {'metadata': {'Type': 'work'}, 'size': 1, 'name': 'tempest-VolumesListTestJSON-Volume-876177640'}} {{(pid=100455) create /opt/stack/cinder/cinder/api/v3/volumes.py:368}}
Aug 25 16:19:10.776811 np0000008093 devstack@c-api.service[100455]: INFO cinder.api.v3.volumes [None req-4d754fcd-5987-4f12-a682-1d0a48a07154 tempest-VolumesListTestJSON-272597691 tempest-VolumesListTestJSON-272597691-project-member] Create volume of 1 GB
Aug 25 16:19:10.784802 np0000008093 devstack@c-api.service[100455]: INFO cinder.volume.api [None req-4d754fcd-5987-4f12-a682-1d0a48a07154 tempest-VolumesListTestJSON-272597691 tempest-VolumesListTestJSON-272597691-project-member] Availability Zones retrieved successfully.
Aug 25 16:19:10.785120 np0000008093 devstack@c-api.service[100454]: DEBUG cinder.api.middleware.request_id [req-1da0d39b-06c8-4927-b6ed-3143ea2e9aa2 req-dbc8becd-9501-40ab-ae54-b6cbda6987f6 None None] RequestId filter calling following filter/app {{(pid=100454) _context_setter /opt/stack/cinder/cinder/api/middleware/request_id.py:62}}
Aug 25 16:19:10.789655 np0000008093 devstack@c-api.service[100454]: INFO cinder.api.openstack.wsgi [req-1da0d39b-06c8-4927-b6ed-3143ea2e9aa2 req-dbc8becd-9501-40ab-ae54-b6cbda6987f6 tempest-TaggedAttachmentsTest-835818853 tempest-TaggedAttachmentsTest-835818853-project-member] POST https://10.4.3.102/volume/v3/attachments
Aug 25 16:19:10.790268 np0000008093 devstack@c-api.service[100454]: DEBUG cinder.api.openstack.wsgi [req-1da0d39b-06c8-4927-b6ed-3143ea2e9aa2 req-dbc8becd-9501-40ab-ae54-b6cbda6987f6 tempest-TaggedAttachmentsTest-835818853 tempest-TaggedAttachmentsTest-835818853-project-member] Action: 'create', calling method: version_select, body: {"attachment": {"volume_uuid": "b52a3b07-90f2-42f5-9168-528d583d7b01", "connector": null, "instance_uuid": "ca4823e8-0fd3-457d-863f-10142a8a26d8"}} {{(pid=100454) _process_stack /opt/stack/cinder/cinder/api/openstack/wsgi.py:876}}
Aug 25 16:19:10.794693 np0000008093 devstack@c-api.service[100455]: DEBUG cinder.volume.api [None req-4d754fcd-5987-4f12-a682-1d0a48a07154 tempest-VolumesListTestJSON-272597691 tempest-VolumesListTestJSON-272597691-project-member] Flow 'volume_create_api' (2b5f5dae-d517-405a-8976-903811e313cb) transitioned into state 'RUNNING' from state 'PENDING' {{(pid=100455) _flow_receiver /opt/stack/data/venv/lib/python3.12/site-packages/taskflow/listeners/logging.py:160}}
Aug 25 16:19:10.795812 np0000008093 devstack@c-api.service[100455]: DEBUG cinder.volume.api [None req-4d754fcd-5987-4f12-a682-1d0a48a07154 tempest-VolumesListTestJSON-272597691 tempest-VolumesListTestJSON-272597691-project-member] Task 'cinder.volume.flows.api.create_volume.ExtractVolumeRequestTask;volume:create' (9685f731-ef3b-4178-946c-c2881cc2d870) transitioned into state 'RUNNING' from state 'PENDING' {{(pid=100455) _task_receiver /opt/stack/data/venv/lib/python3.12/site-packages/taskflow/listeners/logging.py:242}}
Aug 25 16:19:10.797719 np0000008093 devstack@c-api.service[100455]: DEBUG cinder.volume.flows.api.create_volume [None req-4d754fcd-5987-4f12-a682-1d0a48a07154 tempest-VolumesListTestJSON-272597691 tempest-VolumesListTestJSON-272597691-project-member] Validating volume size '1' using validate_int {{(pid=100455) _extract_size /opt/stack/cinder/cinder/volume/flows/api/create_volume.py:226}}
Aug 25 16:19:10.805072 np0000008093 devstack@c-api.service[100454]: /opt/stack/data/venv/lib/python3.12/site-packages/oslo_context/context.py:102: DeprecationWarning: Policy enforcement is depending on the value of is_admin. This key is deprecated. Please update your policy file to use the standard policy values.
Aug 25 16:19:10.805072 np0000008093 devstack@c-api.service[100454]: warnings.warn(
Aug 25 16:19:10.838309 np0000008093 devstack@c-api.service[100455]: DEBUG cinder.volume.api [None req-4d754fcd-5987-4f12-a682-1d0a48a07154 tempest-VolumesListTestJSON-272597691 tempest-VolumesListTestJSON-272597691-project-member] Task 'cinder.volume.flows.api.create_volume.ExtractVolumeRequestTask;volume:create' (9685f731-ef3b-4178-946c-c2881cc2d870) transitioned into state 'SUCCESS' from state 'RUNNING' with result '{'size': 1, 'snapshot_id': None, 'source_volid': None, 'volume_type': VolumeType(created_at=2026-08-25T16:15:39Z,deleted=False,deleted_at=None,description=None,extra_specs={volume_backend_name='storpool'},id=c2b05393-8a15-49c6-a66f-c46ba3d14856,is_public=True,name='storpool',projects=[],qos_specs=,qos_specs_id=None,updated_at=None), 'volume_type_id': 'c2b05393-8a15-49c6-a66f-c46ba3d14856', 'encryption_key_id': None, 'qos_specs': None, 'consistencygroup_id': None, 'cgsnapshot_id': None, 'group_id': None, 'replication_status': 'disabled', 'refresh_az': False, 'backup_id': None, 'multiattach': False, 'availability_zones': ['nova']}' {{(pid=100455) _task_receiver /opt/stack/data/venv/lib/python3.12/site-packages/taskflow/listeners/logging.py:218}}
Aug 25 16:19:10.839417 np0000008093 devstack@c-api.service[100455]: DEBUG cinder.volume.api [None req-4d754fcd-5987-4f12-a682-1d0a48a07154 tempest-VolumesListTestJSON-272597691 tempest-VolumesListTestJSON-272597691-project-member] Task 'cinder.volume.flows.api.create_volume.QuotaReserveTask;volume:create' (1dd8a57a-5194-418f-a3c8-ee227a8a837b) transitioned into state 'RUNNING' from state 'PENDING' {{(pid=100455) _task_receiver /opt/stack/data/venv/lib/python3.12/site-packages/taskflow/listeners/logging.py:242}}
Aug 25 16:19:10.846261 np0000008093 devstack@c-api.service[100454]: INFO cinder.api.openstack.wsgi [req-1da0d39b-06c8-4927-b6ed-3143ea2e9aa2 req-dbc8becd-9501-40ab-ae54-b6cbda6987f6 tempest-TaggedAttachmentsTest-835818853 tempest-TaggedAttachmentsTest-835818853-project-member] https://10.4.3.102/volume/v3/attachments returned with HTTP 200
Aug 25 16:19:10.847076 np0000008093 devstack@c-api.service[100454]: [pid: 100454|app: 0|req: 71/275] 10.4.3.102 () {74 vars in 1594 bytes} [Tue Aug 25 16:19:10 2026] POST /volume/v3/attachments => generated 273 bytes in 63 msecs (HTTP/1.1 200) 7 headers in 286 bytes (1 switches on core 0)
Aug 25 16:19:10.880607 np0000008093 devstack@c-api.service[100456]: DEBUG cinder.api.middleware.request_id [None req-e1214986-8566-42ce-8a6a-2a904bfe05f0 None None] RequestId filter calling following filter/app {{(pid=100456) _context_setter /opt/stack/cinder/cinder/api/middleware/request_id.py:62}}
Aug 25 16:19:10.884452 np0000008093 devstack@c-api.service[100456]: INFO cinder.api.openstack.wsgi [None req-e1214986-8566-42ce-8a6a-2a904bfe05f0 tempest-TaggedAttachmentsTest-835818853 tempest-TaggedAttachmentsTest-835818853-project-member] GET https://10.4.3.102/volume/v3/volumes/b52a3b07-90f2-42f5-9168-528d583d7b01
Aug 25 16:19:10.884733 np0000008093 devstack@c-api.service[100456]: DEBUG cinder.api.openstack.wsgi [None req-e1214986-8566-42ce-8a6a-2a904bfe05f0 tempest-TaggedAttachmentsTest-835818853 tempest-TaggedAttachmentsTest-835818853-project-member] Empty body provided in request {{(pid=100456) get_body /opt/stack/cinder/cinder/api/openstack/wsgi.py:725}}
Aug 25 16:19:10.884996 np0000008093 devstack@c-api.service[100456]: DEBUG cinder.api.openstack.wsgi [None req-e1214986-8566-42ce-8a6a-2a904bfe05f0 tempest-TaggedAttachmentsTest-835818853 tempest-TaggedAttachmentsTest-835818853-project-member] Calling method 'show' {{(pid=100456) _process_stack /opt/stack/cinder/cinder/api/openstack/wsgi.py:878}}
Aug 25 16:19:10.894457 np0000008093 devstack@c-api.service[100455]: DEBUG cinder.quota [None req-4d754fcd-5987-4f12-a682-1d0a48a07154 tempest-VolumesListTestJSON-272597691 tempest-VolumesListTestJSON-272597691-project-member] Created reservations ['0c74bb45-3540-45e1-9995-e1ae7577f8ed', '1fa759ff-cbed-47b9-b01c-d305a999d7f6', 'dae85b2e-80fa-4017-8856-bb4ba4190ec9', 'dc3dace4-44ba-4a77-93a0-b3ab21aa3478'] {{(pid=100455) reserve /opt/stack/cinder/cinder/quota.py:752}}
Aug 25 16:19:10.895410 np0000008093 devstack@c-api.service[100455]: DEBUG cinder.volume.api [None req-4d754fcd-5987-4f12-a682-1d0a48a07154 tempest-VolumesListTestJSON-272597691 tempest-VolumesListTestJSON-272597691-project-member] Task 'cinder.volume.flows.api.create_volume.QuotaReserveTask;volume:create' (1dd8a57a-5194-418f-a3c8-ee227a8a837b) transitioned into state 'SUCCESS' from state 'RUNNING' with result '{'reservations': ['0c74bb45-3540-45e1-9995-e1ae7577f8ed', '1fa759ff-cbed-47b9-b01c-d305a999d7f6', 'dae85b2e-80fa-4017-8856-bb4ba4190ec9', 'dc3dace4-44ba-4a77-93a0-b3ab21aa3478']}' {{(pid=100455) _task_receiver /opt/stack/data/venv/lib/python3.12/site-packages/taskflow/listeners/logging.py:218}}
Aug 25 16:19:10.896387 np0000008093 devstack@c-api.service[100455]: DEBUG cinder.volume.api [None req-4d754fcd-5987-4f12-a682-1d0a48a07154 tempest-VolumesListTestJSON-272597691 tempest-VolumesListTestJSON-272597691-project-member] Task 'cinder.volume.flows.api.create_volume.EntryCreateTask;volume:create' (01f77040-7c15-4d5d-aa64-2fb8c943793d) transitioned into state 'RUNNING' from state 'PENDING' {{(pid=100455) _task_receiver /opt/stack/data/venv/lib/python3.12/site-packages/taskflow/listeners/logging.py:242}}
Aug 25 16:19:10.896579 np0000008093 devstack@c-api.service[100456]: /opt/stack/data/venv/lib/python3.12/site-packages/oslo_context/context.py:102: DeprecationWarning: Policy enforcement is depending on the value of is_admin. This key is deprecated. Please update your policy file to use the standard policy values.
Aug 25 16:19:10.896579 np0000008093 devstack@c-api.service[100456]: warnings.warn(
Aug 25 16:19:10.902764 np0000008093 devstack@c-api.service[100456]: INFO cinder.volume.api [None req-e1214986-8566-42ce-8a6a-2a904bfe05f0 tempest-TaggedAttachmentsTest-835818853 tempest-TaggedAttachmentsTest-835818853-project-member] Volume info retrieved successfully.
Aug 25 16:19:10.905477 np0000008093 devstack@c-api.service[100457]: DEBUG cinder.api.middleware.request_id [None req-f7bc99eb-a566-466c-a63c-28a308f00880 None None] RequestId filter calling following filter/app {{(pid=100457) _context_setter /opt/stack/cinder/cinder/api/middleware/request_id.py:62}}
Aug 25 16:19:10.905940 np0000008093 devstack@c-api.service[100457]: INFO cinder.api.openstack.wsgi [None req-f7bc99eb-a566-466c-a63c-28a308f00880 None None] GET https://10.4.3.102/volume//
Aug 25 16:19:10.906163 np0000008093 devstack@c-api.service[100457]: DEBUG cinder.api.openstack.wsgi [None req-f7bc99eb-a566-466c-a63c-28a308f00880 None None] Empty body provided in request {{(pid=100457) get_body /opt/stack/cinder/cinder/api/openstack/wsgi.py:725}}
Aug 25 16:19:10.906408 np0000008093 devstack@c-api.service[100457]: DEBUG cinder.api.openstack.wsgi [None req-f7bc99eb-a566-466c-a63c-28a308f00880 None None] Calling method 'all' {{(pid=100457) _process_stack /opt/stack/cinder/cinder/api/openstack/wsgi.py:878}}
Aug 25 16:19:10.906845 np0000008093 devstack@c-api.service[100457]: INFO cinder.api.openstack.wsgi [None req-f7bc99eb-a566-466c-a63c-28a308f00880 None None] https://10.4.3.102/volume// returned with HTTP 300
Aug 25 16:19:10.907244 np0000008093 devstack@c-api.service[100457]: [pid: 100457|app: 0|req: 68/276] 10.4.3.102 () {66 vars in 1426 bytes} [Tue Aug 25 16:19:10 2026] GET /volume/ => generated 386 bytes in 2 msecs (HTTP/1.1 300) 7 headers in 299 bytes (1 switches on core 0)
Aug 25 16:19:10.911053 np0000008093 devstack@c-api.service[100456]: INFO cinder.api.openstack.wsgi [None req-e1214986-8566-42ce-8a6a-2a904bfe05f0 tempest-TaggedAttachmentsTest-835818853 tempest-TaggedAttachmentsTest-835818853-project-member] https://10.4.3.102/volume/v3/volumes/b52a3b07-90f2-42f5-9168-528d583d7b01 returned with HTTP 200
Aug 25 16:19:10.911568 np0000008093 devstack@c-api.service[100456]: [pid: 100456|app: 0|req: 71/277] 10.4.3.102 () {66 vars in 1348 bytes} [Tue Aug 25 16:19:10 2026] GET /volume/v3/volumes/b52a3b07-90f2-42f5-9168-528d583d7b01 => generated 843 bytes in 32 msecs (HTTP/1.1 200) 7 headers in 285 bytes (1 switches on core 0)
Aug 25 16:19:10.919229 np0000008093 devstack@c-api.service[100454]: DEBUG cinder.api.middleware.request_id [req-1da0d39b-06c8-4927-b6ed-3143ea2e9aa2 req-ff267409-d1a9-4fd1-9a88-496d68a16431 None None] RequestId filter calling following filter/app {{(pid=100454) _context_setter /opt/stack/cinder/cinder/api/middleware/request_id.py:62}}
Aug 25 16:19:10.923771 np0000008093 devstack@c-api.service[100454]: INFO cinder.api.openstack.wsgi [req-1da0d39b-06c8-4927-b6ed-3143ea2e9aa2 req-ff267409-d1a9-4fd1-9a88-496d68a16431 tempest-TaggedAttachmentsTest-835818853 tempest-TaggedAttachmentsTest-835818853-project-member] GET https://10.4.3.102/volume/v3/volumes/b52a3b07-90f2-42f5-9168-528d583d7b01
Aug 25 16:19:10.923771 np0000008093 devstack@c-api.service[100454]: DEBUG cinder.api.openstack.wsgi [req-1da0d39b-06c8-4927-b6ed-3143ea2e9aa2 req-ff267409-d1a9-4fd1-9a88-496d68a16431 tempest-TaggedAttachmentsTest-835818853 tempest-TaggedAttachmentsTest-835818853-project-member] Empty body provided in request {{(pid=100454) get_body /opt/stack/cinder/cinder/api/openstack/wsgi.py:725}}
Aug 25 16:19:10.923771 np0000008093 devstack@c-api.service[100454]: DEBUG cinder.api.openstack.wsgi [req-1da0d39b-06c8-4927-b6ed-3143ea2e9aa2 req-ff267409-d1a9-4fd1-9a88-496d68a16431 tempest-TaggedAttachmentsTest-835818853 tempest-TaggedAttachmentsTest-835818853-project-member] Calling method 'show' {{(pid=100454) _process_stack /opt/stack/cinder/cinder/api/openstack/wsgi.py:878}}
Aug 25 16:19:10.934771 np0000008093 devstack@c-api.service[100455]: DEBUG cinder.volume.api [None req-4d754fcd-5987-4f12-a682-1d0a48a07154 tempest-VolumesListTestJSON-272597691 tempest-VolumesListTestJSON-272597691-project-member] Task 'cinder.volume.flows.api.create_volume.EntryCreateTask;volume:create' (01f77040-7c15-4d5d-aa64-2fb8c943793d) transitioned into state 'SUCCESS' from state 'RUNNING' with result '{'volume_id': 'f9b4f31e-d7bb-43c7-818a-a5502a7fe5cc', 'volume_properties': VolumeProperties(attach_status='detached',availability_zone='nova',cgsnapshot_id=None,consistencygroup_id=None,display_description=None,display_name='tempest-VolumesListTestJSON-Volume-876177640',encryption_key_id=None,group_id=None,group_type_id=,metadata={Type='work'},multiattach=False,project_id='48d2749d41234b0f929cf8a7bccb33b1',qos_specs=None,replication_status=,reservations=['0c74bb45-3540-45e1-9995-e1ae7577f8ed','1fa759ff-cbed-47b9-b01c-d305a999d7f6','dae85b2e-80fa-4017-8856-bb4ba4190ec9','dc3dace4-44ba-4a77-93a0-b3ab21aa3478'],size=1,snapshot_id=None,source_replicaid=,source_volid=None,status='creating',user_id='01931112eb2b4c56a8701ff9f83a502b',volume_type_id=c2b05393-8a15-49c6-a66f-c46ba3d14856), 'volume': Volume(_name_id=None,admin_metadata=,attach_status='detached',availability_zone='nova',bootable=False,cluster=,cluster_name=None,consistencygroup=,consistencygroup_id=None,created_at=2026-08-25T16:19:10Z,deleted=False,deleted_at=None,display_description=None,display_name='tempest-VolumesListTestJSON-Volume-876177640',ec2_id=None,encryption_key_id=None,glance_metadata=,group=,group_id=None,host=None,id=f9b4f31e-d7bb-43c7-818a-a5502a7fe5cc,launched_at=None,metadata={Type='work'},migration_status=None,multiattach=False,previous_status=None,project_id='48d2749d41234b0f929cf8a7bccb33b1',provider_auth=None,provider_geometry=None,provider_id=None,provider_location=None,replication_driver_data=None,replication_extended_status=None,replication_status=None,scheduled_at=None,service_uuid=None,shared_targets=True,size=1,snapshot_id=None,snapshots=,source_volid=None,status='creating',terminated_at=None,updated_at=None,use_quota=True,user_id='01931112eb2b4c56a8701ff9f83a502b',volume_attachment=VolumeAttachmentList,volume_type=VolumeType(c2b05393-8a15-49c6-a66f-c46ba3d14856),volume_type_id=c2b05393-8a15-49c6-a66f-c46ba3d14856)}' {{(pid=100455) _task_receiver /opt/stack/data/venv/lib/python3.12/site-packages/taskflow/listeners/logging.py:218}}
Aug 25 16:19:10.935956 np0000008093 devstack@c-api.service[100455]: DEBUG cinder.volume.api [None req-4d754fcd-5987-4f12-a682-1d0a48a07154 tempest-VolumesListTestJSON-272597691 tempest-VolumesListTestJSON-272597691-project-member] Task 'cinder.volume.flows.api.create_volume.QuotaCommitTask;volume:create' (c2523e51-e114-4f40-a462-a3b1e936a1a1) transitioned into state 'RUNNING' from state 'PENDING' {{(pid=100455) _task_receiver /opt/stack/data/venv/lib/python3.12/site-packages/taskflow/listeners/logging.py:242}}
Aug 25 16:19:10.936087 np0000008093 devstack@c-api.service[100457]: DEBUG cinder.api.middleware.request_id [None req-db0ae2c2-172f-421d-b88b-cc0487fb41be None None] RequestId filter calling following filter/app {{(pid=100457) _context_setter /opt/stack/cinder/cinder/api/middleware/request_id.py:62}}
Aug 25 16:19:10.940226 np0000008093 devstack@c-api.service[100457]: INFO cinder.api.openstack.wsgi [None req-db0ae2c2-172f-421d-b88b-cc0487fb41be tempest-AttachSCSIVolumeTestJSON-1032120906 tempest-AttachSCSIVolumeTestJSON-1032120906-project-member] GET https://10.4.3.102/volume/v3/volumes/c8ca69cd-6162-409f-ad95-5dd03e18fa0a
Aug 25 16:19:10.940226 np0000008093 devstack@c-api.service[100457]: DEBUG cinder.api.openstack.wsgi [None req-db0ae2c2-172f-421d-b88b-cc0487fb41be tempest-AttachSCSIVolumeTestJSON-1032120906 tempest-AttachSCSIVolumeTestJSON-1032120906-project-member] Empty body provided in request {{(pid=100457) get_body /opt/stack/cinder/cinder/api/openstack/wsgi.py:725}}
Aug 25 16:19:10.940226 np0000008093 devstack@c-api.service[100457]: DEBUG cinder.api.openstack.wsgi [None req-db0ae2c2-172f-421d-b88b-cc0487fb41be tempest-AttachSCSIVolumeTestJSON-1032120906 tempest-AttachSCSIVolumeTestJSON-1032120906-project-member] Calling method 'show' {{(pid=100457) _process_stack /opt/stack/cinder/cinder/api/openstack/wsgi.py:878}}
Aug 25 16:19:10.940301 np0000008093 devstack@c-api.service[100454]: /opt/stack/data/venv/lib/python3.12/site-packages/oslo_context/context.py:102: DeprecationWarning: Policy enforcement is depending on the value of is_admin. This key is deprecated. Please update your policy file to use the standard policy values.
Aug 25 16:19:10.940301 np0000008093 devstack@c-api.service[100454]: warnings.warn(
Aug 25 16:19:10.944349 np0000008093 devstack@c-api.service[100454]: INFO cinder.volume.api [req-1da0d39b-06c8-4927-b6ed-3143ea2e9aa2 req-ff267409-d1a9-4fd1-9a88-496d68a16431 tempest-TaggedAttachmentsTest-835818853 tempest-TaggedAttachmentsTest-835818853-project-member] Volume info retrieved successfully.
Aug 25 16:19:10.949393 np0000008093 devstack@c-api.service[100457]: /opt/stack/data/venv/lib/python3.12/site-packages/oslo_context/context.py:102: DeprecationWarning: Policy enforcement is depending on the value of is_admin. This key is deprecated. Please update your policy file to use the standard policy values.
Aug 25 16:19:10.949393 np0000008093 devstack@c-api.service[100457]: warnings.warn(
Aug 25 16:19:10.951068 np0000008093 devstack@c-api.service[100454]: INFO cinder.api.openstack.wsgi [req-1da0d39b-06c8-4927-b6ed-3143ea2e9aa2 req-ff267409-d1a9-4fd1-9a88-496d68a16431 tempest-TaggedAttachmentsTest-835818853 tempest-TaggedAttachmentsTest-835818853-project-member] https://10.4.3.102/volume/v3/volumes/b52a3b07-90f2-42f5-9168-528d583d7b01 returned with HTTP 200
Aug 25 16:19:10.951939 np0000008093 devstack@c-api.service[100454]: [pid: 100454|app: 0|req: 72/278] 10.4.3.102 () {70 vars in 1639 bytes} [Tue Aug 25 16:19:10 2026] GET /volume/v3/volumes/b52a3b07-90f2-42f5-9168-528d583d7b01 => generated 1023 bytes in 33 msecs (HTTP/1.1 200) 7 headers in 287 bytes (1 switches on core 0)
Aug 25 16:19:10.954500 np0000008093 devstack@c-api.service[100457]: INFO cinder.volume.api [None req-db0ae2c2-172f-421d-b88b-cc0487fb41be tempest-AttachSCSIVolumeTestJSON-1032120906 tempest-AttachSCSIVolumeTestJSON-1032120906-project-member] Volume info retrieved successfully.
Aug 25 16:19:10.959999 np0000008093 devstack@c-api.service[100457]: INFO cinder.api.openstack.wsgi [None req-db0ae2c2-172f-421d-b88b-cc0487fb41be tempest-AttachSCSIVolumeTestJSON-1032120906 tempest-AttachSCSIVolumeTestJSON-1032120906-project-member] https://10.4.3.102/volume/v3/volumes/c8ca69cd-6162-409f-ad95-5dd03e18fa0a returned with HTTP 200
Aug 25 16:19:10.960314 np0000008093 devstack@c-api.service[100457]: [pid: 100457|app: 0|req: 69/279] 10.4.3.102 () {66 vars in 1348 bytes} [Tue Aug 25 16:19:10 2026] GET /volume/v3/volumes/c8ca69cd-6162-409f-ad95-5dd03e18fa0a => generated 847 bytes in 25 msecs (HTTP/1.1 200) 7 headers in 285 bytes (1 switches on core 0)
Aug 25 16:19:10.974990 np0000008093 devstack@c-api.service[100455]: DEBUG cinder.volume.api [None req-4d754fcd-5987-4f12-a682-1d0a48a07154 tempest-VolumesListTestJSON-272597691 tempest-VolumesListTestJSON-272597691-project-member] Task 'cinder.volume.flows.api.create_volume.QuotaCommitTask;volume:create' (c2523e51-e114-4f40-a462-a3b1e936a1a1) transitioned into state 'SUCCESS' from state 'RUNNING' with result '{'volume_properties': VolumeProperties(attach_status='detached',availability_zone='nova',cgsnapshot_id=None,consistencygroup_id=None,display_description=None,display_name='tempest-VolumesListTestJSON-Volume-876177640',encryption_key_id=None,group_id=None,group_type_id=,metadata={Type='work'},multiattach=False,project_id='48d2749d41234b0f929cf8a7bccb33b1',qos_specs=None,replication_status=,reservations=['0c74bb45-3540-45e1-9995-e1ae7577f8ed','1fa759ff-cbed-47b9-b01c-d305a999d7f6','dae85b2e-80fa-4017-8856-bb4ba4190ec9','dc3dace4-44ba-4a77-93a0-b3ab21aa3478'],size=1,snapshot_id=None,source_replicaid=,source_volid=None,status='creating',user_id='01931112eb2b4c56a8701ff9f83a502b',volume_type_id=c2b05393-8a15-49c6-a66f-c46ba3d14856)}' {{(pid=100455) _task_receiver /opt/stack/data/venv/lib/python3.12/site-packages/taskflow/listeners/logging.py:218}}
Aug 25 16:19:10.975853 np0000008093 devstack@c-api.service[100455]: DEBUG cinder.volume.api [None req-4d754fcd-5987-4f12-a682-1d0a48a07154 tempest-VolumesListTestJSON-272597691 tempest-VolumesListTestJSON-272597691-project-member] Task 'cinder.volume.flows.api.create_volume.VolumeCastTask;volume:create' (921b07af-2dcc-40a2-b2fa-8f534b15c3f8) transitioned into state 'RUNNING' from state 'PENDING' {{(pid=100455) _task_receiver /opt/stack/data/venv/lib/python3.12/site-packages/taskflow/listeners/logging.py:242}}
Aug 25 16:19:10.989785 np0000008093 devstack@c-api.service[100455]: DEBUG cinder.volume.api [None req-4d754fcd-5987-4f12-a682-1d0a48a07154 tempest-VolumesListTestJSON-272597691 tempest-VolumesListTestJSON-272597691-project-member] Task 'cinder.volume.flows.api.create_volume.VolumeCastTask;volume:create' (921b07af-2dcc-40a2-b2fa-8f534b15c3f8) transitioned into state 'SUCCESS' from state 'RUNNING' with result 'None' {{(pid=100455) _task_receiver /opt/stack/data/venv/lib/python3.12/site-packages/taskflow/listeners/logging.py:218}}
Aug 25 16:19:10.990865 np0000008093 devstack@c-api.service[100455]: DEBUG cinder.volume.api [None req-4d754fcd-5987-4f12-a682-1d0a48a07154 tempest-VolumesListTestJSON-272597691 tempest-VolumesListTestJSON-272597691-project-member] Flow 'volume_create_api' (2b5f5dae-d517-405a-8976-903811e313cb) transitioned into state 'SUCCESS' from state 'RUNNING' {{(pid=100455) _flow_receiver /opt/stack/data/venv/lib/python3.12/site-packages/taskflow/listeners/logging.py:160}}
Aug 25 16:19:10.991289 np0000008093 devstack@c-api.service[100455]: INFO cinder.volume.api [None req-4d754fcd-5987-4f12-a682-1d0a48a07154 tempest-VolumesListTestJSON-272597691 tempest-VolumesListTestJSON-272597691-project-member] Create volume request issued successfully.
Aug 25 16:19:10.992134 np0000008093 devstack@c-api.service[100455]: INFO cinder.api.openstack.wsgi [None req-4d754fcd-5987-4f12-a682-1d0a48a07154 tempest-VolumesListTestJSON-272597691 tempest-VolumesListTestJSON-272597691-project-member] https://10.4.3.102/volume/v3/volumes returned with HTTP 202
Aug 25 16:19:10.992765 np0000008093 devstack@c-api.service[100455]: [pid: 100455|app: 0|req: 68/280] 10.4.3.102 () {68 vars in 1259 bytes} [Tue Aug 25 16:19:10 2026] POST /volume/v3/volumes => generated 763 bytes in 224 msecs (HTTP/1.1 202) 7 headers in 291 bytes (1 switches on core 0)
Aug 25 16:19:11.008964 np0000008093 devstack@c-api.service[100456]: DEBUG cinder.api.middleware.request_id [None req-6484ed42-c330-4067-8839-f1b0af8a9953 None None] RequestId filter calling following filter/app {{(pid=100456) _context_setter /opt/stack/cinder/cinder/api/middleware/request_id.py:62}}
Aug 25 16:19:11.013619 np0000008093 devstack@c-api.service[100456]: INFO cinder.api.openstack.wsgi [None req-6484ed42-c330-4067-8839-f1b0af8a9953 tempest-VolumesListTestJSON-272597691 tempest-VolumesListTestJSON-272597691-project-member] GET https://10.4.3.102/volume/v3/volumes/f9b4f31e-d7bb-43c7-818a-a5502a7fe5cc
Aug 25 16:19:11.013619 np0000008093 devstack@c-api.service[100456]: DEBUG cinder.api.openstack.wsgi [None req-6484ed42-c330-4067-8839-f1b0af8a9953 tempest-VolumesListTestJSON-272597691 tempest-VolumesListTestJSON-272597691-project-member] Empty body provided in request {{(pid=100456) get_body /opt/stack/cinder/cinder/api/openstack/wsgi.py:725}}
Aug 25 16:19:11.013619 np0000008093 devstack@c-api.service[100456]: DEBUG cinder.api.openstack.wsgi [None req-6484ed42-c330-4067-8839-f1b0af8a9953 tempest-VolumesListTestJSON-272597691 tempest-VolumesListTestJSON-272597691-project-member] Calling method 'show' {{(pid=100456) _process_stack /opt/stack/cinder/cinder/api/openstack/wsgi.py:878}}
Aug 25 16:19:11.020823 np0000008093 devstack@c-api.service[100456]: /opt/stack/data/venv/lib/python3.12/site-packages/oslo_context/context.py:102: DeprecationWarning: Policy enforcement is depending on the value of is_admin. This key is deprecated. Please update your policy file to use the standard policy values.
Aug 25 16:19:11.020823 np0000008093 devstack@c-api.service[100456]: warnings.warn(
Aug 25 16:19:11.026117 np0000008093 devstack@c-api.service[100456]: INFO cinder.volume.api [None req-6484ed42-c330-4067-8839-f1b0af8a9953 tempest-VolumesListTestJSON-272597691 tempest-VolumesListTestJSON-272597691-project-member] Volume info retrieved successfully.
Aug 25 16:19:11.031730 np0000008093 devstack@c-api.service[100456]: INFO cinder.api.openstack.wsgi [None req-6484ed42-c330-4067-8839-f1b0af8a9953 tempest-VolumesListTestJSON-272597691 tempest-VolumesListTestJSON-272597691-project-member] https://10.4.3.102/volume/v3/volumes/f9b4f31e-d7bb-43c7-818a-a5502a7fe5cc returned with HTTP 200
Aug 25 16:19:11.032180 np0000008093 devstack@c-api.service[100456]: [pid: 100456|app: 0|req: 72/281] 10.4.3.102 () {66 vars in 1348 bytes} [Tue Aug 25 16:19:11 2026] GET /volume/v3/volumes/f9b4f31e-d7bb-43c7-818a-a5502a7fe5cc => generated 831 bytes in 24 msecs (HTTP/1.1 200) 7 headers in 285 bytes (1 switches on core 0)
Aug 25 16:19:11.057460 np0000008093 devstack@c-api.service[100454]: DEBUG cinder.api.middleware.request_id [req-1da0d39b-06c8-4927-b6ed-3143ea2e9aa2 req-c19e5052-a02c-40d0-b5a6-59a6d402bc12 None None] RequestId filter calling following filter/app {{(pid=100454) _context_setter /opt/stack/cinder/cinder/api/middleware/request_id.py:62}}
Aug 25 16:19:11.059886 np0000008093 devstack@c-api.service[100454]: INFO cinder.api.openstack.wsgi [req-1da0d39b-06c8-4927-b6ed-3143ea2e9aa2 req-c19e5052-a02c-40d0-b5a6-59a6d402bc12 tempest-TaggedAttachmentsTest-835818853 tempest-TaggedAttachmentsTest-835818853-project-member] PUT https://10.4.3.102/volume/v3/attachments/678bca55-04b6-48e9-9b90-6c0027b2a2c6
Aug 25 16:19:11.061080 np0000008093 devstack@c-api.service[100454]: DEBUG cinder.api.openstack.wsgi [req-1da0d39b-06c8-4927-b6ed-3143ea2e9aa2 req-c19e5052-a02c-40d0-b5a6-59a6d402bc12 tempest-TaggedAttachmentsTest-835818853 tempest-TaggedAttachmentsTest-835818853-project-member] Action: 'update', calling method: version_select, body: {"attachment": {"connector": {"platform": "x86_64", "os_type": "linux", "ip": "10.4.3.102", "host": "np0000008093", "multipath": true, "enforce_multipath": true, "initiator": "iqn.2016-04.com.open-iscsi:146e452e923a", "do_local_attach": false, "uuid": "8515de1c-ba7e-467b-adde-6d9f8a8dbc1f", "system uuid": "47e57bf4-e833-4f4a-acca-5b06b8832316", "nvme_native_multipath": false, "mountpoint": "/dev/vdb"}}} {{(pid=100454) _process_stack /opt/stack/cinder/cinder/api/openstack/wsgi.py:876}}
Aug 25 16:19:11.073567 np0000008093 devstack@c-api.service[100454]: DEBUG cinder.coordination [req-1da0d39b-06c8-4927-b6ed-3143ea2e9aa2 req-c19e5052-a02c-40d0-b5a6-59a6d402bc12 tempest-TaggedAttachmentsTest-835818853 tempest-TaggedAttachmentsTest-835818853-project-member] Acquiring lock "cinder-attachment_update-b52a3b07-90f2-42f5-9168-528d583d7b01-np0000008093" by "attachment_update" {{(pid=100454) __acquire /opt/stack/cinder/cinder/coordination.py:138}}
Aug 25 16:19:11.081797 np0000008093 devstack@c-api.service[100454]: DEBUG cinder.coordination [req-1da0d39b-06c8-4927-b6ed-3143ea2e9aa2 req-c19e5052-a02c-40d0-b5a6-59a6d402bc12 tempest-TaggedAttachmentsTest-835818853 tempest-TaggedAttachmentsTest-835818853-project-member] Lock "cinder-attachment_update-b52a3b07-90f2-42f5-9168-528d583d7b01-np0000008093" acquired by "attachment_update" :: waited 0.006s {{(pid=100454) __acquire /opt/stack/cinder/cinder/coordination.py:141}}
Aug 25 16:19:11.081797 np0000008093 devstack@c-api.service[100454]: /opt/stack/data/venv/lib/python3.12/site-packages/oslo_context/context.py:102: DeprecationWarning: Policy enforcement is depending on the value of is_admin. This key is deprecated. Please update your policy file to use the standard policy values.
Aug 25 16:19:11.081797 np0000008093 devstack@c-api.service[100454]: warnings.warn(
Aug 25 16:19:11.302673 np0000008093 devstack@c-api.service[100454]: DEBUG cinder.coordination [req-1da0d39b-06c8-4927-b6ed-3143ea2e9aa2 req-c19e5052-a02c-40d0-b5a6-59a6d402bc12 tempest-TaggedAttachmentsTest-835818853 tempest-TaggedAttachmentsTest-835818853-project-member] Lock "cinder-attachment_update-b52a3b07-90f2-42f5-9168-528d583d7b01-np0000008093" released by "attachment_update" :: held 0.223s {{(pid=100454) __release /opt/stack/cinder/cinder/coordination.py:152}}
Aug 25 16:19:11.303076 np0000008093 devstack@c-api.service[100454]: INFO cinder.api.openstack.wsgi [req-1da0d39b-06c8-4927-b6ed-3143ea2e9aa2 req-c19e5052-a02c-40d0-b5a6-59a6d402bc12 tempest-TaggedAttachmentsTest-835818853 tempest-TaggedAttachmentsTest-835818853-project-member] https://10.4.3.102/volume/v3/attachments/678bca55-04b6-48e9-9b90-6c0027b2a2c6 returned with HTTP 200
Aug 25 16:19:11.303518 np0000008093 devstack@c-api.service[100454]: [pid: 100454|app: 0|req: 73/282] 10.4.3.102 () {74 vars in 1704 bytes} [Tue Aug 25 16:19:11 2026] PUT /volume/v3/attachments/678bca55-04b6-48e9-9b90-6c0027b2a2c6 => generated 969 bytes in 248 msecs (HTTP/1.1 200) 7 headers in 286 bytes (1 switches on core 0)
Aug 25 16:19:11.341698 np0000008093 devstack@c-api.service[100457]: DEBUG cinder.api.middleware.request_id [None req-99c46e4d-f342-4413-8915-e9a5359a7463 None None] RequestId filter calling following filter/app {{(pid=100457) _context_setter /opt/stack/cinder/cinder/api/middleware/request_id.py:62}}
Aug 25 16:19:11.344120 np0000008093 devstack@c-api.service[100457]: INFO cinder.api.openstack.wsgi [None req-99c46e4d-f342-4413-8915-e9a5359a7463 tempest-VolumesAssistedSnapshotsTest-205150878 tempest-VolumesAssistedSnapshotsTest-205150878-project-admin] GET https://10.4.3.102/volume/v3/volumes/97409e6a-241a-42b5-9cad-565096f026de
Aug 25 16:19:11.344409 np0000008093 devstack@c-api.service[100457]: DEBUG cinder.api.openstack.wsgi [None req-99c46e4d-f342-4413-8915-e9a5359a7463 tempest-VolumesAssistedSnapshotsTest-205150878 tempest-VolumesAssistedSnapshotsTest-205150878-project-admin] Empty body provided in request {{(pid=100457) get_body /opt/stack/cinder/cinder/api/openstack/wsgi.py:725}}
Aug 25 16:19:11.344713 np0000008093 devstack@c-api.service[100457]: DEBUG cinder.api.openstack.wsgi [None req-99c46e4d-f342-4413-8915-e9a5359a7463 tempest-VolumesAssistedSnapshotsTest-205150878 tempest-VolumesAssistedSnapshotsTest-205150878-project-admin] Calling method 'show' {{(pid=100457) _process_stack /opt/stack/cinder/cinder/api/openstack/wsgi.py:878}}
Aug 25 16:19:11.358716 np0000008093 devstack@c-api.service[100457]: /opt/stack/data/venv/lib/python3.12/site-packages/oslo_context/context.py:102: DeprecationWarning: Policy enforcement is depending on the value of is_admin. This key is deprecated. Please update your policy file to use the standard policy values.
Aug 25 16:19:11.358716 np0000008093 devstack@c-api.service[100457]: warnings.warn(
Aug 25 16:19:11.364123 np0000008093 devstack@c-api.service[100457]: INFO cinder.volume.api [None req-99c46e4d-f342-4413-8915-e9a5359a7463 tempest-VolumesAssistedSnapshotsTest-205150878 tempest-VolumesAssistedSnapshotsTest-205150878-project-admin] Volume info retrieved successfully.
Aug 25 16:19:11.370051 np0000008093 devstack@c-api.service[100457]: INFO cinder.api.openstack.wsgi [None req-99c46e4d-f342-4413-8915-e9a5359a7463 tempest-VolumesAssistedSnapshotsTest-205150878 tempest-VolumesAssistedSnapshotsTest-205150878-project-admin] https://10.4.3.102/volume/v3/volumes/97409e6a-241a-42b5-9cad-565096f026de returned with HTTP 200
Aug 25 16:19:11.370397 np0000008093 devstack@c-api.service[100457]: [pid: 100457|app: 0|req: 70/283] 10.4.3.102 () {66 vars in 1348 bytes} [Tue Aug 25 16:19:11 2026] GET /volume/v3/volumes/97409e6a-241a-42b5-9cad-565096f026de => generated 1015 bytes in 29 msecs (HTTP/1.1 200) 7 headers in 286 bytes (1 switches on core 0)
Aug 25 16:19:11.929502 np0000008093 devstack@c-api.service[100455]: DEBUG cinder.api.middleware.request_id [None req-5a86fa57-ce3e-4f12-be4a-61ac7ba795c4 None None] RequestId filter calling following filter/app {{(pid=100455) _context_setter /opt/stack/cinder/cinder/api/middleware/request_id.py:62}}
Aug 25 16:19:11.932168 np0000008093 devstack@c-api.service[100455]: INFO cinder.api.openstack.wsgi [None req-5a86fa57-ce3e-4f12-be4a-61ac7ba795c4 tempest-TaggedAttachmentsTest-835818853 tempest-TaggedAttachmentsTest-835818853-project-member] GET https://10.4.3.102/volume/v3/volumes/b52a3b07-90f2-42f5-9168-528d583d7b01
Aug 25 16:19:11.932459 np0000008093 devstack@c-api.service[100455]: DEBUG cinder.api.openstack.wsgi [None req-5a86fa57-ce3e-4f12-be4a-61ac7ba795c4 tempest-TaggedAttachmentsTest-835818853 tempest-TaggedAttachmentsTest-835818853-project-member] Empty body provided in request {{(pid=100455) get_body /opt/stack/cinder/cinder/api/openstack/wsgi.py:725}}
Aug 25 16:19:11.932761 np0000008093 devstack@c-api.service[100455]: DEBUG cinder.api.openstack.wsgi [None req-5a86fa57-ce3e-4f12-be4a-61ac7ba795c4 tempest-TaggedAttachmentsTest-835818853 tempest-TaggedAttachmentsTest-835818853-project-member] Calling method 'show' {{(pid=100455) _process_stack /opt/stack/cinder/cinder/api/openstack/wsgi.py:878}}
Aug 25 16:19:11.945197 np0000008093 devstack@c-api.service[100455]: /opt/stack/data/venv/lib/python3.12/site-packages/oslo_context/context.py:102: DeprecationWarning: Policy enforcement is depending on the value of is_admin. This key is deprecated. Please update your policy file to use the standard policy values.
Aug 25 16:19:11.945197 np0000008093 devstack@c-api.service[100455]: warnings.warn(
Aug 25 16:19:11.950479 np0000008093 devstack@c-api.service[100455]: INFO cinder.volume.api [None req-5a86fa57-ce3e-4f12-be4a-61ac7ba795c4 tempest-TaggedAttachmentsTest-835818853 tempest-TaggedAttachmentsTest-835818853-project-member] Volume info retrieved successfully.
Aug 25 16:19:11.956783 np0000008093 devstack@c-api.service[100455]: INFO cinder.api.openstack.wsgi [None req-5a86fa57-ce3e-4f12-be4a-61ac7ba795c4 tempest-TaggedAttachmentsTest-835818853 tempest-TaggedAttachmentsTest-835818853-project-member] https://10.4.3.102/volume/v3/volumes/b52a3b07-90f2-42f5-9168-528d583d7b01 returned with HTTP 200
Aug 25 16:19:11.957263 np0000008093 devstack@c-api.service[100455]: [pid: 100455|app: 0|req: 69/284] 10.4.3.102 () {66 vars in 1348 bytes} [Tue Aug 25 16:19:11 2026] GET /volume/v3/volumes/b52a3b07-90f2-42f5-9168-528d583d7b01 => generated 844 bytes in 29 msecs (HTTP/1.1 200) 7 headers in 285 bytes (2 switches on core 0)
Aug 25 16:19:11.974362 np0000008093 devstack@c-api.service[100456]: DEBUG cinder.api.middleware.request_id [None req-1ba63214-92c1-4147-adc6-d449c651a172 None None] RequestId filter calling following filter/app {{(pid=100456) _context_setter /opt/stack/cinder/cinder/api/middleware/request_id.py:62}}
Aug 25 16:19:11.976302 np0000008093 devstack@c-api.service[100456]: INFO cinder.api.openstack.wsgi [None req-1ba63214-92c1-4147-adc6-d449c651a172 tempest-AttachSCSIVolumeTestJSON-1032120906 tempest-AttachSCSIVolumeTestJSON-1032120906-project-member] GET https://10.4.3.102/volume/v3/volumes/c8ca69cd-6162-409f-ad95-5dd03e18fa0a
Aug 25 16:19:11.976567 np0000008093 devstack@c-api.service[100456]: DEBUG cinder.api.openstack.wsgi [None req-1ba63214-92c1-4147-adc6-d449c651a172 tempest-AttachSCSIVolumeTestJSON-1032120906 tempest-AttachSCSIVolumeTestJSON-1032120906-project-member] Empty body provided in request {{(pid=100456) get_body /opt/stack/cinder/cinder/api/openstack/wsgi.py:725}}
Aug 25 16:19:11.976777 np0000008093 devstack@c-api.service[100456]: DEBUG cinder.api.openstack.wsgi [None req-1ba63214-92c1-4147-adc6-d449c651a172 tempest-AttachSCSIVolumeTestJSON-1032120906 tempest-AttachSCSIVolumeTestJSON-1032120906-project-member] Calling method 'show' {{(pid=100456) _process_stack /opt/stack/cinder/cinder/api/openstack/wsgi.py:878}}
Aug 25 16:19:11.988186 np0000008093 devstack@c-api.service[100456]: /opt/stack/data/venv/lib/python3.12/site-packages/oslo_context/context.py:102: DeprecationWarning: Policy enforcement is depending on the value of is_admin. This key is deprecated. Please update your policy file to use the standard policy values.
Aug 25 16:19:11.988186 np0000008093 devstack@c-api.service[100456]: warnings.warn(
Aug 25 16:19:11.992908 np0000008093 devstack@c-api.service[100456]: INFO cinder.volume.api [None req-1ba63214-92c1-4147-adc6-d449c651a172 tempest-AttachSCSIVolumeTestJSON-1032120906 tempest-AttachSCSIVolumeTestJSON-1032120906-project-member] Volume info retrieved successfully.
Aug 25 16:19:11.998606 np0000008093 devstack@c-api.service[100456]: INFO cinder.api.openstack.wsgi [None req-1ba63214-92c1-4147-adc6-d449c651a172 tempest-AttachSCSIVolumeTestJSON-1032120906 tempest-AttachSCSIVolumeTestJSON-1032120906-project-member] https://10.4.3.102/volume/v3/volumes/c8ca69cd-6162-409f-ad95-5dd03e18fa0a returned with HTTP 200
Aug 25 16:19:11.999001 np0000008093 devstack@c-api.service[100456]: [pid: 100456|app: 0|req: 73/285] 10.4.3.102 () {66 vars in 1348 bytes} [Tue Aug 25 16:19:11 2026] GET /volume/v3/volumes/c8ca69cd-6162-409f-ad95-5dd03e18fa0a => generated 847 bytes in 25 msecs (HTTP/1.1 200) 7 headers in 285 bytes (1 switches on core 0)
Aug 25 16:19:12.056224 np0000008093 devstack@c-api.service[100454]: DEBUG cinder.api.middleware.request_id [None req-4fe4c0b1-4dba-47ed-b508-f592338d806f None None] RequestId filter calling following filter/app {{(pid=100454) _context_setter /opt/stack/cinder/cinder/api/middleware/request_id.py:62}}
Aug 25 16:19:12.061258 np0000008093 devstack@c-api.service[100454]: INFO cinder.api.openstack.wsgi [None req-4fe4c0b1-4dba-47ed-b508-f592338d806f tempest-VolumesListTestJSON-272597691 tempest-VolumesListTestJSON-272597691-project-member] GET https://10.4.3.102/volume/v3/volumes/f9b4f31e-d7bb-43c7-818a-a5502a7fe5cc
Aug 25 16:19:12.061478 np0000008093 devstack@c-api.service[100454]: DEBUG cinder.api.openstack.wsgi [None req-4fe4c0b1-4dba-47ed-b508-f592338d806f tempest-VolumesListTestJSON-272597691 tempest-VolumesListTestJSON-272597691-project-member] Empty body provided in request {{(pid=100454) get_body /opt/stack/cinder/cinder/api/openstack/wsgi.py:725}}
Aug 25 16:19:12.061738 np0000008093 devstack@c-api.service[100454]: DEBUG cinder.api.openstack.wsgi [None req-4fe4c0b1-4dba-47ed-b508-f592338d806f tempest-VolumesListTestJSON-272597691 tempest-VolumesListTestJSON-272597691-project-member] Calling method 'show' {{(pid=100454) _process_stack /opt/stack/cinder/cinder/api/openstack/wsgi.py:878}}
Aug 25 16:19:12.078293 np0000008093 devstack@c-api.service[100454]: /opt/stack/data/venv/lib/python3.12/site-packages/oslo_context/context.py:102: DeprecationWarning: Policy enforcement is depending on the value of is_admin. This key is deprecated. Please update your policy file to use the standard policy values.
Aug 25 16:19:12.078293 np0000008093 devstack@c-api.service[100454]: warnings.warn(
Aug 25 16:19:12.084342 np0000008093 devstack@c-api.service[100454]: INFO cinder.volume.api [None req-4fe4c0b1-4dba-47ed-b508-f592338d806f tempest-VolumesListTestJSON-272597691 tempest-VolumesListTestJSON-272597691-project-member] Volume info retrieved successfully.
Aug 25 16:19:12.090660 np0000008093 devstack@c-api.service[100454]: INFO cinder.api.openstack.wsgi [None req-4fe4c0b1-4dba-47ed-b508-f592338d806f tempest-VolumesListTestJSON-272597691 tempest-VolumesListTestJSON-272597691-project-member] https://10.4.3.102/volume/v3/volumes/f9b4f31e-d7bb-43c7-818a-a5502a7fe5cc returned with HTTP 200
Aug 25 16:19:12.091210 np0000008093 devstack@c-api.service[100454]: [pid: 100454|app: 0|req: 74/286] 10.4.3.102 () {66 vars in 1348 bytes} [Tue Aug 25 16:19:12 2026] GET /volume/v3/volumes/f9b4f31e-d7bb-43c7-818a-a5502a7fe5cc => generated 856 bytes in 35 msecs (HTTP/1.1 200) 7 headers in 285 bytes (1 switches on core 0)
Aug 25 16:19:12.107911 np0000008093 devstack@c-api.service[100457]: DEBUG cinder.api.middleware.request_id [None req-fbf80699-9fef-4998-85be-24a9ff4e7972 None None] RequestId filter calling following filter/app {{(pid=100457) _context_setter /opt/stack/cinder/cinder/api/middleware/request_id.py:62}}
Aug 25 16:19:12.113901 np0000008093 devstack@c-api.service[100457]: INFO cinder.api.openstack.wsgi [None req-fbf80699-9fef-4998-85be-24a9ff4e7972 tempest-VolumesListTestJSON-272597691 tempest-VolumesListTestJSON-272597691-project-member] GET https://10.4.3.102/volume/v3/volumes/f9b4f31e-d7bb-43c7-818a-a5502a7fe5cc
Aug 25 16:19:12.113901 np0000008093 devstack@c-api.service[100457]: DEBUG cinder.api.openstack.wsgi [None req-fbf80699-9fef-4998-85be-24a9ff4e7972 tempest-VolumesListTestJSON-272597691 tempest-VolumesListTestJSON-272597691-project-member] Empty body provided in request {{(pid=100457) get_body /opt/stack/cinder/cinder/api/openstack/wsgi.py:725}}
Aug 25 16:19:12.113901 np0000008093 devstack@c-api.service[100457]: DEBUG cinder.api.openstack.wsgi [None req-fbf80699-9fef-4998-85be-24a9ff4e7972 tempest-VolumesListTestJSON-272597691 tempest-VolumesListTestJSON-272597691-project-member] Calling method 'show' {{(pid=100457) _process_stack /opt/stack/cinder/cinder/api/openstack/wsgi.py:878}}
Aug 25 16:19:12.120049 np0000008093 devstack@c-api.service[100457]: /opt/stack/data/venv/lib/python3.12/site-packages/oslo_context/context.py:102: DeprecationWarning: Policy enforcement is depending on the value of is_admin. This key is deprecated. Please update your policy file to use the standard policy values.
Aug 25 16:19:12.120049 np0000008093 devstack@c-api.service[100457]: warnings.warn(
Aug 25 16:19:12.126093 np0000008093 devstack@c-api.service[100457]: INFO cinder.volume.api [None req-fbf80699-9fef-4998-85be-24a9ff4e7972 tempest-VolumesListTestJSON-272597691 tempest-VolumesListTestJSON-272597691-project-member] Volume info retrieved successfully.
Aug 25 16:19:12.133208 np0000008093 devstack@c-api.service[100457]: INFO cinder.api.openstack.wsgi [None req-fbf80699-9fef-4998-85be-24a9ff4e7972 tempest-VolumesListTestJSON-272597691 tempest-VolumesListTestJSON-272597691-project-member] https://10.4.3.102/volume/v3/volumes/f9b4f31e-d7bb-43c7-818a-a5502a7fe5cc returned with HTTP 200
Aug 25 16:19:12.133732 np0000008093 devstack@c-api.service[100457]: [pid: 100457|app: 0|req: 71/287] 10.4.3.102 () {66 vars in 1348 bytes} [Tue Aug 25 16:19:12 2026] GET /volume/v3/volumes/f9b4f31e-d7bb-43c7-818a-a5502a7fe5cc => generated 856 bytes in 26 msecs (HTTP/1.1 200) 7 headers in 285 bytes (1 switches on core 0)
Aug 25 16:19:12.146978 np0000008093 devstack@c-api.service[100455]: DEBUG cinder.api.middleware.request_id [None req-3fb13787-a0c7-4d86-9de3-8181ff5264db None None] RequestId filter calling following filter/app {{(pid=100455) _context_setter /opt/stack/cinder/cinder/api/middleware/request_id.py:62}}
Aug 25 16:19:12.149610 np0000008093 devstack@c-api.service[100455]: INFO cinder.api.openstack.wsgi [None req-3fb13787-a0c7-4d86-9de3-8181ff5264db tempest-VolumesListTestJSON-272597691 tempest-VolumesListTestJSON-272597691-project-member] POST https://10.4.3.102/volume/v3/volumes
Aug 25 16:19:12.149961 np0000008093 devstack@c-api.service[100455]: DEBUG cinder.api.openstack.wsgi [None req-3fb13787-a0c7-4d86-9de3-8181ff5264db tempest-VolumesListTestJSON-272597691 tempest-VolumesListTestJSON-272597691-project-member] Action: 'create', calling method: create, body: {"volume": {"metadata": {"Type": "work"}, "size": 1, "name": "tempest-VolumesListTestJSON-Volume-82297789"}} {{(pid=100455) _process_stack /opt/stack/cinder/cinder/api/openstack/wsgi.py:876}}
Aug 25 16:19:12.151378 np0000008093 devstack@c-api.service[100455]: DEBUG cinder.api.v3.volumes [None req-3fb13787-a0c7-4d86-9de3-8181ff5264db tempest-VolumesListTestJSON-272597691 tempest-VolumesListTestJSON-272597691-project-member] Create volume request body: {'volume': {'metadata': {'Type': 'work'}, 'size': 1, 'name': 'tempest-VolumesListTestJSON-Volume-82297789'}} {{(pid=100455) create /opt/stack/cinder/cinder/api/v3/volumes.py:368}}
Aug 25 16:19:12.151479 np0000008093 devstack@c-api.service[100455]: INFO cinder.api.v3.volumes [None req-3fb13787-a0c7-4d86-9de3-8181ff5264db tempest-VolumesListTestJSON-272597691 tempest-VolumesListTestJSON-272597691-project-member] Create volume of 1 GB
Aug 25 16:19:12.158226 np0000008093 devstack@c-api.service[100455]: INFO cinder.volume.api [None req-3fb13787-a0c7-4d86-9de3-8181ff5264db tempest-VolumesListTestJSON-272597691 tempest-VolumesListTestJSON-272597691-project-member] Availability Zones retrieved successfully.
Aug 25 16:19:12.166550 np0000008093 devstack@c-api.service[100455]: DEBUG cinder.volume.api [None req-3fb13787-a0c7-4d86-9de3-8181ff5264db tempest-VolumesListTestJSON-272597691 tempest-VolumesListTestJSON-272597691-project-member] Flow 'volume_create_api' (d56ecd1a-739b-4ab6-b04e-3ddaedb91aeb) transitioned into state 'RUNNING' from state 'PENDING' {{(pid=100455) _flow_receiver /opt/stack/data/venv/lib/python3.12/site-packages/taskflow/listeners/logging.py:160}}
Aug 25 16:19:12.167615 np0000008093 devstack@c-api.service[100455]: DEBUG cinder.volume.api [None req-3fb13787-a0c7-4d86-9de3-8181ff5264db tempest-VolumesListTestJSON-272597691 tempest-VolumesListTestJSON-272597691-project-member] Task 'cinder.volume.flows.api.create_volume.ExtractVolumeRequestTask;volume:create' (88c09092-7981-4e56-a440-152f1993b19e) transitioned into state 'RUNNING' from state 'PENDING' {{(pid=100455) _task_receiver /opt/stack/data/venv/lib/python3.12/site-packages/taskflow/listeners/logging.py:242}}
Aug 25 16:19:12.168876 np0000008093 devstack@c-api.service[100455]: DEBUG cinder.volume.flows.api.create_volume [None req-3fb13787-a0c7-4d86-9de3-8181ff5264db tempest-VolumesListTestJSON-272597691 tempest-VolumesListTestJSON-272597691-project-member] Validating volume size '1' using validate_int {{(pid=100455) _extract_size /opt/stack/cinder/cinder/volume/flows/api/create_volume.py:226}}
