Aug 25 16:15:18.362258 np0000008093 nova-scheduler[96835]: DEBUG cotyledon.oslo_config_glue [-] workarounds.disable_libvirt_livesnapshot = False {{(pid=96835) log_opt_values /opt/stack/data/venv/lib/python3.12/site-packages/oslo_config/cfg.py:3560}}
Aug 25 16:15:18.362258 np0000008093 nova-scheduler[96835]: DEBUG cotyledon.oslo_config_glue [-] workarounds.disable_rootwrap = False {{(pid=96835) log_opt_values /opt/stack/data/venv/lib/python3.12/site-packages/oslo_config/cfg.py:3560}}
Aug 25 16:15:18.362258 np0000008093 nova-scheduler[96835]: DEBUG cotyledon.oslo_config_glue [-] workarounds.enable_numa_live_migration = False {{(pid=96835) log_opt_values /opt/stack/data/venv/lib/python3.12/site-packages/oslo_config/cfg.py:3560}}
Aug 25 16:15:18.362258 np0000008093 nova-scheduler[96835]: DEBUG cotyledon.oslo_config_glue [-] workarounds.enable_qemu_monitor_announce_self = False {{(pid=96835) log_opt_values /opt/stack/data/venv/lib/python3.12/site-packages/oslo_config/cfg.py:3560}}
Aug 25 16:15:18.362258 np0000008093 nova-scheduler[96835]: DEBUG cotyledon.oslo_config_glue [-] workarounds.ensure_libvirt_rbd_instance_dir_cleanup = False {{(pid=96835) log_opt_values /opt/stack/data/venv/lib/python3.12/site-packages/oslo_config/cfg.py:3560}}
Aug 25 16:15:18.362519 np0000008093 nova-scheduler[96835]: DEBUG cotyledon.oslo_config_glue [-] workarounds.handle_virt_lifecycle_events = True {{(pid=96835) log_opt_values /opt/stack/data/venv/lib/python3.12/site-packages/oslo_config/cfg.py:3560}}
Aug 25 16:15:18.362519 np0000008093 nova-scheduler[96835]: DEBUG cotyledon.oslo_config_glue [-] workarounds.libvirt_disable_apic = False {{(pid=96835) log_opt_values /opt/stack/data/venv/lib/python3.12/site-packages/oslo_config/cfg.py:3560}}
Aug 25 16:15:18.362519 np0000008093 nova-scheduler[96835]: DEBUG cotyledon.oslo_config_glue [-] workarounds.never_download_image_if_on_rbd = False {{(pid=96835) log_opt_values /opt/stack/data/venv/lib/python3.12/site-packages/oslo_config/cfg.py:3560}}
Aug 25 16:15:18.362519 np0000008093 nova-scheduler[96835]: DEBUG cotyledon.oslo_config_glue [-] workarounds.qemu_monitor_announce_self_count = 3 {{(pid=96835) log_opt_values /opt/stack/data/venv/lib/python3.12/site-packages/oslo_config/cfg.py:3560}}
Aug 25 16:15:18.362519 np0000008093 nova-scheduler[96835]: DEBUG cotyledon.oslo_config_glue [-] workarounds.qemu_monitor_announce_self_interval = 1 {{(pid=96835) log_opt_values /opt/stack/data/venv/lib/python3.12/site-packages/oslo_config/cfg.py:3560}}
Aug 25 16:15:18.362519 np0000008093 nova-scheduler[96835]: DEBUG cotyledon.oslo_config_glue [-] workarounds.reserve_disk_resource_for_image_cache = False {{(pid=96835) log_opt_values /opt/stack/data/venv/lib/python3.12/site-packages/oslo_config/cfg.py:3560}}
Aug 25 16:15:18.362519 np0000008093 nova-scheduler[96835]: DEBUG cotyledon.oslo_config_glue [-] workarounds.skip_cpu_compare_at_startup = False {{(pid=96835) log_opt_values /opt/stack/data/venv/lib/python3.12/site-packages/oslo_config/cfg.py:3560}}
Aug 25 16:15:18.362519 np0000008093 nova-scheduler[96835]: DEBUG cotyledon.oslo_config_glue [-] workarounds.skip_cpu_compare_on_dest = False {{(pid=96835) log_opt_values /opt/stack/data/venv/lib/python3.12/site-packages/oslo_config/cfg.py:3560}}
Aug 25 16:15:18.362519 np0000008093 nova-scheduler[96835]: DEBUG cotyledon.oslo_config_glue [-] workarounds.skip_hypervisor_version_check_on_lm = False {{(pid=96835) log_opt_values /opt/stack/data/venv/lib/python3.12/site-packages/oslo_config/cfg.py:3560}}
Aug 25 16:15:18.362746 np0000008093 nova-scheduler[96835]: DEBUG cotyledon.oslo_config_glue [-] workarounds.skip_reserve_in_use_ironic_nodes = False {{(pid=96835) log_opt_values /opt/stack/data/venv/lib/python3.12/site-packages/oslo_config/cfg.py:3560}}
Aug 25 16:15:18.362746 np0000008093 nova-scheduler[96835]: DEBUG cotyledon.oslo_config_glue [-] workarounds.unified_limits_count_pcpu_as_vcpu = False {{(pid=96835) log_opt_values /opt/stack/data/venv/lib/python3.12/site-packages/oslo_config/cfg.py:3560}}
Aug 25 16:15:18.362746 np0000008093 nova-scheduler[96835]: DEBUG cotyledon.oslo_config_glue [-] workarounds.wait_for_vif_plugged_event_during_hard_reboot = [] {{(pid=96835) log_opt_values /opt/stack/data/venv/lib/python3.12/site-packages/oslo_config/cfg.py:3560}}
Aug 25 16:15:18.362746 np0000008093 nova-scheduler[96835]: DEBUG cotyledon.oslo_config_glue [-] wsgi.api_paste_config = /etc/nova/api-paste.ini {{(pid=96835) log_opt_values /opt/stack/data/venv/lib/python3.12/site-packages/oslo_config/cfg.py:3560}}
Aug 25 16:15:18.362746 np0000008093 nova-scheduler[96835]: DEBUG cotyledon.oslo_config_glue [-] wsgi.secure_proxy_ssl_header = None {{(pid=96835) log_opt_values /opt/stack/data/venv/lib/python3.12/site-packages/oslo_config/cfg.py:3560}}
Aug 25 16:15:18.362746 np0000008093 nova-scheduler[96835]: DEBUG cotyledon.oslo_config_glue [-] zvm.ca_file = None {{(pid=96835) log_opt_values /opt/stack/data/venv/lib/python3.12/site-packages/oslo_config/cfg.py:3560}}
Aug 25 16:15:18.362746 np0000008093 nova-scheduler[96835]: DEBUG cotyledon.oslo_config_glue [-] zvm.cloud_connector_url = None {{(pid=96835) log_opt_values /opt/stack/data/venv/lib/python3.12/site-packages/oslo_config/cfg.py:3560}}
Aug 25 16:15:18.362746 np0000008093 nova-scheduler[96835]: DEBUG cotyledon.oslo_config_glue [-] zvm.image_tmp_path = /opt/stack/data/nova/images {{(pid=96835) log_opt_values /opt/stack/data/venv/lib/python3.12/site-packages/oslo_config/cfg.py:3560}}
Aug 25 16:15:18.362746 np0000008093 nova-scheduler[96835]: DEBUG cotyledon.oslo_config_glue [-] zvm.reachable_timeout = 300 {{(pid=96835) log_opt_values /opt/stack/data/venv/lib/python3.12/site-packages/oslo_config/cfg.py:3560}}
Aug 25 16:15:18.363051 np0000008093 nova-scheduler[96835]: DEBUG cotyledon.oslo_config_glue [-] oslo_versionedobjects.fatal_exception_format_errors = False {{(pid=96835) log_opt_values /opt/stack/data/venv/lib/python3.12/site-packages/oslo_config/cfg.py:3560}}
Aug 25 16:15:18.363051 np0000008093 nova-scheduler[96835]: DEBUG cotyledon.oslo_config_glue [-] oslo_middleware.http_basic_auth_user_file = /etc/htpasswd {{(pid=96835) log_opt_values /opt/stack/data/venv/lib/python3.12/site-packages/oslo_config/cfg.py:3560}}
Aug 25 16:15:18.363051 np0000008093 nova-scheduler[96835]: DEBUG cotyledon.oslo_config_glue [-] oslo_messaging_metrics.metrics_buffer_size = 1000 {{(pid=96835) log_opt_values /opt/stack/data/venv/lib/python3.12/site-packages/oslo_config/cfg.py:3560}}
Aug 25 16:15:18.363051 np0000008093 nova-scheduler[96835]: DEBUG cotyledon.oslo_config_glue [-] oslo_messaging_metrics.metrics_enabled = False {{(pid=96835) log_opt_values /opt/stack/data/venv/lib/python3.12/site-packages/oslo_config/cfg.py:3560}}
Aug 25 16:15:18.363051 np0000008093 nova-scheduler[96835]: DEBUG cotyledon.oslo_config_glue [-] oslo_messaging_metrics.metrics_process_name = {{(pid=96835) log_opt_values /opt/stack/data/venv/lib/python3.12/site-packages/oslo_config/cfg.py:3560}}
Aug 25 16:15:18.363051 np0000008093 nova-scheduler[96835]: DEBUG cotyledon.oslo_config_glue [-] oslo_messaging_metrics.metrics_socket_file = /var/tmp/metrics_collector.sock {{(pid=96835) log_opt_values /opt/stack/data/venv/lib/python3.12/site-packages/oslo_config/cfg.py:3560}}
Aug 25 16:15:18.363051 np0000008093 nova-scheduler[96835]: DEBUG cotyledon.oslo_config_glue [-] oslo_messaging_metrics.metrics_thread_stop_timeout = 10 {{(pid=96835) log_opt_values /opt/stack/data/venv/lib/python3.12/site-packages/oslo_config/cfg.py:3560}}
Aug 25 16:15:18.363051 np0000008093 nova-scheduler[96835]: DEBUG cotyledon.oslo_config_glue [-] profiler.connection_string = messaging:// {{(pid=96835) log_opt_values /opt/stack/data/venv/lib/python3.12/site-packages/oslo_config/cfg.py:3560}}
Aug 25 16:15:18.363323 np0000008093 nova-scheduler[96835]: DEBUG cotyledon.oslo_config_glue [-] profiler.enabled = False {{(pid=96835) log_opt_values /opt/stack/data/venv/lib/python3.12/site-packages/oslo_config/cfg.py:3560}}
Aug 25 16:15:18.363323 np0000008093 nova-scheduler[96835]: DEBUG cotyledon.oslo_config_glue [-] profiler.es_doc_type = notification {{(pid=96835) log_opt_values /opt/stack/data/venv/lib/python3.12/site-packages/oslo_config/cfg.py:3560}}
Aug 25 16:15:18.363323 np0000008093 nova-scheduler[96835]: DEBUG cotyledon.oslo_config_glue [-] profiler.es_scroll_size = 10000 {{(pid=96835) log_opt_values /opt/stack/data/venv/lib/python3.12/site-packages/oslo_config/cfg.py:3560}}
Aug 25 16:15:18.363323 np0000008093 nova-scheduler[96835]: DEBUG cotyledon.oslo_config_glue [-] profiler.es_scroll_time = 2m {{(pid=96835) log_opt_values /opt/stack/data/venv/lib/python3.12/site-packages/oslo_config/cfg.py:3560}}
Aug 25 16:15:18.363323 np0000008093 nova-scheduler[96835]: DEBUG cotyledon.oslo_config_glue [-] profiler.filter_error_trace = False {{(pid=96835) log_opt_values /opt/stack/data/venv/lib/python3.12/site-packages/oslo_config/cfg.py:3560}}
Aug 25 16:15:18.363323 np0000008093 nova-scheduler[96835]: DEBUG cotyledon.oslo_config_glue [-] profiler.hmac_keys = **** {{(pid=96835) log_opt_values /opt/stack/data/venv/lib/python3.12/site-packages/oslo_config/cfg.py:3560}}
Aug 25 16:15:18.363323 np0000008093 nova-scheduler[96835]: DEBUG cotyledon.oslo_config_glue [-] profiler.sentinel_service_name = mymaster {{(pid=96835) log_opt_values /opt/stack/data/venv/lib/python3.12/site-packages/oslo_config/cfg.py:3560}}
Aug 25 16:15:18.363323 np0000008093 nova-scheduler[96835]: DEBUG cotyledon.oslo_config_glue [-] profiler.socket_timeout = 0.1 {{(pid=96835) log_opt_values /opt/stack/data/venv/lib/python3.12/site-packages/oslo_config/cfg.py:3560}}
Aug 25 16:15:18.363323 np0000008093 nova-scheduler[96835]: DEBUG cotyledon.oslo_config_glue [-] profiler.trace_requests = False {{(pid=96835) log_opt_values /opt/stack/data/venv/lib/python3.12/site-packages/oslo_config/cfg.py:3560}}
Aug 25 16:15:18.363568 np0000008093 nova-scheduler[96835]: DEBUG cotyledon.oslo_config_glue [-] profiler.trace_sqlalchemy = False {{(pid=96835) log_opt_values /opt/stack/data/venv/lib/python3.12/site-packages/oslo_config/cfg.py:3560}}
Aug 25 16:15:18.363568 np0000008093 nova-scheduler[96835]: DEBUG cotyledon.oslo_config_glue [-] profiler_jaeger.process_tags = {} {{(pid=96835) log_opt_values /opt/stack/data/venv/lib/python3.12/site-packages/oslo_config/cfg.py:3560}}
Aug 25 16:15:18.363568 np0000008093 nova-scheduler[96835]: DEBUG cotyledon.oslo_config_glue [-] profiler_jaeger.service_name_prefix = None {{(pid=96835) log_opt_values /opt/stack/data/venv/lib/python3.12/site-packages/oslo_config/cfg.py:3560}}
Aug 25 16:15:18.363568 np0000008093 nova-scheduler[96835]: DEBUG cotyledon.oslo_config_glue [-] profiler_otlp.service_name_prefix = None {{(pid=96835) log_opt_values /opt/stack/data/venv/lib/python3.12/site-packages/oslo_config/cfg.py:3560}}
Aug 25 16:15:18.363568 np0000008093 nova-scheduler[96835]: DEBUG cotyledon.oslo_config_glue [-] oslo_messaging_rabbit.amqp_auto_delete = False {{(pid=96835) log_opt_values /opt/stack/data/venv/lib/python3.12/site-packages/oslo_config/cfg.py:3560}}
Aug 25 16:15:18.363568 np0000008093 nova-scheduler[96835]: DEBUG cotyledon.oslo_config_glue [-] oslo_messaging_rabbit.amqp_durable_queues = False {{(pid=96835) log_opt_values /opt/stack/data/venv/lib/python3.12/site-packages/oslo_config/cfg.py:3560}}
Aug 25 16:15:18.363772 np0000008093 nova-scheduler[96831]: INFO dbcounter [None req-d043ddc1-6dd0-4d41-8ca1-654536b51cfc None None] Registered counter for database nova_cell0
Aug 25 16:15:18.363807 np0000008093 nova-scheduler[96835]: DEBUG cotyledon.oslo_config_glue [-] oslo_messaging_rabbit.conn_pool_min_size = 2 {{(pid=96835) log_opt_values /opt/stack/data/venv/lib/python3.12/site-packages/oslo_config/cfg.py:3560}}
Aug 25 16:15:18.363807 np0000008093 nova-scheduler[96835]: DEBUG cotyledon.oslo_config_glue [-] oslo_messaging_rabbit.conn_pool_ttl = 1200 {{(pid=96835) log_opt_values /opt/stack/data/venv/lib/python3.12/site-packages/oslo_config/cfg.py:3560}}
Aug 25 16:15:18.363807 np0000008093 nova-scheduler[96835]: DEBUG cotyledon.oslo_config_glue [-] oslo_messaging_rabbit.direct_mandatory_flag = True {{(pid=96835) log_opt_values /opt/stack/data/venv/lib/python3.12/site-packages/oslo_config/cfg.py:3560}}
Aug 25 16:15:18.363807 np0000008093 nova-scheduler[96835]: DEBUG cotyledon.oslo_config_glue [-] oslo_messaging_rabbit.enable_cancel_on_failover = False {{(pid=96835) log_opt_values /opt/stack/data/venv/lib/python3.12/site-packages/oslo_config/cfg.py:3560}}
Aug 25 16:15:18.363807 np0000008093 nova-scheduler[96835]: DEBUG cotyledon.oslo_config_glue [-] oslo_messaging_rabbit.heartbeat_rate = 3 {{(pid=96835) log_opt_values /opt/stack/data/venv/lib/python3.12/site-packages/oslo_config/cfg.py:3560}}
Aug 25 16:15:18.363807 np0000008093 nova-scheduler[96835]: DEBUG cotyledon.oslo_config_glue [-] oslo_messaging_rabbit.heartbeat_timeout_threshold = 60 {{(pid=96835) log_opt_values /opt/stack/data/venv/lib/python3.12/site-packages/oslo_config/cfg.py:3560}}
Aug 25 16:15:18.363807 np0000008093 nova-scheduler[96835]: DEBUG cotyledon.oslo_config_glue [-] oslo_messaging_rabbit.hostname = np0000008093 {{(pid=96835) log_opt_values /opt/stack/data/venv/lib/python3.12/site-packages/oslo_config/cfg.py:3560}}
Aug 25 16:15:18.363807 np0000008093 nova-scheduler[96835]: DEBUG cotyledon.oslo_config_glue [-] oslo_messaging_rabbit.kombu_compression = None {{(pid=96835) log_opt_values /opt/stack/data/venv/lib/python3.12/site-packages/oslo_config/cfg.py:3560}}
Aug 25 16:15:18.363807 np0000008093 nova-scheduler[96835]: DEBUG cotyledon.oslo_config_glue [-] oslo_messaging_rabbit.kombu_failover_strategy = round-robin {{(pid=96835) log_opt_values /opt/stack/data/venv/lib/python3.12/site-packages/oslo_config/cfg.py:3560}}
Aug 25 16:15:18.364097 np0000008093 nova-scheduler[96835]: DEBUG cotyledon.oslo_config_glue [-] oslo_messaging_rabbit.kombu_missing_consumer_retry_timeout = 60 {{(pid=96835) log_opt_values /opt/stack/data/venv/lib/python3.12/site-packages/oslo_config/cfg.py:3560}}
Aug 25 16:15:18.364097 np0000008093 nova-scheduler[96835]: DEBUG cotyledon.oslo_config_glue [-] oslo_messaging_rabbit.kombu_reconnect_delay = 1.0 {{(pid=96835) log_opt_values /opt/stack/data/venv/lib/python3.12/site-packages/oslo_config/cfg.py:3560}}
Aug 25 16:15:18.364097 np0000008093 nova-scheduler[96835]: DEBUG cotyledon.oslo_config_glue [-] oslo_messaging_rabbit.kombu_reconnect_splay = 0.0 {{(pid=96835) log_opt_values /opt/stack/data/venv/lib/python3.12/site-packages/oslo_config/cfg.py:3560}}
Aug 25 16:15:18.364097 np0000008093 nova-scheduler[96835]: DEBUG cotyledon.oslo_config_glue [-] oslo_messaging_rabbit.processname = nova-scheduler {{(pid=96835) log_opt_values /opt/stack/data/venv/lib/python3.12/site-packages/oslo_config/cfg.py:3560}}
Aug 25 16:15:18.364097 np0000008093 nova-scheduler[96835]: DEBUG cotyledon.oslo_config_glue [-] oslo_messaging_rabbit.rabbit_ha_queues = False {{(pid=96835) log_opt_values /opt/stack/data/venv/lib/python3.12/site-packages/oslo_config/cfg.py:3560}}
Aug 25 16:15:18.364097 np0000008093 nova-scheduler[96835]: DEBUG cotyledon.oslo_config_glue [-] oslo_messaging_rabbit.rabbit_interval_max = 30 {{(pid=96835) log_opt_values /opt/stack/data/venv/lib/python3.12/site-packages/oslo_config/cfg.py:3560}}
Aug 25 16:15:18.364097 np0000008093 nova-scheduler[96835]: DEBUG cotyledon.oslo_config_glue [-] oslo_messaging_rabbit.rabbit_login_method = AMQPLAIN {{(pid=96835) log_opt_values /opt/stack/data/venv/lib/python3.12/site-packages/oslo_config/cfg.py:3560}}
Aug 25 16:15:18.364097 np0000008093 nova-scheduler[96835]: DEBUG cotyledon.oslo_config_glue [-] oslo_messaging_rabbit.rabbit_qos_prefetch_count = 0 {{(pid=96835) log_opt_values /opt/stack/data/venv/lib/python3.12/site-packages/oslo_config/cfg.py:3560}}
Aug 25 16:15:18.364097 np0000008093 nova-scheduler[96835]: DEBUG cotyledon.oslo_config_glue [-] oslo_messaging_rabbit.rabbit_quorum_delivery_limit = 0 {{(pid=96835) log_opt_values /opt/stack/data/venv/lib/python3.12/site-packages/oslo_config/cfg.py:3560}}
Aug 25 16:15:18.364397 np0000008093 nova-scheduler[96835]: DEBUG cotyledon.oslo_config_glue [-] oslo_messaging_rabbit.rabbit_quorum_max_memory_bytes = 0 {{(pid=96835) log_opt_values /opt/stack/data/venv/lib/python3.12/site-packages/oslo_config/cfg.py:3560}}
Aug 25 16:15:18.364397 np0000008093 nova-scheduler[96835]: DEBUG cotyledon.oslo_config_glue [-] oslo_messaging_rabbit.rabbit_quorum_max_memory_length = 0 {{(pid=96835) log_opt_values /opt/stack/data/venv/lib/python3.12/site-packages/oslo_config/cfg.py:3560}}
Aug 25 16:15:18.364397 np0000008093 nova-scheduler[96835]: DEBUG cotyledon.oslo_config_glue [-] oslo_messaging_rabbit.rabbit_quorum_queue = False {{(pid=96835) log_opt_values /opt/stack/data/venv/lib/python3.12/site-packages/oslo_config/cfg.py:3560}}
Aug 25 16:15:18.364397 np0000008093 nova-scheduler[96835]: DEBUG cotyledon.oslo_config_glue [-] oslo_messaging_rabbit.rabbit_retry_backoff = 2 {{(pid=96835) log_opt_values /opt/stack/data/venv/lib/python3.12/site-packages/oslo_config/cfg.py:3560}}
Aug 25 16:15:18.364397 np0000008093 nova-scheduler[96835]: DEBUG cotyledon.oslo_config_glue [-] oslo_messaging_rabbit.rabbit_retry_interval = 1 {{(pid=96835) log_opt_values /opt/stack/data/venv/lib/python3.12/site-packages/oslo_config/cfg.py:3560}}
Aug 25 16:15:18.364397 np0000008093 nova-scheduler[96835]: DEBUG cotyledon.oslo_config_glue [-] oslo_messaging_rabbit.rabbit_stream_fanout = False {{(pid=96835) log_opt_values /opt/stack/data/venv/lib/python3.12/site-packages/oslo_config/cfg.py:3560}}
Aug 25 16:15:18.364397 np0000008093 nova-scheduler[96835]: DEBUG cotyledon.oslo_config_glue [-] oslo_messaging_rabbit.rabbit_transient_queues_ttl = 1800 {{(pid=96835) log_opt_values /opt/stack/data/venv/lib/python3.12/site-packages/oslo_config/cfg.py:3560}}
Aug 25 16:15:18.364397 np0000008093 nova-scheduler[96835]: DEBUG cotyledon.oslo_config_glue [-] oslo_messaging_rabbit.rabbit_transient_quorum_queue = False {{(pid=96835) log_opt_values /opt/stack/data/venv/lib/python3.12/site-packages/oslo_config/cfg.py:3560}}
Aug 25 16:15:18.364709 np0000008093 nova-scheduler[96835]: DEBUG cotyledon.oslo_config_glue [-] oslo_messaging_rabbit.rpc_conn_pool_size = 30 {{(pid=96835) log_opt_values /opt/stack/data/venv/lib/python3.12/site-packages/oslo_config/cfg.py:3560}}
Aug 25 16:15:18.364709 np0000008093 nova-scheduler[96835]: DEBUG cotyledon.oslo_config_glue [-] oslo_messaging_rabbit.ssl = False {{(pid=96835) log_opt_values /opt/stack/data/venv/lib/python3.12/site-packages/oslo_config/cfg.py:3560}}
Aug 25 16:15:18.364709 np0000008093 nova-scheduler[96835]: DEBUG cotyledon.oslo_config_glue [-] oslo_messaging_rabbit.ssl_ca_file = {{(pid=96835) log_opt_values /opt/stack/data/venv/lib/python3.12/site-packages/oslo_config/cfg.py:3560}}
Aug 25 16:15:18.364709 np0000008093 nova-scheduler[96835]: DEBUG cotyledon.oslo_config_glue [-] oslo_messaging_rabbit.ssl_cert_file = {{(pid=96835) log_opt_values /opt/stack/data/venv/lib/python3.12/site-packages/oslo_config/cfg.py:3560}}
Aug 25 16:15:18.364709 np0000008093 nova-scheduler[96835]: DEBUG cotyledon.oslo_config_glue [-] oslo_messaging_rabbit.ssl_enforce_fips_mode = False {{(pid=96835) log_opt_values /opt/stack/data/venv/lib/python3.12/site-packages/oslo_config/cfg.py:3560}}
Aug 25 16:15:18.364709 np0000008093 nova-scheduler[96835]: DEBUG cotyledon.oslo_config_glue [-] oslo_messaging_rabbit.ssl_enforce_hostname_verification = True {{(pid=96835) log_opt_values /opt/stack/data/venv/lib/python3.12/site-packages/oslo_config/cfg.py:3560}}
Aug 25 16:15:18.364709 np0000008093 nova-scheduler[96835]: DEBUG cotyledon.oslo_config_glue [-] oslo_messaging_rabbit.ssl_key_file = {{(pid=96835) log_opt_values /opt/stack/data/venv/lib/python3.12/site-packages/oslo_config/cfg.py:3560}}
Aug 25 16:15:18.364709 np0000008093 nova-scheduler[96835]: DEBUG cotyledon.oslo_config_glue [-] oslo_messaging_rabbit.ssl_version = {{(pid=96835) log_opt_values /opt/stack/data/venv/lib/python3.12/site-packages/oslo_config/cfg.py:3560}}
Aug 25 16:15:18.364709 np0000008093 nova-scheduler[96835]: DEBUG cotyledon.oslo_config_glue [-] oslo_messaging_rabbit.use_queue_manager = False {{(pid=96835) log_opt_values /opt/stack/data/venv/lib/python3.12/site-packages/oslo_config/cfg.py:3560}}
Aug 25 16:15:18.365056 np0000008093 nova-scheduler[96835]: DEBUG cotyledon.oslo_config_glue [-] oslo_messaging_notifications.driver = ['messagingv2'] {{(pid=96835) log_opt_values /opt/stack/data/venv/lib/python3.12/site-packages/oslo_config/cfg.py:3560}}
Aug 25 16:15:18.365056 np0000008093 nova-scheduler[96835]: DEBUG cotyledon.oslo_config_glue [-] oslo_messaging_notifications.retry = -1 {{(pid=96835) log_opt_values /opt/stack/data/venv/lib/python3.12/site-packages/oslo_config/cfg.py:3560}}
Aug 25 16:15:18.365056 np0000008093 nova-scheduler[96835]: DEBUG cotyledon.oslo_config_glue [-] oslo_messaging_notifications.topics = ['notifications'] {{(pid=96835) log_opt_values /opt/stack/data/venv/lib/python3.12/site-packages/oslo_config/cfg.py:3560}}
Aug 25 16:15:18.365056 np0000008093 nova-scheduler[96835]: DEBUG cotyledon.oslo_config_glue [-] oslo_messaging_notifications.transport_url = **** {{(pid=96835) log_opt_values /opt/stack/data/venv/lib/python3.12/site-packages/oslo_config/cfg.py:3560}}
Aug 25 16:15:18.365056 np0000008093 nova-scheduler[96835]: DEBUG cotyledon.oslo_config_glue [-] oslo_limit.auth_section = None {{(pid=96835) log_opt_values /opt/stack/data/venv/lib/python3.12/site-packages/oslo_config/cfg.py:3560}}
Aug 25 16:15:18.365056 np0000008093 nova-scheduler[96835]: DEBUG cotyledon.oslo_config_glue [-] oslo_limit.auth_type = None {{(pid=96835) log_opt_values /opt/stack/data/venv/lib/python3.12/site-packages/oslo_config/cfg.py:3560}}
Aug 25 16:15:18.365056 np0000008093 nova-scheduler[96835]: DEBUG cotyledon.oslo_config_glue [-] oslo_limit.cafile = None {{(pid=96835) log_opt_values /opt/stack/data/venv/lib/python3.12/site-packages/oslo_config/cfg.py:3560}}
Aug 25 16:15:18.365056 np0000008093 nova-scheduler[96835]: DEBUG cotyledon.oslo_config_glue [-] oslo_limit.certfile = None {{(pid=96835) log_opt_values /opt/stack/data/venv/lib/python3.12/site-packages/oslo_config/cfg.py:3560}}
Aug 25 16:15:18.365056 np0000008093 nova-scheduler[96835]: DEBUG cotyledon.oslo_config_glue [-] oslo_limit.collect_timing = False {{(pid=96835) log_opt_values /opt/stack/data/venv/lib/python3.12/site-packages/oslo_config/cfg.py:3560}}
Aug 25 16:15:18.365269 np0000008093 nova-scheduler[96835]: DEBUG cotyledon.oslo_config_glue [-] oslo_limit.connect_retries = None {{(pid=96835) log_opt_values /opt/stack/data/venv/lib/python3.12/site-packages/oslo_config/cfg.py:3560}}
Aug 25 16:15:18.365269 np0000008093 nova-scheduler[96835]: DEBUG cotyledon.oslo_config_glue [-] oslo_limit.connect_retry_delay = None {{(pid=96835) log_opt_values /opt/stack/data/venv/lib/python3.12/site-packages/oslo_config/cfg.py:3560}}
Aug 25 16:15:18.365269 np0000008093 nova-scheduler[96835]: DEBUG cotyledon.oslo_config_glue [-] oslo_limit.endpoint_id = None {{(pid=96835) log_opt_values /opt/stack/data/venv/lib/python3.12/site-packages/oslo_config/cfg.py:3560}}
Aug 25 16:15:18.365269 np0000008093 nova-scheduler[96835]: DEBUG cotyledon.oslo_config_glue [-] oslo_limit.endpoint_interface = public {{(pid=96835) log_opt_values /opt/stack/data/venv/lib/python3.12/site-packages/oslo_config/cfg.py:3560}}
Aug 25 16:15:18.365269 np0000008093 nova-scheduler[96835]: DEBUG cotyledon.oslo_config_glue [-] oslo_limit.endpoint_override = None {{(pid=96835) log_opt_values /opt/stack/data/venv/lib/python3.12/site-packages/oslo_config/cfg.py:3560}}
Aug 25 16:15:18.365269 np0000008093 nova-scheduler[96835]: DEBUG cotyledon.oslo_config_glue [-] oslo_limit.endpoint_region_name = None {{(pid=96835) log_opt_values /opt/stack/data/venv/lib/python3.12/site-packages/oslo_config/cfg.py:3560}}
Aug 25 16:15:18.365269 np0000008093 nova-scheduler[96835]: DEBUG cotyledon.oslo_config_glue [-] oslo_limit.endpoint_service_name = None {{(pid=96835) log_opt_values /opt/stack/data/venv/lib/python3.12/site-packages/oslo_config/cfg.py:3560}}
Aug 25 16:15:18.365269 np0000008093 nova-scheduler[96835]: DEBUG cotyledon.oslo_config_glue [-] oslo_limit.endpoint_service_type = None {{(pid=96835) log_opt_values /opt/stack/data/venv/lib/python3.12/site-packages/oslo_config/cfg.py:3560}}
Aug 25 16:15:18.365269 np0000008093 nova-scheduler[96835]: DEBUG cotyledon.oslo_config_glue [-] oslo_limit.insecure = False {{(pid=96835) log_opt_values /opt/stack/data/venv/lib/python3.12/site-packages/oslo_config/cfg.py:3560}}
Aug 25 16:15:18.365452 np0000008093 nova-scheduler[96835]: DEBUG cotyledon.oslo_config_glue [-] oslo_limit.keyfile = None {{(pid=96835) log_opt_values /opt/stack/data/venv/lib/python3.12/site-packages/oslo_config/cfg.py:3560}}
Aug 25 16:15:18.365452 np0000008093 nova-scheduler[96835]: DEBUG cotyledon.oslo_config_glue [-] oslo_limit.max_version = None {{(pid=96835) log_opt_values /opt/stack/data/venv/lib/python3.12/site-packages/oslo_config/cfg.py:3560}}
Aug 25 16:15:18.365452 np0000008093 nova-scheduler[96835]: DEBUG cotyledon.oslo_config_glue [-] oslo_limit.min_version = None {{(pid=96835) log_opt_values /opt/stack/data/venv/lib/python3.12/site-packages/oslo_config/cfg.py:3560}}
Aug 25 16:15:18.365452 np0000008093 nova-scheduler[96835]: DEBUG cotyledon.oslo_config_glue [-] oslo_limit.region_name = None {{(pid=96835) log_opt_values /opt/stack/data/venv/lib/python3.12/site-packages/oslo_config/cfg.py:3560}}
Aug 25 16:15:18.365452 np0000008093 nova-scheduler[96835]: DEBUG cotyledon.oslo_config_glue [-] oslo_limit.retriable_status_codes = None {{(pid=96835) log_opt_values /opt/stack/data/venv/lib/python3.12/site-packages/oslo_config/cfg.py:3560}}
Aug 25 16:15:18.365452 np0000008093 nova-scheduler[96835]: DEBUG cotyledon.oslo_config_glue [-] oslo_limit.service_name = None {{(pid=96835) log_opt_values /opt/stack/data/venv/lib/python3.12/site-packages/oslo_config/cfg.py:3560}}
Aug 25 16:15:18.365452 np0000008093 nova-scheduler[96835]: DEBUG cotyledon.oslo_config_glue [-] oslo_limit.service_type = None {{(pid=96835) log_opt_values /opt/stack/data/venv/lib/python3.12/site-packages/oslo_config/cfg.py:3560}}
Aug 25 16:15:18.365452 np0000008093 nova-scheduler[96835]: DEBUG cotyledon.oslo_config_glue [-] oslo_limit.split_loggers = False {{(pid=96835) log_opt_values /opt/stack/data/venv/lib/python3.12/site-packages/oslo_config/cfg.py:3560}}
Aug 25 16:15:18.365452 np0000008093 nova-scheduler[96835]: DEBUG cotyledon.oslo_config_glue [-] oslo_limit.status_code_retries = None {{(pid=96835) log_opt_values /opt/stack/data/venv/lib/python3.12/site-packages/oslo_config/cfg.py:3560}}
Aug 25 16:15:18.365721 np0000008093 nova-scheduler[96835]: DEBUG cotyledon.oslo_config_glue [-] oslo_limit.status_code_retry_delay = None {{(pid=96835) log_opt_values /opt/stack/data/venv/lib/python3.12/site-packages/oslo_config/cfg.py:3560}}
Aug 25 16:15:18.365721 np0000008093 nova-scheduler[96835]: DEBUG cotyledon.oslo_config_glue [-] oslo_limit.timeout = None {{(pid=96835) log_opt_values /opt/stack/data/venv/lib/python3.12/site-packages/oslo_config/cfg.py:3560}}
Aug 25 16:15:18.365721 np0000008093 nova-scheduler[96835]: DEBUG cotyledon.oslo_config_glue [-] oslo_limit.valid_interfaces = None {{(pid=96835) log_opt_values /opt/stack/data/venv/lib/python3.12/site-packages/oslo_config/cfg.py:3560}}
Aug 25 16:15:18.365721 np0000008093 nova-scheduler[96835]: DEBUG cotyledon.oslo_config_glue [-] oslo_limit.version = None {{(pid=96835) log_opt_values /opt/stack/data/venv/lib/python3.12/site-packages/oslo_config/cfg.py:3560}}
Aug 25 16:15:18.365721 np0000008093 nova-scheduler[96835]: DEBUG cotyledon.oslo_config_glue [-] oslo_reports.file_event_handler = None {{(pid=96835) log_opt_values /opt/stack/data/venv/lib/python3.12/site-packages/oslo_config/cfg.py:3560}}
Aug 25 16:15:18.365721 np0000008093 nova-scheduler[96835]: DEBUG cotyledon.oslo_config_glue [-] oslo_reports.file_event_handler_interval = 1 {{(pid=96835) log_opt_values /opt/stack/data/venv/lib/python3.12/site-packages/oslo_config/cfg.py:3560}}
Aug 25 16:15:18.365927 np0000008093 nova-scheduler[96833]: INFO dbcounter [None req-39a29b50-bb43-45f8-8d7a-2293c6a6437e None None] Registered counter for database nova_cell0
Aug 25 16:15:18.365961 np0000008093 nova-scheduler[96835]: DEBUG cotyledon.oslo_config_glue [-] oslo_reports.log_dir = None {{(pid=96835) log_opt_values /opt/stack/data/venv/lib/python3.12/site-packages/oslo_config/cfg.py:3560}}
Aug 25 16:15:18.365961 np0000008093 nova-scheduler[96835]: DEBUG cotyledon.oslo_config_glue [-] ******************************************************************************** {{(pid=96835) log_opt_values /opt/stack/data/venv/lib/python3.12/site-packages/oslo_config/cfg.py:3567}}
Aug 25 16:15:18.365961 np0000008093 nova-scheduler[96835]: DEBUG cotyledon._service_worker [-] Run service ServiceWrapper(3) [96835] {{(pid=96835) wait_forever /opt/stack/data/venv/lib/python3.12/site-packages/cotyledon/_service_worker.py:218}}
Aug 25 16:15:18.365961 np0000008093 nova-scheduler[96835]: INFO nova.service [-] Starting scheduler node (version 33.1.0)
Aug 25 16:15:18.365961 np0000008093 nova-scheduler[96835]: INFO dbcounter [None req-0b54c8c7-6424-40f8-a776-9092c8d1a56a None None] Registered counter for database nova_cell0
Aug 25 16:15:18.366108 np0000008093 nova-scheduler[96828]: DEBUG oslo_db.sqlalchemy.engines [None req-f6f4542d-8560-4c29-ade4-035a938587cc None None] MySQL server mode set to STRICT_TRANS_TABLES,STRICT_ALL_TABLES,NO_ZERO_IN_DATE,NO_ZERO_DATE,ERROR_FOR_DIVISION_BY_ZERO,TRADITIONAL,NO_ENGINE_SUBSTITUTION {{(pid=96828) _check_effective_sql_mode /opt/stack/data/venv/lib/python3.12/site-packages/oslo_db/sqlalchemy/engines.py:325}}
Aug 25 16:15:18.366108 np0000008093 nova-scheduler[96828]: DEBUG dbcounter [-] [96828] Writer thread running {{(pid=96828) stat_writer /opt/stack/data/venv/lib/python3.12/site-packages/dbcounter.py:102}}
Aug 25 16:15:18.392388 np0000008093 nova-scheduler[96828]: DEBUG nova.service [None req-f6f4542d-8560-4c29-ade4-035a938587cc None None] Creating RPC server for service: nova-scheduler on topic: scheduler {{(pid=96828) start /opt/stack/nova/nova/service.py:262}}
Aug 25 16:15:18.394184 np0000008093 nova-scheduler[96831]: DEBUG oslo_db.sqlalchemy.engines [None req-d043ddc1-6dd0-4d41-8ca1-654536b51cfc None None] MySQL server mode set to STRICT_TRANS_TABLES,STRICT_ALL_TABLES,NO_ZERO_IN_DATE,NO_ZERO_DATE,ERROR_FOR_DIVISION_BY_ZERO,TRADITIONAL,NO_ENGINE_SUBSTITUTION {{(pid=96831) _check_effective_sql_mode /opt/stack/data/venv/lib/python3.12/site-packages/oslo_db/sqlalchemy/engines.py:325}}
Aug 25 16:15:18.402179 np0000008093 nova-scheduler[96833]: DEBUG oslo_db.sqlalchemy.engines [None req-39a29b50-bb43-45f8-8d7a-2293c6a6437e None None] MySQL server mode set to STRICT_TRANS_TABLES,STRICT_ALL_TABLES,NO_ZERO_IN_DATE,NO_ZERO_DATE,ERROR_FOR_DIVISION_BY_ZERO,TRADITIONAL,NO_ENGINE_SUBSTITUTION {{(pid=96833) _check_effective_sql_mode /opt/stack/data/venv/lib/python3.12/site-packages/oslo_db/sqlalchemy/engines.py:325}}
Aug 25 16:15:18.405797 np0000008093 nova-scheduler[96835]: DEBUG oslo_db.sqlalchemy.engines [None req-0b54c8c7-6424-40f8-a776-9092c8d1a56a None None] MySQL server mode set to STRICT_TRANS_TABLES,STRICT_ALL_TABLES,NO_ZERO_IN_DATE,NO_ZERO_DATE,ERROR_FOR_DIVISION_BY_ZERO,TRADITIONAL,NO_ENGINE_SUBSTITUTION {{(pid=96835) _check_effective_sql_mode /opt/stack/data/venv/lib/python3.12/site-packages/oslo_db/sqlalchemy/engines.py:325}}
Aug 25 16:15:18.407127 np0000008093 nova-scheduler[96831]: DEBUG dbcounter [-] [96831] Writer thread running {{(pid=96831) stat_writer /opt/stack/data/venv/lib/python3.12/site-packages/dbcounter.py:102}}
Aug 25 16:15:18.411507 np0000008093 nova-scheduler[96831]: DEBUG nova.service [None req-d043ddc1-6dd0-4d41-8ca1-654536b51cfc None None] Creating RPC server for service: nova-scheduler on topic: scheduler {{(pid=96831) start /opt/stack/nova/nova/service.py:262}}
Aug 25 16:15:18.417677 np0000008093 nova-scheduler[96833]: DEBUG dbcounter [-] [96833] Writer thread running {{(pid=96833) stat_writer /opt/stack/data/venv/lib/python3.12/site-packages/dbcounter.py:102}}
Aug 25 16:15:18.418183 np0000008093 nova-scheduler[96835]: DEBUG dbcounter [-] [96835] Writer thread running {{(pid=96835) stat_writer /opt/stack/data/venv/lib/python3.12/site-packages/dbcounter.py:102}}
Aug 25 16:15:18.421847 np0000008093 nova-scheduler[96835]: DEBUG nova.service [None req-0b54c8c7-6424-40f8-a776-9092c8d1a56a None None] Creating RPC server for service: nova-scheduler on topic: scheduler {{(pid=96835) start /opt/stack/nova/nova/service.py:262}}
Aug 25 16:15:18.422024 np0000008093 nova-scheduler[96833]: DEBUG nova.service [None req-39a29b50-bb43-45f8-8d7a-2293c6a6437e None None] Creating RPC server for service: nova-scheduler on topic: scheduler {{(pid=96833) start /opt/stack/nova/nova/service.py:262}}
Aug 25 16:15:18.441464 np0000008093 nova-scheduler[96831]: DEBUG nova.service [None req-d043ddc1-6dd0-4d41-8ca1-654536b51cfc None None] Join ServiceGroup membership for this service scheduler {{(pid=96831) start /opt/stack/nova/nova/service.py:288}}
Aug 25 16:15:18.441580 np0000008093 nova-scheduler[96828]: DEBUG nova.service [None req-f6f4542d-8560-4c29-ade4-035a938587cc None None] Join ServiceGroup membership for this service scheduler {{(pid=96828) start /opt/stack/nova/nova/service.py:288}}
Aug 25 16:15:18.441735 np0000008093 nova-scheduler[96831]: DEBUG nova.servicegroup.drivers.db [None req-d043ddc1-6dd0-4d41-8ca1-654536b51cfc None None] DB_Driver: join new ServiceGroup member np0000008093 to the scheduler group, service = {{(pid=96831) join /opt/stack/nova/nova/servicegroup/drivers/db.py:44}}
Aug 25 16:15:18.441880 np0000008093 nova-scheduler[96828]: DEBUG nova.servicegroup.drivers.db [None req-f6f4542d-8560-4c29-ade4-035a938587cc None None] DB_Driver: join new ServiceGroup member np0000008093 to the scheduler group, service = {{(pid=96828) join /opt/stack/nova/nova/servicegroup/drivers/db.py:44}}
Aug 25 16:15:18.446307 np0000008093 nova-scheduler[96833]: DEBUG nova.service [None req-39a29b50-bb43-45f8-8d7a-2293c6a6437e None None] Join ServiceGroup membership for this service scheduler {{(pid=96833) start /opt/stack/nova/nova/service.py:288}}
Aug 25 16:15:18.446660 np0000008093 nova-scheduler[96835]: DEBUG nova.service [None req-0b54c8c7-6424-40f8-a776-9092c8d1a56a None None] Join ServiceGroup membership for this service scheduler {{(pid=96835) start /opt/stack/nova/nova/service.py:288}}
Aug 25 16:15:18.446762 np0000008093 nova-scheduler[96833]: DEBUG nova.servicegroup.drivers.db [None req-39a29b50-bb43-45f8-8d7a-2293c6a6437e None None] DB_Driver: join new ServiceGroup member np0000008093 to the scheduler group, service = {{(pid=96833) join /opt/stack/nova/nova/servicegroup/drivers/db.py:44}}
Aug 25 16:15:18.447187 np0000008093 nova-scheduler[96835]: DEBUG nova.servicegroup.drivers.db [None req-0b54c8c7-6424-40f8-a776-9092c8d1a56a None None] DB_Driver: join new ServiceGroup member np0000008093 to the scheduler group, service = {{(pid=96835) join /opt/stack/nova/nova/servicegroup/drivers/db.py:44}}
Aug 25 16:15:23.462766 np0000008093 nova-scheduler[96828]: DEBUG oslo.service.backend._threading.loopingcall [-] Fixed interval looping call 'nova.servicegroup.drivers.db.DbDriver._report_state' sleeping for 119.98 seconds {{(pid=96828) _run_loop /opt/stack/data/venv/lib/python3.12/site-packages/oslo_service/backend/_threading/loopingcall.py:125}}
Aug 25 16:15:23.464072 np0000008093 nova-scheduler[96831]: DEBUG oslo.service.backend._threading.loopingcall [-] Fixed interval looping call 'nova.servicegroup.drivers.db.DbDriver._report_state' sleeping for 119.98 seconds {{(pid=96831) _run_loop /opt/stack/data/venv/lib/python3.12/site-packages/oslo_service/backend/_threading/loopingcall.py:125}}
Aug 25 16:15:23.465024 np0000008093 nova-scheduler[96833]: DEBUG oslo.service.backend._threading.loopingcall [-] Fixed interval looping call 'nova.servicegroup.drivers.db.DbDriver._report_state' sleeping for 119.98 seconds {{(pid=96833) _run_loop /opt/stack/data/venv/lib/python3.12/site-packages/oslo_service/backend/_threading/loopingcall.py:125}}
Aug 25 16:15:23.465885 np0000008093 nova-scheduler[96835]: DEBUG oslo.service.backend._threading.loopingcall [-] Fixed interval looping call 'nova.servicegroup.drivers.db.DbDriver._report_state' sleeping for 119.98 seconds {{(pid=96835) _run_loop /opt/stack/data/venv/lib/python3.12/site-packages/oslo_service/backend/_threading/loopingcall.py:125}}
Aug 25 16:15:26.941682 np0000008093 nova-scheduler[95635]: DEBUG dbcounter [-] [95635] Writing DB stats nova_api:SELECT=3 {{(pid=95635) stat_writer /opt/stack/data/venv/lib/python3.12/site-packages/dbcounter.py:115}}
Aug 25 16:15:27.102728 np0000008093 nova-scheduler[95635]: DEBUG dbcounter [-] [95635] Writing DB stats nova_cell1:SELECT=1 {{(pid=95635) stat_writer /opt/stack/data/venv/lib/python3.12/site-packages/dbcounter.py:115}}
Aug 25 16:15:27.107143 np0000008093 nova-scheduler[95635]: DEBUG dbcounter [-] [95635] Writing DB stats nova_cell0:SELECT=1 {{(pid=95635) stat_writer /opt/stack/data/venv/lib/python3.12/site-packages/dbcounter.py:115}}
Aug 25 16:15:29.449146 np0000008093 nova-scheduler[96833]: DEBUG oslo.service.backend._threading.loopingcall [None req-4fdc5288-0c9b-4273-9650-ddb929297fb6 None None] Dynamic interval looping call 'nova.service.Service.periodic_tasks' sleeping for 60.00 seconds {{(pid=96833) _run_loop /opt/stack/data/venv/lib/python3.12/site-packages/oslo_service/backend/_threading/loopingcall.py:125}}
Aug 25 16:15:33.454246 np0000008093 nova-scheduler[96828]: DEBUG dbcounter [-] [96828] Writing DB stats nova_cell0:SELECT=4,nova_cell0:INSERT=1,nova_cell0:UPDATE=1 {{(pid=96828) stat_writer /opt/stack/data/venv/lib/python3.12/site-packages/dbcounter.py:115}}
Aug 25 16:15:33.455196 np0000008093 nova-scheduler[96831]: DEBUG dbcounter [-] [96831] Writing DB stats nova_cell0:SELECT=3,nova_cell0:UPDATE=1 {{(pid=96831) stat_writer /opt/stack/data/venv/lib/python3.12/site-packages/dbcounter.py:115}}
Aug 25 16:15:33.459055 np0000008093 nova-scheduler[96833]: DEBUG dbcounter [-] [96833] Writing DB stats nova_cell0:SELECT=3,nova_cell0:UPDATE=1 {{(pid=96833) stat_writer /opt/stack/data/venv/lib/python3.12/site-packages/dbcounter.py:115}}
Aug 25 16:15:33.461279 np0000008093 nova-scheduler[96835]: DEBUG dbcounter [-] [96835] Writing DB stats nova_cell0:SELECT=3,nova_cell0:UPDATE=1 {{(pid=96835) stat_writer /opt/stack/data/venv/lib/python3.12/site-packages/dbcounter.py:115}}
Aug 25 16:15:48.444848 np0000008093 nova-scheduler[96828]: DEBUG oslo.service.backend._threading.loopingcall [None req-adace50c-91cf-4146-b79e-83a5466ea9a4 None None] Dynamic interval looping call 'nova.service.Service.periodic_tasks' sleeping for 60.00 seconds {{(pid=96828) _run_loop /opt/stack/data/venv/lib/python3.12/site-packages/oslo_service/backend/_threading/loopingcall.py:125}}
Aug 25 16:16:02.449447 np0000008093 nova-scheduler[96835]: DEBUG oslo.service.backend._threading.loopingcall [None req-591aadaf-0f46-4a55-880c-3dd40989d84e None None] Dynamic interval looping call 'nova.service.Service.periodic_tasks' sleeping for 60.00 seconds {{(pid=96835) _run_loop /opt/stack/data/venv/lib/python3.12/site-packages/oslo_service/backend/_threading/loopingcall.py:125}}
Aug 25 16:16:14.444079 np0000008093 nova-scheduler[96831]: DEBUG oslo.service.backend._threading.loopingcall [None req-368030e8-84a0-4676-82c4-616b1eb4cab4 None None] Dynamic interval looping call 'nova.service.Service.periodic_tasks' sleeping for 60.00 seconds {{(pid=96831) _run_loop /opt/stack/data/venv/lib/python3.12/site-packages/oslo_service/backend/_threading/loopingcall.py:125}}
Aug 25 16:16:29.449637 np0000008093 nova-scheduler[96833]: DEBUG oslo.service.backend._threading.loopingcall [None req-4fdc5288-0c9b-4273-9650-ddb929297fb6 None None] Dynamic interval looping call 'nova.service.Service.periodic_tasks' sleeping for 60.00 seconds {{(pid=96833) _run_loop /opt/stack/data/venv/lib/python3.12/site-packages/oslo_service/backend/_threading/loopingcall.py:125}}
Aug 25 16:16:48.445309 np0000008093 nova-scheduler[96828]: DEBUG oslo.service.backend._threading.loopingcall [None req-adace50c-91cf-4146-b79e-83a5466ea9a4 None None] Dynamic interval looping call 'nova.service.Service.periodic_tasks' sleeping for 60.00 seconds {{(pid=96828) _run_loop /opt/stack/data/venv/lib/python3.12/site-packages/oslo_service/backend/_threading/loopingcall.py:125}}
Aug 25 16:17:02.450974 np0000008093 nova-scheduler[96835]: DEBUG oslo.service.backend._threading.loopingcall [None req-591aadaf-0f46-4a55-880c-3dd40989d84e None None] Dynamic interval looping call 'nova.service.Service.periodic_tasks' sleeping for 60.00 seconds {{(pid=96835) _run_loop /opt/stack/data/venv/lib/python3.12/site-packages/oslo_service/backend/_threading/loopingcall.py:125}}
Aug 25 16:17:14.444682 np0000008093 nova-scheduler[96831]: DEBUG oslo.service.backend._threading.loopingcall [None req-368030e8-84a0-4676-82c4-616b1eb4cab4 None None] Dynamic interval looping call 'nova.service.Service.periodic_tasks' sleeping for 60.00 seconds {{(pid=96831) _run_loop /opt/stack/data/venv/lib/python3.12/site-packages/oslo_service/backend/_threading/loopingcall.py:125}}
Aug 25 16:17:23.460655 np0000008093 nova-scheduler[96828]: DEBUG oslo.service.backend._threading.loopingcall [-] Fixed interval looping call 'nova.servicegroup.drivers.db.DbDriver._report_state' sleeping for 119.98 seconds {{(pid=96828) _run_loop /opt/stack/data/venv/lib/python3.12/site-packages/oslo_service/backend/_threading/loopingcall.py:125}}
Aug 25 16:17:23.461542 np0000008093 nova-scheduler[96833]: DEBUG oslo.service.backend._threading.loopingcall [-] Fixed interval looping call 'nova.servicegroup.drivers.db.DbDriver._report_state' sleeping for 119.98 seconds {{(pid=96833) _run_loop /opt/stack/data/venv/lib/python3.12/site-packages/oslo_service/backend/_threading/loopingcall.py:125}}
Aug 25 16:17:23.462416 np0000008093 nova-scheduler[96831]: DEBUG oslo.service.backend._threading.loopingcall [-] Fixed interval looping call 'nova.servicegroup.drivers.db.DbDriver._report_state' sleeping for 119.98 seconds {{(pid=96831) _run_loop /opt/stack/data/venv/lib/python3.12/site-packages/oslo_service/backend/_threading/loopingcall.py:125}}
Aug 25 16:17:23.463141 np0000008093 nova-scheduler[96835]: DEBUG oslo.service.backend._threading.loopingcall [-] Fixed interval looping call 'nova.servicegroup.drivers.db.DbDriver._report_state' sleeping for 119.98 seconds {{(pid=96835) _run_loop /opt/stack/data/venv/lib/python3.12/site-packages/oslo_service/backend/_threading/loopingcall.py:125}}
Aug 25 16:17:29.450110 np0000008093 nova-scheduler[96833]: DEBUG oslo.service.backend._threading.loopingcall [None req-4fdc5288-0c9b-4273-9650-ddb929297fb6 None None] Dynamic interval looping call 'nova.service.Service.periodic_tasks' sleeping for 60.00 seconds {{(pid=96833) _run_loop /opt/stack/data/venv/lib/python3.12/site-packages/oslo_service/backend/_threading/loopingcall.py:125}}
Aug 25 16:17:33.446318 np0000008093 nova-scheduler[96828]: DEBUG dbcounter [-] [96828] Writing DB stats nova_cell0:SELECT=1,nova_cell0:UPDATE=1 {{(pid=96828) stat_writer /opt/stack/data/venv/lib/python3.12/site-packages/dbcounter.py:115}}
Aug 25 16:17:33.448772 np0000008093 nova-scheduler[96833]: DEBUG dbcounter [-] [96833] Writing DB stats nova_cell0:SELECT=1,nova_cell0:UPDATE=1 {{(pid=96833) stat_writer /opt/stack/data/venv/lib/python3.12/site-packages/dbcounter.py:115}}
Aug 25 16:17:33.449445 np0000008093 nova-scheduler[96831]: DEBUG dbcounter [-] [96831] Writing DB stats nova_cell0:SELECT=1,nova_cell0:UPDATE=1 {{(pid=96831) stat_writer /opt/stack/data/venv/lib/python3.12/site-packages/dbcounter.py:115}}
Aug 25 16:17:33.450086 np0000008093 nova-scheduler[96835]: DEBUG dbcounter [-] [96835] Writing DB stats nova_cell0:SELECT=1,nova_cell0:UPDATE=1 {{(pid=96835) stat_writer /opt/stack/data/venv/lib/python3.12/site-packages/dbcounter.py:115}}
Aug 25 16:17:48.446001 np0000008093 nova-scheduler[96828]: DEBUG oslo.service.backend._threading.loopingcall [None req-adace50c-91cf-4146-b79e-83a5466ea9a4 None None] Dynamic interval looping call 'nova.service.Service.periodic_tasks' sleeping for 60.00 seconds {{(pid=96828) _run_loop /opt/stack/data/venv/lib/python3.12/site-packages/oslo_service/backend/_threading/loopingcall.py:125}}
Aug 25 16:18:02.450997 np0000008093 nova-scheduler[96835]: DEBUG oslo.service.backend._threading.loopingcall [None req-591aadaf-0f46-4a55-880c-3dd40989d84e None None] Dynamic interval looping call 'nova.service.Service.periodic_tasks' sleeping for 60.00 seconds {{(pid=96835) _run_loop /opt/stack/data/venv/lib/python3.12/site-packages/oslo_service/backend/_threading/loopingcall.py:125}}
Aug 25 16:18:02.707532 np0000008093 nova-scheduler[96831]: DEBUG nova.scheduler.manager [None req-b11bea89-b7fb-4e42-92b4-f6b866b0e14b tempest-ServerActionsTestOtherB-1729956150 tempest-ServerActionsTestOtherB-1729956150-project-member] Starting to schedule for instances: ['694c2a32-b258-40cf-a55f-54d2395332a6'] {{(pid=96831) select_destinations /opt/stack/nova/nova/scheduler/manager.py:197}}
Aug 25 16:18:02.708836 np0000008093 nova-scheduler[96831]: DEBUG nova.scheduler.request_filter [None req-b11bea89-b7fb-4e42-92b4-f6b866b0e14b tempest-ServerActionsTestOtherB-1729956150 tempest-ServerActionsTestOtherB-1729956150-project-member] compute_status_filter request filter added forbidden trait COMPUTE_STATUS_DISABLED {{(pid=96831) compute_status_filter /opt/stack/nova/nova/scheduler/request_filter.py:258}}
Aug 25 16:18:02.708836 np0000008093 nova-scheduler[96831]: DEBUG nova.scheduler.request_filter [None req-b11bea89-b7fb-4e42-92b4-f6b866b0e14b tempest-ServerActionsTestOtherB-1729956150 tempest-ServerActionsTestOtherB-1729956150-project-member] Request filter 'compute_status_filter' took 0.0 seconds {{(pid=96831) wrapper /opt/stack/nova/nova/scheduler/request_filter.py:51}}
Aug 25 16:18:02.708964 np0000008093 nova-scheduler[96831]: DEBUG nova.scheduler.request_filter [None req-b11bea89-b7fb-4e42-92b4-f6b866b0e14b tempest-ServerActionsTestOtherB-1729956150 tempest-ServerActionsTestOtherB-1729956150-project-member] Request filter 'accelerators_filter' took 0.0 seconds {{(pid=96831) wrapper /opt/stack/nova/nova/scheduler/request_filter.py:51}}
Aug 25 16:18:02.709178 np0000008093 nova-scheduler[96831]: DEBUG nova.scheduler.request_filter [None req-b11bea89-b7fb-4e42-92b4-f6b866b0e14b tempest-ServerActionsTestOtherB-1729956150 tempest-ServerActionsTestOtherB-1729956150-project-member] Request filter 'packed_virtqueue_filter' took 0.0 seconds {{(pid=96831) wrapper /opt/stack/nova/nova/scheduler/request_filter.py:51}}
Aug 25 16:18:02.709871 np0000008093 nova-scheduler[96831]: DEBUG nova.scheduler.request_filter [None req-b11bea89-b7fb-4e42-92b4-f6b866b0e14b tempest-ServerActionsTestOtherB-1729956150 tempest-ServerActionsTestOtherB-1729956150-project-member] Request filter 'remote_managed_ports_filter' took 0.0 seconds {{(pid=96831) wrapper /opt/stack/nova/nova/scheduler/request_filter.py:51}}
Aug 25 16:18:02.710030 np0000008093 nova-scheduler[96831]: DEBUG nova.scheduler.request_filter [None req-b11bea89-b7fb-4e42-92b4-f6b866b0e14b tempest-ServerActionsTestOtherB-1729956150 tempest-ServerActionsTestOtherB-1729956150-project-member] ephemeral_encryption_filter skipped {{(pid=96831) ephemeral_encryption_filter /opt/stack/nova/nova/scheduler/request_filter.py:431}}
Aug 25 16:18:02.710292 np0000008093 nova-scheduler[96831]: DEBUG nova.scheduler.request_filter [None req-b11bea89-b7fb-4e42-92b4-f6b866b0e14b tempest-ServerActionsTestOtherB-1729956150 tempest-ServerActionsTestOtherB-1729956150-project-member] virtio_sound_filter skipped {{(pid=96831) virtio_sound_filter /opt/stack/nova/nova/scheduler/request_filter.py:465}}
Aug 25 16:18:02.710521 np0000008093 nova-scheduler[96831]: DEBUG nova.scheduler.request_filter [None req-b11bea89-b7fb-4e42-92b4-f6b866b0e14b tempest-ServerActionsTestOtherB-1729956150 tempest-ServerActionsTestOtherB-1729956150-project-member] tpm_secret_security_filter skipped {{(pid=96831) tpm_secret_security_filter /opt/stack/nova/nova/scheduler/request_filter.py:482}}
Aug 25 16:18:02.711009 np0000008093 nova-scheduler[96831]: DEBUG oslo_concurrency.lockutils [None req-b11bea89-b7fb-4e42-92b4-f6b866b0e14b tempest-ServerActionsTestOtherB-1729956150 tempest-ServerActionsTestOtherB-1729956150-project-member] Acquiring lock "00000000-0000-0000-0000-000000000000" by "nova.context.set_target_cell..get_or_set_cached_cell_and_set_connections" {{(pid=96831) inner /opt/stack/data/venv/lib/python3.12/site-packages/oslo_concurrency/lockutils.py:512}}
Aug 25 16:18:02.712346 np0000008093 nova-scheduler[96831]: DEBUG oslo_concurrency.lockutils [None req-b11bea89-b7fb-4e42-92b4-f6b866b0e14b tempest-ServerActionsTestOtherB-1729956150 tempest-ServerActionsTestOtherB-1729956150-project-member] Lock "00000000-0000-0000-0000-000000000000" acquired by "nova.context.set_target_cell..get_or_set_cached_cell_and_set_connections" :: waited 0.001s {{(pid=96831) inner /opt/stack/data/venv/lib/python3.12/site-packages/oslo_concurrency/lockutils.py:525}}
Aug 25 16:18:02.712923 np0000008093 nova-scheduler[96831]: DEBUG oslo_concurrency.lockutils [None req-b11bea89-b7fb-4e42-92b4-f6b866b0e14b tempest-ServerActionsTestOtherB-1729956150 tempest-ServerActionsTestOtherB-1729956150-project-member] Lock "00000000-0000-0000-0000-000000000000" "released" by "nova.context.set_target_cell..get_or_set_cached_cell_and_set_connections" :: held 0.001s {{(pid=96831) inner /opt/stack/data/venv/lib/python3.12/site-packages/oslo_concurrency/lockutils.py:544}}
Aug 25 16:18:02.712923 np0000008093 nova-scheduler[96831]: INFO nova.thread_pool_factory [None req-b11bea89-b7fb-4e42-92b4-f6b866b0e14b tempest-ServerActionsTestOtherB-1729956150 tempest-ServerActionsTestOtherB-1729956150-project-member] The cell_worker thread pool ForkProcess-2.cell_worker is initialized
