Jul 11 23:35:02.883405 np0000005090 nova-scheduler[96426]: DEBUG cotyledon.oslo_config_glue [-] workarounds.disable_group_policy_check_upcall = False {{(pid=96426) log_opt_values /opt/stack/data/venv/lib/python3.12/site-packages/oslo_config/cfg.py:3253}}
Jul 11 23:35:02.883405 np0000005090 nova-scheduler[96426]: DEBUG cotyledon.oslo_config_glue [-] workarounds.disable_libvirt_livesnapshot = False {{(pid=96426) log_opt_values /opt/stack/data/venv/lib/python3.12/site-packages/oslo_config/cfg.py:3253}}
Jul 11 23:35:02.883405 np0000005090 nova-scheduler[96426]: DEBUG cotyledon.oslo_config_glue [-] workarounds.disable_rootwrap = False {{(pid=96426) log_opt_values /opt/stack/data/venv/lib/python3.12/site-packages/oslo_config/cfg.py:3253}}
Jul 11 23:35:02.883405 np0000005090 nova-scheduler[96426]: DEBUG cotyledon.oslo_config_glue [-] workarounds.enable_numa_live_migration = False {{(pid=96426) log_opt_values /opt/stack/data/venv/lib/python3.12/site-packages/oslo_config/cfg.py:3253}}
Jul 11 23:35:02.883405 np0000005090 nova-scheduler[96426]: DEBUG cotyledon.oslo_config_glue [-] workarounds.enable_qemu_monitor_announce_self = False {{(pid=96426) log_opt_values /opt/stack/data/venv/lib/python3.12/site-packages/oslo_config/cfg.py:3253}}
Jul 11 23:35:02.883405 np0000005090 nova-scheduler[96426]: DEBUG cotyledon.oslo_config_glue [-] workarounds.ensure_libvirt_rbd_instance_dir_cleanup = False {{(pid=96426) log_opt_values /opt/stack/data/venv/lib/python3.12/site-packages/oslo_config/cfg.py:3253}}
Jul 11 23:35:02.883696 np0000005090 nova-scheduler[96426]: DEBUG cotyledon.oslo_config_glue [-] workarounds.handle_virt_lifecycle_events = True {{(pid=96426) log_opt_values /opt/stack/data/venv/lib/python3.12/site-packages/oslo_config/cfg.py:3253}}
Jul 11 23:35:02.883696 np0000005090 nova-scheduler[96426]: DEBUG cotyledon.oslo_config_glue [-] workarounds.libvirt_disable_apic = False {{(pid=96426) log_opt_values /opt/stack/data/venv/lib/python3.12/site-packages/oslo_config/cfg.py:3253}}
Jul 11 23:35:02.883696 np0000005090 nova-scheduler[96426]: DEBUG cotyledon.oslo_config_glue [-] workarounds.never_download_image_if_on_rbd = False {{(pid=96426) log_opt_values /opt/stack/data/venv/lib/python3.12/site-packages/oslo_config/cfg.py:3253}}
Jul 11 23:35:02.883696 np0000005090 nova-scheduler[96426]: DEBUG cotyledon.oslo_config_glue [-] workarounds.qemu_monitor_announce_self_count = 3 {{(pid=96426) log_opt_values /opt/stack/data/venv/lib/python3.12/site-packages/oslo_config/cfg.py:3253}}
Jul 11 23:35:02.883696 np0000005090 nova-scheduler[96426]: DEBUG cotyledon.oslo_config_glue [-] workarounds.qemu_monitor_announce_self_interval = 1 {{(pid=96426) log_opt_values /opt/stack/data/venv/lib/python3.12/site-packages/oslo_config/cfg.py:3253}}
Jul 11 23:35:02.883696 np0000005090 nova-scheduler[96426]: DEBUG cotyledon.oslo_config_glue [-] workarounds.reserve_disk_resource_for_image_cache = False {{(pid=96426) log_opt_values /opt/stack/data/venv/lib/python3.12/site-packages/oslo_config/cfg.py:3253}}
Jul 11 23:35:02.883696 np0000005090 nova-scheduler[96426]: DEBUG cotyledon.oslo_config_glue [-] workarounds.skip_cpu_compare_at_startup = False {{(pid=96426) log_opt_values /opt/stack/data/venv/lib/python3.12/site-packages/oslo_config/cfg.py:3253}}
Jul 11 23:35:02.883696 np0000005090 nova-scheduler[96426]: DEBUG cotyledon.oslo_config_glue [-] workarounds.skip_cpu_compare_on_dest = False {{(pid=96426) log_opt_values /opt/stack/data/venv/lib/python3.12/site-packages/oslo_config/cfg.py:3253}}
Jul 11 23:35:02.883696 np0000005090 nova-scheduler[96426]: DEBUG cotyledon.oslo_config_glue [-] workarounds.skip_hypervisor_version_check_on_lm = False {{(pid=96426) log_opt_values /opt/stack/data/venv/lib/python3.12/site-packages/oslo_config/cfg.py:3253}}
Jul 11 23:35:02.883985 np0000005090 nova-scheduler[96426]: DEBUG cotyledon.oslo_config_glue [-] workarounds.skip_reserve_in_use_ironic_nodes = False {{(pid=96426) log_opt_values /opt/stack/data/venv/lib/python3.12/site-packages/oslo_config/cfg.py:3253}}
Jul 11 23:35:02.883985 np0000005090 nova-scheduler[96426]: DEBUG cotyledon.oslo_config_glue [-] workarounds.unified_limits_count_pcpu_as_vcpu = False {{(pid=96426) log_opt_values /opt/stack/data/venv/lib/python3.12/site-packages/oslo_config/cfg.py:3253}}
Jul 11 23:35:02.883985 np0000005090 nova-scheduler[96426]: DEBUG cotyledon.oslo_config_glue [-] workarounds.wait_for_vif_plugged_event_during_hard_reboot = [] {{(pid=96426) log_opt_values /opt/stack/data/venv/lib/python3.12/site-packages/oslo_config/cfg.py:3253}}
Jul 11 23:35:02.883985 np0000005090 nova-scheduler[96426]: DEBUG cotyledon.oslo_config_glue [-] wsgi.api_paste_config = /etc/nova/api-paste.ini {{(pid=96426) log_opt_values /opt/stack/data/venv/lib/python3.12/site-packages/oslo_config/cfg.py:3253}}
Jul 11 23:35:02.883985 np0000005090 nova-scheduler[96426]: DEBUG cotyledon.oslo_config_glue [-] wsgi.secure_proxy_ssl_header = None {{(pid=96426) log_opt_values /opt/stack/data/venv/lib/python3.12/site-packages/oslo_config/cfg.py:3253}}
Jul 11 23:35:02.883985 np0000005090 nova-scheduler[96426]: DEBUG cotyledon.oslo_config_glue [-] zvm.ca_file = None {{(pid=96426) log_opt_values /opt/stack/data/venv/lib/python3.12/site-packages/oslo_config/cfg.py:3253}}
Jul 11 23:35:02.883985 np0000005090 nova-scheduler[96426]: DEBUG cotyledon.oslo_config_glue [-] zvm.cloud_connector_url = None {{(pid=96426) log_opt_values /opt/stack/data/venv/lib/python3.12/site-packages/oslo_config/cfg.py:3253}}
Jul 11 23:35:02.883985 np0000005090 nova-scheduler[96426]: DEBUG cotyledon.oslo_config_glue [-] zvm.image_tmp_path = /opt/stack/data/nova/images {{(pid=96426) log_opt_values /opt/stack/data/venv/lib/python3.12/site-packages/oslo_config/cfg.py:3253}}
Jul 11 23:35:02.883985 np0000005090 nova-scheduler[96426]: DEBUG cotyledon.oslo_config_glue [-] zvm.reachable_timeout = 300 {{(pid=96426) log_opt_values /opt/stack/data/venv/lib/python3.12/site-packages/oslo_config/cfg.py:3253}}
Jul 11 23:35:02.884265 np0000005090 nova-scheduler[96426]: DEBUG cotyledon.oslo_config_glue [-] oslo_versionedobjects.fatal_exception_format_errors = False {{(pid=96426) log_opt_values /opt/stack/data/venv/lib/python3.12/site-packages/oslo_config/cfg.py:3253}}
Jul 11 23:35:02.884265 np0000005090 nova-scheduler[96426]: DEBUG cotyledon.oslo_config_glue [-] oslo_middleware.http_basic_auth_user_file = /etc/htpasswd {{(pid=96426) log_opt_values /opt/stack/data/venv/lib/python3.12/site-packages/oslo_config/cfg.py:3253}}
Jul 11 23:35:02.884265 np0000005090 nova-scheduler[96426]: DEBUG cotyledon.oslo_config_glue [-] oslo_messaging_metrics.metrics_buffer_size = 1000 {{(pid=96426) log_opt_values /opt/stack/data/venv/lib/python3.12/site-packages/oslo_config/cfg.py:3253}}
Jul 11 23:35:02.884265 np0000005090 nova-scheduler[96426]: DEBUG cotyledon.oslo_config_glue [-] oslo_messaging_metrics.metrics_enabled = False {{(pid=96426) log_opt_values /opt/stack/data/venv/lib/python3.12/site-packages/oslo_config/cfg.py:3253}}
Jul 11 23:35:02.884265 np0000005090 nova-scheduler[96426]: DEBUG cotyledon.oslo_config_glue [-] oslo_messaging_metrics.metrics_process_name = {{(pid=96426) log_opt_values /opt/stack/data/venv/lib/python3.12/site-packages/oslo_config/cfg.py:3253}}
Jul 11 23:35:02.884265 np0000005090 nova-scheduler[96426]: DEBUG cotyledon.oslo_config_glue [-] oslo_messaging_metrics.metrics_socket_file = /var/tmp/metrics_collector.sock {{(pid=96426) log_opt_values /opt/stack/data/venv/lib/python3.12/site-packages/oslo_config/cfg.py:3253}}
Jul 11 23:35:02.884265 np0000005090 nova-scheduler[96426]: DEBUG cotyledon.oslo_config_glue [-] oslo_messaging_metrics.metrics_thread_stop_timeout = 10 {{(pid=96426) log_opt_values /opt/stack/data/venv/lib/python3.12/site-packages/oslo_config/cfg.py:3253}}
Jul 11 23:35:02.884265 np0000005090 nova-scheduler[96426]: DEBUG cotyledon.oslo_config_glue [-] profiler.connection_string = messaging:// {{(pid=96426) log_opt_values /opt/stack/data/venv/lib/python3.12/site-packages/oslo_config/cfg.py:3253}}
Jul 11 23:35:02.884544 np0000005090 nova-scheduler[96426]: DEBUG cotyledon.oslo_config_glue [-] profiler.enabled = False {{(pid=96426) log_opt_values /opt/stack/data/venv/lib/python3.12/site-packages/oslo_config/cfg.py:3253}}
Jul 11 23:35:02.884544 np0000005090 nova-scheduler[96426]: DEBUG cotyledon.oslo_config_glue [-] profiler.es_doc_type = notification {{(pid=96426) log_opt_values /opt/stack/data/venv/lib/python3.12/site-packages/oslo_config/cfg.py:3253}}
Jul 11 23:35:02.884544 np0000005090 nova-scheduler[96426]: DEBUG cotyledon.oslo_config_glue [-] profiler.es_scroll_size = 10000 {{(pid=96426) log_opt_values /opt/stack/data/venv/lib/python3.12/site-packages/oslo_config/cfg.py:3253}}
Jul 11 23:35:02.884544 np0000005090 nova-scheduler[96426]: DEBUG cotyledon.oslo_config_glue [-] profiler.es_scroll_time = 2m {{(pid=96426) log_opt_values /opt/stack/data/venv/lib/python3.12/site-packages/oslo_config/cfg.py:3253}}
Jul 11 23:35:02.884544 np0000005090 nova-scheduler[96426]: DEBUG cotyledon.oslo_config_glue [-] profiler.filter_error_trace = False {{(pid=96426) log_opt_values /opt/stack/data/venv/lib/python3.12/site-packages/oslo_config/cfg.py:3253}}
Jul 11 23:35:02.884544 np0000005090 nova-scheduler[96426]: DEBUG cotyledon.oslo_config_glue [-] profiler.hmac_keys = **** {{(pid=96426) log_opt_values /opt/stack/data/venv/lib/python3.12/site-packages/oslo_config/cfg.py:3253}}
Jul 11 23:35:02.884544 np0000005090 nova-scheduler[96426]: DEBUG cotyledon.oslo_config_glue [-] profiler.sentinel_service_name = mymaster {{(pid=96426) log_opt_values /opt/stack/data/venv/lib/python3.12/site-packages/oslo_config/cfg.py:3253}}
Jul 11 23:35:02.884544 np0000005090 nova-scheduler[96426]: DEBUG cotyledon.oslo_config_glue [-] profiler.socket_timeout = 0.1 {{(pid=96426) log_opt_values /opt/stack/data/venv/lib/python3.12/site-packages/oslo_config/cfg.py:3253}}
Jul 11 23:35:02.884544 np0000005090 nova-scheduler[96426]: DEBUG cotyledon.oslo_config_glue [-] profiler.trace_requests = False {{(pid=96426) log_opt_values /opt/stack/data/venv/lib/python3.12/site-packages/oslo_config/cfg.py:3253}}
Jul 11 23:35:02.884836 np0000005090 nova-scheduler[96426]: DEBUG cotyledon.oslo_config_glue [-] profiler.trace_sqlalchemy = False {{(pid=96426) log_opt_values /opt/stack/data/venv/lib/python3.12/site-packages/oslo_config/cfg.py:3253}}
Jul 11 23:35:02.884836 np0000005090 nova-scheduler[96426]: DEBUG cotyledon.oslo_config_glue [-] profiler_jaeger.process_tags = {} {{(pid=96426) log_opt_values /opt/stack/data/venv/lib/python3.12/site-packages/oslo_config/cfg.py:3253}}
Jul 11 23:35:02.884836 np0000005090 nova-scheduler[96426]: DEBUG cotyledon.oslo_config_glue [-] profiler_jaeger.service_name_prefix = None {{(pid=96426) log_opt_values /opt/stack/data/venv/lib/python3.12/site-packages/oslo_config/cfg.py:3253}}
Jul 11 23:35:02.884836 np0000005090 nova-scheduler[96426]: DEBUG cotyledon.oslo_config_glue [-] profiler_otlp.service_name_prefix = None {{(pid=96426) log_opt_values /opt/stack/data/venv/lib/python3.12/site-packages/oslo_config/cfg.py:3253}}
Jul 11 23:35:02.884836 np0000005090 nova-scheduler[96426]: DEBUG cotyledon.oslo_config_glue [-] oslo_messaging_rabbit.amqp_auto_delete = False {{(pid=96426) log_opt_values /opt/stack/data/venv/lib/python3.12/site-packages/oslo_config/cfg.py:3253}}
Jul 11 23:35:02.884836 np0000005090 nova-scheduler[96426]: DEBUG cotyledon.oslo_config_glue [-] oslo_messaging_rabbit.amqp_durable_queues = False {{(pid=96426) log_opt_values /opt/stack/data/venv/lib/python3.12/site-packages/oslo_config/cfg.py:3253}}
Jul 11 23:35:02.884836 np0000005090 nova-scheduler[96426]: DEBUG cotyledon.oslo_config_glue [-] oslo_messaging_rabbit.conn_pool_min_size = 2 {{(pid=96426) log_opt_values /opt/stack/data/venv/lib/python3.12/site-packages/oslo_config/cfg.py:3253}}
Jul 11 23:35:02.884836 np0000005090 nova-scheduler[96426]: DEBUG cotyledon.oslo_config_glue [-] oslo_messaging_rabbit.conn_pool_ttl = 1200 {{(pid=96426) log_opt_values /opt/stack/data/venv/lib/python3.12/site-packages/oslo_config/cfg.py:3253}}
Jul 11 23:35:02.884836 np0000005090 nova-scheduler[96426]: DEBUG cotyledon.oslo_config_glue [-] oslo_messaging_rabbit.direct_mandatory_flag = True {{(pid=96426) log_opt_values /opt/stack/data/venv/lib/python3.12/site-packages/oslo_config/cfg.py:3253}}
Jul 11 23:35:02.885108 np0000005090 nova-scheduler[96426]: DEBUG cotyledon.oslo_config_glue [-] oslo_messaging_rabbit.enable_cancel_on_failover = False {{(pid=96426) log_opt_values /opt/stack/data/venv/lib/python3.12/site-packages/oslo_config/cfg.py:3253}}
Jul 11 23:35:02.885108 np0000005090 nova-scheduler[96426]: DEBUG cotyledon.oslo_config_glue [-] oslo_messaging_rabbit.heartbeat_rate = 3 {{(pid=96426) log_opt_values /opt/stack/data/venv/lib/python3.12/site-packages/oslo_config/cfg.py:3253}}
Jul 11 23:35:02.885108 np0000005090 nova-scheduler[96426]: DEBUG cotyledon.oslo_config_glue [-] oslo_messaging_rabbit.heartbeat_timeout_threshold = 60 {{(pid=96426) log_opt_values /opt/stack/data/venv/lib/python3.12/site-packages/oslo_config/cfg.py:3253}}
Jul 11 23:35:02.885108 np0000005090 nova-scheduler[96426]: DEBUG cotyledon.oslo_config_glue [-] oslo_messaging_rabbit.hostname = np0000005090 {{(pid=96426) log_opt_values /opt/stack/data/venv/lib/python3.12/site-packages/oslo_config/cfg.py:3253}}
Jul 11 23:35:02.885108 np0000005090 nova-scheduler[96426]: DEBUG cotyledon.oslo_config_glue [-] oslo_messaging_rabbit.kombu_compression = None {{(pid=96426) log_opt_values /opt/stack/data/venv/lib/python3.12/site-packages/oslo_config/cfg.py:3253}}
Jul 11 23:35:02.885108 np0000005090 nova-scheduler[96426]: DEBUG cotyledon.oslo_config_glue [-] oslo_messaging_rabbit.kombu_failover_strategy = round-robin {{(pid=96426) log_opt_values /opt/stack/data/venv/lib/python3.12/site-packages/oslo_config/cfg.py:3253}}
Jul 11 23:35:02.885108 np0000005090 nova-scheduler[96426]: DEBUG cotyledon.oslo_config_glue [-] oslo_messaging_rabbit.kombu_missing_consumer_retry_timeout = 60 {{(pid=96426) log_opt_values /opt/stack/data/venv/lib/python3.12/site-packages/oslo_config/cfg.py:3253}}
Jul 11 23:35:02.885108 np0000005090 nova-scheduler[96426]: DEBUG cotyledon.oslo_config_glue [-] oslo_messaging_rabbit.kombu_reconnect_delay = 1.0 {{(pid=96426) log_opt_values /opt/stack/data/venv/lib/python3.12/site-packages/oslo_config/cfg.py:3253}}
Jul 11 23:35:02.885108 np0000005090 nova-scheduler[96426]: DEBUG cotyledon.oslo_config_glue [-] oslo_messaging_rabbit.kombu_reconnect_splay = 0.0 {{(pid=96426) log_opt_values /opt/stack/data/venv/lib/python3.12/site-packages/oslo_config/cfg.py:3253}}
Jul 11 23:35:02.885412 np0000005090 nova-scheduler[96426]: DEBUG cotyledon.oslo_config_glue [-] oslo_messaging_rabbit.processname = nova-scheduler {{(pid=96426) log_opt_values /opt/stack/data/venv/lib/python3.12/site-packages/oslo_config/cfg.py:3253}}
Jul 11 23:35:02.885412 np0000005090 nova-scheduler[96426]: DEBUG cotyledon.oslo_config_glue [-] oslo_messaging_rabbit.rabbit_ha_queues = False {{(pid=96426) log_opt_values /opt/stack/data/venv/lib/python3.12/site-packages/oslo_config/cfg.py:3253}}
Jul 11 23:35:02.885412 np0000005090 nova-scheduler[96426]: DEBUG cotyledon.oslo_config_glue [-] oslo_messaging_rabbit.rabbit_interval_max = 30 {{(pid=96426) log_opt_values /opt/stack/data/venv/lib/python3.12/site-packages/oslo_config/cfg.py:3253}}
Jul 11 23:35:02.885412 np0000005090 nova-scheduler[96426]: DEBUG cotyledon.oslo_config_glue [-] oslo_messaging_rabbit.rabbit_login_method = AMQPLAIN {{(pid=96426) log_opt_values /opt/stack/data/venv/lib/python3.12/site-packages/oslo_config/cfg.py:3253}}
Jul 11 23:35:02.885412 np0000005090 nova-scheduler[96426]: DEBUG cotyledon.oslo_config_glue [-] oslo_messaging_rabbit.rabbit_qos_prefetch_count = 0 {{(pid=96426) log_opt_values /opt/stack/data/venv/lib/python3.12/site-packages/oslo_config/cfg.py:3253}}
Jul 11 23:35:02.885412 np0000005090 nova-scheduler[96426]: DEBUG cotyledon.oslo_config_glue [-] oslo_messaging_rabbit.rabbit_quorum_delivery_limit = 0 {{(pid=96426) log_opt_values /opt/stack/data/venv/lib/python3.12/site-packages/oslo_config/cfg.py:3253}}
Jul 11 23:35:02.885412 np0000005090 nova-scheduler[96426]: DEBUG cotyledon.oslo_config_glue [-] oslo_messaging_rabbit.rabbit_quorum_max_memory_bytes = 0 {{(pid=96426) log_opt_values /opt/stack/data/venv/lib/python3.12/site-packages/oslo_config/cfg.py:3253}}
Jul 11 23:35:02.885412 np0000005090 nova-scheduler[96426]: DEBUG cotyledon.oslo_config_glue [-] oslo_messaging_rabbit.rabbit_quorum_max_memory_length = 0 {{(pid=96426) log_opt_values /opt/stack/data/venv/lib/python3.12/site-packages/oslo_config/cfg.py:3253}}
Jul 11 23:35:02.885412 np0000005090 nova-scheduler[96426]: DEBUG cotyledon.oslo_config_glue [-] oslo_messaging_rabbit.rabbit_quorum_queue = False {{(pid=96426) log_opt_values /opt/stack/data/venv/lib/python3.12/site-packages/oslo_config/cfg.py:3253}}
Jul 11 23:35:02.885713 np0000005090 nova-scheduler[96426]: DEBUG cotyledon.oslo_config_glue [-] oslo_messaging_rabbit.rabbit_retry_backoff = 2 {{(pid=96426) log_opt_values /opt/stack/data/venv/lib/python3.12/site-packages/oslo_config/cfg.py:3253}}
Jul 11 23:35:02.885713 np0000005090 nova-scheduler[96426]: DEBUG cotyledon.oslo_config_glue [-] oslo_messaging_rabbit.rabbit_retry_interval = 1 {{(pid=96426) log_opt_values /opt/stack/data/venv/lib/python3.12/site-packages/oslo_config/cfg.py:3253}}
Jul 11 23:35:02.885713 np0000005090 nova-scheduler[96426]: DEBUG cotyledon.oslo_config_glue [-] oslo_messaging_rabbit.rabbit_stream_fanout = False {{(pid=96426) log_opt_values /opt/stack/data/venv/lib/python3.12/site-packages/oslo_config/cfg.py:3253}}
Jul 11 23:35:02.885713 np0000005090 nova-scheduler[96426]: DEBUG cotyledon.oslo_config_glue [-] oslo_messaging_rabbit.rabbit_transient_queues_ttl = 1800 {{(pid=96426) log_opt_values /opt/stack/data/venv/lib/python3.12/site-packages/oslo_config/cfg.py:3253}}
Jul 11 23:35:02.885713 np0000005090 nova-scheduler[96426]: DEBUG cotyledon.oslo_config_glue [-] oslo_messaging_rabbit.rabbit_transient_quorum_queue = False {{(pid=96426) log_opt_values /opt/stack/data/venv/lib/python3.12/site-packages/oslo_config/cfg.py:3253}}
Jul 11 23:35:02.885713 np0000005090 nova-scheduler[96426]: DEBUG cotyledon.oslo_config_glue [-] oslo_messaging_rabbit.rpc_conn_pool_size = 30 {{(pid=96426) log_opt_values /opt/stack/data/venv/lib/python3.12/site-packages/oslo_config/cfg.py:3253}}
Jul 11 23:35:02.885713 np0000005090 nova-scheduler[96426]: DEBUG cotyledon.oslo_config_glue [-] oslo_messaging_rabbit.ssl = False {{(pid=96426) log_opt_values /opt/stack/data/venv/lib/python3.12/site-packages/oslo_config/cfg.py:3253}}
Jul 11 23:35:02.885713 np0000005090 nova-scheduler[96426]: DEBUG cotyledon.oslo_config_glue [-] oslo_messaging_rabbit.ssl_ca_file = {{(pid=96426) log_opt_values /opt/stack/data/venv/lib/python3.12/site-packages/oslo_config/cfg.py:3253}}
Jul 11 23:35:02.885713 np0000005090 nova-scheduler[96426]: DEBUG cotyledon.oslo_config_glue [-] oslo_messaging_rabbit.ssl_cert_file = {{(pid=96426) log_opt_values /opt/stack/data/venv/lib/python3.12/site-packages/oslo_config/cfg.py:3253}}
Jul 11 23:35:02.885999 np0000005090 nova-scheduler[96426]: DEBUG cotyledon.oslo_config_glue [-] oslo_messaging_rabbit.ssl_enforce_fips_mode = False {{(pid=96426) log_opt_values /opt/stack/data/venv/lib/python3.12/site-packages/oslo_config/cfg.py:3253}}
Jul 11 23:35:02.885999 np0000005090 nova-scheduler[96426]: DEBUG cotyledon.oslo_config_glue [-] oslo_messaging_rabbit.ssl_enforce_hostname_verification = True {{(pid=96426) log_opt_values /opt/stack/data/venv/lib/python3.12/site-packages/oslo_config/cfg.py:3253}}
Jul 11 23:35:02.885999 np0000005090 nova-scheduler[96426]: DEBUG cotyledon.oslo_config_glue [-] oslo_messaging_rabbit.ssl_key_file = {{(pid=96426) log_opt_values /opt/stack/data/venv/lib/python3.12/site-packages/oslo_config/cfg.py:3253}}
Jul 11 23:35:02.885999 np0000005090 nova-scheduler[96426]: DEBUG cotyledon.oslo_config_glue [-] oslo_messaging_rabbit.ssl_version = {{(pid=96426) log_opt_values /opt/stack/data/venv/lib/python3.12/site-packages/oslo_config/cfg.py:3253}}
Jul 11 23:35:02.885999 np0000005090 nova-scheduler[96426]: DEBUG cotyledon.oslo_config_glue [-] oslo_messaging_rabbit.use_queue_manager = False {{(pid=96426) log_opt_values /opt/stack/data/venv/lib/python3.12/site-packages/oslo_config/cfg.py:3253}}
Jul 11 23:35:02.885999 np0000005090 nova-scheduler[96426]: DEBUG cotyledon.oslo_config_glue [-] oslo_messaging_notifications.driver = ['messagingv2'] {{(pid=96426) log_opt_values /opt/stack/data/venv/lib/python3.12/site-packages/oslo_config/cfg.py:3253}}
Jul 11 23:35:02.885999 np0000005090 nova-scheduler[96426]: DEBUG cotyledon.oslo_config_glue [-] oslo_messaging_notifications.retry = -1 {{(pid=96426) log_opt_values /opt/stack/data/venv/lib/python3.12/site-packages/oslo_config/cfg.py:3253}}
Jul 11 23:35:02.885999 np0000005090 nova-scheduler[96426]: DEBUG cotyledon.oslo_config_glue [-] oslo_messaging_notifications.topics = ['notifications'] {{(pid=96426) log_opt_values /opt/stack/data/venv/lib/python3.12/site-packages/oslo_config/cfg.py:3253}}
Jul 11 23:35:02.885999 np0000005090 nova-scheduler[96426]: DEBUG cotyledon.oslo_config_glue [-] oslo_messaging_notifications.transport_url = **** {{(pid=96426) log_opt_values /opt/stack/data/venv/lib/python3.12/site-packages/oslo_config/cfg.py:3253}}
Jul 11 23:35:02.886290 np0000005090 nova-scheduler[96426]: DEBUG cotyledon.oslo_config_glue [-] oslo_limit.auth_section = None {{(pid=96426) log_opt_values /opt/stack/data/venv/lib/python3.12/site-packages/oslo_config/cfg.py:3253}}
Jul 11 23:35:02.886290 np0000005090 nova-scheduler[96426]: DEBUG cotyledon.oslo_config_glue [-] oslo_limit.auth_type = None {{(pid=96426) log_opt_values /opt/stack/data/venv/lib/python3.12/site-packages/oslo_config/cfg.py:3253}}
Jul 11 23:35:02.886290 np0000005090 nova-scheduler[96426]: DEBUG cotyledon.oslo_config_glue [-] oslo_limit.cafile = None {{(pid=96426) log_opt_values /opt/stack/data/venv/lib/python3.12/site-packages/oslo_config/cfg.py:3253}}
Jul 11 23:35:02.886290 np0000005090 nova-scheduler[96426]: DEBUG cotyledon.oslo_config_glue [-] oslo_limit.certfile = None {{(pid=96426) log_opt_values /opt/stack/data/venv/lib/python3.12/site-packages/oslo_config/cfg.py:3253}}
Jul 11 23:35:02.886290 np0000005090 nova-scheduler[96426]: DEBUG cotyledon.oslo_config_glue [-] oslo_limit.collect_timing = False {{(pid=96426) log_opt_values /opt/stack/data/venv/lib/python3.12/site-packages/oslo_config/cfg.py:3253}}
Jul 11 23:35:02.886290 np0000005090 nova-scheduler[96426]: DEBUG cotyledon.oslo_config_glue [-] oslo_limit.connect_retries = None {{(pid=96426) log_opt_values /opt/stack/data/venv/lib/python3.12/site-packages/oslo_config/cfg.py:3253}}
Jul 11 23:35:02.886290 np0000005090 nova-scheduler[96426]: DEBUG cotyledon.oslo_config_glue [-] oslo_limit.connect_retry_delay = None {{(pid=96426) log_opt_values /opt/stack/data/venv/lib/python3.12/site-packages/oslo_config/cfg.py:3253}}
Jul 11 23:35:02.886290 np0000005090 nova-scheduler[96426]: DEBUG cotyledon.oslo_config_glue [-] oslo_limit.endpoint_id = None {{(pid=96426) log_opt_values /opt/stack/data/venv/lib/python3.12/site-packages/oslo_config/cfg.py:3253}}
Jul 11 23:35:02.886290 np0000005090 nova-scheduler[96426]: DEBUG cotyledon.oslo_config_glue [-] oslo_limit.endpoint_interface = public {{(pid=96426) log_opt_values /opt/stack/data/venv/lib/python3.12/site-packages/oslo_config/cfg.py:3253}}
Jul 11 23:35:02.886609 np0000005090 nova-scheduler[96426]: DEBUG cotyledon.oslo_config_glue [-] oslo_limit.endpoint_override = None {{(pid=96426) log_opt_values /opt/stack/data/venv/lib/python3.12/site-packages/oslo_config/cfg.py:3253}}
Jul 11 23:35:02.886609 np0000005090 nova-scheduler[96426]: DEBUG cotyledon.oslo_config_glue [-] oslo_limit.endpoint_region_name = None {{(pid=96426) log_opt_values /opt/stack/data/venv/lib/python3.12/site-packages/oslo_config/cfg.py:3253}}
Jul 11 23:35:02.886609 np0000005090 nova-scheduler[96426]: DEBUG cotyledon.oslo_config_glue [-] oslo_limit.endpoint_service_name = None {{(pid=96426) log_opt_values /opt/stack/data/venv/lib/python3.12/site-packages/oslo_config/cfg.py:3253}}
Jul 11 23:35:02.886609 np0000005090 nova-scheduler[96426]: DEBUG cotyledon.oslo_config_glue [-] oslo_limit.endpoint_service_type = None {{(pid=96426) log_opt_values /opt/stack/data/venv/lib/python3.12/site-packages/oslo_config/cfg.py:3253}}
Jul 11 23:35:02.886738 np0000005090 nova-scheduler[96422]: DEBUG dbcounter [-] [96422] Writer thread running {{(pid=96422) stat_writer /opt/stack/data/venv/lib/python3.12/site-packages/dbcounter.py:102}}
Jul 11 23:35:02.886781 np0000005090 nova-scheduler[96426]: DEBUG cotyledon.oslo_config_glue [-] oslo_limit.insecure = False {{(pid=96426) log_opt_values /opt/stack/data/venv/lib/python3.12/site-packages/oslo_config/cfg.py:3253}}
Jul 11 23:35:02.886781 np0000005090 nova-scheduler[96426]: DEBUG cotyledon.oslo_config_glue [-] oslo_limit.keyfile = None {{(pid=96426) log_opt_values /opt/stack/data/venv/lib/python3.12/site-packages/oslo_config/cfg.py:3253}}
Jul 11 23:35:02.886781 np0000005090 nova-scheduler[96426]: DEBUG cotyledon.oslo_config_glue [-] oslo_limit.max_version = None {{(pid=96426) log_opt_values /opt/stack/data/venv/lib/python3.12/site-packages/oslo_config/cfg.py:3253}}
Jul 11 23:35:02.886781 np0000005090 nova-scheduler[96426]: DEBUG cotyledon.oslo_config_glue [-] oslo_limit.min_version = None {{(pid=96426) log_opt_values /opt/stack/data/venv/lib/python3.12/site-packages/oslo_config/cfg.py:3253}}
Jul 11 23:35:02.886781 np0000005090 nova-scheduler[96426]: DEBUG cotyledon.oslo_config_glue [-] oslo_limit.region_name = None {{(pid=96426) log_opt_values /opt/stack/data/venv/lib/python3.12/site-packages/oslo_config/cfg.py:3253}}
Jul 11 23:35:02.886781 np0000005090 nova-scheduler[96426]: DEBUG cotyledon.oslo_config_glue [-] oslo_limit.retriable_status_codes = None {{(pid=96426) log_opt_values /opt/stack/data/venv/lib/python3.12/site-packages/oslo_config/cfg.py:3253}}
Jul 11 23:35:02.886781 np0000005090 nova-scheduler[96426]: DEBUG cotyledon.oslo_config_glue [-] oslo_limit.service_name = None {{(pid=96426) log_opt_values /opt/stack/data/venv/lib/python3.12/site-packages/oslo_config/cfg.py:3253}}
Jul 11 23:35:02.886781 np0000005090 nova-scheduler[96426]: DEBUG cotyledon.oslo_config_glue [-] oslo_limit.service_type = None {{(pid=96426) log_opt_values /opt/stack/data/venv/lib/python3.12/site-packages/oslo_config/cfg.py:3253}}
Jul 11 23:35:02.886781 np0000005090 nova-scheduler[96426]: DEBUG cotyledon.oslo_config_glue [-] oslo_limit.split_loggers = False {{(pid=96426) log_opt_values /opt/stack/data/venv/lib/python3.12/site-packages/oslo_config/cfg.py:3253}}
Jul 11 23:35:02.887050 np0000005090 nova-scheduler[96426]: DEBUG cotyledon.oslo_config_glue [-] oslo_limit.status_code_retries = None {{(pid=96426) log_opt_values /opt/stack/data/venv/lib/python3.12/site-packages/oslo_config/cfg.py:3253}}
Jul 11 23:35:02.887050 np0000005090 nova-scheduler[96426]: DEBUG cotyledon.oslo_config_glue [-] oslo_limit.status_code_retry_delay = None {{(pid=96426) log_opt_values /opt/stack/data/venv/lib/python3.12/site-packages/oslo_config/cfg.py:3253}}
Jul 11 23:35:02.887050 np0000005090 nova-scheduler[96426]: DEBUG cotyledon.oslo_config_glue [-] oslo_limit.timeout = None {{(pid=96426) log_opt_values /opt/stack/data/venv/lib/python3.12/site-packages/oslo_config/cfg.py:3253}}
Jul 11 23:35:02.887050 np0000005090 nova-scheduler[96426]: DEBUG cotyledon.oslo_config_glue [-] oslo_limit.valid_interfaces = None {{(pid=96426) log_opt_values /opt/stack/data/venv/lib/python3.12/site-packages/oslo_config/cfg.py:3253}}
Jul 11 23:35:02.887050 np0000005090 nova-scheduler[96426]: DEBUG cotyledon.oslo_config_glue [-] oslo_limit.version = None {{(pid=96426) log_opt_values /opt/stack/data/venv/lib/python3.12/site-packages/oslo_config/cfg.py:3253}}
Jul 11 23:35:02.887050 np0000005090 nova-scheduler[96426]: DEBUG cotyledon.oslo_config_glue [-] oslo_reports.file_event_handler = None {{(pid=96426) log_opt_values /opt/stack/data/venv/lib/python3.12/site-packages/oslo_config/cfg.py:3253}}
Jul 11 23:35:02.887050 np0000005090 nova-scheduler[96426]: DEBUG cotyledon.oslo_config_glue [-] oslo_reports.file_event_handler_interval = 1 {{(pid=96426) log_opt_values /opt/stack/data/venv/lib/python3.12/site-packages/oslo_config/cfg.py:3253}}
Jul 11 23:35:02.887050 np0000005090 nova-scheduler[96426]: DEBUG cotyledon.oslo_config_glue [-] oslo_reports.log_dir = None {{(pid=96426) log_opt_values /opt/stack/data/venv/lib/python3.12/site-packages/oslo_config/cfg.py:3253}}
Jul 11 23:35:02.887050 np0000005090 nova-scheduler[96426]: DEBUG cotyledon.oslo_config_glue [-] ******************************************************************************** {{(pid=96426) log_opt_values /opt/stack/data/venv/lib/python3.12/site-packages/oslo_config/cfg.py:3260}}
Jul 11 23:35:02.887329 np0000005090 nova-scheduler[96426]: DEBUG cotyledon._service_worker [-] Run service ServiceWrapper(2) [96426] {{(pid=96426) wait_forever /opt/stack/data/venv/lib/python3.12/site-packages/cotyledon/_service_worker.py:218}}
Jul 11 23:35:02.887329 np0000005090 nova-scheduler[96426]: INFO nova.service [-] Starting scheduler node (version 33.1.0)
Jul 11 23:35:02.887329 np0000005090 nova-scheduler[96426]: INFO dbcounter [None req-f6adda72-5742-425b-9d76-b3ca981601e1 None None] Registered counter for database nova_cell0
Jul 11 23:35:02.887427 np0000005090 nova-scheduler[96422]: DEBUG nova.service [None req-9b336db7-148a-4d51-b64e-239e7a3ac922 None None] Creating RPC server for service: nova-scheduler on topic: scheduler {{(pid=96422) start /opt/stack/nova/nova/service.py:196}}
Jul 11 23:35:02.895504 np0000005090 nova-scheduler[96424]: DEBUG oslo_db.sqlalchemy.engines [None req-35eef69e-20fa-4e02-a70a-3a29d583b67c None None] MySQL server mode set to STRICT_TRANS_TABLES,STRICT_ALL_TABLES,NO_ZERO_IN_DATE,NO_ZERO_DATE,ERROR_FOR_DIVISION_BY_ZERO,TRADITIONAL,NO_ENGINE_SUBSTITUTION {{(pid=96424) _check_effective_sql_mode /opt/stack/data/venv/lib/python3.12/site-packages/oslo_db/sqlalchemy/engines.py:325}}
Jul 11 23:35:02.908692 np0000005090 nova-scheduler[96424]: DEBUG dbcounter [-] [96424] Writer thread running {{(pid=96424) stat_writer /opt/stack/data/venv/lib/python3.12/site-packages/dbcounter.py:102}}
Jul 11 23:35:02.911272 np0000005090 nova-scheduler[96428]: DEBUG oslo_db.sqlalchemy.engines [None req-c13e1b25-2c28-400c-a768-e42ea15c61bd None None] MySQL server mode set to STRICT_TRANS_TABLES,STRICT_ALL_TABLES,NO_ZERO_IN_DATE,NO_ZERO_DATE,ERROR_FOR_DIVISION_BY_ZERO,TRADITIONAL,NO_ENGINE_SUBSTITUTION {{(pid=96428) _check_effective_sql_mode /opt/stack/data/venv/lib/python3.12/site-packages/oslo_db/sqlalchemy/engines.py:325}}
Jul 11 23:35:02.912776 np0000005090 nova-scheduler[96424]: DEBUG nova.service [None req-35eef69e-20fa-4e02-a70a-3a29d583b67c None None] Creating RPC server for service: nova-scheduler on topic: scheduler {{(pid=96424) start /opt/stack/nova/nova/service.py:196}}
Jul 11 23:35:02.922184 np0000005090 nova-scheduler[96426]: DEBUG oslo_db.sqlalchemy.engines [None req-f6adda72-5742-425b-9d76-b3ca981601e1 None None] MySQL server mode set to STRICT_TRANS_TABLES,STRICT_ALL_TABLES,NO_ZERO_IN_DATE,NO_ZERO_DATE,ERROR_FOR_DIVISION_BY_ZERO,TRADITIONAL,NO_ENGINE_SUBSTITUTION {{(pid=96426) _check_effective_sql_mode /opt/stack/data/venv/lib/python3.12/site-packages/oslo_db/sqlalchemy/engines.py:325}}
Jul 11 23:35:02.923390 np0000005090 nova-scheduler[96428]: DEBUG dbcounter [-] [96428] Writer thread running {{(pid=96428) stat_writer /opt/stack/data/venv/lib/python3.12/site-packages/dbcounter.py:102}}
Jul 11 23:35:02.927022 np0000005090 nova-scheduler[96428]: DEBUG nova.service [None req-c13e1b25-2c28-400c-a768-e42ea15c61bd None None] Creating RPC server for service: nova-scheduler on topic: scheduler {{(pid=96428) start /opt/stack/nova/nova/service.py:196}}
Jul 11 23:35:02.932933 np0000005090 nova-scheduler[96424]: DEBUG nova.service [None req-35eef69e-20fa-4e02-a70a-3a29d583b67c None None] Join ServiceGroup membership for this service scheduler {{(pid=96424) start /opt/stack/nova/nova/service.py:222}}
Jul 11 23:35:02.933069 np0000005090 nova-scheduler[96422]: DEBUG nova.service [None req-9b336db7-148a-4d51-b64e-239e7a3ac922 None None] Join ServiceGroup membership for this service scheduler {{(pid=96422) start /opt/stack/nova/nova/service.py:222}}
Jul 11 23:35:02.933209 np0000005090 nova-scheduler[96424]: DEBUG nova.servicegroup.drivers.db [None req-35eef69e-20fa-4e02-a70a-3a29d583b67c None None] DB_Driver: join new ServiceGroup member np0000005090 to the scheduler group, service = {{(pid=96424) join /opt/stack/nova/nova/servicegroup/drivers/db.py:44}}
Jul 11 23:35:02.933274 np0000005090 nova-scheduler[96422]: DEBUG nova.servicegroup.drivers.db [None req-9b336db7-148a-4d51-b64e-239e7a3ac922 None None] DB_Driver: join new ServiceGroup member np0000005090 to the scheduler group, service = {{(pid=96422) join /opt/stack/nova/nova/servicegroup/drivers/db.py:44}}
Jul 11 23:35:02.934652 np0000005090 nova-scheduler[96426]: DEBUG dbcounter [-] [96426] Writer thread running {{(pid=96426) stat_writer /opt/stack/data/venv/lib/python3.12/site-packages/dbcounter.py:102}}
Jul 11 23:35:02.938368 np0000005090 nova-scheduler[96426]: DEBUG nova.service [None req-f6adda72-5742-425b-9d76-b3ca981601e1 None None] Creating RPC server for service: nova-scheduler on topic: scheduler {{(pid=96426) start /opt/stack/nova/nova/service.py:196}}
Jul 11 23:35:02.950581 np0000005090 nova-scheduler[96428]: DEBUG nova.service [None req-c13e1b25-2c28-400c-a768-e42ea15c61bd None None] Join ServiceGroup membership for this service scheduler {{(pid=96428) start /opt/stack/nova/nova/service.py:222}}
Jul 11 23:35:02.950581 np0000005090 nova-scheduler[96428]: DEBUG nova.servicegroup.drivers.db [None req-c13e1b25-2c28-400c-a768-e42ea15c61bd None None] DB_Driver: join new ServiceGroup member np0000005090 to the scheduler group, service = {{(pid=96428) join /opt/stack/nova/nova/servicegroup/drivers/db.py:44}}
Jul 11 23:35:02.964035 np0000005090 nova-scheduler[96426]: DEBUG nova.service [None req-f6adda72-5742-425b-9d76-b3ca981601e1 None None] Join ServiceGroup membership for this service scheduler {{(pid=96426) start /opt/stack/nova/nova/service.py:222}}
Jul 11 23:35:02.964306 np0000005090 nova-scheduler[96426]: DEBUG nova.servicegroup.drivers.db [None req-f6adda72-5742-425b-9d76-b3ca981601e1 None None] DB_Driver: join new ServiceGroup member np0000005090 to the scheduler group, service = {{(pid=96426) join /opt/stack/nova/nova/servicegroup/drivers/db.py:44}}
Jul 11 23:35:07.947650 np0000005090 nova-scheduler[96422]: DEBUG oslo.service.backend._threading.loopingcall [-] Fixed interval looping call 'nova.servicegroup.drivers.db.DbDriver._report_state' sleeping for 119.99 seconds {{(pid=96422) _run_loop /opt/stack/data/venv/lib/python3.12/site-packages/oslo_service/backend/_threading/loopingcall.py:125}}
Jul 11 23:35:07.949623 np0000005090 nova-scheduler[96424]: DEBUG oslo.service.backend._threading.loopingcall [-] Fixed interval looping call 'nova.servicegroup.drivers.db.DbDriver._report_state' sleeping for 119.99 seconds {{(pid=96424) _run_loop /opt/stack/data/venv/lib/python3.12/site-packages/oslo_service/backend/_threading/loopingcall.py:125}}
Jul 11 23:35:07.963153 np0000005090 nova-scheduler[96428]: DEBUG oslo.service.backend._threading.loopingcall [-] Fixed interval looping call 'nova.servicegroup.drivers.db.DbDriver._report_state' sleeping for 119.99 seconds {{(pid=96428) _run_loop /opt/stack/data/venv/lib/python3.12/site-packages/oslo_service/backend/_threading/loopingcall.py:125}}
Jul 11 23:35:07.977782 np0000005090 nova-scheduler[96426]: DEBUG oslo.service.backend._threading.loopingcall [-] Fixed interval looping call 'nova.servicegroup.drivers.db.DbDriver._report_state' sleeping for 119.99 seconds {{(pid=96426) _run_loop /opt/stack/data/venv/lib/python3.12/site-packages/oslo_service/backend/_threading/loopingcall.py:125}}
Jul 11 23:35:11.488158 np0000005090 nova-scheduler[95229]: DEBUG dbcounter [-] [95229] Writing DB stats nova_api:SELECT=3 {{(pid=95229) stat_writer /opt/stack/data/venv/lib/python3.12/site-packages/dbcounter.py:115}}
Jul 11 23:35:11.636962 np0000005090 nova-scheduler[95229]: DEBUG dbcounter [-] [95229] Writing DB stats nova_cell0:SELECT=1 {{(pid=95229) stat_writer /opt/stack/data/venv/lib/python3.12/site-packages/dbcounter.py:115}}
Jul 11 23:35:11.637303 np0000005090 nova-scheduler[95229]: DEBUG dbcounter [-] [95229] Writing DB stats nova_cell1:SELECT=1 {{(pid=95229) stat_writer /opt/stack/data/venv/lib/python3.12/site-packages/dbcounter.py:115}}
Jul 11 23:35:17.944079 np0000005090 nova-scheduler[96422]: DEBUG dbcounter [-] [96422] Writing DB stats nova_cell0:SELECT=4,nova_cell0:INSERT=1,nova_cell0:UPDATE=1 {{(pid=96422) stat_writer /opt/stack/data/venv/lib/python3.12/site-packages/dbcounter.py:115}}
Jul 11 23:35:17.947975 np0000005090 nova-scheduler[96424]: DEBUG dbcounter [-] [96424] Writing DB stats nova_cell0:SELECT=3,nova_cell0:UPDATE=1 {{(pid=96424) stat_writer /opt/stack/data/venv/lib/python3.12/site-packages/dbcounter.py:115}}
Jul 11 23:35:17.959604 np0000005090 nova-scheduler[96428]: DEBUG dbcounter [-] [96428] Writing DB stats nova_cell0:SELECT=3 {{(pid=96428) stat_writer /opt/stack/data/venv/lib/python3.12/site-packages/dbcounter.py:115}}
Jul 11 23:35:17.974672 np0000005090 nova-scheduler[96426]: DEBUG dbcounter [-] [96426] Writing DB stats nova_cell0:SELECT=3 {{(pid=96426) stat_writer /opt/stack/data/venv/lib/python3.12/site-packages/dbcounter.py:115}}
Jul 11 23:35:19.936247 np0000005090 nova-scheduler[96424]: DEBUG oslo.service.backend._threading.loopingcall [None req-97fd7cee-9f2b-4310-be54-9bf553ce1804 None None] Dynamic interval looping call 'nova.service.Service.periodic_tasks' sleeping for 60.00 seconds {{(pid=96424) _run_loop /opt/stack/data/venv/lib/python3.12/site-packages/oslo_service/backend/_threading/loopingcall.py:125}}
Jul 11 23:35:36.954434 np0000005090 nova-scheduler[96428]: DEBUG oslo.service.backend._threading.loopingcall [None req-895dbe95-3485-4d33-91e3-0b59a8abd433 None None] Dynamic interval looping call 'nova.service.Service.periodic_tasks' sleeping for 60.00 seconds {{(pid=96428) _run_loop /opt/stack/data/venv/lib/python3.12/site-packages/oslo_service/backend/_threading/loopingcall.py:125}}
Jul 11 23:35:53.966800 np0000005090 nova-scheduler[96426]: DEBUG oslo.service.backend._threading.loopingcall [None req-ef76f4e0-4f79-43e6-b7f5-699f1c9ae4e5 None None] Dynamic interval looping call 'nova.service.Service.periodic_tasks' sleeping for 60.00 seconds {{(pid=96426) _run_loop /opt/stack/data/venv/lib/python3.12/site-packages/oslo_service/backend/_threading/loopingcall.py:125}}
Jul 11 23:35:59.935574 np0000005090 nova-scheduler[96422]: DEBUG oslo.service.backend._threading.loopingcall [None req-ff218e9b-8937-4115-b550-4988e642c325 None None] Dynamic interval looping call 'nova.service.Service.periodic_tasks' sleeping for 60.00 seconds {{(pid=96422) _run_loop /opt/stack/data/venv/lib/python3.12/site-packages/oslo_service/backend/_threading/loopingcall.py:125}}
Jul 11 23:36:19.936843 np0000005090 nova-scheduler[96424]: DEBUG oslo.service.backend._threading.loopingcall [None req-97fd7cee-9f2b-4310-be54-9bf553ce1804 None None] Dynamic interval looping call 'nova.service.Service.periodic_tasks' sleeping for 60.00 seconds {{(pid=96424) _run_loop /opt/stack/data/venv/lib/python3.12/site-packages/oslo_service/backend/_threading/loopingcall.py:125}}
Jul 11 23:36:36.955431 np0000005090 nova-scheduler[96428]: DEBUG oslo.service.backend._threading.loopingcall [None req-895dbe95-3485-4d33-91e3-0b59a8abd433 None None] Dynamic interval looping call 'nova.service.Service.periodic_tasks' sleeping for 60.00 seconds {{(pid=96428) _run_loop /opt/stack/data/venv/lib/python3.12/site-packages/oslo_service/backend/_threading/loopingcall.py:125}}
Jul 11 23:36:53.967736 np0000005090 nova-scheduler[96426]: DEBUG oslo.service.backend._threading.loopingcall [None req-ef76f4e0-4f79-43e6-b7f5-699f1c9ae4e5 None None] Dynamic interval looping call 'nova.service.Service.periodic_tasks' sleeping for 60.00 seconds {{(pid=96426) _run_loop /opt/stack/data/venv/lib/python3.12/site-packages/oslo_service/backend/_threading/loopingcall.py:125}}
Jul 11 23:36:59.936005 np0000005090 nova-scheduler[96422]: DEBUG oslo.service.backend._threading.loopingcall [None req-ff218e9b-8937-4115-b550-4988e642c325 None None] Dynamic interval looping call 'nova.service.Service.periodic_tasks' sleeping for 60.00 seconds {{(pid=96422) _run_loop /opt/stack/data/venv/lib/python3.12/site-packages/oslo_service/backend/_threading/loopingcall.py:125}}
Jul 11 23:37:07.945188 np0000005090 nova-scheduler[96422]: DEBUG oslo.service.backend._threading.loopingcall [-] Fixed interval looping call 'nova.servicegroup.drivers.db.DbDriver._report_state' sleeping for 119.99 seconds {{(pid=96422) _run_loop /opt/stack/data/venv/lib/python3.12/site-packages/oslo_service/backend/_threading/loopingcall.py:125}}
Jul 11 23:37:07.945998 np0000005090 nova-scheduler[96424]: DEBUG oslo.service.backend._threading.loopingcall [-] Fixed interval looping call 'nova.servicegroup.drivers.db.DbDriver._report_state' sleeping for 119.99 seconds {{(pid=96424) _run_loop /opt/stack/data/venv/lib/python3.12/site-packages/oslo_service/backend/_threading/loopingcall.py:125}}
Jul 11 23:37:07.957207 np0000005090 nova-scheduler[96428]: DEBUG oslo.service.backend._threading.loopingcall [-] Fixed interval looping call 'nova.servicegroup.drivers.db.DbDriver._report_state' sleeping for 120.00 seconds {{(pid=96428) _run_loop /opt/stack/data/venv/lib/python3.12/site-packages/oslo_service/backend/_threading/loopingcall.py:125}}
Jul 11 23:37:07.971516 np0000005090 nova-scheduler[96426]: DEBUG oslo.service.backend._threading.loopingcall [-] Fixed interval looping call 'nova.servicegroup.drivers.db.DbDriver._report_state' sleeping for 120.00 seconds {{(pid=96426) _run_loop /opt/stack/data/venv/lib/python3.12/site-packages/oslo_service/backend/_threading/loopingcall.py:125}}
Jul 11 23:37:17.941542 np0000005090 nova-scheduler[96422]: DEBUG dbcounter [-] [96422] Writing DB stats nova_cell0:SELECT=1,nova_cell0:UPDATE=1 {{(pid=96422) stat_writer /opt/stack/data/venv/lib/python3.12/site-packages/dbcounter.py:115}}
Jul 11 23:37:17.944123 np0000005090 nova-scheduler[96424]: DEBUG dbcounter [-] [96424] Writing DB stats nova_cell0:SELECT=1,nova_cell0:UPDATE=1 {{(pid=96424) stat_writer /opt/stack/data/venv/lib/python3.12/site-packages/dbcounter.py:115}}
Jul 11 23:37:17.955177 np0000005090 nova-scheduler[96428]: DEBUG dbcounter [-] [96428] Writing DB stats nova_cell0:SELECT=1 {{(pid=96428) stat_writer /opt/stack/data/venv/lib/python3.12/site-packages/dbcounter.py:115}}
Jul 11 23:37:17.969729 np0000005090 nova-scheduler[96426]: DEBUG dbcounter [-] [96426] Writing DB stats nova_cell0:SELECT=1 {{(pid=96426) stat_writer /opt/stack/data/venv/lib/python3.12/site-packages/dbcounter.py:115}}
Jul 11 23:37:19.937732 np0000005090 nova-scheduler[96424]: DEBUG oslo.service.backend._threading.loopingcall [None req-97fd7cee-9f2b-4310-be54-9bf553ce1804 None None] Dynamic interval looping call 'nova.service.Service.periodic_tasks' sleeping for 60.00 seconds {{(pid=96424) _run_loop /opt/stack/data/venv/lib/python3.12/site-packages/oslo_service/backend/_threading/loopingcall.py:125}}
Jul 11 23:37:27.301869 np0000005090 nova-scheduler[96424]: DEBUG nova.scheduler.manager [None req-8280ca23-1c31-4f62-908e-3e6c78d2b68e tempest-DeleteServersTestJSON-811427661 tempest-DeleteServersTestJSON-811427661-project-member] Starting to schedule for instances: ['8d7b9d45-cf14-40c2-a027-b5b00cef515a'] {{(pid=96424) select_destinations /opt/stack/nova/nova/scheduler/manager.py:209}}
Jul 11 23:37:27.305535 np0000005090 nova-scheduler[96424]: DEBUG nova.scheduler.request_filter [None req-8280ca23-1c31-4f62-908e-3e6c78d2b68e tempest-DeleteServersTestJSON-811427661 tempest-DeleteServersTestJSON-811427661-project-member] compute_status_filter request filter added forbidden trait COMPUTE_STATUS_DISABLED {{(pid=96424) compute_status_filter /opt/stack/nova/nova/scheduler/request_filter.py:253}}
Jul 11 23:37:27.305535 np0000005090 nova-scheduler[96424]: DEBUG nova.scheduler.request_filter [None req-8280ca23-1c31-4f62-908e-3e6c78d2b68e tempest-DeleteServersTestJSON-811427661 tempest-DeleteServersTestJSON-811427661-project-member] Request filter 'compute_status_filter' took 0.0 seconds {{(pid=96424) wrapper /opt/stack/nova/nova/scheduler/request_filter.py:46}}
Jul 11 23:37:27.305535 np0000005090 nova-scheduler[96424]: DEBUG nova.scheduler.request_filter [None req-8280ca23-1c31-4f62-908e-3e6c78d2b68e tempest-DeleteServersTestJSON-811427661 tempest-DeleteServersTestJSON-811427661-project-member] Request filter 'accelerators_filter' took 0.0 seconds {{(pid=96424) wrapper /opt/stack/nova/nova/scheduler/request_filter.py:46}}
Jul 11 23:37:27.305535 np0000005090 nova-scheduler[96424]: DEBUG nova.scheduler.request_filter [None req-8280ca23-1c31-4f62-908e-3e6c78d2b68e tempest-DeleteServersTestJSON-811427661 tempest-DeleteServersTestJSON-811427661-project-member] Request filter 'packed_virtqueue_filter' took 0.0 seconds {{(pid=96424) wrapper /opt/stack/nova/nova/scheduler/request_filter.py:46}}
Jul 11 23:37:27.306587 np0000005090 nova-scheduler[96424]: DEBUG nova.scheduler.request_filter [None req-8280ca23-1c31-4f62-908e-3e6c78d2b68e tempest-DeleteServersTestJSON-811427661 tempest-DeleteServersTestJSON-811427661-project-member] Request filter 'remote_managed_ports_filter' took 0.0 seconds {{(pid=96424) wrapper /opt/stack/nova/nova/scheduler/request_filter.py:46}}
Jul 11 23:37:27.307998 np0000005090 nova-scheduler[96424]: DEBUG nova.scheduler.request_filter [None req-8280ca23-1c31-4f62-908e-3e6c78d2b68e tempest-DeleteServersTestJSON-811427661 tempest-DeleteServersTestJSON-811427661-project-member] ephemeral_encryption_filter skipped {{(pid=96424) ephemeral_encryption_filter /opt/stack/nova/nova/scheduler/request_filter.py:426}}
Jul 11 23:37:27.308521 np0000005090 nova-scheduler[96424]: DEBUG nova.scheduler.request_filter [None req-8280ca23-1c31-4f62-908e-3e6c78d2b68e tempest-DeleteServersTestJSON-811427661 tempest-DeleteServersTestJSON-811427661-project-member] virtio_sound_filter skipped {{(pid=96424) virtio_sound_filter /opt/stack/nova/nova/scheduler/request_filter.py:460}}
Jul 11 23:37:27.311498 np0000005090 nova-scheduler[96424]: DEBUG nova.scheduler.request_filter [None req-8280ca23-1c31-4f62-908e-3e6c78d2b68e tempest-DeleteServersTestJSON-811427661 tempest-DeleteServersTestJSON-811427661-project-member] tpm_secret_security_filter skipped {{(pid=96424) tpm_secret_security_filter /opt/stack/nova/nova/scheduler/request_filter.py:477}}
Jul 11 23:37:28.158098 np0000005090 nova-scheduler[96424]: INFO nova.utils [None req-8280ca23-1c31-4f62-908e-3e6c78d2b68e tempest-DeleteServersTestJSON-811427661 tempest-DeleteServersTestJSON-811427661-project-member] The cell worker thread pool ForkProcess-2.cell_worker is initialized
Jul 11 23:37:28.159094 np0000005090 nova-scheduler[96424]: DEBUG oslo_concurrency.lockutils [None req-8280ca23-1c31-4f62-908e-3e6c78d2b68e tempest-DeleteServersTestJSON-811427661 tempest-DeleteServersTestJSON-811427661-project-member] Acquiring lock "006ca3c3-81ad-4907-a1d2-304233ebe870" by "nova.context.set_target_cell..get_or_set_cached_cell_and_set_connections" {{(pid=96424) inner /opt/stack/data/venv/lib/python3.12/site-packages/oslo_concurrency/lockutils.py:511}}
Jul 11 23:37:28.159094 np0000005090 nova-scheduler[96424]: DEBUG oslo_concurrency.lockutils [None req-8280ca23-1c31-4f62-908e-3e6c78d2b68e tempest-DeleteServersTestJSON-811427661 tempest-DeleteServersTestJSON-811427661-project-member] Lock "006ca3c3-81ad-4907-a1d2-304233ebe870" acquired by "nova.context.set_target_cell..get_or_set_cached_cell_and_set_connections" :: waited 0.000s {{(pid=96424) inner /opt/stack/data/venv/lib/python3.12/site-packages/oslo_concurrency/lockutils.py:524}}
Jul 11 23:37:28.160260 np0000005090 nova-scheduler[96424]: DEBUG oslo_concurrency.lockutils [None req-8280ca23-1c31-4f62-908e-3e6c78d2b68e tempest-DeleteServersTestJSON-811427661 tempest-DeleteServersTestJSON-811427661-project-member] Lock "006ca3c3-81ad-4907-a1d2-304233ebe870" "released" by "nova.context.set_target_cell..get_or_set_cached_cell_and_set_connections" :: held 0.001s {{(pid=96424) inner /opt/stack/data/venv/lib/python3.12/site-packages/oslo_concurrency/lockutils.py:543}}
Jul 11 23:37:28.163134 np0000005090 nova-scheduler[96424]: INFO dbcounter [None req-8280ca23-1c31-4f62-908e-3e6c78d2b68e tempest-DeleteServersTestJSON-811427661 tempest-DeleteServersTestJSON-811427661-project-member] Registered counter for database nova_cell1
Jul 11 23:37:28.225283 np0000005090 nova-scheduler[96424]: DEBUG oslo_db.sqlalchemy.engines [None req-8280ca23-1c31-4f62-908e-3e6c78d2b68e tempest-DeleteServersTestJSON-811427661 tempest-DeleteServersTestJSON-811427661-project-member] MySQL server mode set to STRICT_TRANS_TABLES,STRICT_ALL_TABLES,NO_ZERO_IN_DATE,NO_ZERO_DATE,ERROR_FOR_DIVISION_BY_ZERO,TRADITIONAL,NO_ENGINE_SUBSTITUTION {{(pid=96424) _check_effective_sql_mode /opt/stack/data/venv/lib/python3.12/site-packages/oslo_db/sqlalchemy/engines.py:325}}
Jul 11 23:37:28.231751 np0000005090 nova-scheduler[96424]: DEBUG dbcounter [-] [96424] Writer thread running {{(pid=96424) stat_writer /opt/stack/data/venv/lib/python3.12/site-packages/dbcounter.py:102}}
Jul 11 23:37:28.252994 np0000005090 nova-scheduler[96424]: DEBUG oslo_db.sqlalchemy.engines [None req-8280ca23-1c31-4f62-908e-3e6c78d2b68e tempest-DeleteServersTestJSON-811427661 tempest-DeleteServersTestJSON-811427661-project-member] Parent process 95229 forked (96424) with an open database connection, which is being discarded and recreated. {{(pid=96424) checkout /opt/stack/data/venv/lib/python3.12/site-packages/oslo_db/sqlalchemy/engines.py:402}}
