Aug 12 09:37:34.687161 np0000007031 devstack@g-api.service[102987]: DEBUG glance.api.middleware.version_negotiation [None req-0ff85351-95d6-460e-83a8-a422c9acfb69 tempest-AttachVolumeMultiAttachTest-1173067880 tempest-AttachVolumeMultiAttachTest-1173067880-project-member] new path /v2/images/31bbb9c5-809a-4913-a4bc-a1341cfb61c8 {{(pid=102987) process_request /opt/stack/glance/glance/api/middleware/version_negotiation.py:70}}
Aug 12 09:37:34.705097 np0000007031 devstack@g-api.service[102987]: [pid: 102987|app: 0|req: 56/217] 127.0.0.1 () {44 vars in 1115 bytes} [Wed Aug 12 09:37:34 2026] GET /v2/images/31bbb9c5-809a-4913-a4bc-a1341cfb61c8 => generated 1044 bytes in 18 msecs (HTTP/1.1 200) 4 headers in 158 bytes (1 switches on core 0)
Aug 12 09:37:34.757034 np0000007031 devstack@g-api.service[102990]: DEBUG glance.api.middleware.version_negotiation [None req-0ff85351-95d6-460e-83a8-a422c9acfb69 tempest-AttachVolumeMultiAttachTest-1173067880 tempest-AttachVolumeMultiAttachTest-1173067880-project-member] Determining version of request: GET /v2/schemas/image Accept: */* {{(pid=102990) process_request /opt/stack/glance/glance/api/middleware/version_negotiation.py:44}}
Aug 12 09:37:34.757471 np0000007031 devstack@g-api.service[102990]: DEBUG glance.api.middleware.version_negotiation [None req-0ff85351-95d6-460e-83a8-a422c9acfb69 tempest-AttachVolumeMultiAttachTest-1173067880 tempest-AttachVolumeMultiAttachTest-1173067880-project-member] Using url versioning {{(pid=102990) process_request /opt/stack/glance/glance/api/middleware/version_negotiation.py:57}}
Aug 12 09:37:34.757741 np0000007031 devstack@g-api.service[102990]: DEBUG glance.api.middleware.version_negotiation [None req-0ff85351-95d6-460e-83a8-a422c9acfb69 tempest-AttachVolumeMultiAttachTest-1173067880 tempest-AttachVolumeMultiAttachTest-1173067880-project-member] Matched version: v2 {{(pid=102990) process_request /opt/stack/glance/glance/api/middleware/version_negotiation.py:69}}
Aug 12 09:37:34.757961 np0000007031 devstack@g-api.service[102990]: DEBUG glance.api.middleware.version_negotiation [None req-0ff85351-95d6-460e-83a8-a422c9acfb69 tempest-AttachVolumeMultiAttachTest-1173067880 tempest-AttachVolumeMultiAttachTest-1173067880-project-member] new path /v2/schemas/image {{(pid=102990) process_request /opt/stack/glance/glance/api/middleware/version_negotiation.py:70}}
Aug 12 09:37:34.765126 np0000007031 devstack@g-api.service[102990]: [pid: 102990|app: 0|req: 54/218] 127.0.0.1 () {44 vars in 1055 bytes} [Wed Aug 12 09:37:34 2026] GET /v2/schemas/image => generated 6083 bytes in 8 msecs (HTTP/1.1 200) 4 headers in 158 bytes (1 switches on core 0)
Aug 12 09:37:40.595852 np0000007031 devstack@g-api.service[102989]: DEBUG dbcounter [-] [102989] Writing DB stats glance:SELECT=4 {{(pid=102989) stat_writer /opt/stack/data/venv/lib/python3.12/site-packages/dbcounter.py:115}}
Aug 12 09:37:44.383012 np0000007031 devstack@g-api.service[102989]: DEBUG glance.api.middleware.version_negotiation [None req-c0474dcb-1f6e-467a-8d01-26f86d5a404a tempest-VolumesActionsTest-500998469 tempest-VolumesActionsTest-500998469-project-member] Determining version of request: GET /v2/schemas/image Accept: */* {{(pid=102989) process_request /opt/stack/glance/glance/api/middleware/version_negotiation.py:44}}
Aug 12 09:37:44.383602 np0000007031 devstack@g-api.service[102989]: DEBUG glance.api.middleware.version_negotiation [None req-c0474dcb-1f6e-467a-8d01-26f86d5a404a tempest-VolumesActionsTest-500998469 tempest-VolumesActionsTest-500998469-project-member] Using url versioning {{(pid=102989) process_request /opt/stack/glance/glance/api/middleware/version_negotiation.py:57}}
Aug 12 09:37:44.383602 np0000007031 devstack@g-api.service[102989]: DEBUG glance.api.middleware.version_negotiation [None req-c0474dcb-1f6e-467a-8d01-26f86d5a404a tempest-VolumesActionsTest-500998469 tempest-VolumesActionsTest-500998469-project-member] Matched version: v2 {{(pid=102989) process_request /opt/stack/glance/glance/api/middleware/version_negotiation.py:69}}
Aug 12 09:37:44.383712 np0000007031 devstack@g-api.service[102989]: DEBUG glance.api.middleware.version_negotiation [None req-c0474dcb-1f6e-467a-8d01-26f86d5a404a tempest-VolumesActionsTest-500998469 tempest-VolumesActionsTest-500998469-project-member] new path /v2/schemas/image {{(pid=102989) process_request /opt/stack/glance/glance/api/middleware/version_negotiation.py:70}}
Aug 12 09:37:44.392156 np0000007031 devstack@g-api.service[102989]: [pid: 102989|app: 0|req: 56/219] 127.0.0.1 () {44 vars in 1055 bytes} [Wed Aug 12 09:37:44 2026] GET /v2/schemas/image => generated 6083 bytes in 10 msecs (HTTP/1.1 200) 4 headers in 158 bytes (1 switches on core 0)
Aug 12 09:37:44.466542 np0000007031 devstack@g-api.service[102988]: DEBUG glance.api.middleware.version_negotiation [None req-c0474dcb-1f6e-467a-8d01-26f86d5a404a tempest-VolumesActionsTest-500998469 tempest-VolumesActionsTest-500998469-project-member] Determining version of request: POST /v2/images Accept: */* {{(pid=102988) process_request /opt/stack/glance/glance/api/middleware/version_negotiation.py:44}}
Aug 12 09:37:44.467596 np0000007031 devstack@g-api.service[102988]: DEBUG glance.api.middleware.version_negotiation [None req-c0474dcb-1f6e-467a-8d01-26f86d5a404a tempest-VolumesActionsTest-500998469 tempest-VolumesActionsTest-500998469-project-member] Using url versioning {{(pid=102988) process_request /opt/stack/glance/glance/api/middleware/version_negotiation.py:57}}
Aug 12 09:37:44.467596 np0000007031 devstack@g-api.service[102988]: DEBUG glance.api.middleware.version_negotiation [None req-c0474dcb-1f6e-467a-8d01-26f86d5a404a tempest-VolumesActionsTest-500998469 tempest-VolumesActionsTest-500998469-project-member] Matched version: v2 {{(pid=102988) process_request /opt/stack/glance/glance/api/middleware/version_negotiation.py:69}}
Aug 12 09:37:44.467596 np0000007031 devstack@g-api.service[102988]: DEBUG glance.api.middleware.version_negotiation [None req-c0474dcb-1f6e-467a-8d01-26f86d5a404a tempest-VolumesActionsTest-500998469 tempest-VolumesActionsTest-500998469-project-member] new path /v2/images {{(pid=102988) process_request /opt/stack/glance/glance/api/middleware/version_negotiation.py:70}}
Aug 12 09:37:44.699984 np0000007031 devstack@g-api.service[102987]: DEBUG dbcounter [-] [102987] Writing DB stats glance:SELECT=2 {{(pid=102987) stat_writer /opt/stack/data/venv/lib/python3.12/site-packages/dbcounter.py:115}}
Aug 12 09:37:45.265689 np0000007031 devstack@g-api.service[102988]: [pid: 102988|app: 0|req: 54/220] 127.0.0.1 () {46 vars in 1055 bytes} [Wed Aug 12 09:37:44 2026] POST /v2/images => generated 1300 bytes in 800 msecs (HTTP/1.1 201) 6 headers in 316 bytes (1 switches on core 0)
Aug 12 09:37:45.329997 np0000007031 devstack@g-api.service[102987]: DEBUG glance.api.middleware.version_negotiation [None req-e06950ca-aab4-4a03-ae75-b51191abbb4c tempest-AttachVolumeMultiAttachTest-1173067880 tempest-AttachVolumeMultiAttachTest-1173067880-project-member] Determining version of request: GET /v2/images/31985bba-baa1-4c48-bfb2-2527006b94d5 Accept: application/json {{(pid=102987) process_request /opt/stack/glance/glance/api/middleware/version_negotiation.py:44}}
Aug 12 09:37:45.329997 np0000007031 devstack@g-api.service[102987]: DEBUG glance.api.middleware.version_negotiation [None req-e06950ca-aab4-4a03-ae75-b51191abbb4c tempest-AttachVolumeMultiAttachTest-1173067880 tempest-AttachVolumeMultiAttachTest-1173067880-project-member] Using url versioning {{(pid=102987) process_request /opt/stack/glance/glance/api/middleware/version_negotiation.py:57}}
Aug 12 09:37:45.329997 np0000007031 devstack@g-api.service[102987]: DEBUG glance.api.middleware.version_negotiation [None req-e06950ca-aab4-4a03-ae75-b51191abbb4c tempest-AttachVolumeMultiAttachTest-1173067880 tempest-AttachVolumeMultiAttachTest-1173067880-project-member] Matched version: v2 {{(pid=102987) process_request /opt/stack/glance/glance/api/middleware/version_negotiation.py:69}}
Aug 12 09:37:45.329997 np0000007031 devstack@g-api.service[102987]: DEBUG glance.api.middleware.version_negotiation [None req-e06950ca-aab4-4a03-ae75-b51191abbb4c tempest-AttachVolumeMultiAttachTest-1173067880 tempest-AttachVolumeMultiAttachTest-1173067880-project-member] new path /v2/images/31985bba-baa1-4c48-bfb2-2527006b94d5 {{(pid=102987) process_request /opt/stack/glance/glance/api/middleware/version_negotiation.py:70}}
Aug 12 09:37:45.340418 np0000007031 devstack@g-api.service[102987]: [pid: 102987|app: 0|req: 57/221] 127.0.0.1 () {40 vars in 838 bytes} [Wed Aug 12 09:37:45 2026] GET /v2/images/31985bba-baa1-4c48-bfb2-2527006b94d5 => generated 1300 bytes in 11 msecs (HTTP/1.1 200) 4 headers in 158 bytes (1 switches on core 0)
Aug 12 09:37:45.543619 np0000007031 devstack@g-api.service[102990]: DEBUG glance.api.middleware.version_negotiation [None req-e06950ca-aab4-4a03-ae75-b51191abbb4c tempest-AttachVolumeMultiAttachTest-1173067880 tempest-AttachVolumeMultiAttachTest-1173067880-project-member] Determining version of request: GET /v2/images/31985bba-baa1-4c48-bfb2-2527006b94d5 Accept: */* {{(pid=102990) process_request /opt/stack/glance/glance/api/middleware/version_negotiation.py:44}}
Aug 12 09:37:45.544311 np0000007031 devstack@g-api.service[102990]: DEBUG glance.api.middleware.version_negotiation [None req-e06950ca-aab4-4a03-ae75-b51191abbb4c tempest-AttachVolumeMultiAttachTest-1173067880 tempest-AttachVolumeMultiAttachTest-1173067880-project-member] Using url versioning {{(pid=102990) process_request /opt/stack/glance/glance/api/middleware/version_negotiation.py:57}}
Aug 12 09:37:45.544311 np0000007031 devstack@g-api.service[102990]: DEBUG glance.api.middleware.version_negotiation [None req-e06950ca-aab4-4a03-ae75-b51191abbb4c tempest-AttachVolumeMultiAttachTest-1173067880 tempest-AttachVolumeMultiAttachTest-1173067880-project-member] Matched version: v2 {{(pid=102990) process_request /opt/stack/glance/glance/api/middleware/version_negotiation.py:69}}
Aug 12 09:37:45.544311 np0000007031 devstack@g-api.service[102990]: DEBUG glance.api.middleware.version_negotiation [None req-e06950ca-aab4-4a03-ae75-b51191abbb4c tempest-AttachVolumeMultiAttachTest-1173067880 tempest-AttachVolumeMultiAttachTest-1173067880-project-member] new path /v2/images/31985bba-baa1-4c48-bfb2-2527006b94d5 {{(pid=102990) process_request /opt/stack/glance/glance/api/middleware/version_negotiation.py:70}}
Aug 12 09:37:45.558071 np0000007031 devstack@g-api.service[102990]: [pid: 102990|app: 0|req: 55/222] 127.0.0.1 () {44 vars in 1115 bytes} [Wed Aug 12 09:37:45 2026] GET /v2/images/31985bba-baa1-4c48-bfb2-2527006b94d5 => generated 1300 bytes in 11 msecs (HTTP/1.1 200) 4 headers in 158 bytes (1 switches on core 0)
Aug 12 09:37:45.614543 np0000007031 devstack@g-api.service[102989]: DEBUG glance.api.middleware.version_negotiation [None req-fb33242e-4a53-4534-a12d-691def2e64cc tempest-TestStampPattern-236550914 tempest-TestStampPattern-236550914-project-member] Determining version of request: GET /v2/schemas/image Accept: */* {{(pid=102989) process_request /opt/stack/glance/glance/api/middleware/version_negotiation.py:44}}
Aug 12 09:37:45.615070 np0000007031 devstack@g-api.service[102989]: DEBUG glance.api.middleware.version_negotiation [None req-fb33242e-4a53-4534-a12d-691def2e64cc tempest-TestStampPattern-236550914 tempest-TestStampPattern-236550914-project-member] Using url versioning {{(pid=102989) process_request /opt/stack/glance/glance/api/middleware/version_negotiation.py:57}}
Aug 12 09:37:45.615070 np0000007031 devstack@g-api.service[102989]: DEBUG glance.api.middleware.version_negotiation [None req-fb33242e-4a53-4534-a12d-691def2e64cc tempest-TestStampPattern-236550914 tempest-TestStampPattern-236550914-project-member] Matched version: v2 {{(pid=102989) process_request /opt/stack/glance/glance/api/middleware/version_negotiation.py:69}}
Aug 12 09:37:45.615070 np0000007031 devstack@g-api.service[102989]: DEBUG glance.api.middleware.version_negotiation [None req-fb33242e-4a53-4534-a12d-691def2e64cc tempest-TestStampPattern-236550914 tempest-TestStampPattern-236550914-project-member] new path /v2/schemas/image {{(pid=102989) process_request /opt/stack/glance/glance/api/middleware/version_negotiation.py:70}}
Aug 12 09:37:45.617227 np0000007031 devstack@g-api.service[102989]: [pid: 102989|app: 0|req: 57/223] 127.0.0.1 () {44 vars in 1055 bytes} [Wed Aug 12 09:37:45 2026] GET /v2/schemas/image => generated 6083 bytes in 3 msecs (HTTP/1.1 200) 4 headers in 158 bytes (1 switches on core 0)
Aug 12 09:37:46.355509 np0000007031 devstack@g-api.service[102988]: DEBUG glance.api.middleware.version_negotiation [None req-fb33242e-4a53-4534-a12d-691def2e64cc tempest-TestStampPattern-236550914 tempest-TestStampPattern-236550914-project-member] Determining version of request: GET /v2/images/31985bba-baa1-4c48-bfb2-2527006b94d5 Accept: application/json {{(pid=102988) process_request /opt/stack/glance/glance/api/middleware/version_negotiation.py:44}}
Aug 12 09:37:46.355509 np0000007031 devstack@g-api.service[102988]: DEBUG glance.api.middleware.version_negotiation [None req-fb33242e-4a53-4534-a12d-691def2e64cc tempest-TestStampPattern-236550914 tempest-TestStampPattern-236550914-project-member] Using url versioning {{(pid=102988) process_request /opt/stack/glance/glance/api/middleware/version_negotiation.py:57}}
Aug 12 09:37:46.356208 np0000007031 devstack@g-api.service[102988]: DEBUG glance.api.middleware.version_negotiation [None req-fb33242e-4a53-4534-a12d-691def2e64cc tempest-TestStampPattern-236550914 tempest-TestStampPattern-236550914-project-member] Matched version: v2 {{(pid=102988) process_request /opt/stack/glance/glance/api/middleware/version_negotiation.py:69}}
Aug 12 09:37:46.356208 np0000007031 devstack@g-api.service[102988]: DEBUG glance.api.middleware.version_negotiation [None req-fb33242e-4a53-4534-a12d-691def2e64cc tempest-TestStampPattern-236550914 tempest-TestStampPattern-236550914-project-member] new path /v2/images/31985bba-baa1-4c48-bfb2-2527006b94d5 {{(pid=102988) process_request /opt/stack/glance/glance/api/middleware/version_negotiation.py:70}}
Aug 12 09:37:46.375280 np0000007031 devstack@g-api.service[102988]: [pid: 102988|app: 0|req: 55/224] 127.0.0.1 () {40 vars in 838 bytes} [Wed Aug 12 09:37:46 2026] GET /v2/images/31985bba-baa1-4c48-bfb2-2527006b94d5 => generated 1300 bytes in 20 msecs (HTTP/1.1 200) 4 headers in 158 bytes (1 switches on core 0)
Aug 12 09:37:47.385491 np0000007031 devstack@g-api.service[102987]: DEBUG glance.api.middleware.version_negotiation [None req-c27bbd06-e9e3-49a9-9e58-00bb0f898e9e tempest-TestStampPattern-236550914 tempest-TestStampPattern-236550914-project-member] Determining version of request: GET /v2/images/31985bba-baa1-4c48-bfb2-2527006b94d5 Accept: application/json {{(pid=102987) process_request /opt/stack/glance/glance/api/middleware/version_negotiation.py:44}}
Aug 12 09:37:47.386265 np0000007031 devstack@g-api.service[102987]: DEBUG glance.api.middleware.version_negotiation [None req-c27bbd06-e9e3-49a9-9e58-00bb0f898e9e tempest-TestStampPattern-236550914 tempest-TestStampPattern-236550914-project-member] Using url versioning {{(pid=102987) process_request /opt/stack/glance/glance/api/middleware/version_negotiation.py:57}}
Aug 12 09:37:47.386265 np0000007031 devstack@g-api.service[102987]: DEBUG glance.api.middleware.version_negotiation [None req-c27bbd06-e9e3-49a9-9e58-00bb0f898e9e tempest-TestStampPattern-236550914 tempest-TestStampPattern-236550914-project-member] Matched version: v2 {{(pid=102987) process_request /opt/stack/glance/glance/api/middleware/version_negotiation.py:69}}
Aug 12 09:37:47.386265 np0000007031 devstack@g-api.service[102987]: DEBUG glance.api.middleware.version_negotiation [None req-c27bbd06-e9e3-49a9-9e58-00bb0f898e9e tempest-TestStampPattern-236550914 tempest-TestStampPattern-236550914-project-member] new path /v2/images/31985bba-baa1-4c48-bfb2-2527006b94d5 {{(pid=102987) process_request /opt/stack/glance/glance/api/middleware/version_negotiation.py:70}}
Aug 12 09:37:47.398854 np0000007031 devstack@g-api.service[102987]: [pid: 102987|app: 0|req: 58/225] 127.0.0.1 () {40 vars in 838 bytes} [Wed Aug 12 09:37:47 2026] GET /v2/images/31985bba-baa1-4c48-bfb2-2527006b94d5 => generated 1300 bytes in 13 msecs (HTTP/1.1 200) 4 headers in 158 bytes (1 switches on core 0)
Aug 12 09:37:47.618875 np0000007031 devstack@g-api.service[102990]: DEBUG glance.api.middleware.version_negotiation [None req-fb33242e-4a53-4534-a12d-691def2e64cc tempest-TestStampPattern-236550914 tempest-TestStampPattern-236550914-project-member] Determining version of request: GET /v2/images/31985bba-baa1-4c48-bfb2-2527006b94d5 Accept: */* {{(pid=102990) process_request /opt/stack/glance/glance/api/middleware/version_negotiation.py:44}}
Aug 12 09:37:47.619146 np0000007031 devstack@g-api.service[102990]: DEBUG glance.api.middleware.version_negotiation [None req-fb33242e-4a53-4534-a12d-691def2e64cc tempest-TestStampPattern-236550914 tempest-TestStampPattern-236550914-project-member] Using url versioning {{(pid=102990) process_request /opt/stack/glance/glance/api/middleware/version_negotiation.py:57}}
Aug 12 09:37:47.619210 np0000007031 devstack@g-api.service[102990]: DEBUG glance.api.middleware.version_negotiation [None req-fb33242e-4a53-4534-a12d-691def2e64cc tempest-TestStampPattern-236550914 tempest-TestStampPattern-236550914-project-member] Matched version: v2 {{(pid=102990) process_request /opt/stack/glance/glance/api/middleware/version_negotiation.py:69}}
Aug 12 09:37:47.619523 np0000007031 devstack@g-api.service[102990]: DEBUG glance.api.middleware.version_negotiation [None req-fb33242e-4a53-4534-a12d-691def2e64cc tempest-TestStampPattern-236550914 tempest-TestStampPattern-236550914-project-member] new path /v2/images/31985bba-baa1-4c48-bfb2-2527006b94d5 {{(pid=102990) process_request /opt/stack/glance/glance/api/middleware/version_negotiation.py:70}}
Aug 12 09:37:47.638212 np0000007031 devstack@g-api.service[102990]: [pid: 102990|app: 0|req: 56/226] 127.0.0.1 () {44 vars in 1115 bytes} [Wed Aug 12 09:37:47 2026] GET /v2/images/31985bba-baa1-4c48-bfb2-2527006b94d5 => generated 1300 bytes in 19 msecs (HTTP/1.1 200) 4 headers in 158 bytes (1 switches on core 0)
Aug 12 09:37:47.698002 np0000007031 devstack@g-api.service[102989]: DEBUG glance.api.middleware.version_negotiation [None req-fb33242e-4a53-4534-a12d-691def2e64cc tempest-TestStampPattern-236550914 tempest-TestStampPattern-236550914-project-member] Determining version of request: GET /v2/schemas/image Accept: */* {{(pid=102989) process_request /opt/stack/glance/glance/api/middleware/version_negotiation.py:44}}
Aug 12 09:37:47.698372 np0000007031 devstack@g-api.service[102989]: DEBUG glance.api.middleware.version_negotiation [None req-fb33242e-4a53-4534-a12d-691def2e64cc tempest-TestStampPattern-236550914 tempest-TestStampPattern-236550914-project-member] Using url versioning {{(pid=102989) process_request /opt/stack/glance/glance/api/middleware/version_negotiation.py:57}}
Aug 12 09:37:47.698372 np0000007031 devstack@g-api.service[102989]: DEBUG glance.api.middleware.version_negotiation [None req-fb33242e-4a53-4534-a12d-691def2e64cc tempest-TestStampPattern-236550914 tempest-TestStampPattern-236550914-project-member] Matched version: v2 {{(pid=102989) process_request /opt/stack/glance/glance/api/middleware/version_negotiation.py:69}}
Aug 12 09:37:47.698372 np0000007031 devstack@g-api.service[102989]: DEBUG glance.api.middleware.version_negotiation [None req-fb33242e-4a53-4534-a12d-691def2e64cc tempest-TestStampPattern-236550914 tempest-TestStampPattern-236550914-project-member] new path /v2/schemas/image {{(pid=102989) process_request /opt/stack/glance/glance/api/middleware/version_negotiation.py:70}}
Aug 12 09:37:47.704408 np0000007031 devstack@g-api.service[102989]: [pid: 102989|app: 0|req: 58/227] 127.0.0.1 () {44 vars in 1055 bytes} [Wed Aug 12 09:37:47 2026] GET /v2/schemas/image => generated 6083 bytes in 7 msecs (HTTP/1.1 200) 4 headers in 158 bytes (1 switches on core 0)
Aug 12 09:37:47.762097 np0000007031 devstack@g-api.service[102988]: DEBUG glance.api.middleware.version_negotiation [None req-82ca2a5d-eae0-45e0-9d55-fbb2859c4b75 tempest-TestStampPattern-236550914 tempest-TestStampPattern-236550914-project-member] Determining version of request: GET /v2/schemas/image Accept: */* {{(pid=102988) process_request /opt/stack/glance/glance/api/middleware/version_negotiation.py:44}}
Aug 12 09:37:47.762442 np0000007031 devstack@g-api.service[102988]: DEBUG glance.api.middleware.version_negotiation [None req-82ca2a5d-eae0-45e0-9d55-fbb2859c4b75 tempest-TestStampPattern-236550914 tempest-TestStampPattern-236550914-project-member] Using url versioning {{(pid=102988) process_request /opt/stack/glance/glance/api/middleware/version_negotiation.py:57}}
Aug 12 09:37:47.762442 np0000007031 devstack@g-api.service[102988]: DEBUG glance.api.middleware.version_negotiation [None req-82ca2a5d-eae0-45e0-9d55-fbb2859c4b75 tempest-TestStampPattern-236550914 tempest-TestStampPattern-236550914-project-member] Matched version: v2 {{(pid=102988) process_request /opt/stack/glance/glance/api/middleware/version_negotiation.py:69}}
Aug 12 09:37:47.762442 np0000007031 devstack@g-api.service[102988]: DEBUG glance.api.middleware.version_negotiation [None req-82ca2a5d-eae0-45e0-9d55-fbb2859c4b75 tempest-TestStampPattern-236550914 tempest-TestStampPattern-236550914-project-member] new path /v2/schemas/image {{(pid=102988) process_request /opt/stack/glance/glance/api/middleware/version_negotiation.py:70}}
Aug 12 09:37:47.765763 np0000007031 devstack@g-api.service[102988]: [pid: 102988|app: 0|req: 56/228] 127.0.0.1 () {44 vars in 1055 bytes} [Wed Aug 12 09:37:47 2026] GET /v2/schemas/image => generated 6083 bytes in 4 msecs (HTTP/1.1 200) 4 headers in 158 bytes (1 switches on core 0)
Aug 12 09:37:47.827446 np0000007031 devstack@g-api.service[102987]: DEBUG glance.api.middleware.version_negotiation [None req-7677e276-6294-462d-ba5c-83bb3715e155 tempest-TestStampPattern-236550914 tempest-TestStampPattern-236550914-project-member] Determining version of request: PATCH /v2/images/31985bba-baa1-4c48-bfb2-2527006b94d5 Accept: */* {{(pid=102987) process_request /opt/stack/glance/glance/api/middleware/version_negotiation.py:44}}
Aug 12 09:37:47.827537 np0000007031 devstack@g-api.service[102987]: DEBUG glance.api.middleware.version_negotiation [None req-7677e276-6294-462d-ba5c-83bb3715e155 tempest-TestStampPattern-236550914 tempest-TestStampPattern-236550914-project-member] Using url versioning {{(pid=102987) process_request /opt/stack/glance/glance/api/middleware/version_negotiation.py:57}}
Aug 12 09:37:47.828310 np0000007031 devstack@g-api.service[102987]: DEBUG glance.api.middleware.version_negotiation [None req-7677e276-6294-462d-ba5c-83bb3715e155 tempest-TestStampPattern-236550914 tempest-TestStampPattern-236550914-project-member] Matched version: v2 {{(pid=102987) process_request /opt/stack/glance/glance/api/middleware/version_negotiation.py:69}}
Aug 12 09:37:47.828310 np0000007031 devstack@g-api.service[102987]: DEBUG glance.api.middleware.version_negotiation [None req-7677e276-6294-462d-ba5c-83bb3715e155 tempest-TestStampPattern-236550914 tempest-TestStampPattern-236550914-project-member] new path /v2/images/31985bba-baa1-4c48-bfb2-2527006b94d5 {{(pid=102987) process_request /opt/stack/glance/glance/api/middleware/version_negotiation.py:70}}
Aug 12 09:37:48.038790 np0000007031 devstack@g-api.service[102987]: [pid: 102987|app: 0|req: 59/229] 127.0.0.1 () {46 vars in 1158 bytes} [Wed Aug 12 09:37:47 2026] PATCH /v2/images/31985bba-baa1-4c48-bfb2-2527006b94d5 => generated 1411 bytes in 211 msecs (HTTP/1.1 200) 4 headers in 158 bytes (1 switches on core 0)
Aug 12 09:37:48.088929 np0000007031 devstack@g-api.service[102990]: DEBUG glance.api.middleware.version_negotiation [None req-fb33242e-4a53-4534-a12d-691def2e64cc tempest-TestStampPattern-236550914 tempest-TestStampPattern-236550914-project-member] Determining version of request: GET /v2/images/31985bba-baa1-4c48-bfb2-2527006b94d5 Accept: */* {{(pid=102990) process_request /opt/stack/glance/glance/api/middleware/version_negotiation.py:44}}
Aug 12 09:37:48.089094 np0000007031 devstack@g-api.service[102990]: DEBUG glance.api.middleware.version_negotiation [None req-fb33242e-4a53-4534-a12d-691def2e64cc tempest-TestStampPattern-236550914 tempest-TestStampPattern-236550914-project-member] Using url versioning {{(pid=102990) process_request /opt/stack/glance/glance/api/middleware/version_negotiation.py:57}}
Aug 12 09:37:48.089295 np0000007031 devstack@g-api.service[102990]: DEBUG glance.api.middleware.version_negotiation [None req-fb33242e-4a53-4534-a12d-691def2e64cc tempest-TestStampPattern-236550914 tempest-TestStampPattern-236550914-project-member] Matched version: v2 {{(pid=102990) process_request /opt/stack/glance/glance/api/middleware/version_negotiation.py:69}}
Aug 12 09:37:48.089433 np0000007031 devstack@g-api.service[102990]: DEBUG glance.api.middleware.version_negotiation [None req-fb33242e-4a53-4534-a12d-691def2e64cc tempest-TestStampPattern-236550914 tempest-TestStampPattern-236550914-project-member] new path /v2/images/31985bba-baa1-4c48-bfb2-2527006b94d5 {{(pid=102990) process_request /opt/stack/glance/glance/api/middleware/version_negotiation.py:70}}
Aug 12 09:37:48.115984 np0000007031 devstack@g-api.service[102990]: [pid: 102990|app: 0|req: 57/230] 127.0.0.1 () {44 vars in 1115 bytes} [Wed Aug 12 09:37:48 2026] GET /v2/images/31985bba-baa1-4c48-bfb2-2527006b94d5 => generated 1411 bytes in 27 msecs (HTTP/1.1 200) 4 headers in 158 bytes (1 switches on core 0)
Aug 12 09:37:48.163717 np0000007031 devstack@g-api.service[102989]: DEBUG glance.api.middleware.version_negotiation [None req-fb33242e-4a53-4534-a12d-691def2e64cc tempest-TestStampPattern-236550914 tempest-TestStampPattern-236550914-project-member] Determining version of request: PUT /v2/images/31985bba-baa1-4c48-bfb2-2527006b94d5/file Accept: */* {{(pid=102989) process_request /opt/stack/glance/glance/api/middleware/version_negotiation.py:44}}
Aug 12 09:37:48.164408 np0000007031 devstack@g-api.service[102989]: DEBUG glance.api.middleware.version_negotiation [None req-fb33242e-4a53-4534-a12d-691def2e64cc tempest-TestStampPattern-236550914 tempest-TestStampPattern-236550914-project-member] Using url versioning {{(pid=102989) process_request /opt/stack/glance/glance/api/middleware/version_negotiation.py:57}}
Aug 12 09:37:48.164408 np0000007031 devstack@g-api.service[102989]: DEBUG glance.api.middleware.version_negotiation [None req-fb33242e-4a53-4534-a12d-691def2e64cc tempest-TestStampPattern-236550914 tempest-TestStampPattern-236550914-project-member] Matched version: v2 {{(pid=102989) process_request /opt/stack/glance/glance/api/middleware/version_negotiation.py:69}}
Aug 12 09:37:48.164408 np0000007031 devstack@g-api.service[102989]: DEBUG glance.api.middleware.version_negotiation [None req-fb33242e-4a53-4534-a12d-691def2e64cc tempest-TestStampPattern-236550914 tempest-TestStampPattern-236550914-project-member] new path /v2/images/31985bba-baa1-4c48-bfb2-2527006b94d5/file {{(pid=102989) process_request /opt/stack/glance/glance/api/middleware/version_negotiation.py:70}}
Aug 12 09:37:48.412645 np0000007031 devstack@g-api.service[102988]: DEBUG glance.api.middleware.version_negotiation [None req-fb33242e-4a53-4534-a12d-691def2e64cc tempest-TestStampPattern-236550914 tempest-TestStampPattern-236550914-project-member] Determining version of request: GET /v2/images/31985bba-baa1-4c48-bfb2-2527006b94d5 Accept: application/json {{(pid=102988) process_request /opt/stack/glance/glance/api/middleware/version_negotiation.py:44}}
Aug 12 09:37:48.412883 np0000007031 devstack@g-api.service[102988]: DEBUG glance.api.middleware.version_negotiation [None req-fb33242e-4a53-4534-a12d-691def2e64cc tempest-TestStampPattern-236550914 tempest-TestStampPattern-236550914-project-member] Using url versioning {{(pid=102988) process_request /opt/stack/glance/glance/api/middleware/version_negotiation.py:57}}
Aug 12 09:37:48.413126 np0000007031 devstack@g-api.service[102988]: DEBUG glance.api.middleware.version_negotiation [None req-fb33242e-4a53-4534-a12d-691def2e64cc tempest-TestStampPattern-236550914 tempest-TestStampPattern-236550914-project-member] Matched version: v2 {{(pid=102988) process_request /opt/stack/glance/glance/api/middleware/version_negotiation.py:69}}
Aug 12 09:37:48.413279 np0000007031 devstack@g-api.service[102988]: DEBUG glance.api.middleware.version_negotiation [None req-fb33242e-4a53-4534-a12d-691def2e64cc tempest-TestStampPattern-236550914 tempest-TestStampPattern-236550914-project-member] new path /v2/images/31985bba-baa1-4c48-bfb2-2527006b94d5 {{(pid=102988) process_request /opt/stack/glance/glance/api/middleware/version_negotiation.py:70}}
Aug 12 09:37:48.426308 np0000007031 devstack@g-api.service[102988]: [pid: 102988|app: 0|req: 57/231] 127.0.0.1 () {40 vars in 838 bytes} [Wed Aug 12 09:37:48 2026] GET /v2/images/31985bba-baa1-4c48-bfb2-2527006b94d5 => generated 1411 bytes in 14 msecs (HTTP/1.1 200) 4 headers in 158 bytes (1 switches on core 0)
Aug 12 09:37:48.992373 np0000007031 devstack@g-api.service[102989]: INFO glance.api.v2.image_data [None req-fb33242e-4a53-4534-a12d-691def2e64cc tempest-TestStampPattern-236550914 tempest-TestStampPattern-236550914-project-member] Unable to create trust: no such option collect_timing in group [keystone_authtoken] Use the existing user token.
Aug 12 09:37:49.438201 np0000007031 devstack@g-api.service[102987]: DEBUG glance.api.middleware.version_negotiation [None req-fb33242e-4a53-4534-a12d-691def2e64cc tempest-TestStampPattern-236550914 tempest-TestStampPattern-236550914-project-member] Determining version of request: GET /v2/images/31985bba-baa1-4c48-bfb2-2527006b94d5 Accept: application/json {{(pid=102987) process_request /opt/stack/glance/glance/api/middleware/version_negotiation.py:44}}
Aug 12 09:37:49.438766 np0000007031 devstack@g-api.service[102987]: DEBUG glance.api.middleware.version_negotiation [None req-fb33242e-4a53-4534-a12d-691def2e64cc tempest-TestStampPattern-236550914 tempest-TestStampPattern-236550914-project-member] Using url versioning {{(pid=102987) process_request /opt/stack/glance/glance/api/middleware/version_negotiation.py:57}}
Aug 12 09:37:49.438766 np0000007031 devstack@g-api.service[102987]: DEBUG glance.api.middleware.version_negotiation [None req-fb33242e-4a53-4534-a12d-691def2e64cc tempest-TestStampPattern-236550914 tempest-TestStampPattern-236550914-project-member] Matched version: v2 {{(pid=102987) process_request /opt/stack/glance/glance/api/middleware/version_negotiation.py:69}}
Aug 12 09:37:49.439249 np0000007031 devstack@g-api.service[102987]: DEBUG glance.api.middleware.version_negotiation [None req-fb33242e-4a53-4534-a12d-691def2e64cc tempest-TestStampPattern-236550914 tempest-TestStampPattern-236550914-project-member] new path /v2/images/31985bba-baa1-4c48-bfb2-2527006b94d5 {{(pid=102987) process_request /opt/stack/glance/glance/api/middleware/version_negotiation.py:70}}
Aug 12 09:37:49.470483 np0000007031 devstack@g-api.service[102987]: [pid: 102987|app: 0|req: 60/232] 127.0.0.1 () {40 vars in 838 bytes} [Wed Aug 12 09:37:49 2026] GET /v2/images/31985bba-baa1-4c48-bfb2-2527006b94d5 => generated 1411 bytes in 33 msecs (HTTP/1.1 200) 4 headers in 158 bytes (1 switches on core 0)
Aug 12 09:37:49.748267 np0000007031 devstack@g-api.service[102989]: DEBUG glance.location [None req-fb33242e-4a53-4534-a12d-691def2e64cc tempest-TestStampPattern-236550914 tempest-TestStampPattern-236550914-project-member] Enabling in-flight format inspection for qcow2 {{(pid=102989) set_data /opt/stack/glance/glance/location.py:596}}
Aug 12 09:37:49.749480 np0000007031 devstack@g-api.service[102989]: DEBUG glance_store.backend [None req-fb33242e-4a53-4534-a12d-691def2e64cc tempest-TestStampPattern-236550914 tempest-TestStampPattern-236550914-project-member] Attempting to import store swift {{(pid=102989) _load_store /opt/stack/data/venv/lib/python3.12/site-packages/glance_store/backend.py:215}}
Aug 12 09:37:49.749982 np0000007031 devstack@g-api.service[102989]: DEBUG glance_store.capabilities [None req-fb33242e-4a53-4534-a12d-691def2e64cc tempest-TestStampPattern-236550914 tempest-TestStampPattern-236550914-project-member] Store glance_store._drivers.swift.store.SingleTenantStore doesn't support updating dynamic storage capabilities. Please overwrite 'update_capabilities' method of the store to implement updating logics if needed. {{(pid=102989) update_capabilities /opt/stack/data/venv/lib/python3.12/site-packages/glance_store/capabilities.py:91}}
Aug 12 09:37:49.750097 np0000007031 devstack@g-api.service[102989]: DEBUG glance_store.driver [None req-fb33242e-4a53-4534-a12d-691def2e64cc tempest-TestStampPattern-236550914 tempest-TestStampPattern-236550914-project-member] Late loading location class glance_store._drivers.swift.store.StoreLocation {{(pid=102989) get_store_location_class /opt/stack/data/venv/lib/python3.12/site-packages/glance_store/driver.py:134}}
Aug 12 09:37:49.750180 np0000007031 devstack@g-api.service[102989]: DEBUG glance_store.location [None req-fb33242e-4a53-4534-a12d-691def2e64cc tempest-TestStampPattern-236550914 tempest-TestStampPattern-236550914-project-member] Registering scheme swift+https with {'store': , 'location_class': , 'store_entry': 'swift'} {{(pid=102989) register_scheme_map /opt/stack/data/venv/lib/python3.12/site-packages/glance_store/location.py:146}}
Aug 12 09:37:49.750343 np0000007031 devstack@g-api.service[102989]: DEBUG glance_store.location [None req-fb33242e-4a53-4534-a12d-691def2e64cc tempest-TestStampPattern-236550914 tempest-TestStampPattern-236550914-project-member] Registering scheme swift+https with {'store': , 'location_class': , 'store_entry': 'swift'} {{(pid=102989) register_scheme_map /opt/stack/data/venv/lib/python3.12/site-packages/glance_store/location.py:146}}
Aug 12 09:37:49.750444 np0000007031 devstack@g-api.service[102989]: DEBUG glance_store.location [None req-fb33242e-4a53-4534-a12d-691def2e64cc tempest-TestStampPattern-236550914 tempest-TestStampPattern-236550914-project-member] Registering scheme swift with {'store': , 'location_class': , 'store_entry': 'swift'} {{(pid=102989) register_scheme_map /opt/stack/data/venv/lib/python3.12/site-packages/glance_store/location.py:146}}
Aug 12 09:37:49.750521 np0000007031 devstack@g-api.service[102989]: DEBUG glance_store.location [None req-fb33242e-4a53-4534-a12d-691def2e64cc tempest-TestStampPattern-236550914 tempest-TestStampPattern-236550914-project-member] Registering scheme swift+https with {'store': , 'location_class': , 'store_entry': 'swift'} {{(pid=102989) register_scheme_map /opt/stack/data/venv/lib/python3.12/site-packages/glance_store/location.py:146}}
Aug 12 09:37:49.750861 np0000007031 devstack@g-api.service[102989]: DEBUG glance_store.location [None req-fb33242e-4a53-4534-a12d-691def2e64cc tempest-TestStampPattern-236550914 tempest-TestStampPattern-236550914-project-member] Registering scheme swift with {'store': , 'location_class': , 'store_entry': 'swift'} {{(pid=102989) register_scheme_map /opt/stack/data/venv/lib/python3.12/site-packages/glance_store/location.py:146}}
Aug 12 09:37:49.750861 np0000007031 devstack@g-api.service[102989]: DEBUG glance_store.location [None req-fb33242e-4a53-4534-a12d-691def2e64cc tempest-TestStampPattern-236550914 tempest-TestStampPattern-236550914-project-member] Registering scheme swift+http with {'store': , 'location_class': , 'store_entry': 'swift'} {{(pid=102989) register_scheme_map /opt/stack/data/venv/lib/python3.12/site-packages/glance_store/location.py:146}}
Aug 12 09:37:49.750861 np0000007031 devstack@g-api.service[102989]: DEBUG glance_store.location [None req-fb33242e-4a53-4534-a12d-691def2e64cc tempest-TestStampPattern-236550914 tempest-TestStampPattern-236550914-project-member] Registering scheme swift+https with {'store': , 'location_class': , 'store_entry': 'swift'} {{(pid=102989) register_scheme_map /opt/stack/data/venv/lib/python3.12/site-packages/glance_store/location.py:146}}
Aug 12 09:37:49.751044 np0000007031 devstack@g-api.service[102989]: DEBUG glance_store.location [None req-fb33242e-4a53-4534-a12d-691def2e64cc tempest-TestStampPattern-236550914 tempest-TestStampPattern-236550914-project-member] Registering scheme swift with {'store': , 'location_class': , 'store_entry': 'swift'} {{(pid=102989) register_scheme_map /opt/stack/data/venv/lib/python3.12/site-packages/glance_store/location.py:146}}
Aug 12 09:37:49.751044 np0000007031 devstack@g-api.service[102989]: DEBUG glance_store.location [None req-fb33242e-4a53-4534-a12d-691def2e64cc tempest-TestStampPattern-236550914 tempest-TestStampPattern-236550914-project-member] Registering scheme swift+http with {'store': , 'location_class': , 'store_entry': 'swift'} {{(pid=102989) register_scheme_map /opt/stack/data/venv/lib/python3.12/site-packages/glance_store/location.py:146}}
Aug 12 09:37:49.751140 np0000007031 devstack@g-api.service[102989]: DEBUG glance_store.location [None req-fb33242e-4a53-4534-a12d-691def2e64cc tempest-TestStampPattern-236550914 tempest-TestStampPattern-236550914-project-member] Registering scheme swift+config with {'store': , 'location_class': , 'store_entry': 'swift'} {{(pid=102989) register_scheme_map /opt/stack/data/venv/lib/python3.12/site-packages/glance_store/location.py:146}}
Aug 12 09:37:49.988148 np0000007031 devstack@g-api.service[102989]: DEBUG swiftclient [None req-fb33242e-4a53-4534-a12d-691def2e64cc tempest-TestStampPattern-236550914 tempest-TestStampPattern-236550914-project-member] REQ: curl -i https://10.4.3.221:8080/v1/AUTH_50b452fe1cd547cabbd252a21ef4b27a/glance -I -H "X-Auth-Token: gAAAAABqfD7tJUfH..." {{(pid=102989) http_log /opt/stack/data/venv/lib/python3.12/site-packages/swiftclient/client.py:160}}
Aug 12 09:37:49.988286 np0000007031 devstack@g-api.service[102989]: DEBUG swiftclient [None req-fb33242e-4a53-4534-a12d-691def2e64cc tempest-TestStampPattern-236550914 tempest-TestStampPattern-236550914-project-member] RESP STATUS: 204 No Content {{(pid=102989) http_log /opt/stack/data/venv/lib/python3.12/site-packages/swiftclient/client.py:161}}
Aug 12 09:37:49.988514 np0000007031 devstack@g-api.service[102989]: DEBUG swiftclient [None req-fb33242e-4a53-4534-a12d-691def2e64cc tempest-TestStampPattern-236550914 tempest-TestStampPattern-236550914-project-member] RESP HEADERS: {'Date': 'Wed, 12 Aug 2026 09:37:49 GMT', 'Server': 'Apache/2.4.58 (Ubuntu)', 'Content-Type': 'text/plain; charset=utf-8', 'X-Container-Object-Count': '5', 'X-Container-Bytes-Used': '118423552', 'X-Timestamp': '1786527109.29107', 'Last-Modified': 'Wed, 12 Aug 2026 09:31:50 GMT', 'Accept-Ranges': 'bytes', 'X-Storage-Policy': 'Policy-0', 'X-Container-Sharding': 'False', 'Vary': 'Accept', 'X-Trans-Id': 'tx06e5945b69a64101a3040-006a7c3eed', 'X-Openstack-Request-Id': 'tx06e5945b69a64101a3040-006a7c3eed', 'Connection': 'close'} {{(pid=102989) http_log /opt/stack/data/venv/lib/python3.12/site-packages/swiftclient/client.py:162}}
Aug 12 09:37:49.988762 np0000007031 devstack@g-api.service[102989]: DEBUG glance_store._drivers.swift.store [None req-fb33242e-4a53-4534-a12d-691def2e64cc tempest-TestStampPattern-236550914 tempest-TestStampPattern-236550914-project-member] Adding image object '31985bba-baa1-4c48-bfb2-2527006b94d5' to Swift {{(pid=102989) add /opt/stack/data/venv/lib/python3.12/site-packages/glance_store/_drivers/swift/store.py:970}}
Aug 12 09:37:49.988889 np0000007031 devstack@g-api.service[102989]: DEBUG glance_store._drivers.swift.store [None req-fb33242e-4a53-4534-a12d-691def2e64cc tempest-TestStampPattern-236550914 tempest-TestStampPattern-236550914-project-member] Cannot determine image size because it is either not provided in the request or chunked-transfer encoding is used. Adding image as a segmented object to Swift. {{(pid=102989) add /opt/stack/data/venv/lib/python3.12/site-packages/glance_store/_drivers/swift/store.py:994}}
Aug 12 09:37:49.995767 np0000007031 devstack@g-api.service[102989]: DEBUG oslo_utils.imageutils.format_inspector [None req-fb33242e-4a53-4534-a12d-691def2e64cc tempest-TestStampPattern-236550914 tempest-TestStampPattern-236550914-project-member] Format inspector for vmdk does not match, excluding from consideration (Signature KDMV not found: b'QFI\xfb') {{(pid=102989) _process_chunk /opt/stack/data/venv/lib/python3.12/site-packages/oslo_utils/imageutils/format_inspector.py:1758}}
Aug 12 09:37:49.997870 np0000007031 devstack@g-api.service[102989]: DEBUG oslo_utils.imageutils.format_inspector [None req-fb33242e-4a53-4534-a12d-691def2e64cc tempest-TestStampPattern-236550914 tempest-TestStampPattern-236550914-project-member] Format inspector for vhdx does not match, excluding from consideration (Region signature not found at 30000) {{(pid=102989) _process_chunk /opt/stack/data/venv/lib/python3.12/site-packages/oslo_utils/imageutils/format_inspector.py:1758}}
Aug 12 09:37:50.481830 np0000007031 devstack@g-api.service[102990]: DEBUG glance.api.middleware.version_negotiation [None req-fb33242e-4a53-4534-a12d-691def2e64cc tempest-TestStampPattern-236550914 tempest-TestStampPattern-236550914-project-member] Determining version of request: GET /v2/images/31985bba-baa1-4c48-bfb2-2527006b94d5 Accept: application/json {{(pid=102990) process_request /opt/stack/glance/glance/api/middleware/version_negotiation.py:44}}
Aug 12 09:37:50.482274 np0000007031 devstack@g-api.service[102990]: DEBUG glance.api.middleware.version_negotiation [None req-fb33242e-4a53-4534-a12d-691def2e64cc tempest-TestStampPattern-236550914 tempest-TestStampPattern-236550914-project-member] Using url versioning {{(pid=102990) process_request /opt/stack/glance/glance/api/middleware/version_negotiation.py:57}}
Aug 12 09:37:50.482274 np0000007031 devstack@g-api.service[102990]: DEBUG glance.api.middleware.version_negotiation [None req-fb33242e-4a53-4534-a12d-691def2e64cc tempest-TestStampPattern-236550914 tempest-TestStampPattern-236550914-project-member] Matched version: v2 {{(pid=102990) process_request /opt/stack/glance/glance/api/middleware/version_negotiation.py:69}}
Aug 12 09:37:50.482447 np0000007031 devstack@g-api.service[102990]: DEBUG glance.api.middleware.version_negotiation [None req-fb33242e-4a53-4534-a12d-691def2e64cc tempest-TestStampPattern-236550914 tempest-TestStampPattern-236550914-project-member] new path /v2/images/31985bba-baa1-4c48-bfb2-2527006b94d5 {{(pid=102990) process_request /opt/stack/glance/glance/api/middleware/version_negotiation.py:70}}
Aug 12 09:37:50.496365 np0000007031 devstack@g-api.service[102990]: [pid: 102990|app: 0|req: 58/233] 127.0.0.1 () {40 vars in 838 bytes} [Wed Aug 12 09:37:50 2026] GET /v2/images/31985bba-baa1-4c48-bfb2-2527006b94d5 => generated 1411 bytes in 15 msecs (HTTP/1.1 200) 4 headers in 158 bytes (1 switches on core 0)
Aug 12 09:37:50.586117 np0000007031 devstack@g-api.service[102989]: DEBUG swiftclient [None req-fb33242e-4a53-4534-a12d-691def2e64cc tempest-TestStampPattern-236550914 tempest-TestStampPattern-236550914-project-member] REQ: curl -i https://10.4.3.221:8080/v1/AUTH_50b452fe1cd547cabbd252a21ef4b27a/glance/31985bba-baa1-4c48-bfb2-2527006b94d5-00001 -X PUT -H "X-Auth-Token: gAAAAABqfD7tJUfH..." {{(pid=102989) http_log /opt/stack/data/venv/lib/python3.12/site-packages/swiftclient/client.py:160}}
Aug 12 09:37:50.586323 np0000007031 devstack@g-api.service[102989]: DEBUG swiftclient [None req-fb33242e-4a53-4534-a12d-691def2e64cc tempest-TestStampPattern-236550914 tempest-TestStampPattern-236550914-project-member] RESP STATUS: 201 Created {{(pid=102989) http_log /opt/stack/data/venv/lib/python3.12/site-packages/swiftclient/client.py:161}}
Aug 12 09:37:50.586386 np0000007031 devstack@g-api.service[102989]: DEBUG swiftclient [None req-fb33242e-4a53-4534-a12d-691def2e64cc tempest-TestStampPattern-236550914 tempest-TestStampPattern-236550914-project-member] RESP HEADERS: {'Date': 'Wed, 12 Aug 2026 09:37:50 GMT', 'Server': 'Apache/2.4.58 (Ubuntu)', 'Content-Type': 'text/html; charset=UTF-8', 'Content-Length': '0', 'Etag': '9e8c6ceac40ecad2c7da378cb632230f', 'Last-Modified': 'Wed, 12 Aug 2026 09:37:51 GMT', 'X-Trans-Id': 'tx00d2be60e7f145189cc8c-006a7c3eed', 'X-Openstack-Request-Id': 'tx00d2be60e7f145189cc8c-006a7c3eed', 'Connection': 'close'} {{(pid=102989) http_log /opt/stack/data/venv/lib/python3.12/site-packages/swiftclient/client.py:162}}
Aug 12 09:37:50.586598 np0000007031 devstack@g-api.service[102989]: DEBUG glance_store._drivers.swift.store [None req-fb33242e-4a53-4534-a12d-691def2e64cc tempest-TestStampPattern-236550914 tempest-TestStampPattern-236550914-project-member] Wrote chunk 31985bba-baa1-4c48-bfb2-2527006b94d5-00001 (1/?) of length 54067200 to Swift returning MD5 of content: 9e8c6ceac40ecad2c7da378cb632230f {{(pid=102989) add /opt/stack/data/venv/lib/python3.12/site-packages/glance_store/_drivers/swift/store.py:1059}}
Aug 12 09:37:50.586871 np0000007031 devstack@g-api.service[102989]: DEBUG glance_store._drivers.swift.store [None req-fb33242e-4a53-4534-a12d-691def2e64cc tempest-TestStampPattern-236550914 tempest-TestStampPattern-236550914-project-member] Not writing zero-length chunk. {{(pid=102989) add /opt/stack/data/venv/lib/python3.12/site-packages/glance_store/_drivers/swift/store.py:1028}}
Aug 12 09:37:50.612218 np0000007031 devstack@g-api.service[102989]: DEBUG swiftclient [None req-fb33242e-4a53-4534-a12d-691def2e64cc tempest-TestStampPattern-236550914 tempest-TestStampPattern-236550914-project-member] REQ: curl -i https://10.4.3.221:8080/v1/AUTH_50b452fe1cd547cabbd252a21ef4b27a/glance/31985bba-baa1-4c48-bfb2-2527006b94d5 -X PUT -H "X-Object-Manifest: glance/31985bba-baa1-4c48-bfb2-2527006b94d5-" -H "X-Auth-Token: gAAAAABqfD7tJUfH..." -H "Content-Length: 0" {{(pid=102989) http_log /opt/stack/data/venv/lib/python3.12/site-packages/swiftclient/client.py:160}}
Aug 12 09:37:50.612218 np0000007031 devstack@g-api.service[102989]: DEBUG swiftclient [None req-fb33242e-4a53-4534-a12d-691def2e64cc tempest-TestStampPattern-236550914 tempest-TestStampPattern-236550914-project-member] RESP STATUS: 201 Created {{(pid=102989) http_log /opt/stack/data/venv/lib/python3.12/site-packages/swiftclient/client.py:161}}
Aug 12 09:37:50.612218 np0000007031 devstack@g-api.service[102989]: DEBUG swiftclient [None req-fb33242e-4a53-4534-a12d-691def2e64cc tempest-TestStampPattern-236550914 tempest-TestStampPattern-236550914-project-member] RESP HEADERS: {'Date': 'Wed, 12 Aug 2026 09:37:50 GMT', 'Server': 'Apache/2.4.58 (Ubuntu)', 'Content-Type': 'text/html; charset=UTF-8', 'Content-Length': '0', 'Etag': 'd41d8cd98f00b204e9800998ecf8427e', 'Last-Modified': 'Wed, 12 Aug 2026 09:37:51 GMT', 'X-Trans-Id': 'tx8a439916b0e34a429bdbd-006a7c3eee', 'X-Openstack-Request-Id': 'tx8a439916b0e34a429bdbd-006a7c3eee', 'Connection': 'close'} {{(pid=102989) http_log /opt/stack/data/venv/lib/python3.12/site-packages/swiftclient/client.py:162}}
Aug 12 09:37:50.613159 np0000007031 devstack@g-api.service[102989]: INFO glance.location [None req-fb33242e-4a53-4534-a12d-691def2e64cc tempest-TestStampPattern-236550914 tempest-TestStampPattern-236550914-project-member] Image format matched and virtual size computed: 1073741824
Aug 12 09:37:50.662840 np0000007031 devstack@g-api.service[102989]: DEBUG glance_store.backend [None req-fb33242e-4a53-4534-a12d-691def2e64cc tempest-TestStampPattern-236550914 tempest-TestStampPattern-236550914-project-member] Attempting to import store swift {{(pid=102989) _load_store /opt/stack/data/venv/lib/python3.12/site-packages/glance_store/backend.py:215}}
Aug 12 09:37:50.664516 np0000007031 devstack@g-api.service[102989]: DEBUG glance_store.capabilities [None req-fb33242e-4a53-4534-a12d-691def2e64cc tempest-TestStampPattern-236550914 tempest-TestStampPattern-236550914-project-member] Store glance_store._drivers.swift.store.SingleTenantStore doesn't support updating dynamic storage capabilities. Please overwrite 'update_capabilities' method of the store to implement updating logics if needed. {{(pid=102989) update_capabilities /opt/stack/data/venv/lib/python3.12/site-packages/glance_store/capabilities.py:91}}
Aug 12 09:37:50.664662 np0000007031 devstack@g-api.service[102989]: DEBUG glance_store.driver [None req-fb33242e-4a53-4534-a12d-691def2e64cc tempest-TestStampPattern-236550914 tempest-TestStampPattern-236550914-project-member] Late loading location class glance_store._drivers.swift.store.StoreLocation {{(pid=102989) get_store_location_class /opt/stack/data/venv/lib/python3.12/site-packages/glance_store/driver.py:134}}
Aug 12 09:37:50.664793 np0000007031 devstack@g-api.service[102989]: DEBUG glance_store.location [None req-fb33242e-4a53-4534-a12d-691def2e64cc tempest-TestStampPattern-236550914 tempest-TestStampPattern-236550914-project-member] Registering scheme swift+https with {'store': , 'location_class': , 'store_entry': 'swift'} {{(pid=102989) register_scheme_map /opt/stack/data/venv/lib/python3.12/site-packages/glance_store/location.py:146}}
Aug 12 09:37:50.664901 np0000007031 devstack@g-api.service[102989]: DEBUG glance_store.location [None req-fb33242e-4a53-4534-a12d-691def2e64cc tempest-TestStampPattern-236550914 tempest-TestStampPattern-236550914-project-member] Registering scheme swift+https with {'store': , 'location_class': , 'store_entry': 'swift'} {{(pid=102989) register_scheme_map /opt/stack/data/venv/lib/python3.12/site-packages/glance_store/location.py:146}}
Aug 12 09:37:50.665006 np0000007031 devstack@g-api.service[102989]: DEBUG glance_store.location [None req-fb33242e-4a53-4534-a12d-691def2e64cc tempest-TestStampPattern-236550914 tempest-TestStampPattern-236550914-project-member] Registering scheme swift with {'store': , 'location_class': , 'store_entry': 'swift'} {{(pid=102989) register_scheme_map /opt/stack/data/venv/lib/python3.12/site-packages/glance_store/location.py:146}}
