Aug 12 09:36:42.770320 np0000007031 devstack@placement-api.service[93156]: INFO placement.requestlog [None req-a7f04f49-c0e8-47b7-b127-5f101f616b48 service placement] 10.4.3.221 "DELETE /placement/resource_providers/112689ac-cfa2-47f4-888a-072da6bc6529" status: 404 len: 246 microversion: 1.1
Aug 12 09:36:42.770730 np0000007031 devstack@placement-api.service[93156]: [pid: 93156|app: 0|req: 95/382] 10.4.3.221 () {68 vars in 1463 bytes} [Wed Aug 12 09:36:42 2026] DELETE /placement/resource_providers/112689ac-cfa2-47f4-888a-072da6bc6529 => generated 246 bytes in 9 msecs (HTTP/1.1 404) 6 headers in 231 bytes (1 switches on core 0)
Aug 12 09:36:43.141900 np0000007031 devstack@placement-api.service[93155]: DEBUG placement.requestlog [None req-71187444-fe55-42aa-bf62-b4dfe341ceb8 None None] Starting request: 10.4.3.221 "GET /placement/resource_providers/cdb841f9-e96d-4372-98fa-0ae2a553da9c/aggregates" {{(pid=93155) __call__ /opt/stack/placement/placement/requestlog.py:55}}
Aug 12 09:36:43.148545 np0000007031 devstack@placement-api.service[93155]: INFO placement.requestlog [None req-71187444-fe55-42aa-bf62-b4dfe341ceb8 service placement] 10.4.3.221 "GET /placement/resource_providers/cdb841f9-e96d-4372-98fa-0ae2a553da9c/aggregates" status: 404 len: 235 microversion: 1.1
Aug 12 09:36:43.148545 np0000007031 devstack@placement-api.service[93155]: [pid: 93155|app: 0|req: 97/383] 10.4.3.221 () {66 vars in 1474 bytes} [Wed Aug 12 09:36:43 2026] GET /placement/resource_providers/cdb841f9-e96d-4372-98fa-0ae2a553da9c/aggregates => generated 235 bytes in 7 msecs (HTTP/1.1 404) 5 headers in 202 bytes (1 switches on core 0)
Aug 12 09:36:43.198891 np0000007031 devstack@placement-api.service[93157]: DEBUG placement.requestlog [None req-c89e4ded-58d9-42bf-a8be-a76b22112607 None None] Starting request: 10.4.3.221 "DELETE /placement/resource_providers/cdb841f9-e96d-4372-98fa-0ae2a553da9c" {{(pid=93157) __call__ /opt/stack/placement/placement/requestlog.py:55}}
Aug 12 09:36:43.209157 np0000007031 devstack@placement-api.service[93157]: DEBUG placement.wsgi_wrapper [None req-c89e4ded-58d9-42bf-a8be-a76b22112607 service placement] Placement API returning an error response: No resource provider with uuid cdb841f9-e96d-4372-98fa-0ae2a553da9c found for delete {{(pid=93157) call_func /opt/stack/placement/placement/wsgi_wrapper.py:31}}
Aug 12 09:36:43.209789 np0000007031 devstack@placement-api.service[93157]: INFO placement.requestlog [None req-c89e4ded-58d9-42bf-a8be-a76b22112607 service placement] 10.4.3.221 "DELETE /placement/resource_providers/cdb841f9-e96d-4372-98fa-0ae2a553da9c" status: 404 len: 246 microversion: 1.1
Aug 12 09:36:43.210110 np0000007031 devstack@placement-api.service[93157]: [pid: 93157|app: 0|req: 97/384] 10.4.3.221 () {68 vars in 1463 bytes} [Wed Aug 12 09:36:43 2026] DELETE /placement/resource_providers/cdb841f9-e96d-4372-98fa-0ae2a553da9c => generated 246 bytes in 12 msecs (HTTP/1.1 404) 6 headers in 231 bytes (1 switches on core 0)
Aug 12 09:36:44.452253 np0000007031 devstack@placement-api.service[93154]: DEBUG placement.requestlog [None req-e8c5eb7e-15c9-4155-b12b-6f3232e0cd7a None None] Starting request: 10.4.3.221 "GET /placement/resource_providers/3f2fc579-d69d-4e88-aec4-7668d7ae8295/aggregates" {{(pid=93154) __call__ /opt/stack/placement/placement/requestlog.py:55}}
Aug 12 09:36:44.468049 np0000007031 devstack@placement-api.service[93154]: INFO placement.requestlog [None req-e8c5eb7e-15c9-4155-b12b-6f3232e0cd7a service placement] 10.4.3.221 "GET /placement/resource_providers/3f2fc579-d69d-4e88-aec4-7668d7ae8295/aggregates" status: 404 len: 235 microversion: 1.1
Aug 12 09:36:44.468220 np0000007031 devstack@placement-api.service[93154]: [pid: 93154|app: 0|req: 96/385] 10.4.3.221 () {66 vars in 1474 bytes} [Wed Aug 12 09:36:44 2026] GET /placement/resource_providers/3f2fc579-d69d-4e88-aec4-7668d7ae8295/aggregates => generated 235 bytes in 16 msecs (HTTP/1.1 404) 5 headers in 202 bytes (1 switches on core 0)
Aug 12 09:36:44.518903 np0000007031 devstack@placement-api.service[93156]: DEBUG placement.requestlog [None req-08af5f7b-2f92-48e9-a402-0440bbbde978 None None] Starting request: 10.4.3.221 "DELETE /placement/resource_providers/3f2fc579-d69d-4e88-aec4-7668d7ae8295" {{(pid=93156) __call__ /opt/stack/placement/placement/requestlog.py:55}}
Aug 12 09:36:44.526628 np0000007031 devstack@placement-api.service[93156]: DEBUG placement.wsgi_wrapper [None req-08af5f7b-2f92-48e9-a402-0440bbbde978 service placement] Placement API returning an error response: No resource provider with uuid 3f2fc579-d69d-4e88-aec4-7668d7ae8295 found for delete {{(pid=93156) call_func /opt/stack/placement/placement/wsgi_wrapper.py:31}}
Aug 12 09:36:44.527139 np0000007031 devstack@placement-api.service[93156]: INFO placement.requestlog [None req-08af5f7b-2f92-48e9-a402-0440bbbde978 service placement] 10.4.3.221 "DELETE /placement/resource_providers/3f2fc579-d69d-4e88-aec4-7668d7ae8295" status: 404 len: 246 microversion: 1.1
Aug 12 09:36:44.527572 np0000007031 devstack@placement-api.service[93156]: [pid: 93156|app: 0|req: 96/386] 10.4.3.221 () {68 vars in 1463 bytes} [Wed Aug 12 09:36:44 2026] DELETE /placement/resource_providers/3f2fc579-d69d-4e88-aec4-7668d7ae8295 => generated 246 bytes in 9 msecs (HTTP/1.1 404) 6 headers in 231 bytes (1 switches on core 0)
Aug 12 09:36:44.921778 np0000007031 devstack@placement-api.service[93155]: DEBUG placement.requestlog [req-4b3cb8c6-b80a-48e5-aaca-15540d16eb12 req-e1a8074b-b62d-4455-885d-5d6eb4ece1cd None None] Starting request: 10.4.3.221 "GET /placement/allocations/69fc03d9-7d5f-4b86-8948-272e0a22aba3" {{(pid=93155) __call__ /opt/stack/placement/placement/requestlog.py:55}}
Aug 12 09:36:44.930495 np0000007031 devstack@placement-api.service[93155]: DEBUG dbcounter [-] [93155] Writing DB stats placement:SELECT=87,placement:INSERT=9,placement:DELETE=4,placement:UPDATE=4 {{(pid=93155) stat_writer /opt/stack/data/venv/lib/python3.12/site-packages/dbcounter.py:115}}
Aug 12 09:36:44.934892 np0000007031 devstack@placement-api.service[93155]: INFO placement.requestlog [req-4b3cb8c6-b80a-48e5-aaca-15540d16eb12 req-e1a8074b-b62d-4455-885d-5d6eb4ece1cd service nova] 10.4.3.221 "GET /placement/allocations/69fc03d9-7d5f-4b86-8948-272e0a22aba3" status: 200 len: 244 microversion: 1.28
Aug 12 09:36:44.935312 np0000007031 devstack@placement-api.service[93155]: [pid: 93155|app: 0|req: 98/387] 10.4.3.221 () {68 vars in 1499 bytes} [Wed Aug 12 09:36:44 2026] GET /placement/allocations/69fc03d9-7d5f-4b86-8948-272e0a22aba3 => generated 244 bytes in 14 msecs (HTTP/1.1 200) 8 headers in 296 bytes (1 switches on core 0)
Aug 12 09:36:45.270389 np0000007031 devstack@placement-api.service[93157]: DEBUG placement.requestlog [None req-5b78ca26-aab0-429f-a0ac-1cad47c0a53d None None] Starting request: 10.4.3.221 "GET /placement/resource_providers/b604ed63-7ad3-4d52-9ec2-ebfdf7e99974/aggregates" {{(pid=93157) __call__ /opt/stack/placement/placement/requestlog.py:55}}
Aug 12 09:36:45.276617 np0000007031 devstack@placement-api.service[93157]: DEBUG dbcounter [-] [93157] Writing DB stats placement:SELECT=68,placement:DELETE=4 {{(pid=93157) stat_writer /opt/stack/data/venv/lib/python3.12/site-packages/dbcounter.py:115}}
Aug 12 09:36:45.282153 np0000007031 devstack@placement-api.service[93157]: INFO placement.requestlog [None req-5b78ca26-aab0-429f-a0ac-1cad47c0a53d service placement] 10.4.3.221 "GET /placement/resource_providers/b604ed63-7ad3-4d52-9ec2-ebfdf7e99974/aggregates" status: 404 len: 235 microversion: 1.1
Aug 12 09:36:45.282728 np0000007031 devstack@placement-api.service[93157]: [pid: 93157|app: 0|req: 98/388] 10.4.3.221 () {66 vars in 1474 bytes} [Wed Aug 12 09:36:45 2026] GET /placement/resource_providers/b604ed63-7ad3-4d52-9ec2-ebfdf7e99974/aggregates => generated 235 bytes in 12 msecs (HTTP/1.1 404) 5 headers in 202 bytes (1 switches on core 0)
Aug 12 09:36:45.340278 np0000007031 devstack@placement-api.service[93154]: DEBUG placement.requestlog [None req-9df9da00-0a70-4dd1-8193-3beb39a5ec29 None None] Starting request: 10.4.3.221 "DELETE /placement/resource_providers/b604ed63-7ad3-4d52-9ec2-ebfdf7e99974" {{(pid=93154) __call__ /opt/stack/placement/placement/requestlog.py:55}}
Aug 12 09:36:45.352857 np0000007031 devstack@placement-api.service[93154]: DEBUG placement.wsgi_wrapper [None req-9df9da00-0a70-4dd1-8193-3beb39a5ec29 service placement] Placement API returning an error response: No resource provider with uuid b604ed63-7ad3-4d52-9ec2-ebfdf7e99974 found for delete {{(pid=93154) call_func /opt/stack/placement/placement/wsgi_wrapper.py:31}}
Aug 12 09:36:45.353575 np0000007031 devstack@placement-api.service[93154]: INFO placement.requestlog [None req-9df9da00-0a70-4dd1-8193-3beb39a5ec29 service placement] 10.4.3.221 "DELETE /placement/resource_providers/b604ed63-7ad3-4d52-9ec2-ebfdf7e99974" status: 404 len: 246 microversion: 1.1
Aug 12 09:36:45.353770 np0000007031 devstack@placement-api.service[93154]: [pid: 93154|app: 0|req: 97/389] 10.4.3.221 () {68 vars in 1463 bytes} [Wed Aug 12 09:36:45 2026] DELETE /placement/resource_providers/b604ed63-7ad3-4d52-9ec2-ebfdf7e99974 => generated 246 bytes in 14 msecs (HTTP/1.1 404) 6 headers in 231 bytes (1 switches on core 0)
Aug 12 09:36:52.112212 np0000007031 devstack@placement-api.service[93156]: DEBUG placement.requestlog [req-3f56407d-c706-4d4a-b7fa-b4c76fa0cf36 req-a5e4faff-2468-4c47-8477-d3a1d46500d3 None None] Starting request: 10.4.3.221 "GET /placement/resource_providers/234dfdfb-8fce-42d5-8d42-c220384f7a1a/allocations" {{(pid=93156) __call__ /opt/stack/placement/placement/requestlog.py:55}}
Aug 12 09:36:52.136979 np0000007031 devstack@placement-api.service[93156]: INFO placement.requestlog [req-3f56407d-c706-4d4a-b7fa-b4c76fa0cf36 req-a5e4faff-2468-4c47-8477-d3a1d46500d3 service nova] 10.4.3.221 "GET /placement/resource_providers/234dfdfb-8fce-42d5-8d42-c220384f7a1a/allocations" status: 200 len: 711 microversion: 1.0
Aug 12 09:36:52.136979 np0000007031 devstack@placement-api.service[93156]: [pid: 93156|app: 0|req: 97/390] 10.4.3.221 () {66 vars in 1512 bytes} [Wed Aug 12 09:36:52 2026] GET /placement/resource_providers/234dfdfb-8fce-42d5-8d42-c220384f7a1a/allocations => generated 711 bytes in 25 msecs (HTTP/1.1 200) 6 headers in 224 bytes (1 switches on core 0)
Aug 12 09:36:52.211395 np0000007031 devstack@placement-api.service[93155]: DEBUG placement.requestlog [req-3f56407d-c706-4d4a-b7fa-b4c76fa0cf36 req-c8c867a4-6ad3-47fa-bac2-1ea0d173b8da None None] Starting request: 10.4.3.221 "GET /placement/allocations/1087a36f-59b0-4f26-b0b3-dbe800e30814" {{(pid=93155) __call__ /opt/stack/placement/placement/requestlog.py:55}}
Aug 12 09:36:52.223408 np0000007031 devstack@placement-api.service[93155]: INFO placement.requestlog [req-3f56407d-c706-4d4a-b7fa-b4c76fa0cf36 req-c8c867a4-6ad3-47fa-bac2-1ea0d173b8da service nova] 10.4.3.221 "GET /placement/allocations/1087a36f-59b0-4f26-b0b3-dbe800e30814" status: 200 len: 258 microversion: 1.28
Aug 12 09:36:52.223692 np0000007031 devstack@placement-api.service[93155]: [pid: 93155|app: 0|req: 99/391] 10.4.3.221 () {68 vars in 1499 bytes} [Wed Aug 12 09:36:52 2026] GET /placement/allocations/1087a36f-59b0-4f26-b0b3-dbe800e30814 => generated 258 bytes in 12 msecs (HTTP/1.1 200) 8 headers in 296 bytes (1 switches on core 0)
Aug 12 09:36:52.268463 np0000007031 devstack@placement-api.service[93157]: DEBUG placement.requestlog [req-3f56407d-c706-4d4a-b7fa-b4c76fa0cf36 req-bd2bc045-541b-421f-a754-f61a58241d60 None None] Starting request: 10.4.3.221 "GET /placement/allocations/d56f8c30-48a6-4faf-83da-9de09bb57b37" {{(pid=93157) __call__ /opt/stack/placement/placement/requestlog.py:55}}
Aug 12 09:36:52.278989 np0000007031 devstack@placement-api.service[93157]: INFO placement.requestlog [req-3f56407d-c706-4d4a-b7fa-b4c76fa0cf36 req-bd2bc045-541b-421f-a754-f61a58241d60 service nova] 10.4.3.221 "GET /placement/allocations/d56f8c30-48a6-4faf-83da-9de09bb57b37" status: 200 len: 244 microversion: 1.28
Aug 12 09:36:52.279259 np0000007031 devstack@placement-api.service[93157]: [pid: 93157|app: 0|req: 99/392] 10.4.3.221 () {68 vars in 1499 bytes} [Wed Aug 12 09:36:52 2026] GET /placement/allocations/d56f8c30-48a6-4faf-83da-9de09bb57b37 => generated 244 bytes in 11 msecs (HTTP/1.1 200) 8 headers in 296 bytes (1 switches on core 0)
Aug 12 09:36:52.321575 np0000007031 devstack@placement-api.service[93154]: DEBUG placement.requestlog [req-3f56407d-c706-4d4a-b7fa-b4c76fa0cf36 req-fe024a6c-997c-4b9d-ab7c-8a10d4f228bf None None] Starting request: 10.4.3.221 "GET /placement/allocations/4eb9f16d-1221-4dbf-9429-2ed8c0b3619f" {{(pid=93154) __call__ /opt/stack/placement/placement/requestlog.py:55}}
Aug 12 09:36:52.329961 np0000007031 devstack@placement-api.service[93154]: INFO placement.requestlog [req-3f56407d-c706-4d4a-b7fa-b4c76fa0cf36 req-fe024a6c-997c-4b9d-ab7c-8a10d4f228bf service nova] 10.4.3.221 "GET /placement/allocations/4eb9f16d-1221-4dbf-9429-2ed8c0b3619f" status: 200 len: 258 microversion: 1.28
Aug 12 09:36:52.330764 np0000007031 devstack@placement-api.service[93154]: [pid: 93154|app: 0|req: 98/393] 10.4.3.221 () {68 vars in 1499 bytes} [Wed Aug 12 09:36:52 2026] GET /placement/allocations/4eb9f16d-1221-4dbf-9429-2ed8c0b3619f => generated 258 bytes in 9 msecs (HTTP/1.1 200) 8 headers in 296 bytes (1 switches on core 0)
Aug 12 09:36:52.422988 np0000007031 devstack@placement-api.service[93156]: DEBUG placement.requestlog [req-3f56407d-c706-4d4a-b7fa-b4c76fa0cf36 req-75808369-d427-4c23-88db-afbedfc94f61 None None] Starting request: 10.4.3.221 "GET /placement/allocations/dd3720e0-c097-4ede-aeb6-f477ec023519" {{(pid=93156) __call__ /opt/stack/placement/placement/requestlog.py:55}}
Aug 12 09:36:52.443004 np0000007031 devstack@placement-api.service[93156]: INFO placement.requestlog [req-3f56407d-c706-4d4a-b7fa-b4c76fa0cf36 req-75808369-d427-4c23-88db-afbedfc94f61 service nova] 10.4.3.221 "GET /placement/allocations/dd3720e0-c097-4ede-aeb6-f477ec023519" status: 200 len: 258 microversion: 1.28
Aug 12 09:36:52.443136 np0000007031 devstack@placement-api.service[93156]: [pid: 93156|app: 0|req: 98/394] 10.4.3.221 () {68 vars in 1499 bytes} [Wed Aug 12 09:36:52 2026] GET /placement/allocations/dd3720e0-c097-4ede-aeb6-f477ec023519 => generated 258 bytes in 20 msecs (HTTP/1.1 200) 8 headers in 296 bytes (1 switches on core 0)
Aug 12 09:36:52.488467 np0000007031 devstack@placement-api.service[93155]: DEBUG placement.requestlog [req-3f56407d-c706-4d4a-b7fa-b4c76fa0cf36 req-549bcd6c-f737-49e4-86c6-916723cbf670 None None] Starting request: 10.4.3.221 "GET /placement/allocations/2459b45b-6b39-4485-a619-b785f4754ecc" {{(pid=93155) __call__ /opt/stack/placement/placement/requestlog.py:55}}
Aug 12 09:36:52.499533 np0000007031 devstack@placement-api.service[93157]: DEBUG placement.requestlog [None req-3b6e4fc1-fbe1-43ea-be58-52d0433b0397 None None] Starting request: 10.4.3.221 "GET /placement/resource_providers/d3d11600-1db9-4865-b6cc-e495a4a708df/aggregates" {{(pid=93157) __call__ /opt/stack/placement/placement/requestlog.py:55}}
Aug 12 09:36:52.507368 np0000007031 devstack@placement-api.service[93157]: INFO placement.requestlog [None req-3b6e4fc1-fbe1-43ea-be58-52d0433b0397 service placement] 10.4.3.221 "GET /placement/resource_providers/d3d11600-1db9-4865-b6cc-e495a4a708df/aggregates" status: 404 len: 235 microversion: 1.1
Aug 12 09:36:52.508302 np0000007031 devstack@placement-api.service[93157]: [pid: 93157|app: 0|req: 100/395] 10.4.3.221 () {66 vars in 1474 bytes} [Wed Aug 12 09:36:52 2026] GET /placement/resource_providers/d3d11600-1db9-4865-b6cc-e495a4a708df/aggregates => generated 235 bytes in 9 msecs (HTTP/1.1 404) 5 headers in 202 bytes (1 switches on core 0)
Aug 12 09:36:52.514740 np0000007031 devstack@placement-api.service[93155]: INFO placement.requestlog [req-3f56407d-c706-4d4a-b7fa-b4c76fa0cf36 req-549bcd6c-f737-49e4-86c6-916723cbf670 service nova] 10.4.3.221 "GET /placement/allocations/2459b45b-6b39-4485-a619-b785f4754ecc" status: 200 len: 258 microversion: 1.28
Aug 12 09:36:52.515047 np0000007031 devstack@placement-api.service[93155]: [pid: 93155|app: 0|req: 100/396] 10.4.3.221 () {68 vars in 1499 bytes} [Wed Aug 12 09:36:52 2026] GET /placement/allocations/2459b45b-6b39-4485-a619-b785f4754ecc => generated 258 bytes in 27 msecs (HTTP/1.1 200) 8 headers in 296 bytes (1 switches on core 0)
Aug 12 09:36:52.565760 np0000007031 devstack@placement-api.service[93154]: DEBUG placement.requestlog [None req-d7d6824d-d5a2-4c53-ba51-9e4278b9f9d0 None None] Starting request: 10.4.3.221 "DELETE /placement/resource_providers/d3d11600-1db9-4865-b6cc-e495a4a708df" {{(pid=93154) __call__ /opt/stack/placement/placement/requestlog.py:55}}
Aug 12 09:36:52.575114 np0000007031 devstack@placement-api.service[93154]: DEBUG placement.wsgi_wrapper [None req-d7d6824d-d5a2-4c53-ba51-9e4278b9f9d0 service placement] Placement API returning an error response: No resource provider with uuid d3d11600-1db9-4865-b6cc-e495a4a708df found for delete {{(pid=93154) call_func /opt/stack/placement/placement/wsgi_wrapper.py:31}}
Aug 12 09:36:52.575114 np0000007031 devstack@placement-api.service[93154]: INFO placement.requestlog [None req-d7d6824d-d5a2-4c53-ba51-9e4278b9f9d0 service placement] 10.4.3.221 "DELETE /placement/resource_providers/d3d11600-1db9-4865-b6cc-e495a4a708df" status: 404 len: 246 microversion: 1.1
Aug 12 09:36:52.575114 np0000007031 devstack@placement-api.service[93154]: [pid: 93154|app: 0|req: 99/397] 10.4.3.221 () {68 vars in 1463 bytes} [Wed Aug 12 09:36:52 2026] DELETE /placement/resource_providers/d3d11600-1db9-4865-b6cc-e495a4a708df => generated 246 bytes in 10 msecs (HTTP/1.1 404) 6 headers in 231 bytes (1 switches on core 0)
Aug 12 09:36:52.597299 np0000007031 devstack@placement-api.service[93156]: DEBUG placement.requestlog [req-3f56407d-c706-4d4a-b7fa-b4c76fa0cf36 req-edab88f5-7d1d-4e4e-89cc-8e15bda3f3cb None None] Starting request: 10.4.3.221 "GET /placement/allocations/ab003b4a-ec3b-4891-8e01-61480340c450" {{(pid=93156) __call__ /opt/stack/placement/placement/requestlog.py:55}}
Aug 12 09:36:52.613356 np0000007031 devstack@placement-api.service[93156]: INFO placement.requestlog [req-3f56407d-c706-4d4a-b7fa-b4c76fa0cf36 req-edab88f5-7d1d-4e4e-89cc-8e15bda3f3cb service nova] 10.4.3.221 "GET /placement/allocations/ab003b4a-ec3b-4891-8e01-61480340c450" status: 200 len: 244 microversion: 1.28
Aug 12 09:36:52.613568 np0000007031 devstack@placement-api.service[93156]: [pid: 93156|app: 0|req: 99/398] 10.4.3.221 () {68 vars in 1499 bytes} [Wed Aug 12 09:36:52 2026] GET /placement/allocations/ab003b4a-ec3b-4891-8e01-61480340c450 => generated 244 bytes in 16 msecs (HTTP/1.1 200) 8 headers in 296 bytes (1 switches on core 0)
Aug 12 09:36:52.680289 np0000007031 devstack@placement-api.service[93157]: DEBUG placement.requestlog [req-3f56407d-c706-4d4a-b7fa-b4c76fa0cf36 req-e6c6e6f1-d67d-438c-999a-600f311ad427 None None] Starting request: 10.4.3.221 "GET /placement/allocations/69fc03d9-7d5f-4b86-8948-272e0a22aba3" {{(pid=93157) __call__ /opt/stack/placement/placement/requestlog.py:55}}
Aug 12 09:36:52.689874 np0000007031 devstack@placement-api.service[93157]: INFO placement.requestlog [req-3f56407d-c706-4d4a-b7fa-b4c76fa0cf36 req-e6c6e6f1-d67d-438c-999a-600f311ad427 service nova] 10.4.3.221 "GET /placement/allocations/69fc03d9-7d5f-4b86-8948-272e0a22aba3" status: 200 len: 244 microversion: 1.28
Aug 12 09:36:52.690143 np0000007031 devstack@placement-api.service[93157]: [pid: 93157|app: 0|req: 101/399] 10.4.3.221 () {68 vars in 1499 bytes} [Wed Aug 12 09:36:52 2026] GET /placement/allocations/69fc03d9-7d5f-4b86-8948-272e0a22aba3 => generated 244 bytes in 10 msecs (HTTP/1.1 200) 8 headers in 296 bytes (1 switches on core 0)
Aug 12 09:36:52.820987 np0000007031 devstack@placement-api.service[93155]: DEBUG placement.requestlog [req-3f56407d-c706-4d4a-b7fa-b4c76fa0cf36 req-55d679f2-d7e3-496b-9b82-eff87f37d943 None None] Starting request: 10.4.3.221 "DELETE /placement/allocations/ab003b4a-ec3b-4891-8e01-61480340c450" {{(pid=93155) __call__ /opt/stack/placement/placement/requestlog.py:55}}
Aug 12 09:36:52.851157 np0000007031 devstack@placement-api.service[93155]: DEBUG placement.handlers.allocation [req-3f56407d-c706-4d4a-b7fa-b4c76fa0cf36 req-55d679f2-d7e3-496b-9b82-eff87f37d943 service nova] Successfully deleted allocations [, ] {{(pid=93155) delete_allocations /opt/stack/placement/placement/handlers/allocation.py:627}}
Aug 12 09:36:52.851425 np0000007031 devstack@placement-api.service[93155]: INFO placement.requestlog [req-3f56407d-c706-4d4a-b7fa-b4c76fa0cf36 req-55d679f2-d7e3-496b-9b82-eff87f37d943 service nova] 10.4.3.221 "DELETE /placement/allocations/ab003b4a-ec3b-4891-8e01-61480340c450" status: 204 len: 0 microversion: 1.0
Aug 12 09:36:52.851847 np0000007031 devstack@placement-api.service[93155]: [pid: 93155|app: 0|req: 101/400] 10.4.3.221 () {68 vars in 1477 bytes} [Wed Aug 12 09:36:52 2026] DELETE /placement/allocations/ab003b4a-ec3b-4891-8e01-61480340c450 => generated 0 bytes in 31 msecs (HTTP/1.1 204) 5 headers in 198 bytes (1 switches on core 0)
Aug 12 09:36:53.329910 np0000007031 devstack@placement-api.service[93154]: DEBUG placement.requestlog [req-eae9ba96-99d6-4e68-a3c2-5a5886325245 req-7cf0ac42-04ce-4a29-86f6-e449237b52fd None None] Starting request: 10.4.3.221 "GET /placement/resource_providers/234dfdfb-8fce-42d5-8d42-c220384f7a1a/allocations" {{(pid=93154) __call__ /opt/stack/placement/placement/requestlog.py:55}}
Aug 12 09:36:53.345232 np0000007031 devstack@placement-api.service[93154]: INFO placement.requestlog [req-eae9ba96-99d6-4e68-a3c2-5a5886325245 req-7cf0ac42-04ce-4a29-86f6-e449237b52fd service nova] 10.4.3.221 "GET /placement/resource_providers/234dfdfb-8fce-42d5-8d42-c220384f7a1a/allocations" status: 200 len: 625 microversion: 1.0
Aug 12 09:36:53.345649 np0000007031 devstack@placement-api.service[93154]: [pid: 93154|app: 0|req: 100/401] 10.4.3.221 () {66 vars in 1512 bytes} [Wed Aug 12 09:36:53 2026] GET /placement/resource_providers/234dfdfb-8fce-42d5-8d42-c220384f7a1a/allocations => generated 625 bytes in 16 msecs (HTTP/1.1 200) 6 headers in 224 bytes (1 switches on core 0)
Aug 12 09:36:53.374521 np0000007031 devstack@placement-api.service[93156]: DEBUG placement.requestlog [req-4506ccdb-0a81-4b69-ad99-23b380f59f17 req-3a3a9185-3a1d-42af-b158-053b09658594 None None] Starting request: 10.4.3.221 "GET /placement/allocation_candidates?limit=1000&resources=DISK_GB%3A1%2CMEMORY_MB%3A192%2CVCPU%3A1&root_required=%21COMPUTE_STATUS_DISABLED" {{(pid=93156) __call__ /opt/stack/placement/placement/requestlog.py:55}}
Aug 12 09:36:53.399356 np0000007031 devstack@placement-api.service[93157]: DEBUG placement.requestlog [req-eae9ba96-99d6-4e68-a3c2-5a5886325245 req-10351d13-96bb-4a2d-8c8a-eddfcfbf54b1 None None] Starting request: 10.4.3.221 "GET /placement/allocations/1087a36f-59b0-4f26-b0b3-dbe800e30814" {{(pid=93157) __call__ /opt/stack/placement/placement/requestlog.py:55}}
Aug 12 09:36:53.400594 np0000007031 devstack@placement-api.service[93156]: DEBUG placement.objects.research_context [req-4506ccdb-0a81-4b69-ad99-23b380f59f17 req-3a3a9185-3a1d-42af-b158-053b09658594 service nova] getting providers with 1 DISK_GB {{(pid=93156) __init__ /opt/stack/placement/placement/objects/research_context.py:137}}
Aug 12 09:36:53.405368 np0000007031 devstack@placement-api.service[93156]: DEBUG placement.objects.research_context [req-4506ccdb-0a81-4b69-ad99-23b380f59f17 req-3a3a9185-3a1d-42af-b158-053b09658594 service nova] getting providers with 192 MEMORY_MB {{(pid=93156) __init__ /opt/stack/placement/placement/objects/research_context.py:137}}
Aug 12 09:36:53.410882 np0000007031 devstack@placement-api.service[93156]: DEBUG placement.objects.research_context [req-4506ccdb-0a81-4b69-ad99-23b380f59f17 req-3a3a9185-3a1d-42af-b158-053b09658594 service nova] getting providers with 1 VCPU {{(pid=93156) __init__ /opt/stack/placement/placement/objects/research_context.py:137}}
Aug 12 09:36:53.418602 np0000007031 devstack@placement-api.service[93156]: DEBUG placement.objects.research_context [req-4506ccdb-0a81-4b69-ad99-23b380f59f17 req-3a3a9185-3a1d-42af-b158-053b09658594 service nova] found 1 providers with available 1 DISK_GB {{(pid=93156) get_provider_ids_matching /opt/stack/placement/placement/objects/research_context.py:566}}
Aug 12 09:36:53.418776 np0000007031 devstack@placement-api.service[93156]: DEBUG placement.objects.research_context [req-4506ccdb-0a81-4b69-ad99-23b380f59f17 req-3a3a9185-3a1d-42af-b158-053b09658594 service nova] found 1 providers with available 192 MEMORY_MB {{(pid=93156) get_provider_ids_matching /opt/stack/placement/placement/objects/research_context.py:566}}
Aug 12 09:36:53.418956 np0000007031 devstack@placement-api.service[93156]: DEBUG placement.objects.research_context [req-4506ccdb-0a81-4b69-ad99-23b380f59f17 req-3a3a9185-3a1d-42af-b158-053b09658594 service nova] found 1 providers after filtering by previous result {{(pid=93156) get_provider_ids_matching /opt/stack/placement/placement/objects/research_context.py:597}}
Aug 12 09:36:53.419099 np0000007031 devstack@placement-api.service[93156]: DEBUG placement.objects.research_context [req-4506ccdb-0a81-4b69-ad99-23b380f59f17 req-3a3a9185-3a1d-42af-b158-053b09658594 service nova] found 1 providers with available 1 VCPU {{(pid=93156) get_provider_ids_matching /opt/stack/placement/placement/objects/research_context.py:566}}
Aug 12 09:36:53.419239 np0000007031 devstack@placement-api.service[93156]: DEBUG placement.objects.research_context [req-4506ccdb-0a81-4b69-ad99-23b380f59f17 req-3a3a9185-3a1d-42af-b158-053b09658594 service nova] found 1 providers after filtering by previous result {{(pid=93156) get_provider_ids_matching /opt/stack/placement/placement/objects/research_context.py:597}}
Aug 12 09:36:53.427304 np0000007031 devstack@placement-api.service[93157]: INFO placement.requestlog [req-eae9ba96-99d6-4e68-a3c2-5a5886325245 req-10351d13-96bb-4a2d-8c8a-eddfcfbf54b1 service nova] 10.4.3.221 "GET /placement/allocations/1087a36f-59b0-4f26-b0b3-dbe800e30814" status: 200 len: 258 microversion: 1.28
Aug 12 09:36:53.427304 np0000007031 devstack@placement-api.service[93157]: [pid: 93157|app: 0|req: 102/402] 10.4.3.221 () {68 vars in 1499 bytes} [Wed Aug 12 09:36:53 2026] GET /placement/allocations/1087a36f-59b0-4f26-b0b3-dbe800e30814 => generated 258 bytes in 28 msecs (HTTP/1.1 200) 8 headers in 296 bytes (1 switches on core 0)
Aug 12 09:36:53.431260 np0000007031 devstack@placement-api.service[93156]: DEBUG placement.objects.allocation_candidate [req-4506ccdb-0a81-4b69-ad99-23b380f59f17 req-3a3a9185-3a1d-42af-b158-053b09658594 service nova] RequestGroup(use_same_provider=False, resources={DISK_GB:1, MEMORY_MB:192, VCPU:1}, traits=(), aggregates=[]) (suffix '') returned 1 matches {{(pid=93156) _get_by_requests /opt/stack/placement/placement/objects/allocation_candidate.py:158}}
Aug 12 09:36:53.431260 np0000007031 devstack@placement-api.service[93156]: DEBUG placement.objects.allocation_candidate [req-4506ccdb-0a81-4b69-ad99-23b380f59f17 req-3a3a9185-3a1d-42af-b158-053b09658594 service nova] Merging candidates yields 1 allocation requests and 1 provider summaries {{(pid=93156) _merge_candidates /opt/stack/placement/placement/objects/allocation_candidate.py:973}}
Aug 12 09:36:53.432868 np0000007031 devstack@placement-api.service[93156]: INFO placement.requestlog [req-4506ccdb-0a81-4b69-ad99-23b380f59f17 req-3a3a9185-3a1d-42af-b158-053b09658594 service nova] 10.4.3.221 "GET /placement/allocation_candidates?limit=1000&resources=DISK_GB%3A1%2CMEMORY_MB%3A192%2CVCPU%3A1&root_required=%21COMPUTE_STATUS_DISABLED" status: 200 len: 2493 microversion: 1.36
Aug 12 09:36:53.433164 np0000007031 devstack@placement-api.service[93156]: [pid: 93156|app: 0|req: 100/403] 10.4.3.221 () {68 vars in 1625 bytes} [Wed Aug 12 09:36:53 2026] GET /placement/allocation_candidates?limit=1000&resources=DISK_GB%3A1%2CMEMORY_MB%3A192%2CVCPU%3A1&root_required=%21COMPUTE_STATUS_DISABLED => generated 2493 bytes in 60 msecs (HTTP/1.1 200) 8 headers in 297 bytes (1 switches on core 0)
Aug 12 09:36:53.434086 np0000007031 devstack@placement-api.service[93155]: DEBUG placement.requestlog [None req-46f5bb2b-170b-483d-9821-f92eedec2428 None None] Starting request: 10.4.3.221 "GET /placement/resource_providers/3ef5ba84-3920-4830-a813-c7f20f9dac1b/aggregates" {{(pid=93155) __call__ /opt/stack/placement/placement/requestlog.py:55}}
Aug 12 09:36:53.442595 np0000007031 devstack@placement-api.service[93155]: INFO placement.requestlog [None req-46f5bb2b-170b-483d-9821-f92eedec2428 service placement] 10.4.3.221 "GET /placement/resource_providers/3ef5ba84-3920-4830-a813-c7f20f9dac1b/aggregates" status: 404 len: 235 microversion: 1.1
Aug 12 09:36:53.443261 np0000007031 devstack@placement-api.service[93155]: [pid: 93155|app: 0|req: 102/404] 10.4.3.221 () {66 vars in 1474 bytes} [Wed Aug 12 09:36:53 2026] GET /placement/resource_providers/3ef5ba84-3920-4830-a813-c7f20f9dac1b/aggregates => generated 235 bytes in 9 msecs (HTTP/1.1 404) 5 headers in 202 bytes (1 switches on core 0)
Aug 12 09:36:53.477431 np0000007031 devstack@placement-api.service[93154]: DEBUG placement.requestlog [req-eae9ba96-99d6-4e68-a3c2-5a5886325245 req-409a3a28-130c-4f2a-9e97-a4ac0bca021a None None] Starting request: 10.4.3.221 "GET /placement/allocations/4eb9f16d-1221-4dbf-9429-2ed8c0b3619f" {{(pid=93154) __call__ /opt/stack/placement/placement/requestlog.py:55}}
Aug 12 09:36:53.488446 np0000007031 devstack@placement-api.service[93157]: DEBUG placement.requestlog [None req-f9ed73e1-7b4d-490e-bf52-721725fb3db7 None None] Starting request: 10.4.3.221 "DELETE /placement/resource_providers/3ef5ba84-3920-4830-a813-c7f20f9dac1b" {{(pid=93157) __call__ /opt/stack/placement/placement/requestlog.py:55}}
Aug 12 09:36:53.494111 np0000007031 devstack@placement-api.service[93154]: INFO placement.requestlog [req-eae9ba96-99d6-4e68-a3c2-5a5886325245 req-409a3a28-130c-4f2a-9e97-a4ac0bca021a service nova] 10.4.3.221 "GET /placement/allocations/4eb9f16d-1221-4dbf-9429-2ed8c0b3619f" status: 200 len: 258 microversion: 1.28
Aug 12 09:36:53.494739 np0000007031 devstack@placement-api.service[93154]: [pid: 93154|app: 0|req: 101/405] 10.4.3.221 () {68 vars in 1499 bytes} [Wed Aug 12 09:36:53 2026] GET /placement/allocations/4eb9f16d-1221-4dbf-9429-2ed8c0b3619f => generated 258 bytes in 17 msecs (HTTP/1.1 200) 8 headers in 296 bytes (1 switches on core 0)
Aug 12 09:36:53.495498 np0000007031 devstack@placement-api.service[93157]: DEBUG placement.wsgi_wrapper [None req-f9ed73e1-7b4d-490e-bf52-721725fb3db7 service placement] Placement API returning an error response: No resource provider with uuid 3ef5ba84-3920-4830-a813-c7f20f9dac1b found for delete {{(pid=93157) call_func /opt/stack/placement/placement/wsgi_wrapper.py:31}}
Aug 12 09:36:53.496095 np0000007031 devstack@placement-api.service[93157]: INFO placement.requestlog [None req-f9ed73e1-7b4d-490e-bf52-721725fb3db7 service placement] 10.4.3.221 "DELETE /placement/resource_providers/3ef5ba84-3920-4830-a813-c7f20f9dac1b" status: 404 len: 246 microversion: 1.1
Aug 12 09:36:53.496533 np0000007031 devstack@placement-api.service[93157]: [pid: 93157|app: 0|req: 103/406] 10.4.3.221 () {68 vars in 1463 bytes} [Wed Aug 12 09:36:53 2026] DELETE /placement/resource_providers/3ef5ba84-3920-4830-a813-c7f20f9dac1b => generated 246 bytes in 8 msecs (HTTP/1.1 404) 6 headers in 231 bytes (1 switches on core 0)
Aug 12 09:36:53.514869 np0000007031 devstack@placement-api.service[93156]: DEBUG placement.requestlog [req-4506ccdb-0a81-4b69-ad99-23b380f59f17 req-4bc75538-9dd7-4422-b052-82882e47c9b1 None None] Starting request: 10.4.3.221 "GET /placement/allocations/6f400fcc-12e9-4dbb-a71d-e30d2f9a5001" {{(pid=93156) __call__ /opt/stack/placement/placement/requestlog.py:55}}
Aug 12 09:36:53.524047 np0000007031 devstack@placement-api.service[93156]: INFO placement.requestlog [req-4506ccdb-0a81-4b69-ad99-23b380f59f17 req-4bc75538-9dd7-4422-b052-82882e47c9b1 service nova] 10.4.3.221 "GET /placement/allocations/6f400fcc-12e9-4dbb-a71d-e30d2f9a5001" status: 200 len: 19 microversion: 1.28
Aug 12 09:36:53.524300 np0000007031 devstack@placement-api.service[93156]: [pid: 93156|app: 0|req: 101/407] 10.4.3.221 () {68 vars in 1501 bytes} [Wed Aug 12 09:36:53 2026] GET /placement/allocations/6f400fcc-12e9-4dbb-a71d-e30d2f9a5001 => generated 19 bytes in 9 msecs (HTTP/1.1 200) 8 headers in 295 bytes (1 switches on core 0)
Aug 12 09:36:53.535382 np0000007031 devstack@placement-api.service[93155]: DEBUG placement.requestlog [req-eae9ba96-99d6-4e68-a3c2-5a5886325245 req-53464168-77f1-4d79-a73a-f14bf14698a3 None None] Starting request: 10.4.3.221 "GET /placement/allocations/dd3720e0-c097-4ede-aeb6-f477ec023519" {{(pid=93155) __call__ /opt/stack/placement/placement/requestlog.py:55}}
Aug 12 09:36:53.558569 np0000007031 devstack@placement-api.service[93155]: INFO placement.requestlog [req-eae9ba96-99d6-4e68-a3c2-5a5886325245 req-53464168-77f1-4d79-a73a-f14bf14698a3 service nova] 10.4.3.221 "GET /placement/allocations/dd3720e0-c097-4ede-aeb6-f477ec023519" status: 200 len: 258 microversion: 1.28
Aug 12 09:36:53.559870 np0000007031 devstack@placement-api.service[93155]: [pid: 93155|app: 0|req: 103/408] 10.4.3.221 () {68 vars in 1499 bytes} [Wed Aug 12 09:36:53 2026] GET /placement/allocations/dd3720e0-c097-4ede-aeb6-f477ec023519 => generated 258 bytes in 25 msecs (HTTP/1.1 200) 8 headers in 296 bytes (1 switches on core 0)
Aug 12 09:36:53.578886 np0000007031 devstack@placement-api.service[93154]: DEBUG placement.requestlog [req-4506ccdb-0a81-4b69-ad99-23b380f59f17 req-dc6114a5-6a0f-483d-83ee-c8cd202cf9eb None None] Starting request: 10.4.3.221 "PUT /placement/allocations/6f400fcc-12e9-4dbb-a71d-e30d2f9a5001" {{(pid=93154) __call__ /opt/stack/placement/placement/requestlog.py:55}}
Aug 12 09:36:53.606298 np0000007031 devstack@placement-api.service[93157]: DEBUG placement.requestlog [req-eae9ba96-99d6-4e68-a3c2-5a5886325245 req-301e23df-d84a-4c61-aa22-6a6946783bf1 None None] Starting request: 10.4.3.221 "GET /placement/allocations/2459b45b-6b39-4485-a619-b785f4754ecc" {{(pid=93157) __call__ /opt/stack/placement/placement/requestlog.py:55}}
Aug 12 09:36:53.618756 np0000007031 devstack@placement-api.service[93157]: INFO placement.requestlog [req-eae9ba96-99d6-4e68-a3c2-5a5886325245 req-301e23df-d84a-4c61-aa22-6a6946783bf1 service nova] 10.4.3.221 "GET /placement/allocations/2459b45b-6b39-4485-a619-b785f4754ecc" status: 200 len: 258 microversion: 1.28
Aug 12 09:36:53.619459 np0000007031 devstack@placement-api.service[93157]: [pid: 93157|app: 0|req: 104/409] 10.4.3.221 () {68 vars in 1499 bytes} [Wed Aug 12 09:36:53 2026] GET /placement/allocations/2459b45b-6b39-4485-a619-b785f4754ecc => generated 258 bytes in 13 msecs (HTTP/1.1 200) 8 headers in 296 bytes (1 switches on core 0)
Aug 12 09:36:53.641026 np0000007031 devstack@placement-api.service[93154]: DEBUG placement.handlers.allocation [req-4506ccdb-0a81-4b69-ad99-23b380f59f17 req-dc6114a5-6a0f-483d-83ee-c8cd202cf9eb service nova] Successfully wrote allocations [, , ] {{(pid=93154) _update_consumers_and_create_allocations /opt/stack/placement/placement/handlers/allocation.py:462}}
Aug 12 09:36:53.645133 np0000007031 devstack@placement-api.service[93154]: INFO placement.requestlog [req-4506ccdb-0a81-4b69-ad99-23b380f59f17 req-dc6114a5-6a0f-483d-83ee-c8cd202cf9eb service nova] 10.4.3.221 "PUT /placement/allocations/6f400fcc-12e9-4dbb-a71d-e30d2f9a5001" status: 204 len: 0 microversion: 1.36
Aug 12 09:36:53.645484 np0000007031 devstack@placement-api.service[93154]: [pid: 93154|app: 0|req: 102/410] 10.4.3.221 () {72 vars in 1554 bytes} [Wed Aug 12 09:36:53 2026] PUT /placement/allocations/6f400fcc-12e9-4dbb-a71d-e30d2f9a5001 => generated 0 bytes in 67 msecs (HTTP/1.1 204) 5 headers in 199 bytes (1 switches on core 0)
Aug 12 09:36:53.695813 np0000007031 devstack@placement-api.service[93156]: DEBUG placement.requestlog [req-eae9ba96-99d6-4e68-a3c2-5a5886325245 req-d147d293-156a-426e-b36f-cf17c2437053 None None] Starting request: 10.4.3.221 "GET /placement/allocations/d56f8c30-48a6-4faf-83da-9de09bb57b37" {{(pid=93156) __call__ /opt/stack/placement/placement/requestlog.py:55}}
Aug 12 09:36:53.706687 np0000007031 devstack@placement-api.service[93156]: INFO placement.requestlog [req-eae9ba96-99d6-4e68-a3c2-5a5886325245 req-d147d293-156a-426e-b36f-cf17c2437053 service nova] 10.4.3.221 "GET /placement/allocations/d56f8c30-48a6-4faf-83da-9de09bb57b37" status: 200 len: 244 microversion: 1.28
Aug 12 09:36:53.706930 np0000007031 devstack@placement-api.service[93156]: [pid: 93156|app: 0|req: 102/411] 10.4.3.221 () {68 vars in 1499 bytes} [Wed Aug 12 09:36:53 2026] GET /placement/allocations/d56f8c30-48a6-4faf-83da-9de09bb57b37 => generated 244 bytes in 11 msecs (HTTP/1.1 200) 8 headers in 296 bytes (2 switches on core 0)
Aug 12 09:36:53.765736 np0000007031 devstack@placement-api.service[93155]: DEBUG placement.requestlog [req-eae9ba96-99d6-4e68-a3c2-5a5886325245 req-b76f25df-efb1-4c1d-bc0e-d51fe1856a0c None None] Starting request: 10.4.3.221 "GET /placement/allocations/69fc03d9-7d5f-4b86-8948-272e0a22aba3" {{(pid=93155) __call__ /opt/stack/placement/placement/requestlog.py:55}}
Aug 12 09:36:53.776520 np0000007031 devstack@placement-api.service[93155]: INFO placement.requestlog [req-eae9ba96-99d6-4e68-a3c2-5a5886325245 req-b76f25df-efb1-4c1d-bc0e-d51fe1856a0c service nova] 10.4.3.221 "GET /placement/allocations/69fc03d9-7d5f-4b86-8948-272e0a22aba3" status: 200 len: 244 microversion: 1.28
Aug 12 09:36:53.776970 np0000007031 devstack@placement-api.service[93155]: [pid: 93155|app: 0|req: 104/412] 10.4.3.221 () {68 vars in 1499 bytes} [Wed Aug 12 09:36:53 2026] GET /placement/allocations/69fc03d9-7d5f-4b86-8948-272e0a22aba3 => generated 244 bytes in 14 msecs (HTTP/1.1 200) 8 headers in 296 bytes (2 switches on core 0)
Aug 12 09:36:53.926948 np0000007031 devstack@placement-api.service[93157]: DEBUG placement.requestlog [req-4506ccdb-0a81-4b69-ad99-23b380f59f17 req-d1824b19-8cf3-4c71-9f85-ea154a73b9bb None None] Starting request: 10.4.3.221 "GET /placement/allocations/6f400fcc-12e9-4dbb-a71d-e30d2f9a5001" {{(pid=93157) __call__ /opt/stack/placement/placement/requestlog.py:55}}
Aug 12 09:36:53.940204 np0000007031 devstack@placement-api.service[93157]: INFO placement.requestlog [req-4506ccdb-0a81-4b69-ad99-23b380f59f17 req-d1824b19-8cf3-4c71-9f85-ea154a73b9bb service nova] 10.4.3.221 "GET /placement/allocations/6f400fcc-12e9-4dbb-a71d-e30d2f9a5001" status: 200 len: 258 microversion: 1.28
Aug 12 09:36:53.940204 np0000007031 devstack@placement-api.service[93157]: [pid: 93157|app: 0|req: 105/413] 10.4.3.221 () {68 vars in 1499 bytes} [Wed Aug 12 09:36:53 2026] GET /placement/allocations/6f400fcc-12e9-4dbb-a71d-e30d2f9a5001 => generated 258 bytes in 13 msecs (HTTP/1.1 200) 8 headers in 296 bytes (1 switches on core 0)
Aug 12 09:36:53.990265 np0000007031 devstack@placement-api.service[93154]: DEBUG placement.requestlog [req-eae9ba96-99d6-4e68-a3c2-5a5886325245 req-d0bdd22c-65fe-4820-93d6-d6ee2984858b None None] Starting request: 10.4.3.221 "GET /placement/allocations/d56f8c30-48a6-4faf-83da-9de09bb57b37" {{(pid=93154) __call__ /opt/stack/placement/placement/requestlog.py:55}}
Aug 12 09:36:53.999237 np0000007031 devstack@placement-api.service[93154]: INFO placement.requestlog [req-eae9ba96-99d6-4e68-a3c2-5a5886325245 req-d0bdd22c-65fe-4820-93d6-d6ee2984858b service nova] 10.4.3.221 "GET /placement/allocations/d56f8c30-48a6-4faf-83da-9de09bb57b37" status: 200 len: 244 microversion: 1.28
Aug 12 09:36:53.999546 np0000007031 devstack@placement-api.service[93154]: [pid: 93154|app: 0|req: 103/414] 10.4.3.221 () {68 vars in 1499 bytes} [Wed Aug 12 09:36:53 2026] GET /placement/allocations/d56f8c30-48a6-4faf-83da-9de09bb57b37 => generated 244 bytes in 9 msecs (HTTP/1.1 200) 8 headers in 296 bytes (1 switches on core 0)
Aug 12 09:36:54.060267 np0000007031 devstack@placement-api.service[93156]: DEBUG placement.requestlog [req-eae9ba96-99d6-4e68-a3c2-5a5886325245 req-694565a7-e1fe-4aea-941d-bb49ab614b38 None None] Starting request: 10.4.3.221 "PUT /placement/allocations/d56f8c30-48a6-4faf-83da-9de09bb57b37" {{(pid=93156) __call__ /opt/stack/placement/placement/requestlog.py:55}}
Aug 12 09:36:54.087931 np0000007031 devstack@placement-api.service[93155]: DEBUG placement.requestlog [req-4506ccdb-0a81-4b69-ad99-23b380f59f17 req-b3f83986-fe2b-47d0-96e8-331be63c8430 None None] Starting request: 10.4.3.221 "GET /placement/resource_providers/234dfdfb-8fce-42d5-8d42-c220384f7a1a/allocations" {{(pid=93155) __call__ /opt/stack/placement/placement/requestlog.py:55}}
Aug 12 09:36:54.101273 np0000007031 devstack@placement-api.service[93156]: DEBUG placement.handlers.allocation [req-eae9ba96-99d6-4e68-a3c2-5a5886325245 req-694565a7-e1fe-4aea-941d-bb49ab614b38 service nova] Successfully wrote allocations [, ] {{(pid=93156) _update_consumers_and_create_allocations /opt/stack/placement/placement/handlers/allocation.py:462}}
Aug 12 09:36:54.105774 np0000007031 devstack@placement-api.service[93155]: INFO placement.requestlog [req-4506ccdb-0a81-4b69-ad99-23b380f59f17 req-b3f83986-fe2b-47d0-96e8-331be63c8430 service nova] 10.4.3.221 "GET /placement/resource_providers/234dfdfb-8fce-42d5-8d42-c220384f7a1a/allocations" status: 200 len: 725 microversion: 1.0
Aug 12 09:36:54.107051 np0000007031 devstack@placement-api.service[93155]: [pid: 93155|app: 0|req: 105/415] 10.4.3.221 () {66 vars in 1512 bytes} [Wed Aug 12 09:36:54 2026] GET /placement/resource_providers/234dfdfb-8fce-42d5-8d42-c220384f7a1a/allocations => generated 725 bytes in 18 msecs (HTTP/1.1 200) 6 headers in 224 bytes (1 switches on core 0)
Aug 12 09:36:54.107164 np0000007031 devstack@placement-api.service[93156]: INFO placement.requestlog [req-eae9ba96-99d6-4e68-a3c2-5a5886325245 req-694565a7-e1fe-4aea-941d-bb49ab614b38 service nova] 10.4.3.221 "PUT /placement/allocations/d56f8c30-48a6-4faf-83da-9de09bb57b37" status: 204 len: 0 microversion: 1.28
Aug 12 09:36:54.107164 np0000007031 devstack@placement-api.service[93156]: [pid: 93156|app: 0|req: 103/416] 10.4.3.221 () {72 vars in 1552 bytes} [Wed Aug 12 09:36:54 2026] PUT /placement/allocations/d56f8c30-48a6-4faf-83da-9de09bb57b37 => generated 0 bytes in 46 msecs (HTTP/1.1 204) 5 headers in 199 bytes (1 switches on core 0)
Aug 12 09:36:54.172255 np0000007031 devstack@placement-api.service[93157]: DEBUG placement.requestlog [req-4506ccdb-0a81-4b69-ad99-23b380f59f17 req-102a5448-3545-4dee-b8df-08f1b6e16634 None None] Starting request: 10.4.3.221 "GET /placement/allocations/1087a36f-59b0-4f26-b0b3-dbe800e30814" {{(pid=93157) __call__ /opt/stack/placement/placement/requestlog.py:55}}
Aug 12 09:36:54.190022 np0000007031 devstack@placement-api.service[93157]: INFO placement.requestlog [req-4506ccdb-0a81-4b69-ad99-23b380f59f17 req-102a5448-3545-4dee-b8df-08f1b6e16634 service nova] 10.4.3.221 "GET /placement/allocations/1087a36f-59b0-4f26-b0b3-dbe800e30814" status: 200 len: 258 microversion: 1.28
Aug 12 09:36:54.190345 np0000007031 devstack@placement-api.service[93157]: [pid: 93157|app: 0|req: 106/417] 10.4.3.221 () {68 vars in 1499 bytes} [Wed Aug 12 09:36:54 2026] GET /placement/allocations/1087a36f-59b0-4f26-b0b3-dbe800e30814 => generated 258 bytes in 18 msecs (HTTP/1.1 200) 8 headers in 296 bytes (1 switches on core 0)
Aug 12 09:36:54.245408 np0000007031 devstack@placement-api.service[93154]: DEBUG placement.requestlog [req-4506ccdb-0a81-4b69-ad99-23b380f59f17 req-3ede2eda-e80e-4ee6-b0b4-17b7a5c9b72d None None] Starting request: 10.4.3.221 "GET /placement/allocations/4eb9f16d-1221-4dbf-9429-2ed8c0b3619f" {{(pid=93154) __call__ /opt/stack/placement/placement/requestlog.py:55}}
Aug 12 09:36:54.255935 np0000007031 devstack@placement-api.service[93154]: INFO placement.requestlog [req-4506ccdb-0a81-4b69-ad99-23b380f59f17 req-3ede2eda-e80e-4ee6-b0b4-17b7a5c9b72d service nova] 10.4.3.221 "GET /placement/allocations/4eb9f16d-1221-4dbf-9429-2ed8c0b3619f" status: 200 len: 258 microversion: 1.28
Aug 12 09:36:54.256067 np0000007031 devstack@placement-api.service[93154]: [pid: 93154|app: 0|req: 104/418] 10.4.3.221 () {68 vars in 1499 bytes} [Wed Aug 12 09:36:54 2026] GET /placement/allocations/4eb9f16d-1221-4dbf-9429-2ed8c0b3619f => generated 258 bytes in 11 msecs (HTTP/1.1 200) 8 headers in 296 bytes (1 switches on core 0)
Aug 12 09:36:54.301226 np0000007031 devstack@placement-api.service[93155]: DEBUG placement.requestlog [req-4506ccdb-0a81-4b69-ad99-23b380f59f17 req-9508e0f9-bc09-4c0f-9c74-51235f6e2860 None None] Starting request: 10.4.3.221 "GET /placement/allocations/dd3720e0-c097-4ede-aeb6-f477ec023519" {{(pid=93155) __call__ /opt/stack/placement/placement/requestlog.py:55}}
Aug 12 09:36:54.314749 np0000007031 devstack@placement-api.service[93155]: INFO placement.requestlog [req-4506ccdb-0a81-4b69-ad99-23b380f59f17 req-9508e0f9-bc09-4c0f-9c74-51235f6e2860 service nova] 10.4.3.221 "GET /placement/allocations/dd3720e0-c097-4ede-aeb6-f477ec023519" status: 200 len: 258 microversion: 1.28
Aug 12 09:36:54.315012 np0000007031 devstack@placement-api.service[93155]: [pid: 93155|app: 0|req: 106/419] 10.4.3.221 () {68 vars in 1499 bytes} [Wed Aug 12 09:36:54 2026] GET /placement/allocations/dd3720e0-c097-4ede-aeb6-f477ec023519 => generated 258 bytes in 14 msecs (HTTP/1.1 200) 8 headers in 296 bytes (1 switches on core 0)
Aug 12 09:36:54.360777 np0000007031 devstack@placement-api.service[93156]: DEBUG placement.requestlog [req-4506ccdb-0a81-4b69-ad99-23b380f59f17 req-6361ee19-4432-4c16-91d4-bc39657f6be7 None None] Starting request: 10.4.3.221 "GET /placement/allocations/2459b45b-6b39-4485-a619-b785f4754ecc" {{(pid=93156) __call__ /opt/stack/placement/placement/requestlog.py:55}}
Aug 12 09:36:54.375206 np0000007031 devstack@placement-api.service[93156]: INFO placement.requestlog [req-4506ccdb-0a81-4b69-ad99-23b380f59f17 req-6361ee19-4432-4c16-91d4-bc39657f6be7 service nova] 10.4.3.221 "GET /placement/allocations/2459b45b-6b39-4485-a619-b785f4754ecc" status: 200 len: 258 microversion: 1.28
Aug 12 09:36:54.376057 np0000007031 devstack@placement-api.service[93156]: [pid: 93156|app: 0|req: 104/420] 10.4.3.221 () {68 vars in 1499 bytes} [Wed Aug 12 09:36:54 2026] GET /placement/allocations/2459b45b-6b39-4485-a619-b785f4754ecc => generated 258 bytes in 15 msecs (HTTP/1.1 200) 8 headers in 296 bytes (1 switches on core 0)
Aug 12 09:36:54.426536 np0000007031 devstack@placement-api.service[93157]: DEBUG placement.requestlog [req-4506ccdb-0a81-4b69-ad99-23b380f59f17 req-51f7344d-2e4a-4c7f-a28e-01755600dad5 None None] Starting request: 10.4.3.221 "GET /placement/allocations/6f400fcc-12e9-4dbb-a71d-e30d2f9a5001" {{(pid=93157) __call__ /opt/stack/placement/placement/requestlog.py:55}}
Aug 12 09:36:54.436468 np0000007031 devstack@placement-api.service[93157]: INFO placement.requestlog [req-4506ccdb-0a81-4b69-ad99-23b380f59f17 req-51f7344d-2e4a-4c7f-a28e-01755600dad5 service nova] 10.4.3.221 "GET /placement/allocations/6f400fcc-12e9-4dbb-a71d-e30d2f9a5001" status: 200 len: 258 microversion: 1.28
Aug 12 09:36:54.436815 np0000007031 devstack@placement-api.service[93157]: [pid: 93157|app: 0|req: 107/421] 10.4.3.221 () {68 vars in 1499 bytes} [Wed Aug 12 09:36:54 2026] GET /placement/allocations/6f400fcc-12e9-4dbb-a71d-e30d2f9a5001 => generated 258 bytes in 10 msecs (HTTP/1.1 200) 8 headers in 296 bytes (1 switches on core 0)
Aug 12 09:36:54.480320 np0000007031 devstack@placement-api.service[93154]: DEBUG placement.requestlog [req-4506ccdb-0a81-4b69-ad99-23b380f59f17 req-5dad21ef-8ba0-4dc1-af86-8787abb8234b None None] Starting request: 10.4.3.221 "GET /placement/allocations/d56f8c30-48a6-4faf-83da-9de09bb57b37" {{(pid=93154) __call__ /opt/stack/placement/placement/requestlog.py:55}}
Aug 12 09:36:54.489930 np0000007031 devstack@placement-api.service[93154]: INFO placement.requestlog [req-4506ccdb-0a81-4b69-ad99-23b380f59f17 req-5dad21ef-8ba0-4dc1-af86-8787abb8234b service nova] 10.4.3.221 "GET /placement/allocations/d56f8c30-48a6-4faf-83da-9de09bb57b37" status: 200 len: 19 microversion: 1.28
Aug 12 09:36:54.490265 np0000007031 devstack@placement-api.service[93154]: [pid: 93154|app: 0|req: 105/422] 10.4.3.221 () {68 vars in 1499 bytes} [Wed Aug 12 09:36:54 2026] GET /placement/allocations/d56f8c30-48a6-4faf-83da-9de09bb57b37 => generated 19 bytes in 10 msecs (HTTP/1.1 200) 8 headers in 295 bytes (1 switches on core 0)
Aug 12 09:36:54.535419 np0000007031 devstack@placement-api.service[93155]: DEBUG placement.requestlog [req-4506ccdb-0a81-4b69-ad99-23b380f59f17 req-7911a550-e1aa-4fbc-8ac2-922c3fddadb2 None None] Starting request: 10.4.3.221 "GET /placement/allocations/69fc03d9-7d5f-4b86-8948-272e0a22aba3" {{(pid=93155) __call__ /opt/stack/placement/placement/requestlog.py:55}}
Aug 12 09:36:54.554184 np0000007031 devstack@placement-api.service[93155]: INFO placement.requestlog [req-4506ccdb-0a81-4b69-ad99-23b380f59f17 req-7911a550-e1aa-4fbc-8ac2-922c3fddadb2 service nova] 10.4.3.221 "GET /placement/allocations/69fc03d9-7d5f-4b86-8948-272e0a22aba3" status: 200 len: 244 microversion: 1.28
Aug 12 09:36:54.554460 np0000007031 devstack@placement-api.service[93155]: [pid: 93155|app: 0|req: 107/423] 10.4.3.221 () {68 vars in 1499 bytes} [Wed Aug 12 09:36:54 2026] GET /placement/allocations/69fc03d9-7d5f-4b86-8948-272e0a22aba3 => generated 244 bytes in 19 msecs (HTTP/1.1 200) 8 headers in 296 bytes (1 switches on core 0)
Aug 12 09:36:56.003112 np0000007031 devstack@placement-api.service[93156]: DEBUG placement.requestlog [None req-50983443-8468-47c3-a346-324d71fc406a None None] Starting request: 10.4.3.221 "GET /placement/resource_providers/8d2d8de5-12bc-423a-874c-fa13836b59c6/aggregates" {{(pid=93156) __call__ /opt/stack/placement/placement/requestlog.py:55}}
