Jun 29 17:10:56.288292 np0000003917 devstack@neutron-api.service[87505]: DEBUG neutron.api.rpc.handlers.resources_rpc [None req-011b7f7d-7d2d-4e72-8721-1eadad68913c admin admin] Pushing event updated for resources: {'Subnet': ['ID=a45bc63f-a1cf-409f-a30c-2cc1ad1876ed,revision_number=0']} {{(pid=87505) push /opt/stack/neutron/neutron/api/rpc/handlers/resources_rpc.py:237}}
Jun 29 17:10:56.308733 np0000003917 devstack@neutron-api.service[87505]: INFO neutron.db.ovn_revision_numbers_db [None req-011b7f7d-7d2d-4e72-8721-1eadad68913c admin admin] Successfully bumped revision number for resource a45bc63f-a1cf-409f-a30c-2cc1ad1876ed (type: subnets) to 0
Jun 29 17:10:56.309759 np0000003917 devstack@neutron-api.service[87505]: DEBUG neutron.pecan_wsgi.hooks.policy_enforcement [None req-011b7f7d-7d2d-4e72-8721-1eadad68913c admin admin] Attributes excluded by policy engine: ['standard_attr_id', 'shared', 'network'] {{(pid=87505) _exclude_attributes_by_policy /opt/stack/neutron/neutron/pecan_wsgi/hooks/policy_enforcement.py:259}}
Jun 29 17:10:56.310186 np0000003917 devstack@neutron-api.service[87505]: DEBUG neutron_lib.callbacks.manager [None req-011b7f7d-7d2d-4e72-8721-1eadad68913c admin admin] Publish callbacks [] for subnet (None), before_response {{(pid=87505) _notify_loop /opt/stack/data/venv/lib/python3.12/site-packages/neutron_lib/callbacks/manager.py:184}}
Jun 29 17:10:56.508048 np0000003917 devstack@neutron-api.service[87505]: [pid: 87505|app: 0|req: 5/11] 10.4.3.125 () {68 vars in 1324 bytes} [Mon Jun 29 17:10:55 2026] POST /networking/v2.0/subnets => generated 730 bytes in 896 msecs (HTTP/1.1 201) 4 headers in 162 bytes (1 switches on core 0)
Jun 29 17:10:56.792080 np0000003917 devstack@neutron-api.service[87503]: DEBUG neutron.api.wsgi [None req-51ff0356-0639-4704-9408-f14fa7e8d0d5 admin admin] Missing Content-Type {{(pid=87503) get_content_type /opt/stack/neutron/neutron/api/wsgi.py:80}}
Jun 29 17:10:56.792506 np0000003917 devstack@neutron-api.service[87503]: DEBUG neutron.api.wsgi [None req-51ff0356-0639-4704-9408-f14fa7e8d0d5 admin admin] https://10.4.3.125/networking/v2.0/extensions returned with HTTP 200 {{(pid=87503) __call__ /opt/stack/neutron/neutron/api/wsgi.py:540}}
Jun 29 17:10:56.792884 np0000003917 devstack@neutron-api.service[87503]: [pid: 87503|app: 0|req: 4/12] 10.4.3.125 () {64 vars in 1292 bytes} [Mon Jun 29 17:10:56 2026] GET /networking/v2.0/extensions => generated 16171 bytes in 4 msecs (HTTP/1.1 200) 4 headers in 159 bytes (1 switches on core 0)
Jun 29 17:10:57.107275 np0000003917 devstack@neutron-api.service[87504]: DEBUG neutron.api.wsgi [None req-4641e37a-01c1-4545-9210-81d53eaf8018 admin admin] Missing Content-Type {{(pid=87504) get_content_type /opt/stack/neutron/neutron/api/wsgi.py:80}}
Jun 29 17:10:57.107797 np0000003917 devstack@neutron-api.service[87504]: DEBUG neutron.api.wsgi [None req-4641e37a-01c1-4545-9210-81d53eaf8018 admin admin] https://10.4.3.125/networking/v2.0/extensions returned with HTTP 200 {{(pid=87504) __call__ /opt/stack/neutron/neutron/api/wsgi.py:540}}
Jun 29 17:10:57.108142 np0000003917 devstack@neutron-api.service[87504]: [pid: 87504|app: 0|req: 4/13] 10.4.3.125 () {64 vars in 1292 bytes} [Mon Jun 29 17:10:57 2026] GET /networking/v2.0/extensions => generated 16171 bytes in 3 msecs (HTTP/1.1 200) 4 headers in 159 bytes (1 switches on core 0)
Jun 29 17:10:57.416177 np0000003917 devstack@neutron-api.service[87505]: DEBUG neutron.api.v2.base [None req-1b74a3e7-2011-4448-8a88-565085bdfeb8 admin admin] Request body: {'router': {'name': 'router1', 'admin_state_up': True}} {{(pid=87505) prepare_request_body /opt/stack/neutron/neutron/api/v2/base.py:727}}
Jun 29 17:10:57.429535 np0000003917 devstack@neutron-api.service[87505]: DEBUG neutron_lib.callbacks.manager [None req-1b74a3e7-2011-4448-8a88-565085bdfeb8 admin admin] Publish callbacks ['neutron.services.ovn_l3.service_providers.driver_controller.DriverController._check_router_request-1684471'] for router (16555f7e-72c2-499f-b575-6e12eeeab845), before_create {{(pid=87505) _notify_loop /opt/stack/data/venv/lib/python3.12/site-packages/neutron_lib/callbacks/manager.py:184}}
Jun 29 17:10:57.430221 np0000003917 devstack@neutron-api.service[87505]: DEBUG neutron_lib.callbacks.manager [None req-1b74a3e7-2011-4448-8a88-565085bdfeb8 admin admin] Publish callbacks ['neutron.services.ovn_l3.service_providers.ovn.OVN_L3_HA_db_mixin._precommit_router_create-1664410', 'neutron.services.ovn_l3.plugin.RouterAvailabilityZoneMixin._process_az_request-4134966', 'neutron.services.ovn_l3.plugin.ExtraGatewaysDbOnlyMixin._process_bfd_ecmp_create-1682088', 'neutron.services.ovn_l3.service_providers.ovn.OvnDriver._process_router_create_precommit-1664478', 'neutron.services.ovn_l3.service_providers.driver_controller.DriverController._set_router_provider-1684417'] for router (16555f7e-72c2-499f-b575-6e12eeeab845), precommit_create {{(pid=87505) _notify_loop /opt/stack/data/venv/lib/python3.12/site-packages/neutron_lib/callbacks/manager.py:184}}
Jun 29 17:10:57.442194 np0000003917 devstack@neutron-api.service[87505]: DEBUG neutron.db.ovn_revision_numbers_db [None req-1b74a3e7-2011-4448-8a88-565085bdfeb8 admin admin] create_initial_revision uuid=16555f7e-72c2-499f-b575-6e12eeeab845, type=routers, rev=-1 {{(pid=87505) create_initial_revision /opt/stack/neutron/neutron/db/ovn_revision_numbers_db.py:98}}
Jun 29 17:10:57.515430 np0000003917 devstack@neutron-api.service[87505]: DEBUG neutron_lib.callbacks.manager [None req-1b74a3e7-2011-4448-8a88-565085bdfeb8 admin admin] Publish callbacks [] for router_controller (16555f7e-72c2-499f-b575-6e12eeeab845), precommit_add_association {{(pid=87505) _notify_loop /opt/stack/data/venv/lib/python3.12/site-packages/neutron_lib/callbacks/manager.py:184}}
Jun 29 17:10:57.795008 np0000003917 devstack@neutron-api.service[87505]: DEBUG neutron_lib.callbacks.manager [None req-1b74a3e7-2011-4448-8a88-565085bdfeb8 admin admin] Publish callbacks ['neutron.services.ovn_l3.service_providers.ovn.OvnDriver._process_router_create-1664434'] for router (16555f7e-72c2-499f-b575-6e12eeeab845), after_create {{(pid=87505) _notify_loop /opt/stack/data/venv/lib/python3.12/site-packages/neutron_lib/callbacks/manager.py:184}}
Jun 29 17:10:57.795187 np0000003917 devstack@neutron-api.service[87505]: INFO neutron.plugins.ml2.drivers.ovn.mech_driver.ovsdb.extensions.qos [None req-1b74a3e7-2011-4448-8a88-565085bdfeb8 admin admin] Starting OVNClientQosExtension
Jun 29 17:10:57.795556 np0000003917 devstack@neutron-api.service[87505]: DEBUG neutron.plugins.ml2.drivers.ovn.mech_driver.ovsdb.extensions.qos [None req-1b74a3e7-2011-4448-8a88-565085bdfeb8 admin admin] Router 16555f7e-72c2-499f-b575-6e12eeeab845 does not have ID or gateway assigned {{(pid=87505) update_router /opt/stack/neutron/neutron/plugins/ml2/drivers/ovn/mech_driver/ovsdb/extensions/qos.py:527}}
Jun 29 17:10:57.795892 np0000003917 devstack@neutron-api.service[87505]: DEBUG ovsdbapp.backend.ovs_idl.transaction [-] Running txn n=1 command(idx=0): LrAddCommand(_result=None, router=neutron-16555f7e-72c2-499f-b575-6e12eeeab845, may_exist=True, columns={'external_ids': {'neutron:router_name': 'router1', 'neutron:revision_number': '1', 'neutron:availability_zone_hints': ''}, 'enabled': True, 'options': {'always_learn_from_arp_request': 'false', 'dynamic_neigh_routers': 'true', 'mac_binding_age_threshold': '300'}}) {{(pid=87505) do_commit /opt/stack/data/venv/lib/python3.12/site-packages/ovsdbapp/backend/ovs_idl/transaction.py:89}}
Jun 29 17:10:57.798232 np0000003917 devstack@neutron-api.service[87505]: DEBUG neutron.plugins.ml2.drivers.ovn.mech_driver.ovsdb.ovsdb_monitor [-] Hash Ring: Node cccc7d1546d6556bb118456facb0a836 (host: np0000003917) handling event "create" for row 572290ff-7cd7-4648-b88a-f8ba05cfd3c1 (table: Logical_Router) {{(pid=87505) notify /opt/stack/neutron/neutron/plugins/ml2/drivers/ovn/mech_driver/ovsdb/ovsdb_monitor.py:1015}}
Jun 29 17:10:57.800330 np0000003917 devstack@neutron-api.service[87503]: DEBUG neutron.plugins.ml2.drivers.ovn.mech_driver.ovsdb.ovsdb_monitor [-] Hash Ring: Node 85a95ed9398e5dd8a1f4902f8e2ad175 (host: np0000003917) handling event "create" for row 572290ff-7cd7-4648-b88a-f8ba05cfd3c1 (table: Logical_Router) {{(pid=87503) notify /opt/stack/neutron/neutron/plugins/ml2/drivers/ovn/mech_driver/ovsdb/ovsdb_monitor.py:1015}}
Jun 29 17:10:57.805748 np0000003917 devstack@neutron-api.service[87503]: DEBUG neutron.plugins.ml2.drivers.ovn.mech_driver.ovsdb.ovsdb_monitor [-] Hash Ring: Node 85a95ed9398e5dd8a1f4902f8e2ad175 (host: np0000003917) handling event "create" for row 687bc934-0287-42af-a8ad-b4ca413246ea (table: Datapath_Binding) {{(pid=87503) notify /opt/stack/neutron/neutron/plugins/ml2/drivers/ovn/mech_driver/ovsdb/ovsdb_monitor.py:1015}}
Jun 29 17:10:57.805947 np0000003917 devstack@neutron-api.service[87504]: DEBUG neutron.plugins.ml2.drivers.ovn.mech_driver.ovsdb.ovsdb_monitor [-] Hash Ring: Node 9d8ca719ee5657c8add3c5f8741cba47 (host: np0000003917) handling event "create" for row 687bc934-0287-42af-a8ad-b4ca413246ea (table: Datapath_Binding) {{(pid=87504) notify /opt/stack/neutron/neutron/plugins/ml2/drivers/ovn/mech_driver/ovsdb/ovsdb_monitor.py:1015}}
Jun 29 17:10:57.821901 np0000003917 devstack@neutron-api.service[87505]: DEBUG neutron.plugins.ml2.drivers.ovn.mech_driver.ovsdb.ovsdb_monitor [-] Hash Ring: Node cccc7d1546d6556bb118456facb0a836 (host: np0000003917) handling event "create" for row 687bc934-0287-42af-a8ad-b4ca413246ea (table: Datapath_Binding) {{(pid=87505) notify /opt/stack/neutron/neutron/plugins/ml2/drivers/ovn/mech_driver/ovsdb/ovsdb_monitor.py:1015}}
Jun 29 17:10:57.907798 np0000003917 devstack@neutron-api.service[87505]: INFO neutron.db.ovn_revision_numbers_db [None req-1b74a3e7-2011-4448-8a88-565085bdfeb8 admin admin] Successfully bumped revision number for resource 16555f7e-72c2-499f-b575-6e12eeeab845 (type: routers) to 1
Jun 29 17:10:57.978839 np0000003917 devstack@neutron-api.service[87505]: DEBUG neutron_lib.callbacks.manager [None req-1b74a3e7-2011-4448-8a88-565085bdfeb8 admin admin] Publish callbacks [] for router (None), before_response {{(pid=87505) _notify_loop /opt/stack/data/venv/lib/python3.12/site-packages/neutron_lib/callbacks/manager.py:184}}
Jun 29 17:10:57.979330 np0000003917 devstack@neutron-api.service[87505]: [pid: 87505|app: 0|req: 6/14] 10.4.3.125 () {68 vars in 1323 bytes} [Mon Jun 29 17:10:57 2026] POST /networking/v2.0/routers => generated 599 bytes in 566 msecs (HTTP/1.1 201) 4 headers in 162 bytes (1 switches on core 0)
Jun 29 17:10:58.212958 np0000003917 devstack@neutron-api.service[87503]: DEBUG neutron.api.wsgi [None req-cffdbbbb-4dee-4b36-a622-1ff8b0902533 admin admin] Missing Content-Type {{(pid=87503) get_content_type /opt/stack/neutron/neutron/api/wsgi.py:80}}
Jun 29 17:10:58.213476 np0000003917 devstack@neutron-api.service[87503]: DEBUG neutron.api.wsgi [None req-cffdbbbb-4dee-4b36-a622-1ff8b0902533 admin admin] https://10.4.3.125/networking/v2.0/extensions returned with HTTP 200 {{(pid=87503) __call__ /opt/stack/neutron/neutron/api/wsgi.py:540}}
Jun 29 17:10:58.213839 np0000003917 devstack@neutron-api.service[87503]: [pid: 87503|app: 0|req: 5/15] 10.4.3.125 () {64 vars in 1292 bytes} [Mon Jun 29 17:10:58 2026] GET /networking/v2.0/extensions => generated 16171 bytes in 3 msecs (HTTP/1.1 200) 4 headers in 159 bytes (1 switches on core 0)
Jun 29 17:10:58.481701 np0000003917 devstack@neutron-api.service[87504]: DEBUG neutron.api.v2.base [None req-f8a8e663-0bed-4cc9-be79-938623aa88d6 admin admin] Request body: {'network': {'name': 'public', 'admin_state_up': True, 'router:external': True, 'provider:physical_network': 'public', 'provider:network_type': 'flat', 'is_default': True}} {{(pid=87504) prepare_request_body /opt/stack/neutron/neutron/api/v2/base.py:727}}
Jun 29 17:10:58.505559 np0000003917 devstack@neutron-api.service[87504]: DEBUG neutron.pecan_wsgi.hooks.quota_enforcement [None req-f8a8e663-0bed-4cc9-be79-938623aa88d6 admin admin] Made reservation on behalf of 8fde28413b15447cb9b36e92485c8355 for: {'network': 1} {{(pid=87504) before /opt/stack/neutron/neutron/pecan_wsgi/hooks/quota_enforcement.py:66}}
Jun 29 17:10:58.509251 np0000003917 devstack@neutron-api.service[87504]: DEBUG neutron_lib.callbacks.manager [None req-f8a8e663-0bed-4cc9-be79-938623aa88d6 admin admin] Publish callbacks ['neutron.plugins.ml2.plugin.SecurityGroupDbMixin._ensure_default_security_group_handler-16854'] for network (None), before_create {{(pid=87504) _notify_loop /opt/stack/data/venv/lib/python3.12/site-packages/neutron_lib/callbacks/manager.py:184}}
Jun 29 17:10:58.545434 np0000003917 devstack@neutron-api.service[87504]: DEBUG neutron.plugins.ml2.drivers.type_flat [None req-f8a8e663-0bed-4cc9-be79-938623aa88d6 admin admin] Reserving flat network on physical network public {{(pid=87504) reserve_provider_segment /opt/stack/neutron/neutron/plugins/ml2/drivers/type_flat.py:100}}
Jun 29 17:10:58.557396 np0000003917 devstack@neutron-api.service[87504]: DEBUG neutron_lib.callbacks.manager [None req-f8a8e663-0bed-4cc9-be79-938623aa88d6 admin admin] Publish callbacks ['neutron.services.segments.db._add_segment_host_mapping_for_segment-8383166426976', 'neutron.plugins.ml2.plugin.Ml2Plugin._handle_segment_change-895330'] for segment (1d457ca8-598b-4495-8aa6-3f8e0f59f63f), precommit_create {{(pid=87504) _notify_loop /opt/stack/data/venv/lib/python3.12/site-packages/neutron_lib/callbacks/manager.py:184}}
Jun 29 17:10:58.557835 np0000003917 devstack@neutron-api.service[87504]: DEBUG neutron_lib.callbacks.manager [None req-f8a8e663-0bed-4cc9-be79-938623aa88d6 admin admin] Unsubscribe: segment precommit_create {{(pid=87504) unsubscribe /opt/stack/data/venv/lib/python3.12/site-packages/neutron_lib/callbacks/manager.py:90}}
Jun 29 17:10:58.558169 np0000003917 devstack@neutron-api.service[87504]: INFO neutron.db.segments_db [None req-f8a8e663-0bed-4cc9-be79-938623aa88d6 admin admin] Added segment 1d457ca8-598b-4495-8aa6-3f8e0f59f63f of type flat for network 61634800-bfa7-4a19-9f76-0dbf3ee76253
Jun 29 17:10:58.618619 np0000003917 devstack@neutron-api.service[87504]: DEBUG neutron_lib.callbacks.manager [None req-f8a8e663-0bed-4cc9-be79-938623aa88d6 admin admin] Publish callbacks ['neutron.services.auto_allocate.db._ensure_external_network_default_value_callback-8383165167326'] for network (61634800-bfa7-4a19-9f76-0dbf3ee76253), precommit_create {{(pid=87504) _notify_loop /opt/stack/data/venv/lib/python3.12/site-packages/neutron_lib/callbacks/manager.py:184}}
Jun 29 17:10:58.625378 np0000003917 devstack@neutron-api.service[87504]: DEBUG neutron.plugins.ml2.drivers.ovn.mech_driver.mech_driver [None req-f8a8e663-0bed-4cc9-be79-938623aa88d6 admin admin] Validating network segment with type flat, segmentation ID None, physical network public {{(pid=87504) _validate_network_segments /opt/stack/neutron/neutron/plugins/ml2/drivers/ovn/mech_driver/mech_driver.py:646}}
Jun 29 17:10:58.639063 np0000003917 devstack@neutron-api.service[87504]: DEBUG neutron.db.ovn_revision_numbers_db [None req-f8a8e663-0bed-4cc9-be79-938623aa88d6 admin admin] create_initial_revision uuid=61634800-bfa7-4a19-9f76-0dbf3ee76253, type=networks, rev=-1 {{(pid=87504) create_initial_revision /opt/stack/neutron/neutron/db/ovn_revision_numbers_db.py:98}}
Jun 29 17:10:58.773922 np0000003917 devstack@neutron-api.service[87504]: DEBUG neutron_lib.callbacks.manager [None req-f8a8e663-0bed-4cc9-be79-938623aa88d6 admin admin] Publish callbacks ['neutron.plugins.ml2.ovo_rpc._ObjectChangeHandler.handle_event-2459132'] for network (61634800-bfa7-4a19-9f76-0dbf3ee76253), after_create {{(pid=87504) _notify_loop /opt/stack/data/venv/lib/python3.12/site-packages/neutron_lib/callbacks/manager.py:184}}
Jun 29 17:10:58.828291 np0000003917 devstack@neutron-api.service[87504]: DEBUG neutron.api.rpc.handlers.resources_rpc [None req-f8a8e663-0bed-4cc9-be79-938623aa88d6 admin admin] Pushing event updated for resources: {'Network': ['ID=61634800-bfa7-4a19-9f76-0dbf3ee76253,revision_number=1']} {{(pid=87504) push /opt/stack/neutron/neutron/api/rpc/handlers/resources_rpc.py:237}}
Jun 29 17:10:58.835132 np0000003917 devstack@neutron-api.service[87504]: DEBUG neutron.api.rpc.callbacks.version_manager [None req-f8a8e663-0bed-4cc9-be79-938623aa88d6 admin admin] Tracked resource versions report:
Jun 29 17:10:58.835132 np0000003917 devstack@neutron-api.service[87504]: pushed versions:
Jun 29 17:10:58.835132 np0000003917 devstack@neutron-api.service[87504]: { 'AddressGroup': {'1.2'},
Jun 29 17:10:58.835132 np0000003917 devstack@neutron-api.service[87504]: 'Agent': {'1.1'},
Jun 29 17:10:58.835132 np0000003917 devstack@neutron-api.service[87504]: 'ConntrackHelper': {'1.0'},
Jun 29 17:10:58.835132 np0000003917 devstack@neutron-api.service[87504]: 'LocalIPAssociation': {'1.0'},
Jun 29 17:10:58.835132 np0000003917 devstack@neutron-api.service[87504]: 'Log': {'1.0'},
Jun 29 17:10:58.835132 np0000003917 devstack@neutron-api.service[87504]: 'NDPProxy': {'1.0'},
Jun 29 17:10:58.835132 np0000003917 devstack@neutron-api.service[87504]: 'Network': {'1.3'},
Jun 29 17:10:58.835132 np0000003917 devstack@neutron-api.service[87504]: 'Port': {'1.11'},
Jun 29 17:10:58.835132 np0000003917 devstack@neutron-api.service[87504]: 'PortForwarding': {'1.3'},
Jun 29 17:10:58.835132 np0000003917 devstack@neutron-api.service[87504]: 'QosPolicy': {'1.10'},
Jun 29 17:10:58.835132 np0000003917 devstack@neutron-api.service[87504]: 'SecurityGroup': {'1.6'},
Jun 29 17:10:58.835132 np0000003917 devstack@neutron-api.service[87504]: 'SecurityGroupRule': {'1.3'},
Jun 29 17:10:58.835132 np0000003917 devstack@neutron-api.service[87504]: 'SubPort': {'1.0'},
Jun 29 17:10:58.835132 np0000003917 devstack@neutron-api.service[87504]: 'Subnet': {'1.2'},
Jun 29 17:10:58.835132 np0000003917 devstack@neutron-api.service[87504]: 'Trunk': {'1.1'}}
Jun 29 17:10:58.835132 np0000003917 devstack@neutron-api.service[87504]: consumer versions:
Jun 29 17:10:58.835132 np0000003917 devstack@neutron-api.service[87504]: { OVN Controller Gateway agent@np0000003917: {},
Jun 29 17:10:58.835132 np0000003917 devstack@neutron-api.service[87504]: OVN Neutron agent@np0000003917: {}}
Jun 29 17:10:58.835132 np0000003917 devstack@neutron-api.service[87504]: {{(pid=87504) report /opt/stack/neutron/neutron/api/rpc/callbacks/version_manager.py:183}}
Jun 29 17:10:58.847455 np0000003917 devstack@neutron-api.service[87504]: INFO neutron.plugins.ml2.drivers.ovn.mech_driver.ovsdb.extensions.qos [None req-f8a8e663-0bed-4cc9-be79-938623aa88d6 admin admin] Starting OVNClientQosExtension
Jun 29 17:10:58.847811 np0000003917 devstack@neutron-api.service[87504]: INFO neutron.plugins.ml2.drivers.ovn.mech_driver.ovsdb.extensions.placement [None req-f8a8e663-0bed-4cc9-be79-938623aa88d6 admin admin] Starting OVNClientPlacementExtension
Jun 29 17:10:58.854498 np0000003917 devstack@neutron-api.service[87504]: DEBUG ovsdbapp.backend.ovs_idl.transaction [-] Running txn n=1 command(idx=0): AddNetworkCommand(_result=None, network_uuid=61634800-bfa7-4a19-9f76-0dbf3ee76253, may_exist=True, columns={'external_ids': {'neutron:network_name': 'public', 'neutron:mtu': '1430', 'neutron:revision_number': '1', 'neutron:availability_zone_hints': '', 'neutron:provnet-network-type': 'flat', 'neutron:provnet-physical-network': 'public'}, 'other_config': {'mcast_snoop': 'false', 'mcast_flood_unregistered': 'false', 'vlan-passthru': 'false', 'fdb_age_threshold': '300', 'broadcast-arps-to-all-routers': 'true'}}) {{(pid=87504) do_commit /opt/stack/data/venv/lib/python3.12/site-packages/ovsdbapp/backend/ovs_idl/transaction.py:89}}
Jun 29 17:10:58.854857 np0000003917 devstack@neutron-api.service[87504]: DEBUG neutron.common.ovn.utils [-] OVS persist_uuid supported=True {{(pid=87504) ovs_persist_uuid_supported /opt/stack/neutron/neutron/common/ovn/utils.py:1544}}
Jun 29 17:10:58.855162 np0000003917 devstack@neutron-api.service[87504]: DEBUG ovsdbapp.backend.ovs_idl.transaction [-] Running txn n=1 command(idx=1): AddLSwitchPortCommand(_result=None, lport=provnet-1d457ca8-598b-4495-8aa6-3f8e0f59f63f, lswitch=neutron-61634800-bfa7-4a19-9f76-0dbf3ee76253, may_exist=True, network_uuid=61634800-bfa7-4a19-9f76-0dbf3ee76253, columns={'addresses': ['unknown'], 'external_ids': {'neutron:provnet-physical-network': 'public'}, 'type': 'localnet', 'tag_request': [], 'options': {'network_name': 'public', 'mcast_flood_reports': 'true', 'mcast_flood': 'false', 'localnet_learn_fdb': 'false'}}) {{(pid=87504) do_commit /opt/stack/data/venv/lib/python3.12/site-packages/ovsdbapp/backend/ovs_idl/transaction.py:89}}
Jun 29 17:10:58.872356 np0000003917 devstack@neutron-api.service[87505]: DEBUG neutron.plugins.ml2.drivers.ovn.mech_driver.ovsdb.ovsdb_monitor [-] Hash Ring: Node cccc7d1546d6556bb118456facb0a836 (host: np0000003917) handling event "create" for row 61634800-bfa7-4a19-9f76-0dbf3ee76253 (table: Logical_Switch) {{(pid=87505) notify /opt/stack/neutron/neutron/plugins/ml2/drivers/ovn/mech_driver/ovsdb/ovsdb_monitor.py:1015}}
Jun 29 17:10:58.872356 np0000003917 devstack@neutron-api.service[87505]: DEBUG neutron.plugins.ml2.drivers.ovn.mech_driver.ovsdb.ovsdb_monitor [-] Hash Ring: Node cccc7d1546d6556bb118456facb0a836 (host: np0000003917) handling event "create" for row 22b8c44e-224c-48e8-a6b3-1949d7a8e879 (table: Logical_Switch_Port) {{(pid=87505) notify /opt/stack/neutron/neutron/plugins/ml2/drivers/ovn/mech_driver/ovsdb/ovsdb_monitor.py:1015}}
Jun 29 17:10:58.873245 np0000003917 devstack@neutron-api.service[87504]: DEBUG neutron.plugins.ml2.drivers.ovn.mech_driver.ovsdb.ovsdb_monitor [-] Hash Ring: Node 9d8ca719ee5657c8add3c5f8741cba47 (host: np0000003917) handling event "create" for row 22b8c44e-224c-48e8-a6b3-1949d7a8e879 (table: Logical_Switch_Port) {{(pid=87504) notify /opt/stack/neutron/neutron/plugins/ml2/drivers/ovn/mech_driver/ovsdb/ovsdb_monitor.py:1015}}
Jun 29 17:10:58.873421 np0000003917 devstack@neutron-api.service[87505]: DEBUG neutron.plugins.ml2.drivers.ovn.mech_driver.ovsdb.ovsdb_monitor [-] Hash Ring: Node cccc7d1546d6556bb118456facb0a836 (host: np0000003917) handling event "update" for row 22b8c44e-224c-48e8-a6b3-1949d7a8e879 (table: Logical_Switch_Port) {{(pid=87505) notify /opt/stack/neutron/neutron/plugins/ml2/drivers/ovn/mech_driver/ovsdb/ovsdb_monitor.py:1015}}
Jun 29 17:10:58.873803 np0000003917 devstack@neutron-api.service[87503]: DEBUG neutron.plugins.ml2.drivers.ovn.mech_driver.ovsdb.ovsdb_monitor [-] Hash Ring: Node 85a95ed9398e5dd8a1f4902f8e2ad175 (host: np0000003917) handling event "create" for row 22b8c44e-224c-48e8-a6b3-1949d7a8e879 (table: Logical_Switch_Port) {{(pid=87503) notify /opt/stack/neutron/neutron/plugins/ml2/drivers/ovn/mech_driver/ovsdb/ovsdb_monitor.py:1015}}
Jun 29 17:10:58.874300 np0000003917 devstack@neutron-api.service[87504]: DEBUG neutron.plugins.ml2.drivers.ovn.mech_driver.ovsdb.ovsdb_monitor [-] Hash Ring: Node 9d8ca719ee5657c8add3c5f8741cba47 (host: np0000003917) handling event "update" for row 22b8c44e-224c-48e8-a6b3-1949d7a8e879 (table: Logical_Switch_Port) {{(pid=87504) notify /opt/stack/neutron/neutron/plugins/ml2/drivers/ovn/mech_driver/ovsdb/ovsdb_monitor.py:1015}}
Jun 29 17:10:58.874725 np0000003917 devstack@neutron-api.service[87503]: DEBUG neutron.plugins.ml2.drivers.ovn.mech_driver.ovsdb.ovsdb_monitor [-] Hash Ring: Node 85a95ed9398e5dd8a1f4902f8e2ad175 (host: np0000003917) handling event "update" for row 22b8c44e-224c-48e8-a6b3-1949d7a8e879 (table: Logical_Switch_Port) {{(pid=87503) notify /opt/stack/neutron/neutron/plugins/ml2/drivers/ovn/mech_driver/ovsdb/ovsdb_monitor.py:1015}}
Jun 29 17:10:58.888901 np0000003917 devstack@neutron-api.service[87503]: DEBUG neutron.plugins.ml2.drivers.ovn.mech_driver.ovsdb.ovsdb_monitor [-] Hash Ring: Node 85a95ed9398e5dd8a1f4902f8e2ad175 (host: np0000003917) handling event "create" for row e2b267f1-25c2-4597-bd3f-280fbed1b846 (table: Datapath_Binding) {{(pid=87503) notify /opt/stack/neutron/neutron/plugins/ml2/drivers/ovn/mech_driver/ovsdb/ovsdb_monitor.py:1015}}
Jun 29 17:10:58.889594 np0000003917 devstack@neutron-api.service[87505]: DEBUG neutron.plugins.ml2.drivers.ovn.mech_driver.ovsdb.ovsdb_monitor [-] Hash Ring: Node cccc7d1546d6556bb118456facb0a836 (host: np0000003917) handling event "create" for row e2b267f1-25c2-4597-bd3f-280fbed1b846 (table: Datapath_Binding) {{(pid=87505) notify /opt/stack/neutron/neutron/plugins/ml2/drivers/ovn/mech_driver/ovsdb/ovsdb_monitor.py:1015}}
Jun 29 17:10:58.889594 np0000003917 devstack@neutron-api.service[87505]: DEBUG neutron.plugins.ml2.drivers.ovn.mech_driver.ovsdb.ovsdb_monitor [-] Hash Ring: Node cccc7d1546d6556bb118456facb0a836 (host: np0000003917) handling event "create" for row 88597e3f-321c-4763-bdef-18a606aa2f4f (table: Port_Binding) {{(pid=87505) notify /opt/stack/neutron/neutron/plugins/ml2/drivers/ovn/mech_driver/ovsdb/ovsdb_monitor.py:1015}}
Jun 29 17:10:58.890252 np0000003917 devstack@neutron-api.service[87503]: DEBUG neutron.plugins.ml2.drivers.ovn.mech_driver.ovsdb.ovsdb_monitor [-] Hash Ring: Node 85a95ed9398e5dd8a1f4902f8e2ad175 (host: np0000003917) handling event "create" for row 88597e3f-321c-4763-bdef-18a606aa2f4f (table: Port_Binding) {{(pid=87503) notify /opt/stack/neutron/neutron/plugins/ml2/drivers/ovn/mech_driver/ovsdb/ovsdb_monitor.py:1015}}
Jun 29 17:10:59.078876 np0000003917 devstack@neutron-api.service[87504]: INFO neutron.db.ovn_revision_numbers_db [None req-f8a8e663-0bed-4cc9-be79-938623aa88d6 admin admin] Successfully bumped revision number for resource 61634800-bfa7-4a19-9f76-0dbf3ee76253 (type: networks) to 1
Jun 29 17:10:59.380576 np0000003917 devstack@neutron-api.service[87504]: DEBUG neutron_lib.callbacks.manager [None req-f8a8e663-0bed-4cc9-be79-938623aa88d6 admin admin] Publish callbacks ['neutron.plugins.ml2.plugin.SecurityGroupDbMixin._ensure_default_security_group_handler-16854'] for port (None), before_create {{(pid=87504) _notify_loop /opt/stack/data/venv/lib/python3.12/site-packages/neutron_lib/callbacks/manager.py:184}}
Jun 29 17:10:59.480986 np0000003917 devstack@neutron-api.service[87504]: DEBUG neutron_lib.callbacks.manager [None req-f8a8e663-0bed-4cc9-be79-938623aa88d6 admin admin] Publish callbacks ['neutron.plugins.ml2.drivers.ovn.mech_driver.mech_driver.OVNMechanismDriver._validate_allowed_address_pairs-299652'] for allowed_address_pair (9b9f214e-48dc-4fff-b7ba-187271dd89bf), before_create {{(pid=87504) _notify_loop /opt/stack/data/venv/lib/python3.12/site-packages/neutron_lib/callbacks/manager.py:184}}
Jun 29 17:10:59.481691 np0000003917 devstack@neutron-api.service[87504]: DEBUG neutron_lib.callbacks.manager [None req-f8a8e663-0bed-4cc9-be79-938623aa88d6 admin admin] Publish callbacks [] for port (9b9f214e-48dc-4fff-b7ba-187271dd89bf), precommit_create {{(pid=87504) _notify_loop /opt/stack/data/venv/lib/python3.12/site-packages/neutron_lib/callbacks/manager.py:184}}
Jun 29 17:10:59.481957 np0000003917 devstack@neutron-api.service[87504]: DEBUG neutron.plugins.ml2.drivers.ovn.mech_driver.mech_driver [None req-f8a8e663-0bed-4cc9-be79-938623aa88d6 admin admin] No provisioning block for port 9b9f214e-48dc-4fff-b7ba-187271dd89bf since it does not have a host {{(pid=87504) _is_port_provisioning_required /opt/stack/neutron/neutron/plugins/ml2/drivers/ovn/mech_driver/mech_driver.py:899}}
Jun 29 17:10:59.482358 np0000003917 devstack@neutron-api.service[87504]: DEBUG neutron.db.ovn_revision_numbers_db [None req-f8a8e663-0bed-4cc9-be79-938623aa88d6 admin admin] create_initial_revision uuid=9b9f214e-48dc-4fff-b7ba-187271dd89bf, type=ports, rev=-1 {{(pid=87504) create_initial_revision /opt/stack/neutron/neutron/db/ovn_revision_numbers_db.py:98}}
Jun 29 17:10:59.787705 np0000003917 devstack@neutron-api.service[87504]: DEBUG neutron_lib.callbacks.manager [None req-f8a8e663-0bed-4cc9-be79-938623aa88d6 admin admin] Publish callbacks ['neutron.plugins.ml2.ovo_rpc._ObjectChangeHandler.handle_event-2459087'] for port (9b9f214e-48dc-4fff-b7ba-187271dd89bf), after_create {{(pid=87504) _notify_loop /opt/stack/data/venv/lib/python3.12/site-packages/neutron_lib/callbacks/manager.py:184}}
Jun 29 17:10:59.845343 np0000003917 devstack@neutron-api.service[87504]: DEBUG neutron.api.rpc.handlers.resources_rpc [None req-f8a8e663-0bed-4cc9-be79-938623aa88d6 admin admin] Pushing event updated for resources: {'Port': ['ID=9b9f214e-48dc-4fff-b7ba-187271dd89bf,revision_number=1']} {{(pid=87504) push /opt/stack/neutron/neutron/api/rpc/handlers/resources_rpc.py:237}}
Jun 29 17:10:59.879566 np0000003917 devstack@neutron-api.service[87504]: DEBUG neutron.plugins.ml2.drivers.ovn.mech_driver.ovsdb.commands [None req-f8a8e663-0bed-4cc9-be79-938623aa88d6 admin admin] Converting tag [] to a tag_request {{(pid=87504) _tag_column_to_tag_request /opt/stack/neutron/neutron/plugins/ml2/drivers/ovn/mech_driver/ovsdb/commands.py:205}}
Jun 29 17:10:59.880359 np0000003917 devstack@neutron-api.service[87504]: DEBUG ovsdbapp.backend.ovs_idl.transaction [-] Running txn n=1 command(idx=0): AddLSwitchPortCommand(_result=None, lport=9b9f214e-48dc-4fff-b7ba-187271dd89bf, lswitch=neutron-61634800-bfa7-4a19-9f76-0dbf3ee76253, may_exist=True, network_uuid=61634800-bfa7-4a19-9f76-0dbf3ee76253, columns={'addresses': ['fa:16:3e:72:92:6f'], 'external_ids': {'neutron:port_name': '', 'neutron:device_id': 'ovnmeta-61634800-bfa7-4a19-9f76-0dbf3ee76253', 'neutron:project_id': '8fde28413b15447cb9b36e92485c8355', 'neutron:cidrs': '', 'neutron:device_owner': 'network:distributed', 'neutron:subnet_pool_addr_scope4': '', 'neutron:subnet_pool_addr_scope6': '', 'neutron:network_name': 'neutron-61634800-bfa7-4a19-9f76-0dbf3ee76253', 'neutron:security_group_ids': '', 'neutron:revision_number': '1', 'neutron:vnic_type': 'normal', 'neutron:port_capabilities': '', 'neutron:mtu': '1430'}, 'parent_name': [], 'enabled': True, 'options': {}, 'type': 'localport', 'port_security': [], 'dhcpv4_options': [], 'dhcpv6_options': [], 'tag_request': []}) {{(pid=87504) do_commit /opt/stack/data/venv/lib/python3.12/site-packages/ovsdbapp/backend/ovs_idl/transaction.py:89}}
Jun 29 17:10:59.880911 np0000003917 devstack@neutron-api.service[87504]: DEBUG ovsdbapp.backend.ovs_idl.transaction [-] Running txn n=1 command(idx=1): QoSDelCommand(_result=None, switch=neutron-61634800-bfa7-4a19-9f76-0dbf3ee76253, conditions=[('direction', '=', 'to-lport'), ('priority', '=', 2002), ('match', '=', 'outport == "9b9f214e-48dc-4fff-b7ba-187271dd89bf"')], if_exists=True) {{(pid=87504) do_commit /opt/stack/data/venv/lib/python3.12/site-packages/ovsdbapp/backend/ovs_idl/transaction.py:89}}
Jun 29 17:10:59.881077 np0000003917 devstack@neutron-api.service[87504]: DEBUG ovsdbapp.backend.ovs_idl.transaction [-] Running txn n=1 command(idx=2): QoSDelCommand(_result=None, switch=neutron-61634800-bfa7-4a19-9f76-0dbf3ee76253, conditions=[('direction', '=', 'from-lport'), ('priority', '=', 2002), ('match', '=', 'inport == "9b9f214e-48dc-4fff-b7ba-187271dd89bf"')], if_exists=True) {{(pid=87504) do_commit /opt/stack/data/venv/lib/python3.12/site-packages/ovsdbapp/backend/ovs_idl/transaction.py:89}}
Jun 29 17:10:59.881266 np0000003917 devstack@neutron-api.service[87504]: DEBUG ovsdbapp.backend.ovs_idl.transaction [-] Running txn n=1 command(idx=3): UpdateLSwitchPortQosOptionsCommand(_result=None, lport=AddLSwitchPortCommand(_result=bb709fdd-d9b9-4f94-9757-c73ded34530d, lport=9b9f214e-48dc-4fff-b7ba-187271dd89bf, lswitch=neutron-61634800-bfa7-4a19-9f76-0dbf3ee76253, may_exist=True, network_uuid=61634800-bfa7-4a19-9f76-0dbf3ee76253, columns={'addresses': ['fa:16:3e:72:92:6f'], 'external_ids': {'neutron:port_name': '', 'neutron:device_id': 'ovnmeta-61634800-bfa7-4a19-9f76-0dbf3ee76253', 'neutron:project_id': '8fde28413b15447cb9b36e92485c8355', 'neutron:cidrs': '', 'neutron:device_owner': 'network:distributed', 'neutron:subnet_pool_addr_scope4': '', 'neutron:subnet_pool_addr_scope6': '', 'neutron:network_name': 'neutron-61634800-bfa7-4a19-9f76-0dbf3ee76253', 'neutron:security_group_ids': '', 'neutron:revision_number': '1', 'neutron:vnic_type': 'normal', 'neutron:port_capabilities': '', 'neutron:mtu': '1430'}, 'parent_name': [], 'enabled': True, 'options': {}, 'type': 'localport', 'port_security': [], 'tag_request': []}), if_exists=True, qos={'qos_max_rate': None, 'qos_burst': None, 'qos_min_rate': None}) {{(pid=87504) do_commit /opt/stack/data/venv/lib/python3.12/site-packages/ovsdbapp/backend/ovs_idl/transaction.py:89}}
Jun 29 17:10:59.884549 np0000003917 devstack@neutron-api.service[87504]: DEBUG neutron.plugins.ml2.drivers.ovn.mech_driver.ovsdb.ovsdb_monitor [-] Hash Ring: Node 9d8ca719ee5657c8add3c5f8741cba47 (host: np0000003917) handling event "create" for row 540d6d7d-c4cd-4b3a-9552-44a1aa0f61e5 (table: Logical_Switch_Port) {{(pid=87504) notify /opt/stack/neutron/neutron/plugins/ml2/drivers/ovn/mech_driver/ovsdb/ovsdb_monitor.py:1015}}
Jun 29 17:10:59.885406 np0000003917 devstack@neutron-api.service[87505]: DEBUG neutron.plugins.ml2.drivers.ovn.mech_driver.ovsdb.ovsdb_monitor [-] Hash Ring: Node cccc7d1546d6556bb118456facb0a836 (host: np0000003917) handling event "update" for row 61634800-bfa7-4a19-9f76-0dbf3ee76253 (table: Logical_Switch) {{(pid=87505) notify /opt/stack/neutron/neutron/plugins/ml2/drivers/ovn/mech_driver/ovsdb/ovsdb_monitor.py:1015}}
Jun 29 17:10:59.886344 np0000003917 devstack@neutron-api.service[87505]: DEBUG neutron.plugins.ml2.drivers.ovn.mech_driver.ovsdb.ovsdb_monitor [-] Hash Ring: Node cccc7d1546d6556bb118456facb0a836 (host: np0000003917) handling event "create" for row 540d6d7d-c4cd-4b3a-9552-44a1aa0f61e5 (table: Logical_Switch_Port) {{(pid=87505) notify /opt/stack/neutron/neutron/plugins/ml2/drivers/ovn/mech_driver/ovsdb/ovsdb_monitor.py:1015}}
Jun 29 17:10:59.886475 np0000003917 devstack@neutron-api.service[87504]: DEBUG ovsdbapp.backend.ovs_idl.event [-] Matched CREATE: LogicalSwitchPortCreateEvent(events=('create',), table='Logical_Switch_Port', conditions=[], old_conditions=None), priority=20 to row=Logical_Switch_Port(uuid=540d6d7d-c4cd-4b3a-9552-44a1aa0f61e5, addresses=['fa:16:3e:72:92:6f'], dhcpv4_options=[], dhcpv6_options=[], dynamic_addresses=[], enabled=True, external_ids={'neutron:cidrs': '', 'neutron:device_id': 'ovnmeta-61634800-bfa7-4a19-9f76-0dbf3ee76253', 'neutron:device_owner': 'network:distributed', 'neutron:mtu': '1430', 'neutron:network_name': 'neutron-61634800-bfa7-4a19-9f76-0dbf3ee76253', 'neutron:port_capabilities': '', 'neutron:port_name': '', 'neutron:project_id': '8fde28413b15447cb9b36e92485c8355', 'neutron:revision_number': '1', 'neutron:security_group_ids': '', 'neutron:subnet_pool_addr_scope4': '', 'neutron:subnet_pool_addr_scope6': '', 'neutron:vnic_type': 'normal'}, ha_chassis_group=[], mirror_rules=[], name='9b9f214e-48dc-4fff-b7ba-187271dd89bf', options={}, parent_name=[], port_security=[], tag=[], tag_request=[], type='localport', up=[]) old= {{(pid=87504) matches /opt/stack/data/venv/lib/python3.12/site-packages/ovsdbapp/backend/ovs_idl/event.py:55}}
Jun 29 17:10:59.887890 np0000003917 devstack@neutron-api.service[87503]: DEBUG neutron.plugins.ml2.drivers.ovn.mech_driver.ovsdb.ovsdb_monitor [-] Hash Ring: Node 85a95ed9398e5dd8a1f4902f8e2ad175 (host: np0000003917) handling event "create" for row 540d6d7d-c4cd-4b3a-9552-44a1aa0f61e5 (table: Logical_Switch_Port) {{(pid=87503) notify /opt/stack/neutron/neutron/plugins/ml2/drivers/ovn/mech_driver/ovsdb/ovsdb_monitor.py:1015}}
Jun 29 17:10:59.888602 np0000003917 devstack@neutron-api.service[87505]: DEBUG ovsdbapp.backend.ovs_idl.event [-] Matched CREATE: LogicalSwitchPortCreateEvent(events=('create',), table='Logical_Switch_Port', conditions=[], old_conditions=None), priority=20 to row=Logical_Switch_Port(uuid=540d6d7d-c4cd-4b3a-9552-44a1aa0f61e5, addresses=['fa:16:3e:72:92:6f'], dhcpv4_options=[], dhcpv6_options=[], dynamic_addresses=[], enabled=True, external_ids={'neutron:cidrs': '', 'neutron:device_id': 'ovnmeta-61634800-bfa7-4a19-9f76-0dbf3ee76253', 'neutron:device_owner': 'network:distributed', 'neutron:mtu': '1430', 'neutron:network_name': 'neutron-61634800-bfa7-4a19-9f76-0dbf3ee76253', 'neutron:port_capabilities': '', 'neutron:port_name': '', 'neutron:project_id': '8fde28413b15447cb9b36e92485c8355', 'neutron:revision_number': '1', 'neutron:security_group_ids': '', 'neutron:subnet_pool_addr_scope4': '', 'neutron:subnet_pool_addr_scope6': '', 'neutron:vnic_type': 'normal'}, ha_chassis_group=[], mirror_rules=[], name='9b9f214e-48dc-4fff-b7ba-187271dd89bf', options={}, parent_name=[], port_security=[], tag=[], tag_request=[], type='localport', up=[]) old= {{(pid=87505) matches /opt/stack/data/venv/lib/python3.12/site-packages/ovsdbapp/backend/ovs_idl/event.py:55}}
Jun 29 17:10:59.888802 np0000003917 devstack@neutron-api.service[87503]: DEBUG ovsdbapp.backend.ovs_idl.event [-] Matched CREATE: LogicalSwitchPortCreateEvent(events=('create',), table='Logical_Switch_Port', conditions=[], old_conditions=None), priority=20 to row=Logical_Switch_Port(uuid=540d6d7d-c4cd-4b3a-9552-44a1aa0f61e5, addresses=['fa:16:3e:72:92:6f'], dhcpv4_options=[], dhcpv6_options=[], dynamic_addresses=[], enabled=True, external_ids={'neutron:cidrs': '', 'neutron:device_id': 'ovnmeta-61634800-bfa7-4a19-9f76-0dbf3ee76253', 'neutron:device_owner': 'network:distributed', 'neutron:mtu': '1430', 'neutron:network_name': 'neutron-61634800-bfa7-4a19-9f76-0dbf3ee76253', 'neutron:port_capabilities': '', 'neutron:port_name': '', 'neutron:project_id': '8fde28413b15447cb9b36e92485c8355', 'neutron:revision_number': '1', 'neutron:security_group_ids': '', 'neutron:subnet_pool_addr_scope4': '', 'neutron:subnet_pool_addr_scope6': '', 'neutron:vnic_type': 'normal'}, ha_chassis_group=[], mirror_rules=[], name='9b9f214e-48dc-4fff-b7ba-187271dd89bf', options={}, parent_name=[], port_security=[], tag=[], tag_request=[], type='localport', up=[]) old= {{(pid=87503) matches /opt/stack/data/venv/lib/python3.12/site-packages/ovsdbapp/backend/ovs_idl/event.py:55}}
Jun 29 17:10:59.889012 np0000003917 devstack@neutron-api.service[87505]: INFO neutron.plugins.ml2.drivers.ovn.mech_driver.mech_driver [None req-08750211-c172-474c-b4c0-3ed049b8fdb0 None None] OVN reports status down for port: 9b9f214e-48dc-4fff-b7ba-187271dd89bf
Jun 29 17:10:59.889487 np0000003917 devstack@neutron-api.service[87503]: DEBUG neutron.plugins.ml2.drivers.ovn.mech_driver.ovsdb.ovsdb_monitor [-] Hash Ring: Node 85a95ed9398e5dd8a1f4902f8e2ad175 (host: np0000003917) handling event "update" for row 540d6d7d-c4cd-4b3a-9552-44a1aa0f61e5 (table: Logical_Switch_Port) {{(pid=87503) notify /opt/stack/neutron/neutron/plugins/ml2/drivers/ovn/mech_driver/ovsdb/ovsdb_monitor.py:1015}}
Jun 29 17:10:59.889608 np0000003917 devstack@neutron-api.service[87504]: DEBUG neutron.plugins.ml2.drivers.ovn.mech_driver.ovsdb.ovsdb_monitor [-] Hash Ring: Node 9d8ca719ee5657c8add3c5f8741cba47 (host: np0000003917) handling event "update" for row 540d6d7d-c4cd-4b3a-9552-44a1aa0f61e5 (table: Logical_Switch_Port) {{(pid=87504) notify /opt/stack/neutron/neutron/plugins/ml2/drivers/ovn/mech_driver/ovsdb/ovsdb_monitor.py:1015}}
Jun 29 17:10:59.890095 np0000003917 devstack@neutron-api.service[87505]: DEBUG neutron.plugins.ml2.drivers.ovn.mech_driver.ovsdb.ovsdb_monitor [-] Hash Ring: Node cccc7d1546d6556bb118456facb0a836 (host: np0000003917) handling event "create" for row 73ef6069-413d-4a72-9c22-52c17cf50c5e (table: Port_Binding) {{(pid=87505) notify /opt/stack/neutron/neutron/plugins/ml2/drivers/ovn/mech_driver/ovsdb/ovsdb_monitor.py:1015}}
Jun 29 17:10:59.891881 np0000003917 devstack@neutron-api.service[87505]: DEBUG neutron.plugins.ml2.drivers.ovn.mech_driver.ovsdb.ovsdb_monitor [-] Hash Ring: Node cccc7d1546d6556bb118456facb0a836 (host: np0000003917) handling event "update" for row 540d6d7d-c4cd-4b3a-9552-44a1aa0f61e5 (table: Logical_Switch_Port) {{(pid=87505) notify /opt/stack/neutron/neutron/plugins/ml2/drivers/ovn/mech_driver/ovsdb/ovsdb_monitor.py:1015}}
Jun 29 17:10:59.892696 np0000003917 devstack@neutron-api.service[87503]: INFO neutron.plugins.ml2.drivers.ovn.mech_driver.mech_driver [-] OVN reports status down for port: 9b9f214e-48dc-4fff-b7ba-187271dd89bf
Jun 29 17:10:59.892696 np0000003917 devstack@neutron-api.service[87503]: DEBUG neutron.plugins.ml2.drivers.ovn.mech_driver.ovsdb.ovsdb_monitor [-] Hash Ring: Node 85a95ed9398e5dd8a1f4902f8e2ad175 (host: np0000003917) handling event "create" for row 73ef6069-413d-4a72-9c22-52c17cf50c5e (table: Port_Binding) {{(pid=87503) notify /opt/stack/neutron/neutron/plugins/ml2/drivers/ovn/mech_driver/ovsdb/ovsdb_monitor.py:1015}}
Jun 29 17:10:59.897268 np0000003917 devstack@neutron-api.service[87504]: INFO neutron.plugins.ml2.drivers.ovn.mech_driver.mech_driver [-] OVN reports status down for port: 9b9f214e-48dc-4fff-b7ba-187271dd89bf
Jun 29 17:10:59.917114 np0000003917 devstack@neutron-api.service[87505]: DEBUG neutron.db.provisioning_blocks [None req-08750211-c172-474c-b4c0-3ed049b8fdb0 None None] Transition to ACTIVE for port object 9b9f214e-48dc-4fff-b7ba-187271dd89bf will not be triggered until provisioned by entity L2. {{(pid=87505) add_provisioning_component /opt/stack/neutron/neutron/db/provisioning_blocks.py:74}}
Jun 29 17:10:59.937086 np0000003917 devstack@neutron-api.service[87505]: DEBUG neutron.plugins.ml2.plugin [None req-08750211-c172-474c-b4c0-3ed049b8fdb0 None None] Current status of the port 9b9f214e-48dc-4fff-b7ba-187271dd89bf is: DOWN; New status is: DOWN {{(pid=87505) _update_individual_port_db_status /opt/stack/neutron/neutron/plugins/ml2/plugin.py:2473}}
Jun 29 17:10:59.938916 np0000003917 devstack@neutron-api.service[87505]: DEBUG ovsdbapp.backend.ovs_idl.transaction [-] Running txn n=1 command(idx=0): DbRemoveCommand(_result=None, table=Logical_Switch_Port, record=9b9f214e-48dc-4fff-b7ba-187271dd89bf, column=external_ids, values=('neutron:host_id',), keyvalues={}, if_exists=True) {{(pid=87505) do_commit /opt/stack/data/venv/lib/python3.12/site-packages/ovsdbapp/backend/ovs_idl/transaction.py:89}}
Jun 29 17:10:59.957812 np0000003917 devstack@neutron-api.service[87503]: DEBUG neutron.db.provisioning_blocks [None req-5aec72bf-d111-42bd-8e7a-8aef063a2fcb None None] Ignored duplicate provisioning block setup for port 9b9f214e-48dc-4fff-b7ba-187271dd89bf by entity L2. {{(pid=87503) add_provisioning_component /opt/stack/neutron/neutron/db/provisioning_blocks.py:69}}
Jun 29 17:10:59.986998 np0000003917 devstack@neutron-api.service[87504]: INFO neutron.db.ovn_revision_numbers_db [None req-f8a8e663-0bed-4cc9-be79-938623aa88d6 admin admin] Successfully bumped revision number for resource 9b9f214e-48dc-4fff-b7ba-187271dd89bf (type: ports) to 1
Jun 29 17:10:59.989194 np0000003917 devstack@neutron-api.service[87503]: DEBUG neutron.plugins.ml2.plugin [None req-5aec72bf-d111-42bd-8e7a-8aef063a2fcb None None] Current status of the port 9b9f214e-48dc-4fff-b7ba-187271dd89bf is: DOWN; New status is: DOWN {{(pid=87503) _update_individual_port_db_status /opt/stack/neutron/neutron/plugins/ml2/plugin.py:2473}}
Jun 29 17:10:59.990439 np0000003917 devstack@neutron-api.service[87503]: DEBUG ovsdbapp.backend.ovs_idl.transaction [-] Running txn n=1 command(idx=0): DbRemoveCommand(_result=None, table=Logical_Switch_Port, record=9b9f214e-48dc-4fff-b7ba-187271dd89bf, column=external_ids, values=('neutron:host_id',), keyvalues={}, if_exists=True) {{(pid=87503) do_commit /opt/stack/data/venv/lib/python3.12/site-packages/ovsdbapp/backend/ovs_idl/transaction.py:89}}
Jun 29 17:11:00.008057 np0000003917 devstack@neutron-api.service[87504]: DEBUG neutron.pecan_wsgi.hooks.policy_enforcement [None req-f8a8e663-0bed-4cc9-be79-938623aa88d6 admin admin] Attributes excluded by policy engine: ['standard_attr_id'] {{(pid=87504) _exclude_attributes_by_policy /opt/stack/neutron/neutron/pecan_wsgi/hooks/policy_enforcement.py:259}}
Jun 29 17:11:00.010502 np0000003917 devstack@neutron-api.service[87504]: DEBUG neutron_lib.callbacks.manager [None req-f8a8e663-0bed-4cc9-be79-938623aa88d6 admin admin] Publish callbacks [] for network (None), before_response {{(pid=87504) _notify_loop /opt/stack/data/venv/lib/python3.12/site-packages/neutron_lib/callbacks/manager.py:184}}
Jun 29 17:11:00.011233 np0000003917 devstack@neutron-api.service[87504]: DEBUG neutron.db.provisioning_blocks [None req-4d7e97ff-eae6-4e6c-9d65-1ef4b93f724a None None] Ignored duplicate provisioning block setup for port 9b9f214e-48dc-4fff-b7ba-187271dd89bf by entity L2. {{(pid=87504) add_provisioning_component /opt/stack/neutron/neutron/db/provisioning_blocks.py:69}}
Jun 29 17:11:00.044302 np0000003917 devstack@neutron-api.service[87504]: [pid: 87504|app: 0|req: 5/16] 10.4.3.125 () {68 vars in 1327 bytes} [Mon Jun 29 17:10:58 2026] POST /networking/v2.0/networks => generated 679 bytes in 1566 msecs (HTTP/1.1 201) 4 headers in 162 bytes (1 switches on core 0)
Jun 29 17:11:00.049346 np0000003917 devstack@neutron-api.service[87504]: DEBUG neutron.plugins.ml2.plugin [None req-4d7e97ff-eae6-4e6c-9d65-1ef4b93f724a None None] Current status of the port 9b9f214e-48dc-4fff-b7ba-187271dd89bf is: DOWN; New status is: DOWN {{(pid=87504) _update_individual_port_db_status /opt/stack/neutron/neutron/plugins/ml2/plugin.py:2473}}
Jun 29 17:11:00.050464 np0000003917 devstack@neutron-api.service[87504]: DEBUG ovsdbapp.backend.ovs_idl.transaction [-] Running txn n=1 command(idx=0): DbRemoveCommand(_result=None, table=Logical_Switch_Port, record=9b9f214e-48dc-4fff-b7ba-187271dd89bf, column=external_ids, values=('neutron:host_id',), keyvalues={}, if_exists=True) {{(pid=87504) do_commit /opt/stack/data/venv/lib/python3.12/site-packages/ovsdbapp/backend/ovs_idl/transaction.py:89}}
Jun 29 17:11:00.304830 np0000003917 devstack@neutron-api.service[87505]: DEBUG neutron.pecan_wsgi.hooks.policy_enforcement [None req-ffba6db6-067e-40e3-871c-e8469898939d admin admin] Attributes excluded by policy engine: ['standard_attr_id', 'shared'] {{(pid=87505) _exclude_attributes_by_policy /opt/stack/neutron/neutron/pecan_wsgi/hooks/policy_enforcement.py:259}}
Jun 29 17:11:00.305911 np0000003917 devstack@neutron-api.service[87505]: [pid: 87505|app: 0|req: 7/17] 10.4.3.125 () {64 vars in 1381 bytes} [Mon Jun 29 17:11:00 2026] GET /networking/v2.0/subnets/c2f53ea0-7b0e-4c1a-9a8b-edd938940ed2 => generated 666 bytes in 21 msecs (HTTP/1.1 200) 4 headers in 157 bytes (1 switches on core 0)
Jun 29 17:11:00.317068 np0000003917 devstack@neutron-api.service[87503]: DEBUG neutron.api.wsgi [None req-e55775da-a63a-49d3-88e1-0736775cc93d admin admin] Missing Content-Type {{(pid=87503) get_content_type /opt/stack/neutron/neutron/api/wsgi.py:80}}
Jun 29 17:11:00.606300 np0000003917 devstack@neutron-api.service[87503]: [pid: 87503|app: 0|req: 6/18] 10.4.3.125 () {64 vars in 1381 bytes} [Mon Jun 29 17:11:00 2026] GET /networking/v2.0/routers/16555f7e-72c2-499f-b575-6e12eeeab845 => generated 599 bytes in 291 msecs (HTTP/1.1 200) 4 headers in 157 bytes (1 switches on core 0)
Jun 29 17:11:00.771330 np0000003917 devstack@neutron-api.service[87504]: DEBUG neutron_lib.callbacks.manager [None req-97a64310-334c-4e7f-be08-f9a46498d221 admin admin] Publish callbacks ['neutron.plugins.ml2.plugin.SecurityGroupDbMixin._ensure_default_security_group_handler-16854'] for port (None), before_create {{(pid=87504) _notify_loop /opt/stack/data/venv/lib/python3.12/site-packages/neutron_lib/callbacks/manager.py:184}}
Jun 29 17:11:00.884568 np0000003917 devstack@neutron-api.service[87504]: DEBUG neutron.db.db_base_plugin_common [None req-97a64310-334c-4e7f-be08-f9a46498d221 admin admin] Allocated IP 10.1.0.1 (70ee0fd5-7a11-4036-a298-bcbe018b829b/c2f53ea0-7b0e-4c1a-9a8b-edd938940ed2/05bced43-cc7f-45f0-b3df-0ee44a56ae10) {{(pid=87504) _store_ip_allocation /opt/stack/neutron/neutron/db/db_base_plugin_common.py:131}}
Jun 29 17:11:00.958078 np0000003917 devstack@neutron-api.service[87505]: DEBUG futurist.periodics [-] Submitting periodic callback 'neutron.plugins.ml2.drivers.ovn.mech_driver.ovsdb.maintenance.HashRingHealthCheckPeriodics.touch_hash_ring_node' {{(pid=87505) _process_scheduled /opt/stack/data/venv/lib/python3.12/site-packages/futurist/periodics.py:784}}
Jun 29 17:11:00.988076 np0000003917 devstack@neutron-api.service[87504]: DEBUG neutron_lib.callbacks.manager [None req-97a64310-334c-4e7f-be08-f9a46498d221 admin admin] Publish callbacks ['neutron.plugins.ml2.drivers.ovn.mech_driver.mech_driver.OVNMechanismDriver._validate_allowed_address_pairs-299652'] for allowed_address_pair (05bced43-cc7f-45f0-b3df-0ee44a56ae10), before_create {{(pid=87504) _notify_loop /opt/stack/data/venv/lib/python3.12/site-packages/neutron_lib/callbacks/manager.py:184}}
Jun 29 17:11:00.988210 np0000003917 devstack@neutron-api.service[87505]: DEBUG neutron.plugins.ml2.drivers.ovn.mech_driver.ovsdb.maintenance [-] Touching Hash Ring node "cccc7d1546d6556bb118456facb0a836" from periodic health check thread {{(pid=87505) touch_hash_ring_node /opt/stack/neutron/neutron/plugins/ml2/drivers/ovn/mech_driver/ovsdb/maintenance.py:1419}}
Jun 29 17:11:00.988257 np0000003917 devstack@neutron-api.service[87504]: DEBUG neutron_lib.callbacks.manager [None req-97a64310-334c-4e7f-be08-f9a46498d221 admin admin] Publish callbacks [] for port (05bced43-cc7f-45f0-b3df-0ee44a56ae10), precommit_create {{(pid=87504) _notify_loop /opt/stack/data/venv/lib/python3.12/site-packages/neutron_lib/callbacks/manager.py:184}}
Jun 29 17:11:00.988257 np0000003917 devstack@neutron-api.service[87504]: DEBUG neutron.plugins.ml2.drivers.ovn.mech_driver.mech_driver [None req-97a64310-334c-4e7f-be08-f9a46498d221 admin admin] No provisioning block for port 05bced43-cc7f-45f0-b3df-0ee44a56ae10 since it does not have a host {{(pid=87504) _is_port_provisioning_required /opt/stack/neutron/neutron/plugins/ml2/drivers/ovn/mech_driver/mech_driver.py:899}}
