Aug 04 11:08:10.568837 np0000006416 devstack@c-api.service[97117]: DEBUG cinder.api.openstack.wsgi [req-675fa155-0fdb-4ea4-85ed-841190db6065 req-45063794-b900-49c1-a1e7-ba8e5f844a8c tempest-TaggedAttachmentsTest-1777488258 tempest-TaggedAttachmentsTest-1777488258-project-member] Action body: b'{"os-begin_detaching": null}' {{(pid=97117) get_method /opt/stack/cinder/cinder/api/openstack/wsgi.py:993}}
Aug 04 11:08:10.569081 np0000006416 devstack@c-api.service[97117]: DEBUG cinder.api.openstack.wsgi [req-675fa155-0fdb-4ea4-85ed-841190db6065 req-45063794-b900-49c1-a1e7-ba8e5f844a8c tempest-TaggedAttachmentsTest-1777488258 tempest-TaggedAttachmentsTest-1777488258-project-member] Action: 'action', calling method: _begin_detaching, body: {"os-begin_detaching": null} {{(pid=97117) _process_stack /opt/stack/cinder/cinder/api/openstack/wsgi.py:876}}
Aug 04 11:08:10.579533 np0000006416 devstack@c-api.service[97116]: INFO cinder.volume.api [None req-17450fd4-3c18-4914-923d-89712559b75e tempest-AttachSCSIVolumeTestJSON-50478537 tempest-AttachSCSIVolumeTestJSON-50478537-project-reader] Volume info retrieved successfully.
Aug 04 11:08:10.580095 np0000006416 devstack@c-api.service[97118]: INFO cinder.volume.api [None req-5e544252-7df1-4dec-87f5-4e2371ea192c tempest-ServerStableDeviceRescueTest-1561539765 tempest-ServerStableDeviceRescueTest-1561539765-project-member] Volume info retrieved successfully.
Aug 04 11:08:10.582673 np0000006416 devstack@c-api.service[97117]: INFO cinder.volume.api [req-675fa155-0fdb-4ea4-85ed-841190db6065 req-45063794-b900-49c1-a1e7-ba8e5f844a8c tempest-TaggedAttachmentsTest-1777488258 tempest-TaggedAttachmentsTest-1777488258-project-member] Volume info retrieved successfully.
Aug 04 11:08:10.584896 np0000006416 devstack@c-api.service[97116]: INFO cinder.api.openstack.wsgi [None req-17450fd4-3c18-4914-923d-89712559b75e tempest-AttachSCSIVolumeTestJSON-50478537 tempest-AttachSCSIVolumeTestJSON-50478537-project-reader] https://10.4.3.51/volume/v3/volumes/9d6f3750-3419-4f91-a864-4fa8e8f23d7b returned with HTTP 200
Aug 04 11:08:10.584973 np0000006416 devstack@c-api.service[97118]: INFO cinder.api.openstack.wsgi [None req-5e544252-7df1-4dec-87f5-4e2371ea192c tempest-ServerStableDeviceRescueTest-1561539765 tempest-ServerStableDeviceRescueTest-1561539765-project-member] https://10.4.3.51/volume/v3/volumes/9bde2fb6-9854-4d16-8f22-bd2ae580b0ed returned with HTTP 200
Aug 04 11:08:10.585276 np0000006416 devstack@c-api.service[97116]: [pid: 97116|app: 0|req: 52/152] 10.4.3.51 () {66 vars in 1341 bytes} [Tue Aug 4 11:08:10 2026] GET /volume/v3/volumes/9d6f3750-3419-4f91-a864-4fa8e8f23d7b => generated 845 bytes in 24 msecs (HTTP/1.1 200) 7 headers in 285 bytes (1 switches on core 0)
Aug 04 11:08:10.585418 np0000006416 devstack@c-api.service[97118]: [pid: 97118|app: 0|req: 48/153] 10.4.3.51 () {66 vars in 1341 bytes} [Tue Aug 4 11:08:10 2026] GET /volume/v3/volumes/9bde2fb6-9854-4d16-8f22-bd2ae580b0ed => generated 1142 bytes in 31 msecs (HTTP/1.1 200) 7 headers in 286 bytes (1 switches on core 0)
Aug 04 11:08:10.596462 np0000006416 devstack@c-api.service[97117]: INFO cinder.volume.api [req-675fa155-0fdb-4ea4-85ed-841190db6065 req-45063794-b900-49c1-a1e7-ba8e5f844a8c tempest-TaggedAttachmentsTest-1777488258 tempest-TaggedAttachmentsTest-1777488258-project-member] Begin detaching volume completed successfully.
Aug 04 11:08:10.596617 np0000006416 devstack@c-api.service[97117]: INFO cinder.api.openstack.wsgi [req-675fa155-0fdb-4ea4-85ed-841190db6065 req-45063794-b900-49c1-a1e7-ba8e5f844a8c tempest-TaggedAttachmentsTest-1777488258 tempest-TaggedAttachmentsTest-1777488258-project-member] https://10.4.3.51/volume/v3/volumes/ebcdd2a5-47e3-4071-b81a-959b8618c617/action returned with HTTP 202
Aug 04 11:08:10.597120 np0000006416 devstack@c-api.service[97117]: [pid: 97117|app: 0|req: 54/154] 10.4.3.51 () {72 vars in 1665 bytes} [Tue Aug 4 11:08:10 2026] POST /volume/v3/volumes/ebcdd2a5-47e3-4071-b81a-959b8618c617/action => generated 0 bytes in 31 msecs (HTTP/1.1 202) 7 headers in 289 bytes (1 switches on core 0)
Aug 04 11:08:10.625214 np0000006416 devstack@c-api.service[97116]: DEBUG cinder.api.middleware.request_id [None req-be8540f2-c658-412f-a2e9-56d78e113b1c None None] RequestId filter calling following filter/app {{(pid=97116) _context_setter /opt/stack/cinder/cinder/api/middleware/request_id.py:62}}
Aug 04 11:08:10.625982 np0000006416 devstack@c-api.service[97116]: INFO cinder.api.openstack.wsgi [None req-be8540f2-c658-412f-a2e9-56d78e113b1c tempest-TaggedAttachmentsTest-1777488258 tempest-TaggedAttachmentsTest-1777488258-project-member] GET https://10.4.3.51/volume/v3/volumes/ebcdd2a5-47e3-4071-b81a-959b8618c617
Aug 04 11:08:10.626209 np0000006416 devstack@c-api.service[97116]: DEBUG cinder.api.openstack.wsgi [None req-be8540f2-c658-412f-a2e9-56d78e113b1c tempest-TaggedAttachmentsTest-1777488258 tempest-TaggedAttachmentsTest-1777488258-project-member] Empty body provided in request {{(pid=97116) get_body /opt/stack/cinder/cinder/api/openstack/wsgi.py:725}}
Aug 04 11:08:10.626294 np0000006416 devstack@c-api.service[97116]: DEBUG cinder.api.openstack.wsgi [None req-be8540f2-c658-412f-a2e9-56d78e113b1c tempest-TaggedAttachmentsTest-1777488258 tempest-TaggedAttachmentsTest-1777488258-project-member] Calling method 'show' {{(pid=97116) _process_stack /opt/stack/cinder/cinder/api/openstack/wsgi.py:878}}
Aug 04 11:08:10.649670 np0000006416 devstack@c-api.service[97118]: DEBUG cinder.api.middleware.request_id [None req-8d3d195f-fe88-4e6c-a539-bfd666ae946e None None] RequestId filter calling following filter/app {{(pid=97118) _context_setter /opt/stack/cinder/cinder/api/middleware/request_id.py:62}}
Aug 04 11:08:10.652370 np0000006416 devstack@c-api.service[97118]: INFO cinder.api.openstack.wsgi [None req-8d3d195f-fe88-4e6c-a539-bfd666ae946e tempest-VolumesAssistedSnapshotsTest-2052945313 tempest-VolumesAssistedSnapshotsTest-2052945313-project-admin] GET https://10.4.3.51/volume/v3/volumes/107efd28-c096-4527-832c-309a9dd7ef5d
Aug 04 11:08:10.652445 np0000006416 devstack@c-api.service[97116]: INFO cinder.volume.api [None req-be8540f2-c658-412f-a2e9-56d78e113b1c tempest-TaggedAttachmentsTest-1777488258 tempest-TaggedAttachmentsTest-1777488258-project-member] Volume info retrieved successfully.
Aug 04 11:08:10.652578 np0000006416 devstack@c-api.service[97118]: DEBUG cinder.api.openstack.wsgi [None req-8d3d195f-fe88-4e6c-a539-bfd666ae946e tempest-VolumesAssistedSnapshotsTest-2052945313 tempest-VolumesAssistedSnapshotsTest-2052945313-project-admin] Empty body provided in request {{(pid=97118) get_body /opt/stack/cinder/cinder/api/openstack/wsgi.py:725}}
Aug 04 11:08:10.652776 np0000006416 devstack@c-api.service[97118]: DEBUG cinder.api.openstack.wsgi [None req-8d3d195f-fe88-4e6c-a539-bfd666ae946e tempest-VolumesAssistedSnapshotsTest-2052945313 tempest-VolumesAssistedSnapshotsTest-2052945313-project-admin] Calling method 'show' {{(pid=97118) _process_stack /opt/stack/cinder/cinder/api/openstack/wsgi.py:878}}
Aug 04 11:08:10.656625 np0000006416 devstack@c-api.service[97116]: INFO cinder.api.openstack.wsgi [None req-be8540f2-c658-412f-a2e9-56d78e113b1c tempest-TaggedAttachmentsTest-1777488258 tempest-TaggedAttachmentsTest-1777488258-project-member] https://10.4.3.51/volume/v3/volumes/ebcdd2a5-47e3-4071-b81a-959b8618c617 returned with HTTP 200
Aug 04 11:08:10.657512 np0000006416 devstack@c-api.service[97116]: [pid: 97116|app: 0|req: 53/155] 10.4.3.51 () {66 vars in 1341 bytes} [Tue Aug 4 11:08:10 2026] GET /volume/v3/volumes/ebcdd2a5-47e3-4071-b81a-959b8618c617 => generated 1137 bytes in 35 msecs (HTTP/1.1 200) 7 headers in 286 bytes (1 switches on core 0)
Aug 04 11:08:10.671756 np0000006416 devstack@c-api.service[97117]: DEBUG cinder.api.middleware.request_id [None req-cfdaaff3-7493-4f0f-b835-84df19c72a05 None None] RequestId filter calling following filter/app {{(pid=97117) _context_setter /opt/stack/cinder/cinder/api/middleware/request_id.py:62}}
Aug 04 11:08:10.672034 np0000006416 devstack@c-api.service[97117]: INFO cinder.api.openstack.wsgi [None req-cfdaaff3-7493-4f0f-b835-84df19c72a05 None None] GET https://10.4.3.51/volume//
Aug 04 11:08:10.672080 np0000006416 devstack@c-api.service[97116]: DEBUG cinder.api.middleware.request_id [None req-123c61cb-4b91-4fe7-9e0d-2a74895b323e None None] RequestId filter calling following filter/app {{(pid=97116) _context_setter /opt/stack/cinder/cinder/api/middleware/request_id.py:62}}
Aug 04 11:08:10.672255 np0000006416 devstack@c-api.service[97117]: DEBUG cinder.api.openstack.wsgi [None req-cfdaaff3-7493-4f0f-b835-84df19c72a05 None None] Empty body provided in request {{(pid=97117) get_body /opt/stack/cinder/cinder/api/openstack/wsgi.py:725}}
Aug 04 11:08:10.672492 np0000006416 devstack@c-api.service[97117]: DEBUG cinder.api.openstack.wsgi [None req-cfdaaff3-7493-4f0f-b835-84df19c72a05 None None] Calling method 'all' {{(pid=97117) _process_stack /opt/stack/cinder/cinder/api/openstack/wsgi.py:878}}
Aug 04 11:08:10.672960 np0000006416 devstack@c-api.service[97117]: INFO cinder.api.openstack.wsgi [None req-cfdaaff3-7493-4f0f-b835-84df19c72a05 None None] https://10.4.3.51/volume// returned with HTTP 300
Aug 04 11:08:10.673690 np0000006416 devstack@c-api.service[97117]: [pid: 97117|app: 0|req: 55/156] 10.4.3.51 () {66 vars in 1419 bytes} [Tue Aug 4 11:08:10 2026] GET /volume/ => generated 385 bytes in 3 msecs (HTTP/1.1 300) 7 headers in 299 bytes (1 switches on core 0)
Aug 04 11:08:10.674190 np0000006416 devstack@c-api.service[97116]: INFO cinder.api.openstack.wsgi [None req-123c61cb-4b91-4fe7-9e0d-2a74895b323e tempest-AttachSCSIVolumeTestJSON-50478537 tempest-AttachSCSIVolumeTestJSON-50478537-project-member] GET https://10.4.3.51/volume/v3/volumes/9d6f3750-3419-4f91-a864-4fa8e8f23d7b
Aug 04 11:08:10.674323 np0000006416 devstack@c-api.service[97117]: DEBUG cinder.api.middleware.request_id [req-a3bea312-08a0-4a1b-bdc2-109064795bf5 req-6ee736b8-5ce0-432d-b90b-66161153610c None None] RequestId filter calling following filter/app {{(pid=97117) _context_setter /opt/stack/cinder/cinder/api/middleware/request_id.py:62}}
Aug 04 11:08:10.674438 np0000006416 devstack@c-api.service[97116]: DEBUG cinder.api.openstack.wsgi [None req-123c61cb-4b91-4fe7-9e0d-2a74895b323e tempest-AttachSCSIVolumeTestJSON-50478537 tempest-AttachSCSIVolumeTestJSON-50478537-project-member] Empty body provided in request {{(pid=97116) get_body /opt/stack/cinder/cinder/api/openstack/wsgi.py:725}}
Aug 04 11:08:10.674655 np0000006416 devstack@c-api.service[97116]: DEBUG cinder.api.openstack.wsgi [None req-123c61cb-4b91-4fe7-9e0d-2a74895b323e tempest-AttachSCSIVolumeTestJSON-50478537 tempest-AttachSCSIVolumeTestJSON-50478537-project-member] Calling method 'show' {{(pid=97116) _process_stack /opt/stack/cinder/cinder/api/openstack/wsgi.py:878}}
Aug 04 11:08:10.675086 np0000006416 devstack@c-api.service[97118]: INFO cinder.volume.api [None req-8d3d195f-fe88-4e6c-a539-bfd666ae946e tempest-VolumesAssistedSnapshotsTest-2052945313 tempest-VolumesAssistedSnapshotsTest-2052945313-project-admin] Volume info retrieved successfully.
Aug 04 11:08:10.676328 np0000006416 devstack@c-api.service[97117]: INFO cinder.api.openstack.wsgi [req-a3bea312-08a0-4a1b-bdc2-109064795bf5 req-6ee736b8-5ce0-432d-b90b-66161153610c tempest-VolumesAssistedSnapshotsTest-736324280 tempest-VolumesAssistedSnapshotsTest-736324280-project] POST https://10.4.3.51/volume/v3/snapshots/cbe0f481-e4cf-4e41-a370-c8bea3d39789/action
Aug 04 11:08:10.676687 np0000006416 devstack@c-api.service[97117]: DEBUG cinder.api.openstack.wsgi [req-a3bea312-08a0-4a1b-bdc2-109064795bf5 req-6ee736b8-5ce0-432d-b90b-66161153610c tempest-VolumesAssistedSnapshotsTest-736324280 tempest-VolumesAssistedSnapshotsTest-736324280-project] Action body: b'{"os-update_snapshot_status": {"status": "error", "progress": "90%"}}' {{(pid=97117) get_method /opt/stack/cinder/cinder/api/openstack/wsgi.py:993}}
Aug 04 11:08:10.676883 np0000006416 devstack@c-api.service[97117]: DEBUG cinder.api.openstack.wsgi [req-a3bea312-08a0-4a1b-bdc2-109064795bf5 req-6ee736b8-5ce0-432d-b90b-66161153610c tempest-VolumesAssistedSnapshotsTest-736324280 tempest-VolumesAssistedSnapshotsTest-736324280-project] Action: 'action', calling method: _update_snapshot_status, body: {"os-update_snapshot_status": {"status": "error", "progress": "90%"}} {{(pid=97117) _process_stack /opt/stack/cinder/cinder/api/openstack/wsgi.py:876}}
Aug 04 11:08:10.678179 np0000006416 devstack@c-api.service[97117]: DEBUG cinder.api.contrib.snapshot_actions [req-a3bea312-08a0-4a1b-bdc2-109064795bf5 req-6ee736b8-5ce0-432d-b90b-66161153610c tempest-VolumesAssistedSnapshotsTest-736324280 tempest-VolumesAssistedSnapshotsTest-736324280-project] body: {'os-update_snapshot_status': {'status': 'error', 'progress': '90%'}} {{(pid=97117) _update_snapshot_status /opt/stack/cinder/cinder/api/contrib/snapshot_actions.py:46}}
Aug 04 11:08:10.680767 np0000006416 devstack@c-api.service[97118]: INFO cinder.api.openstack.wsgi [None req-8d3d195f-fe88-4e6c-a539-bfd666ae946e tempest-VolumesAssistedSnapshotsTest-2052945313 tempest-VolumesAssistedSnapshotsTest-2052945313-project-admin] https://10.4.3.51/volume/v3/volumes/107efd28-c096-4527-832c-309a9dd7ef5d returned with HTTP 200
Aug 04 11:08:10.680767 np0000006416 devstack@c-api.service[97118]: [pid: 97118|app: 0|req: 49/157] 10.4.3.51 () {66 vars in 1341 bytes} [Tue Aug 4 11:08:10 2026] GET /volume/v3/volumes/107efd28-c096-4527-832c-309a9dd7ef5d => generated 1316 bytes in 31 msecs (HTTP/1.1 200) 7 headers in 286 bytes (1 switches on core 0)
Aug 04 11:08:10.681205 np0000006416 devstack@c-api.service[97118]: DEBUG cinder.api.middleware.request_id [req-173b0b8f-1bf2-482c-9553-875094f16a76 req-9f6ece00-2b65-4b81-b081-eaf7770f1337 None None] RequestId filter calling following filter/app {{(pid=97118) _context_setter /opt/stack/cinder/cinder/api/middleware/request_id.py:62}}
Aug 04 11:08:10.683159 np0000006416 devstack@c-api.service[97118]: INFO cinder.api.openstack.wsgi [req-173b0b8f-1bf2-482c-9553-875094f16a76 req-9f6ece00-2b65-4b81-b081-eaf7770f1337 tempest-VolumesAssistedSnapshotsTest-736324280 tempest-VolumesAssistedSnapshotsTest-736324280-project] POST https://10.4.3.51/volume/v3/snapshots/None/action
Aug 04 11:08:10.683459 np0000006416 devstack@c-api.service[97118]: DEBUG cinder.api.openstack.wsgi [req-173b0b8f-1bf2-482c-9553-875094f16a76 req-9f6ece00-2b65-4b81-b081-eaf7770f1337 tempest-VolumesAssistedSnapshotsTest-736324280 tempest-VolumesAssistedSnapshotsTest-736324280-project] Action body: b'{"os-update_snapshot_status": {"status": "error_deleting", "progress": "90%"}}' {{(pid=97118) get_method /opt/stack/cinder/cinder/api/openstack/wsgi.py:993}}
Aug 04 11:08:10.683583 np0000006416 devstack@c-api.service[97118]: DEBUG cinder.api.openstack.wsgi [req-173b0b8f-1bf2-482c-9553-875094f16a76 req-9f6ece00-2b65-4b81-b081-eaf7770f1337 tempest-VolumesAssistedSnapshotsTest-736324280 tempest-VolumesAssistedSnapshotsTest-736324280-project] Action: 'action', calling method: _update_snapshot_status, body: {"os-update_snapshot_status": {"status": "error_deleting", "progress": "90%"}} {{(pid=97118) _process_stack /opt/stack/cinder/cinder/api/openstack/wsgi.py:876}}
Aug 04 11:08:10.685252 np0000006416 devstack@c-api.service[97118]: DEBUG cinder.api.contrib.snapshot_actions [req-173b0b8f-1bf2-482c-9553-875094f16a76 req-9f6ece00-2b65-4b81-b081-eaf7770f1337 tempest-VolumesAssistedSnapshotsTest-736324280 tempest-VolumesAssistedSnapshotsTest-736324280-project] body: {'os-update_snapshot_status': {'status': 'error_deleting', 'progress': '90%'}} {{(pid=97118) _update_snapshot_status /opt/stack/cinder/cinder/api/contrib/snapshot_actions.py:46}}
Aug 04 11:08:10.686059 np0000006416 devstack@c-api.service[97116]: INFO cinder.volume.api [None req-123c61cb-4b91-4fe7-9e0d-2a74895b323e tempest-AttachSCSIVolumeTestJSON-50478537 tempest-AttachSCSIVolumeTestJSON-50478537-project-member] Volume info retrieved successfully.
Aug 04 11:08:10.691109 np0000006416 devstack@c-api.service[97116]: INFO cinder.api.openstack.wsgi [None req-123c61cb-4b91-4fe7-9e0d-2a74895b323e tempest-AttachSCSIVolumeTestJSON-50478537 tempest-AttachSCSIVolumeTestJSON-50478537-project-member] https://10.4.3.51/volume/v3/volumes/9d6f3750-3419-4f91-a864-4fa8e8f23d7b returned with HTTP 200
Aug 04 11:08:10.691524 np0000006416 devstack@c-api.service[97116]: [pid: 97116|app: 0|req: 54/158] 10.4.3.51 () {66 vars in 1341 bytes} [Tue Aug 4 11:08:10 2026] GET /volume/v3/volumes/9d6f3750-3419-4f91-a864-4fa8e8f23d7b => generated 845 bytes in 20 msecs (HTTP/1.1 200) 7 headers in 285 bytes (1 switches on core 0)
Aug 04 11:08:10.692070 np0000006416 devstack@c-api.service[97116]: DEBUG cinder.api.middleware.request_id [req-073adee6-9eb7-40ec-ab6d-61d89d57f9ec req-a1f6e6c9-3bca-4819-882d-40a7fd0b976e None None] RequestId filter calling following filter/app {{(pid=97116) _context_setter /opt/stack/cinder/cinder/api/middleware/request_id.py:62}}
Aug 04 11:08:10.694187 np0000006416 devstack@c-api.service[97116]: INFO cinder.api.openstack.wsgi [req-073adee6-9eb7-40ec-ab6d-61d89d57f9ec req-a1f6e6c9-3bca-4819-882d-40a7fd0b976e tempest-ServerActionsTestOtherB-1191645902 tempest-ServerActionsTestOtherB-1191645902-project-member] POST https://10.4.3.51/volume/v3/attachments
Aug 04 11:08:10.694525 np0000006416 devstack@c-api.service[97116]: DEBUG cinder.api.openstack.wsgi [req-073adee6-9eb7-40ec-ab6d-61d89d57f9ec req-a1f6e6c9-3bca-4819-882d-40a7fd0b976e tempest-ServerActionsTestOtherB-1191645902 tempest-ServerActionsTestOtherB-1191645902-project-member] Action: 'create', calling method: version_select, body: {"attachment": {"volume_uuid": "4bdea0fe-64f0-4b76-bc07-1c432ec819db", "connector": null, "instance_uuid": "1dfda463-5fa6-46d8-a337-a97e89a73b07"}} {{(pid=97116) _process_stack /opt/stack/cinder/cinder/api/openstack/wsgi.py:876}}
Aug 04 11:08:10.700466 np0000006416 devstack@c-api.service[97117]: INFO cinder.api.openstack.wsgi [req-a3bea312-08a0-4a1b-bdc2-109064795bf5 req-6ee736b8-5ce0-432d-b90b-66161153610c tempest-VolumesAssistedSnapshotsTest-736324280 tempest-VolumesAssistedSnapshotsTest-736324280-project] https://10.4.3.51/volume/v3/snapshots/cbe0f481-e4cf-4e41-a370-c8bea3d39789/action returned with HTTP 404
Aug 04 11:08:10.701463 np0000006416 devstack@c-api.service[97117]: [pid: 97117|app: 0|req: 56/159] 10.4.3.51 () {72 vars in 1671 bytes} [Tue Aug 4 11:08:10 2026] POST /volume/v3/snapshots/cbe0f481-e4cf-4e41-a370-c8bea3d39789/action => generated 111 bytes in 27 msecs (HTTP/1.1 404) 7 headers in 292 bytes (1 switches on core 0)
Aug 04 11:08:10.702498 np0000006416 devstack@c-api.service[97117]: DEBUG cinder.api.middleware.request_id [None req-2cf1cde8-e7f2-42e2-a0e2-5af07fd940c9 None None] RequestId filter calling following filter/app {{(pid=97117) _context_setter /opt/stack/cinder/cinder/api/middleware/request_id.py:62}}
Aug 04 11:08:10.703080 np0000006416 devstack@c-api.service[97117]: INFO cinder.api.openstack.wsgi [None req-2cf1cde8-e7f2-42e2-a0e2-5af07fd940c9 None None] GET https://10.4.3.51/volume//
Aug 04 11:08:10.703873 np0000006416 devstack@c-api.service[97117]: DEBUG cinder.api.openstack.wsgi [None req-2cf1cde8-e7f2-42e2-a0e2-5af07fd940c9 None None] Empty body provided in request {{(pid=97117) get_body /opt/stack/cinder/cinder/api/openstack/wsgi.py:725}}
Aug 04 11:08:10.704116 np0000006416 devstack@c-api.service[97117]: DEBUG cinder.api.openstack.wsgi [None req-2cf1cde8-e7f2-42e2-a0e2-5af07fd940c9 None None] Calling method 'all' {{(pid=97117) _process_stack /opt/stack/cinder/cinder/api/openstack/wsgi.py:878}}
Aug 04 11:08:10.704598 np0000006416 devstack@c-api.service[97117]: INFO cinder.api.openstack.wsgi [None req-2cf1cde8-e7f2-42e2-a0e2-5af07fd940c9 None None] https://10.4.3.51/volume// returned with HTTP 300
Aug 04 11:08:10.705314 np0000006416 devstack@c-api.service[97117]: [pid: 97117|app: 0|req: 57/160] 10.4.3.51 () {66 vars in 1419 bytes} [Tue Aug 4 11:08:10 2026] GET /volume/ => generated 385 bytes in 3 msecs (HTTP/1.1 300) 7 headers in 299 bytes (1 switches on core 0)
Aug 04 11:08:10.707600 np0000006416 devstack@c-api.service[97118]: INFO cinder.api.openstack.wsgi [req-173b0b8f-1bf2-482c-9553-875094f16a76 req-9f6ece00-2b65-4b81-b081-eaf7770f1337 tempest-VolumesAssistedSnapshotsTest-736324280 tempest-VolumesAssistedSnapshotsTest-736324280-project] https://10.4.3.51/volume/v3/snapshots/None/action returned with HTTP 404
Aug 04 11:08:10.707600 np0000006416 devstack@c-api.service[97118]: [pid: 97118|app: 0|req: 50/161] 10.4.3.51 () {72 vars in 1575 bytes} [Tue Aug 4 11:08:10 2026] POST /volume/v3/snapshots/None/action => generated 79 bytes in 25 msecs (HTTP/1.1 404) 7 headers in 291 bytes (1 switches on core 0)
Aug 04 11:08:10.721283 np0000006416 devstack@c-api.service[97117]: DEBUG cinder.api.middleware.request_id [req-675fa155-0fdb-4ea4-85ed-841190db6065 req-788fb1bf-163a-4ee6-814a-1d257c966507 None None] RequestId filter calling following filter/app {{(pid=97117) _context_setter /opt/stack/cinder/cinder/api/middleware/request_id.py:62}}
Aug 04 11:08:10.724054 np0000006416 devstack@c-api.service[97117]: INFO cinder.api.openstack.wsgi [req-675fa155-0fdb-4ea4-85ed-841190db6065 req-788fb1bf-163a-4ee6-814a-1d257c966507 tempest-TaggedAttachmentsTest-1777488258 tempest-TaggedAttachmentsTest-1777488258-project-member] GET https://10.4.3.51/volume/v3/volumes/ebcdd2a5-47e3-4071-b81a-959b8618c617
Aug 04 11:08:10.724365 np0000006416 devstack@c-api.service[97117]: DEBUG cinder.api.openstack.wsgi [req-675fa155-0fdb-4ea4-85ed-841190db6065 req-788fb1bf-163a-4ee6-814a-1d257c966507 tempest-TaggedAttachmentsTest-1777488258 tempest-TaggedAttachmentsTest-1777488258-project-member] Empty body provided in request {{(pid=97117) get_body /opt/stack/cinder/cinder/api/openstack/wsgi.py:725}}
Aug 04 11:08:10.724592 np0000006416 devstack@c-api.service[97117]: DEBUG cinder.api.openstack.wsgi [req-675fa155-0fdb-4ea4-85ed-841190db6065 req-788fb1bf-163a-4ee6-814a-1d257c966507 tempest-TaggedAttachmentsTest-1777488258 tempest-TaggedAttachmentsTest-1777488258-project-member] Calling method 'show' {{(pid=97117) _process_stack /opt/stack/cinder/cinder/api/openstack/wsgi.py:878}}
Aug 04 11:08:10.740164 np0000006416 devstack@c-api.service[97117]: INFO cinder.volume.api [req-675fa155-0fdb-4ea4-85ed-841190db6065 req-788fb1bf-163a-4ee6-814a-1d257c966507 tempest-TaggedAttachmentsTest-1777488258 tempest-TaggedAttachmentsTest-1777488258-project-member] Volume info retrieved successfully.
Aug 04 11:08:10.744896 np0000006416 devstack@c-api.service[97117]: INFO cinder.api.openstack.wsgi [req-675fa155-0fdb-4ea4-85ed-841190db6065 req-788fb1bf-163a-4ee6-814a-1d257c966507 tempest-TaggedAttachmentsTest-1777488258 tempest-TaggedAttachmentsTest-1777488258-project-member] https://10.4.3.51/volume/v3/volumes/ebcdd2a5-47e3-4071-b81a-959b8618c617 returned with HTTP 200
Aug 04 11:08:10.745110 np0000006416 devstack@c-api.service[97116]: INFO cinder.api.openstack.wsgi [req-073adee6-9eb7-40ec-ab6d-61d89d57f9ec req-a1f6e6c9-3bca-4819-882d-40a7fd0b976e tempest-ServerActionsTestOtherB-1191645902 tempest-ServerActionsTestOtherB-1191645902-project-member] https://10.4.3.51/volume/v3/attachments returned with HTTP 200
Aug 04 11:08:10.745380 np0000006416 devstack@c-api.service[97117]: [pid: 97117|app: 0|req: 58/162] 10.4.3.51 () {70 vars in 1632 bytes} [Tue Aug 4 11:08:10 2026] GET /volume/v3/volumes/ebcdd2a5-47e3-4071-b81a-959b8618c617 => generated 1318 bytes in 25 msecs (HTTP/1.1 200) 7 headers in 287 bytes (1 switches on core 0)
Aug 04 11:08:10.745524 np0000006416 devstack@c-api.service[97116]: [pid: 97116|app: 0|req: 55/163] 10.4.3.51 () {74 vars in 1587 bytes} [Tue Aug 4 11:08:10 2026] POST /volume/v3/attachments => generated 273 bytes in 53 msecs (HTTP/1.1 200) 7 headers in 286 bytes (1 switches on core 0)
Aug 04 11:08:10.747669 np0000006416 devstack@c-api.service[97118]: DEBUG cinder.api.middleware.request_id [None req-ab74ae31-61b6-40a5-be35-88aaed2ab38a None None] RequestId filter calling following filter/app {{(pid=97118) _context_setter /opt/stack/cinder/cinder/api/middleware/request_id.py:62}}
Aug 04 11:08:10.749605 np0000006416 devstack@c-api.service[97118]: INFO cinder.api.openstack.wsgi [None req-ab74ae31-61b6-40a5-be35-88aaed2ab38a tempest-AttachSCSIVolumeTestJSON-50478537 tempest-AttachSCSIVolumeTestJSON-50478537-project-member] GET https://10.4.3.51/volume/v3/volumes/9d6f3750-3419-4f91-a864-4fa8e8f23d7b
Aug 04 11:08:10.749974 np0000006416 devstack@c-api.service[97118]: DEBUG cinder.api.openstack.wsgi [None req-ab74ae31-61b6-40a5-be35-88aaed2ab38a tempest-AttachSCSIVolumeTestJSON-50478537 tempest-AttachSCSIVolumeTestJSON-50478537-project-member] Empty body provided in request {{(pid=97118) get_body /opt/stack/cinder/cinder/api/openstack/wsgi.py:725}}
Aug 04 11:08:10.750176 np0000006416 devstack@c-api.service[97118]: DEBUG cinder.api.openstack.wsgi [None req-ab74ae31-61b6-40a5-be35-88aaed2ab38a tempest-AttachSCSIVolumeTestJSON-50478537 tempest-AttachSCSIVolumeTestJSON-50478537-project-member] Calling method 'show' {{(pid=97118) _process_stack /opt/stack/cinder/cinder/api/openstack/wsgi.py:878}}
Aug 04 11:08:10.756182 np0000006416 devstack@c-api.service[97117]: DEBUG cinder.api.middleware.request_id [req-073adee6-9eb7-40ec-ab6d-61d89d57f9ec req-f7171e6b-4901-40be-a729-f9d7eb62a965 None None] RequestId filter calling following filter/app {{(pid=97117) _context_setter /opt/stack/cinder/cinder/api/middleware/request_id.py:62}}
Aug 04 11:08:10.760746 np0000006416 devstack@c-api.service[97117]: INFO cinder.api.openstack.wsgi [req-073adee6-9eb7-40ec-ab6d-61d89d57f9ec req-f7171e6b-4901-40be-a729-f9d7eb62a965 tempest-ServerActionsTestOtherB-1191645902 tempest-ServerActionsTestOtherB-1191645902-project-member] DELETE https://10.4.3.51/volume/v3/attachments/e4f274a4-dbd0-4f94-831e-c0ad684fba2e
Aug 04 11:08:10.761069 np0000006416 devstack@c-api.service[97117]: DEBUG cinder.api.openstack.wsgi [req-073adee6-9eb7-40ec-ab6d-61d89d57f9ec req-f7171e6b-4901-40be-a729-f9d7eb62a965 tempest-ServerActionsTestOtherB-1191645902 tempest-ServerActionsTestOtherB-1191645902-project-member] Empty body provided in request {{(pid=97117) get_body /opt/stack/cinder/cinder/api/openstack/wsgi.py:725}}
Aug 04 11:08:10.761396 np0000006416 devstack@c-api.service[97117]: DEBUG cinder.api.openstack.wsgi [req-073adee6-9eb7-40ec-ab6d-61d89d57f9ec req-f7171e6b-4901-40be-a729-f9d7eb62a965 tempest-ServerActionsTestOtherB-1191645902 tempest-ServerActionsTestOtherB-1191645902-project-member] Calling method 'version_select' {{(pid=97117) _process_stack /opt/stack/cinder/cinder/api/openstack/wsgi.py:878}}
Aug 04 11:08:10.763496 np0000006416 devstack@c-api.service[97118]: INFO cinder.volume.api [None req-ab74ae31-61b6-40a5-be35-88aaed2ab38a tempest-AttachSCSIVolumeTestJSON-50478537 tempest-AttachSCSIVolumeTestJSON-50478537-project-member] Volume info retrieved successfully.
Aug 04 11:08:10.768162 np0000006416 devstack@c-api.service[97118]: INFO cinder.api.openstack.wsgi [None req-ab74ae31-61b6-40a5-be35-88aaed2ab38a tempest-AttachSCSIVolumeTestJSON-50478537 tempest-AttachSCSIVolumeTestJSON-50478537-project-member] https://10.4.3.51/volume/v3/volumes/9d6f3750-3419-4f91-a864-4fa8e8f23d7b returned with HTTP 200
Aug 04 11:08:10.768676 np0000006416 devstack@c-api.service[97118]: [pid: 97118|app: 0|req: 51/164] 10.4.3.51 () {66 vars in 1341 bytes} [Tue Aug 4 11:08:10 2026] GET /volume/v3/volumes/9d6f3750-3419-4f91-a864-4fa8e8f23d7b => generated 845 bytes in 21 msecs (HTTP/1.1 200) 7 headers in 285 bytes (1 switches on core 0)
Aug 04 11:08:10.785459 np0000006416 devstack@c-api.service[97116]: DEBUG cinder.api.middleware.request_id [req-74e82443-a175-41e1-9851-332de27f37b9 req-de82878b-cc0f-4755-80be-3c160cee57ec None None] RequestId filter calling following filter/app {{(pid=97116) _context_setter /opt/stack/cinder/cinder/api/middleware/request_id.py:62}}
Aug 04 11:08:10.787529 np0000006416 devstack@c-api.service[97116]: INFO cinder.api.openstack.wsgi [req-74e82443-a175-41e1-9851-332de27f37b9 req-de82878b-cc0f-4755-80be-3c160cee57ec tempest-ServerStableDeviceRescueTest-1561539765 tempest-ServerStableDeviceRescueTest-1561539765-project-member] GET https://10.4.3.51/volume/v3/volumes/9bde2fb6-9854-4d16-8f22-bd2ae580b0ed
Aug 04 11:08:10.787681 np0000006416 devstack@c-api.service[97116]: DEBUG cinder.api.openstack.wsgi [req-74e82443-a175-41e1-9851-332de27f37b9 req-de82878b-cc0f-4755-80be-3c160cee57ec tempest-ServerStableDeviceRescueTest-1561539765 tempest-ServerStableDeviceRescueTest-1561539765-project-member] Empty body provided in request {{(pid=97116) get_body /opt/stack/cinder/cinder/api/openstack/wsgi.py:725}}
Aug 04 11:08:10.787890 np0000006416 devstack@c-api.service[97116]: DEBUG cinder.api.openstack.wsgi [req-74e82443-a175-41e1-9851-332de27f37b9 req-de82878b-cc0f-4755-80be-3c160cee57ec tempest-ServerStableDeviceRescueTest-1561539765 tempest-ServerStableDeviceRescueTest-1561539765-project-member] Calling method 'show' {{(pid=97116) _process_stack /opt/stack/cinder/cinder/api/openstack/wsgi.py:878}}
Aug 04 11:08:10.801392 np0000006416 devstack@c-api.service[97116]: INFO cinder.volume.api [req-74e82443-a175-41e1-9851-332de27f37b9 req-de82878b-cc0f-4755-80be-3c160cee57ec tempest-ServerStableDeviceRescueTest-1561539765 tempest-ServerStableDeviceRescueTest-1561539765-project-member] Volume info retrieved successfully.
Aug 04 11:08:10.805726 np0000006416 devstack@c-api.service[97116]: INFO cinder.api.openstack.wsgi [req-74e82443-a175-41e1-9851-332de27f37b9 req-de82878b-cc0f-4755-80be-3c160cee57ec tempest-ServerStableDeviceRescueTest-1561539765 tempest-ServerStableDeviceRescueTest-1561539765-project-member] https://10.4.3.51/volume/v3/volumes/9bde2fb6-9854-4d16-8f22-bd2ae580b0ed returned with HTTP 200
Aug 04 11:08:10.805726 np0000006416 devstack@c-api.service[97116]: [pid: 97116|app: 0|req: 56/165] 10.4.3.51 () {68 vars in 1591 bytes} [Tue Aug 4 11:08:10 2026] GET /volume/v3/volumes/9bde2fb6-9854-4d16-8f22-bd2ae580b0ed => generated 1142 bytes in 20 msecs (HTTP/1.1 200) 7 headers in 286 bytes (1 switches on core 0)
Aug 04 11:08:10.824727 np0000006416 devstack@c-api.service[97117]: INFO cinder.api.openstack.wsgi [req-073adee6-9eb7-40ec-ab6d-61d89d57f9ec req-f7171e6b-4901-40be-a729-f9d7eb62a965 tempest-ServerActionsTestOtherB-1191645902 tempest-ServerActionsTestOtherB-1191645902-project-member] https://10.4.3.51/volume/v3/attachments/e4f274a4-dbd0-4f94-831e-c0ad684fba2e returned with HTTP 200
Aug 04 11:08:10.825237 np0000006416 devstack@c-api.service[97117]: [pid: 97117|app: 0|req: 59/166] 10.4.3.51 () {72 vars in 1666 bytes} [Tue Aug 4 11:08:10 2026] DELETE /volume/v3/attachments/e4f274a4-dbd0-4f94-831e-c0ad684fba2e => generated 192 bytes in 69 msecs (HTTP/1.1 200) 7 headers in 286 bytes (1 switches on core 0)
Aug 04 11:08:10.908999 np0000006416 devstack@c-api.service[97118]: DEBUG cinder.api.middleware.request_id [req-e3584459-67b7-41ad-b1d4-5e1c3bafeda6 req-dfd51f49-48fd-4ef8-9b5e-e36b1c6ce3a4 None None] RequestId filter calling following filter/app {{(pid=97118) _context_setter /opt/stack/cinder/cinder/api/middleware/request_id.py:62}}
Aug 04 11:08:10.911884 np0000006416 devstack@c-api.service[97118]: INFO cinder.api.openstack.wsgi [req-e3584459-67b7-41ad-b1d4-5e1c3bafeda6 req-dfd51f49-48fd-4ef8-9b5e-e36b1c6ce3a4 tempest-VolumesAssistedSnapshotsTest-2052945313 tempest-VolumesAssistedSnapshotsTest-2052945313-project-admin] GET https://10.4.3.51/volume/v3/volumes/107efd28-c096-4527-832c-309a9dd7ef5d
Aug 04 11:08:10.912322 np0000006416 devstack@c-api.service[97118]: DEBUG cinder.api.openstack.wsgi [req-e3584459-67b7-41ad-b1d4-5e1c3bafeda6 req-dfd51f49-48fd-4ef8-9b5e-e36b1c6ce3a4 tempest-VolumesAssistedSnapshotsTest-2052945313 tempest-VolumesAssistedSnapshotsTest-2052945313-project-admin] Empty body provided in request {{(pid=97118) get_body /opt/stack/cinder/cinder/api/openstack/wsgi.py:725}}
Aug 04 11:08:10.912735 np0000006416 devstack@c-api.service[97118]: DEBUG cinder.api.openstack.wsgi [req-e3584459-67b7-41ad-b1d4-5e1c3bafeda6 req-dfd51f49-48fd-4ef8-9b5e-e36b1c6ce3a4 tempest-VolumesAssistedSnapshotsTest-2052945313 tempest-VolumesAssistedSnapshotsTest-2052945313-project-admin] Calling method 'show' {{(pid=97118) _process_stack /opt/stack/cinder/cinder/api/openstack/wsgi.py:878}}
Aug 04 11:08:10.929332 np0000006416 devstack@c-api.service[97118]: INFO cinder.volume.api [req-e3584459-67b7-41ad-b1d4-5e1c3bafeda6 req-dfd51f49-48fd-4ef8-9b5e-e36b1c6ce3a4 tempest-VolumesAssistedSnapshotsTest-2052945313 tempest-VolumesAssistedSnapshotsTest-2052945313-project-admin] Volume info retrieved successfully.
Aug 04 11:08:10.938124 np0000006416 devstack@c-api.service[97118]: INFO cinder.api.openstack.wsgi [req-e3584459-67b7-41ad-b1d4-5e1c3bafeda6 req-dfd51f49-48fd-4ef8-9b5e-e36b1c6ce3a4 tempest-VolumesAssistedSnapshotsTest-2052945313 tempest-VolumesAssistedSnapshotsTest-2052945313-project-admin] https://10.4.3.51/volume/v3/volumes/107efd28-c096-4527-832c-309a9dd7ef5d returned with HTTP 200
Aug 04 11:08:10.938124 np0000006416 devstack@c-api.service[97118]: [pid: 97118|app: 0|req: 52/167] 10.4.3.51 () {68 vars in 1591 bytes} [Tue Aug 4 11:08:10 2026] GET /volume/v3/volumes/107efd28-c096-4527-832c-309a9dd7ef5d => generated 1316 bytes in 30 msecs (HTTP/1.1 200) 7 headers in 286 bytes (1 switches on core 0)
Aug 04 11:08:10.992194 np0000006416 devstack@c-api.service[97116]: DEBUG cinder.api.middleware.request_id [req-e3584459-67b7-41ad-b1d4-5e1c3bafeda6 req-fda7ac79-c701-40b3-b562-b6db4c657ee4 None None] RequestId filter calling following filter/app {{(pid=97116) _context_setter /opt/stack/cinder/cinder/api/middleware/request_id.py:62}}
Aug 04 11:08:10.994670 np0000006416 devstack@c-api.service[97116]: INFO cinder.api.openstack.wsgi [req-e3584459-67b7-41ad-b1d4-5e1c3bafeda6 req-fda7ac79-c701-40b3-b562-b6db4c657ee4 tempest-VolumesAssistedSnapshotsTest-2052945313 tempest-VolumesAssistedSnapshotsTest-2052945313-project-admin] POST https://10.4.3.51/volume/v3/volumes/107efd28-c096-4527-832c-309a9dd7ef5d/action
Aug 04 11:08:10.994985 np0000006416 devstack@c-api.service[97116]: DEBUG cinder.api.openstack.wsgi [req-e3584459-67b7-41ad-b1d4-5e1c3bafeda6 req-fda7ac79-c701-40b3-b562-b6db4c657ee4 tempest-VolumesAssistedSnapshotsTest-2052945313 tempest-VolumesAssistedSnapshotsTest-2052945313-project-admin] Action body: b'{"os-begin_detaching": null}' {{(pid=97116) get_method /opt/stack/cinder/cinder/api/openstack/wsgi.py:993}}
Aug 04 11:08:10.995159 np0000006416 devstack@c-api.service[97116]: DEBUG cinder.api.openstack.wsgi [req-e3584459-67b7-41ad-b1d4-5e1c3bafeda6 req-fda7ac79-c701-40b3-b562-b6db4c657ee4 tempest-VolumesAssistedSnapshotsTest-2052945313 tempest-VolumesAssistedSnapshotsTest-2052945313-project-admin] Action: 'action', calling method: _begin_detaching, body: {"os-begin_detaching": null} {{(pid=97116) _process_stack /opt/stack/cinder/cinder/api/openstack/wsgi.py:876}}
Aug 04 11:08:11.013257 np0000006416 devstack@c-api.service[97116]: INFO cinder.volume.api [req-e3584459-67b7-41ad-b1d4-5e1c3bafeda6 req-fda7ac79-c701-40b3-b562-b6db4c657ee4 tempest-VolumesAssistedSnapshotsTest-2052945313 tempest-VolumesAssistedSnapshotsTest-2052945313-project-admin] Volume info retrieved successfully.
Aug 04 11:08:11.020565 np0000006416 devstack@c-api.service[97116]: INFO cinder.volume.api [req-e3584459-67b7-41ad-b1d4-5e1c3bafeda6 req-fda7ac79-c701-40b3-b562-b6db4c657ee4 tempest-VolumesAssistedSnapshotsTest-2052945313 tempest-VolumesAssistedSnapshotsTest-2052945313-project-admin] Begin detaching volume completed successfully.
Aug 04 11:08:11.020827 np0000006416 devstack@c-api.service[97116]: INFO cinder.api.openstack.wsgi [req-e3584459-67b7-41ad-b1d4-5e1c3bafeda6 req-fda7ac79-c701-40b3-b562-b6db4c657ee4 tempest-VolumesAssistedSnapshotsTest-2052945313 tempest-VolumesAssistedSnapshotsTest-2052945313-project-admin] https://10.4.3.51/volume/v3/volumes/107efd28-c096-4527-832c-309a9dd7ef5d/action returned with HTTP 202
Aug 04 11:08:11.021237 np0000006416 devstack@c-api.service[97116]: [pid: 97116|app: 0|req: 57/168] 10.4.3.51 () {72 vars in 1665 bytes} [Tue Aug 4 11:08:10 2026] POST /volume/v3/volumes/107efd28-c096-4527-832c-309a9dd7ef5d/action => generated 0 bytes in 30 msecs (HTTP/1.1 202) 7 headers in 289 bytes (1 switches on core 0)
Aug 04 11:08:11.071355 np0000006416 devstack@c-api.service[97117]: DEBUG cinder.api.middleware.request_id [None req-f3f1f175-6d7e-4a4f-8372-bc0310149329 None None] RequestId filter calling following filter/app {{(pid=97117) _context_setter /opt/stack/cinder/cinder/api/middleware/request_id.py:62}}
Aug 04 11:08:11.072032 np0000006416 devstack@c-api.service[97117]: INFO cinder.api.openstack.wsgi [None req-f3f1f175-6d7e-4a4f-8372-bc0310149329 None None] GET https://10.4.3.51/volume//
Aug 04 11:08:11.072109 np0000006416 devstack@c-api.service[97117]: DEBUG cinder.api.openstack.wsgi [None req-f3f1f175-6d7e-4a4f-8372-bc0310149329 None None] Empty body provided in request {{(pid=97117) get_body /opt/stack/cinder/cinder/api/openstack/wsgi.py:725}}
Aug 04 11:08:11.075284 np0000006416 devstack@c-api.service[97117]: DEBUG cinder.api.openstack.wsgi [None req-f3f1f175-6d7e-4a4f-8372-bc0310149329 None None] Calling method 'all' {{(pid=97117) _process_stack /opt/stack/cinder/cinder/api/openstack/wsgi.py:878}}
Aug 04 11:08:11.075284 np0000006416 devstack@c-api.service[97117]: INFO cinder.api.openstack.wsgi [None req-f3f1f175-6d7e-4a4f-8372-bc0310149329 None None] https://10.4.3.51/volume// returned with HTTP 300
Aug 04 11:08:11.075284 np0000006416 devstack@c-api.service[97117]: [pid: 97117|app: 0|req: 60/169] 10.4.3.51 () {66 vars in 1419 bytes} [Tue Aug 4 11:08:11 2026] GET /volume/ => generated 385 bytes in 4 msecs (HTTP/1.1 300) 7 headers in 299 bytes (1 switches on core 0)
Aug 04 11:08:11.094446 np0000006416 devstack@c-api.service[97118]: DEBUG cinder.api.middleware.request_id [req-e3584459-67b7-41ad-b1d4-5e1c3bafeda6 req-e873ec0b-04b8-422b-8f6c-d4d590c9de03 None None] RequestId filter calling following filter/app {{(pid=97118) _context_setter /opt/stack/cinder/cinder/api/middleware/request_id.py:62}}
Aug 04 11:08:11.104029 np0000006416 devstack@c-api.service[97118]: INFO cinder.api.openstack.wsgi [req-e3584459-67b7-41ad-b1d4-5e1c3bafeda6 req-e873ec0b-04b8-422b-8f6c-d4d590c9de03 tempest-VolumesAssistedSnapshotsTest-2052945313 tempest-VolumesAssistedSnapshotsTest-2052945313-project-admin] GET https://10.4.3.51/volume/v3/volumes/107efd28-c096-4527-832c-309a9dd7ef5d
Aug 04 11:08:11.104029 np0000006416 devstack@c-api.service[97118]: DEBUG cinder.api.openstack.wsgi [req-e3584459-67b7-41ad-b1d4-5e1c3bafeda6 req-e873ec0b-04b8-422b-8f6c-d4d590c9de03 tempest-VolumesAssistedSnapshotsTest-2052945313 tempest-VolumesAssistedSnapshotsTest-2052945313-project-admin] Empty body provided in request {{(pid=97118) get_body /opt/stack/cinder/cinder/api/openstack/wsgi.py:725}}
Aug 04 11:08:11.104029 np0000006416 devstack@c-api.service[97118]: DEBUG cinder.api.openstack.wsgi [req-e3584459-67b7-41ad-b1d4-5e1c3bafeda6 req-e873ec0b-04b8-422b-8f6c-d4d590c9de03 tempest-VolumesAssistedSnapshotsTest-2052945313 tempest-VolumesAssistedSnapshotsTest-2052945313-project-admin] Calling method 'show' {{(pid=97118) _process_stack /opt/stack/cinder/cinder/api/openstack/wsgi.py:878}}
Aug 04 11:08:11.127065 np0000006416 devstack@c-api.service[97118]: INFO cinder.volume.api [req-e3584459-67b7-41ad-b1d4-5e1c3bafeda6 req-e873ec0b-04b8-422b-8f6c-d4d590c9de03 tempest-VolumesAssistedSnapshotsTest-2052945313 tempest-VolumesAssistedSnapshotsTest-2052945313-project-admin] Volume info retrieved successfully.
Aug 04 11:08:11.132881 np0000006416 devstack@c-api.service[97118]: INFO cinder.api.openstack.wsgi [req-e3584459-67b7-41ad-b1d4-5e1c3bafeda6 req-e873ec0b-04b8-422b-8f6c-d4d590c9de03 tempest-VolumesAssistedSnapshotsTest-2052945313 tempest-VolumesAssistedSnapshotsTest-2052945313-project-admin] https://10.4.3.51/volume/v3/volumes/107efd28-c096-4527-832c-309a9dd7ef5d returned with HTTP 200
Aug 04 11:08:11.133421 np0000006416 devstack@c-api.service[97118]: [pid: 97118|app: 0|req: 53/170] 10.4.3.51 () {70 vars in 1632 bytes} [Tue Aug 4 11:08:11 2026] GET /volume/v3/volumes/107efd28-c096-4527-832c-309a9dd7ef5d => generated 1543 bytes in 39 msecs (HTTP/1.1 200) 7 headers in 287 bytes (1 switches on core 0)
Aug 04 11:08:11.381771 np0000006416 devstack@c-api.service[97116]: DEBUG cinder.api.middleware.request_id [req-675fa155-0fdb-4ea4-85ed-841190db6065 req-3c842ad8-9783-49c4-936c-27680b4c924e None None] RequestId filter calling following filter/app {{(pid=97116) _context_setter /opt/stack/cinder/cinder/api/middleware/request_id.py:62}}
Aug 04 11:08:11.387238 np0000006416 devstack@c-api.service[97116]: INFO cinder.api.openstack.wsgi [req-675fa155-0fdb-4ea4-85ed-841190db6065 req-3c842ad8-9783-49c4-936c-27680b4c924e tempest-TaggedAttachmentsTest-1777488258 tempest-TaggedAttachmentsTest-1777488258-project-member] DELETE https://10.4.3.51/volume/v3/attachments/32e96269-72a5-4cad-b35e-38e4fcea1eeb
Aug 04 11:08:11.388031 np0000006416 devstack@c-api.service[97116]: DEBUG cinder.api.openstack.wsgi [req-675fa155-0fdb-4ea4-85ed-841190db6065 req-3c842ad8-9783-49c4-936c-27680b4c924e tempest-TaggedAttachmentsTest-1777488258 tempest-TaggedAttachmentsTest-1777488258-project-member] Empty body provided in request {{(pid=97116) get_body /opt/stack/cinder/cinder/api/openstack/wsgi.py:725}}
Aug 04 11:08:11.388506 np0000006416 devstack@c-api.service[97116]: DEBUG cinder.api.openstack.wsgi [req-675fa155-0fdb-4ea4-85ed-841190db6065 req-3c842ad8-9783-49c4-936c-27680b4c924e tempest-TaggedAttachmentsTest-1777488258 tempest-TaggedAttachmentsTest-1777488258-project-member] Calling method 'version_select' {{(pid=97116) _process_stack /opt/stack/cinder/cinder/api/openstack/wsgi.py:878}}
Aug 04 11:08:11.463454 np0000006416 devstack@c-api.service[97116]: INFO cinder.api.openstack.wsgi [req-675fa155-0fdb-4ea4-85ed-841190db6065 req-3c842ad8-9783-49c4-936c-27680b4c924e tempest-TaggedAttachmentsTest-1777488258 tempest-TaggedAttachmentsTest-1777488258-project-member] https://10.4.3.51/volume/v3/attachments/32e96269-72a5-4cad-b35e-38e4fcea1eeb returned with HTTP 200
Aug 04 11:08:11.463454 np0000006416 devstack@c-api.service[97116]: [pid: 97116|app: 0|req: 58/171] 10.4.3.51 () {72 vars in 1666 bytes} [Tue Aug 4 11:08:11 2026] DELETE /volume/v3/attachments/32e96269-72a5-4cad-b35e-38e4fcea1eeb => generated 19 bytes in 83 msecs (HTTP/1.1 200) 7 headers in 285 bytes (1 switches on core 0)
Aug 04 11:08:11.672988 np0000006416 devstack@c-api.service[97117]: DEBUG cinder.api.middleware.request_id [None req-2a326af0-012f-4b8b-80bb-41ee9cc761cf None None] RequestId filter calling following filter/app {{(pid=97117) _context_setter /opt/stack/cinder/cinder/api/middleware/request_id.py:62}}
Aug 04 11:08:11.676761 np0000006416 devstack@c-api.service[97117]: INFO cinder.api.openstack.wsgi [None req-2a326af0-012f-4b8b-80bb-41ee9cc761cf tempest-TaggedAttachmentsTest-1777488258 tempest-TaggedAttachmentsTest-1777488258-project-member] GET https://10.4.3.51/volume/v3/volumes/ebcdd2a5-47e3-4071-b81a-959b8618c617
Aug 04 11:08:11.676761 np0000006416 devstack@c-api.service[97117]: DEBUG cinder.api.openstack.wsgi [None req-2a326af0-012f-4b8b-80bb-41ee9cc761cf tempest-TaggedAttachmentsTest-1777488258 tempest-TaggedAttachmentsTest-1777488258-project-member] Empty body provided in request {{(pid=97117) get_body /opt/stack/cinder/cinder/api/openstack/wsgi.py:725}}
Aug 04 11:08:11.676761 np0000006416 devstack@c-api.service[97117]: DEBUG cinder.api.openstack.wsgi [None req-2a326af0-012f-4b8b-80bb-41ee9cc761cf tempest-TaggedAttachmentsTest-1777488258 tempest-TaggedAttachmentsTest-1777488258-project-member] Calling method 'show' {{(pid=97117) _process_stack /opt/stack/cinder/cinder/api/openstack/wsgi.py:878}}
Aug 04 11:08:11.684280 np0000006416 devstack@c-api.service[97118]: DEBUG cinder.api.middleware.request_id [req-e3584459-67b7-41ad-b1d4-5e1c3bafeda6 req-5b6c14a1-dac0-4b43-8011-f277cab5642a None None] RequestId filter calling following filter/app {{(pid=97118) _context_setter /opt/stack/cinder/cinder/api/middleware/request_id.py:62}}
Aug 04 11:08:11.686438 np0000006416 devstack@c-api.service[97118]: INFO cinder.api.openstack.wsgi [req-e3584459-67b7-41ad-b1d4-5e1c3bafeda6 req-5b6c14a1-dac0-4b43-8011-f277cab5642a tempest-VolumesAssistedSnapshotsTest-2052945313 tempest-VolumesAssistedSnapshotsTest-2052945313-project-admin] DELETE https://10.4.3.51/volume/v3/attachments/14920a97-3379-400d-8e4b-62acf4b535e8
Aug 04 11:08:11.686523 np0000006416 devstack@c-api.service[97117]: INFO cinder.volume.api [None req-2a326af0-012f-4b8b-80bb-41ee9cc761cf tempest-TaggedAttachmentsTest-1777488258 tempest-TaggedAttachmentsTest-1777488258-project-member] Volume info retrieved successfully.
Aug 04 11:08:11.687062 np0000006416 devstack@c-api.service[97118]: DEBUG cinder.api.openstack.wsgi [req-e3584459-67b7-41ad-b1d4-5e1c3bafeda6 req-5b6c14a1-dac0-4b43-8011-f277cab5642a tempest-VolumesAssistedSnapshotsTest-2052945313 tempest-VolumesAssistedSnapshotsTest-2052945313-project-admin] Empty body provided in request {{(pid=97118) get_body /opt/stack/cinder/cinder/api/openstack/wsgi.py:725}}
Aug 04 11:08:11.687062 np0000006416 devstack@c-api.service[97118]: DEBUG cinder.api.openstack.wsgi [req-e3584459-67b7-41ad-b1d4-5e1c3bafeda6 req-5b6c14a1-dac0-4b43-8011-f277cab5642a tempest-VolumesAssistedSnapshotsTest-2052945313 tempest-VolumesAssistedSnapshotsTest-2052945313-project-admin] Calling method 'version_select' {{(pid=97118) _process_stack /opt/stack/cinder/cinder/api/openstack/wsgi.py:878}}
Aug 04 11:08:11.691662 np0000006416 devstack@c-api.service[97117]: INFO cinder.api.openstack.wsgi [None req-2a326af0-012f-4b8b-80bb-41ee9cc761cf tempest-TaggedAttachmentsTest-1777488258 tempest-TaggedAttachmentsTest-1777488258-project-member] https://10.4.3.51/volume/v3/volumes/ebcdd2a5-47e3-4071-b81a-959b8618c617 returned with HTTP 200
Aug 04 11:08:11.692211 np0000006416 devstack@c-api.service[97117]: [pid: 97117|app: 0|req: 61/172] 10.4.3.51 () {66 vars in 1341 bytes} [Tue Aug 4 11:08:11 2026] GET /volume/v3/volumes/ebcdd2a5-47e3-4071-b81a-959b8618c617 => generated 842 bytes in 19 msecs (HTTP/1.1 200) 7 headers in 285 bytes (1 switches on core 0)
Aug 04 11:08:11.740133 np0000006416 devstack@c-api.service[97118]: INFO cinder.api.openstack.wsgi [req-e3584459-67b7-41ad-b1d4-5e1c3bafeda6 req-5b6c14a1-dac0-4b43-8011-f277cab5642a tempest-VolumesAssistedSnapshotsTest-2052945313 tempest-VolumesAssistedSnapshotsTest-2052945313-project-admin] https://10.4.3.51/volume/v3/attachments/14920a97-3379-400d-8e4b-62acf4b535e8 returned with HTTP 200
Aug 04 11:08:11.740657 np0000006416 devstack@c-api.service[97118]: [pid: 97118|app: 0|req: 54/173] 10.4.3.51 () {72 vars in 1666 bytes} [Tue Aug 4 11:08:11 2026] DELETE /volume/v3/attachments/14920a97-3379-400d-8e4b-62acf4b535e8 => generated 19 bytes in 57 msecs (HTTP/1.1 200) 7 headers in 285 bytes (1 switches on core 0)
Aug 04 11:08:11.961341 np0000006416 devstack@c-api.service[97116]: DEBUG cinder.api.middleware.request_id [req-073adee6-9eb7-40ec-ab6d-61d89d57f9ec req-fa129b65-e0c4-491a-a2b6-9df886f57f19 None None] RequestId filter calling following filter/app {{(pid=97116) _context_setter /opt/stack/cinder/cinder/api/middleware/request_id.py:62}}
Aug 04 11:08:11.971070 np0000006416 devstack@c-api.service[97116]: INFO cinder.api.openstack.wsgi [req-073adee6-9eb7-40ec-ab6d-61d89d57f9ec req-fa129b65-e0c4-491a-a2b6-9df886f57f19 tempest-ServerActionsTestOtherB-1191645902 tempest-ServerActionsTestOtherB-1191645902-project-member] PUT https://10.4.3.51/volume/v3/attachments/90b7e0fe-0694-44ca-a32b-9d6adca9f503
Aug 04 11:08:11.971624 np0000006416 devstack@c-api.service[97116]: DEBUG cinder.api.openstack.wsgi [req-073adee6-9eb7-40ec-ab6d-61d89d57f9ec req-fa129b65-e0c4-491a-a2b6-9df886f57f19 tempest-ServerActionsTestOtherB-1191645902 tempest-ServerActionsTestOtherB-1191645902-project-member] Action: 'update', calling method: version_select, body: {"attachment": {"connector": {"platform": "x86_64", "os_type": "linux", "ip": "10.4.3.51", "host": "np0000006416", "multipath": false, "enforce_multipath": true, "initiator": "iqn.2016-04.com.open-iscsi:f8d6cb2014", "do_local_attach": false, "nvme_hostid": "57dcad65-ced2-469d-bf09-d9a3ee318444", "uuid": "8515de1c-ba7e-467b-adde-6d9f8a8dbc1f", "system uuid": "7f764a01-b27c-465a-ac6c-6a2dc8c72ba6", "nqn": "nqn.2014-08.org.nvmexpress:uuid:7f764a01-b27c-465a-ac6c-6a2dc8c72ba6", "nvme_native_multipath": true, "found_dsc": "", "host_ips": ["10.4.3.51", "fe80::f816:3eff:fe24:6879", "192.168.10.6", "fe80::f816:3eff:fe92:41d1", "192.168.20.6", "fe80::f816:3eff:fedc:d72b", "192.168.30.6", "fe80::f816:3eff:fec2:335a", "192.168.122.1", "172.24.5.1", "2001:db8::2", "fe80::c47b:22ff:fe8d:5540", "fe80::f816:3eff:fe7f:6894", "fe80::7c:27ff:fe82:2197", "fe80::f816:3eff:fe65:30c9", "fe80::f07c:69ff:fea9:b393", "fe80::f816:3eff:feee:7e29", "fe80::b862:a6ff:fecb:5364", "fe80::f816:3eff:fe34:31cf", "fe80::30ea:cbff:fedc:5fe", "fe80::f816:3eff:feb3:9ca4", "fe80::5061:aeff:fe31:d8af", "fe80::f816:3eff:fe8c:ae91", "fe80::6c67:50ff:fed1:9745"], "mountpoint": "/dev/vdb"}}} {{(pid=97116) _process_stack /opt/stack/cinder/cinder/api/openstack/wsgi.py:876}}
Aug 04 11:08:11.981481 np0000006416 devstack@c-api.service[97116]: DEBUG cinder.coordination [req-073adee6-9eb7-40ec-ab6d-61d89d57f9ec req-fa129b65-e0c4-491a-a2b6-9df886f57f19 tempest-ServerActionsTestOtherB-1191645902 tempest-ServerActionsTestOtherB-1191645902-project-member] Acquiring lock "cinder-attachment_update-4bdea0fe-64f0-4b76-bc07-1c432ec819db-np0000006416" by "attachment_update" {{(pid=97116) __acquire /opt/stack/cinder/cinder/coordination.py:138}}
