Aug 04 11:04:41.566746 np0000006416 nova-conductor[95913]: DEBUG cotyledon.oslo_config_glue [-] oslo_messaging_rabbit.rabbit_qos_prefetch_count = 0 {{(pid=95913) log_opt_values /opt/stack/data/venv/lib/python3.12/site-packages/oslo_config/cfg.py:3545}}
Aug 04 11:04:41.566746 np0000006416 nova-conductor[95913]: DEBUG cotyledon.oslo_config_glue [-] oslo_messaging_rabbit.rabbit_quorum_delivery_limit = 0 {{(pid=95913) log_opt_values /opt/stack/data/venv/lib/python3.12/site-packages/oslo_config/cfg.py:3545}}
Aug 04 11:04:41.566987 np0000006416 nova-conductor[95913]: DEBUG cotyledon.oslo_config_glue [-] oslo_messaging_rabbit.rabbit_quorum_max_memory_bytes = 0 {{(pid=95913) log_opt_values /opt/stack/data/venv/lib/python3.12/site-packages/oslo_config/cfg.py:3545}}
Aug 04 11:04:41.566987 np0000006416 nova-conductor[95913]: DEBUG cotyledon.oslo_config_glue [-] oslo_messaging_rabbit.rabbit_quorum_max_memory_length = 0 {{(pid=95913) log_opt_values /opt/stack/data/venv/lib/python3.12/site-packages/oslo_config/cfg.py:3545}}
Aug 04 11:04:41.566987 np0000006416 nova-conductor[95913]: DEBUG cotyledon.oslo_config_glue [-] oslo_messaging_rabbit.rabbit_quorum_queue = False {{(pid=95913) log_opt_values /opt/stack/data/venv/lib/python3.12/site-packages/oslo_config/cfg.py:3545}}
Aug 04 11:04:41.566987 np0000006416 nova-conductor[95913]: DEBUG cotyledon.oslo_config_glue [-] oslo_messaging_rabbit.rabbit_retry_backoff = 2 {{(pid=95913) log_opt_values /opt/stack/data/venv/lib/python3.12/site-packages/oslo_config/cfg.py:3545}}
Aug 04 11:04:41.566987 np0000006416 nova-conductor[95913]: DEBUG cotyledon.oslo_config_glue [-] oslo_messaging_rabbit.rabbit_retry_interval = 1 {{(pid=95913) log_opt_values /opt/stack/data/venv/lib/python3.12/site-packages/oslo_config/cfg.py:3545}}
Aug 04 11:04:41.566987 np0000006416 nova-conductor[95913]: DEBUG cotyledon.oslo_config_glue [-] oslo_messaging_rabbit.rabbit_stream_fanout = False {{(pid=95913) log_opt_values /opt/stack/data/venv/lib/python3.12/site-packages/oslo_config/cfg.py:3545}}
Aug 04 11:04:41.566987 np0000006416 nova-conductor[95913]: DEBUG cotyledon.oslo_config_glue [-] oslo_messaging_rabbit.rabbit_transient_queues_ttl = 1800 {{(pid=95913) log_opt_values /opt/stack/data/venv/lib/python3.12/site-packages/oslo_config/cfg.py:3545}}
Aug 04 11:04:41.566987 np0000006416 nova-conductor[95913]: DEBUG cotyledon.oslo_config_glue [-] oslo_messaging_rabbit.rabbit_transient_quorum_queue = False {{(pid=95913) log_opt_values /opt/stack/data/venv/lib/python3.12/site-packages/oslo_config/cfg.py:3545}}
Aug 04 11:04:41.567175 np0000006416 nova-conductor[95913]: DEBUG cotyledon.oslo_config_glue [-] oslo_messaging_rabbit.rpc_conn_pool_size = 30 {{(pid=95913) log_opt_values /opt/stack/data/venv/lib/python3.12/site-packages/oslo_config/cfg.py:3545}}
Aug 04 11:04:41.567175 np0000006416 nova-conductor[95913]: DEBUG cotyledon.oslo_config_glue [-] oslo_messaging_rabbit.ssl = False {{(pid=95913) log_opt_values /opt/stack/data/venv/lib/python3.12/site-packages/oslo_config/cfg.py:3545}}
Aug 04 11:04:41.567175 np0000006416 nova-conductor[95913]: DEBUG cotyledon.oslo_config_glue [-] oslo_messaging_rabbit.ssl_ca_file = {{(pid=95913) log_opt_values /opt/stack/data/venv/lib/python3.12/site-packages/oslo_config/cfg.py:3545}}
Aug 04 11:04:41.567175 np0000006416 nova-conductor[95913]: DEBUG cotyledon.oslo_config_glue [-] oslo_messaging_rabbit.ssl_cert_file = {{(pid=95913) log_opt_values /opt/stack/data/venv/lib/python3.12/site-packages/oslo_config/cfg.py:3545}}
Aug 04 11:04:41.567175 np0000006416 nova-conductor[95913]: DEBUG cotyledon.oslo_config_glue [-] oslo_messaging_rabbit.ssl_enforce_fips_mode = False {{(pid=95913) log_opt_values /opt/stack/data/venv/lib/python3.12/site-packages/oslo_config/cfg.py:3545}}
Aug 04 11:04:41.567175 np0000006416 nova-conductor[95913]: DEBUG cotyledon.oslo_config_glue [-] oslo_messaging_rabbit.ssl_enforce_hostname_verification = True {{(pid=95913) log_opt_values /opt/stack/data/venv/lib/python3.12/site-packages/oslo_config/cfg.py:3545}}
Aug 04 11:04:41.567175 np0000006416 nova-conductor[95913]: DEBUG cotyledon.oslo_config_glue [-] oslo_messaging_rabbit.ssl_key_file = {{(pid=95913) log_opt_values /opt/stack/data/venv/lib/python3.12/site-packages/oslo_config/cfg.py:3545}}
Aug 04 11:04:41.567175 np0000006416 nova-conductor[95913]: DEBUG cotyledon.oslo_config_glue [-] oslo_messaging_rabbit.ssl_version = {{(pid=95913) log_opt_values /opt/stack/data/venv/lib/python3.12/site-packages/oslo_config/cfg.py:3545}}
Aug 04 11:04:41.567175 np0000006416 nova-conductor[95913]: DEBUG cotyledon.oslo_config_glue [-] oslo_messaging_rabbit.use_queue_manager = False {{(pid=95913) log_opt_values /opt/stack/data/venv/lib/python3.12/site-packages/oslo_config/cfg.py:3545}}
Aug 04 11:04:41.567358 np0000006416 nova-conductor[95913]: DEBUG cotyledon.oslo_config_glue [-] oslo_messaging_notifications.driver = ['messagingv2'] {{(pid=95913) log_opt_values /opt/stack/data/venv/lib/python3.12/site-packages/oslo_config/cfg.py:3545}}
Aug 04 11:04:41.567358 np0000006416 nova-conductor[95913]: DEBUG cotyledon.oslo_config_glue [-] oslo_messaging_notifications.retry = -1 {{(pid=95913) log_opt_values /opt/stack/data/venv/lib/python3.12/site-packages/oslo_config/cfg.py:3545}}
Aug 04 11:04:41.567358 np0000006416 nova-conductor[95913]: DEBUG cotyledon.oslo_config_glue [-] oslo_messaging_notifications.topics = ['notifications'] {{(pid=95913) log_opt_values /opt/stack/data/venv/lib/python3.12/site-packages/oslo_config/cfg.py:3545}}
Aug 04 11:04:41.567358 np0000006416 nova-conductor[95913]: DEBUG cotyledon.oslo_config_glue [-] oslo_messaging_notifications.transport_url = **** {{(pid=95913) log_opt_values /opt/stack/data/venv/lib/python3.12/site-packages/oslo_config/cfg.py:3545}}
Aug 04 11:04:41.567358 np0000006416 nova-conductor[95913]: DEBUG cotyledon.oslo_config_glue [-] oslo_limit.auth_section = None {{(pid=95913) log_opt_values /opt/stack/data/venv/lib/python3.12/site-packages/oslo_config/cfg.py:3545}}
Aug 04 11:04:41.567358 np0000006416 nova-conductor[95913]: DEBUG cotyledon.oslo_config_glue [-] oslo_limit.auth_type = None {{(pid=95913) log_opt_values /opt/stack/data/venv/lib/python3.12/site-packages/oslo_config/cfg.py:3545}}
Aug 04 11:04:41.567358 np0000006416 nova-conductor[95913]: DEBUG cotyledon.oslo_config_glue [-] oslo_limit.cafile = None {{(pid=95913) log_opt_values /opt/stack/data/venv/lib/python3.12/site-packages/oslo_config/cfg.py:3545}}
Aug 04 11:04:41.567358 np0000006416 nova-conductor[95913]: DEBUG cotyledon.oslo_config_glue [-] oslo_limit.certfile = None {{(pid=95913) log_opt_values /opt/stack/data/venv/lib/python3.12/site-packages/oslo_config/cfg.py:3545}}
Aug 04 11:04:41.567358 np0000006416 nova-conductor[95913]: DEBUG cotyledon.oslo_config_glue [-] oslo_limit.collect_timing = False {{(pid=95913) log_opt_values /opt/stack/data/venv/lib/python3.12/site-packages/oslo_config/cfg.py:3545}}
Aug 04 11:04:41.567944 np0000006416 nova-conductor[95896]: INFO nova.service [-] Starting conductor node (version 33.1.0)
Aug 04 11:04:41.567979 np0000006416 nova-conductor[95913]: DEBUG cotyledon.oslo_config_glue [-] oslo_limit.connect_retries = None {{(pid=95913) log_opt_values /opt/stack/data/venv/lib/python3.12/site-packages/oslo_config/cfg.py:3545}}
Aug 04 11:04:41.567979 np0000006416 nova-conductor[95913]: DEBUG cotyledon.oslo_config_glue [-] oslo_limit.connect_retry_delay = None {{(pid=95913) log_opt_values /opt/stack/data/venv/lib/python3.12/site-packages/oslo_config/cfg.py:3545}}
Aug 04 11:04:41.567979 np0000006416 nova-conductor[95913]: DEBUG cotyledon.oslo_config_glue [-] oslo_limit.endpoint_id = None {{(pid=95913) log_opt_values /opt/stack/data/venv/lib/python3.12/site-packages/oslo_config/cfg.py:3545}}
Aug 04 11:04:41.567979 np0000006416 nova-conductor[95913]: DEBUG cotyledon.oslo_config_glue [-] oslo_limit.endpoint_interface = public {{(pid=95913) log_opt_values /opt/stack/data/venv/lib/python3.12/site-packages/oslo_config/cfg.py:3545}}
Aug 04 11:04:41.567979 np0000006416 nova-conductor[95913]: DEBUG cotyledon.oslo_config_glue [-] oslo_limit.endpoint_override = None {{(pid=95913) log_opt_values /opt/stack/data/venv/lib/python3.12/site-packages/oslo_config/cfg.py:3545}}
Aug 04 11:04:41.567979 np0000006416 nova-conductor[95913]: DEBUG cotyledon.oslo_config_glue [-] oslo_limit.endpoint_region_name = None {{(pid=95913) log_opt_values /opt/stack/data/venv/lib/python3.12/site-packages/oslo_config/cfg.py:3545}}
Aug 04 11:04:41.567979 np0000006416 nova-conductor[95913]: DEBUG cotyledon.oslo_config_glue [-] oslo_limit.endpoint_service_name = None {{(pid=95913) log_opt_values /opt/stack/data/venv/lib/python3.12/site-packages/oslo_config/cfg.py:3545}}
Aug 04 11:04:41.567979 np0000006416 nova-conductor[95913]: DEBUG cotyledon.oslo_config_glue [-] oslo_limit.endpoint_service_type = None {{(pid=95913) log_opt_values /opt/stack/data/venv/lib/python3.12/site-packages/oslo_config/cfg.py:3545}}
Aug 04 11:04:41.567979 np0000006416 nova-conductor[95913]: DEBUG cotyledon.oslo_config_glue [-] oslo_limit.insecure = False {{(pid=95913) log_opt_values /opt/stack/data/venv/lib/python3.12/site-packages/oslo_config/cfg.py:3545}}
Aug 04 11:04:41.568196 np0000006416 nova-conductor[95913]: DEBUG cotyledon.oslo_config_glue [-] oslo_limit.keyfile = None {{(pid=95913) log_opt_values /opt/stack/data/venv/lib/python3.12/site-packages/oslo_config/cfg.py:3545}}
Aug 04 11:04:41.568196 np0000006416 nova-conductor[95913]: DEBUG cotyledon.oslo_config_glue [-] oslo_limit.max_version = None {{(pid=95913) log_opt_values /opt/stack/data/venv/lib/python3.12/site-packages/oslo_config/cfg.py:3545}}
Aug 04 11:04:41.568196 np0000006416 nova-conductor[95913]: DEBUG cotyledon.oslo_config_glue [-] oslo_limit.min_version = None {{(pid=95913) log_opt_values /opt/stack/data/venv/lib/python3.12/site-packages/oslo_config/cfg.py:3545}}
Aug 04 11:04:41.568196 np0000006416 nova-conductor[95913]: DEBUG cotyledon.oslo_config_glue [-] oslo_limit.region_name = None {{(pid=95913) log_opt_values /opt/stack/data/venv/lib/python3.12/site-packages/oslo_config/cfg.py:3545}}
Aug 04 11:04:41.568196 np0000006416 nova-conductor[95913]: DEBUG cotyledon.oslo_config_glue [-] oslo_limit.retriable_status_codes = None {{(pid=95913) log_opt_values /opt/stack/data/venv/lib/python3.12/site-packages/oslo_config/cfg.py:3545}}
Aug 04 11:04:41.568196 np0000006416 nova-conductor[95913]: DEBUG cotyledon.oslo_config_glue [-] oslo_limit.service_name = None {{(pid=95913) log_opt_values /opt/stack/data/venv/lib/python3.12/site-packages/oslo_config/cfg.py:3545}}
Aug 04 11:04:41.568196 np0000006416 nova-conductor[95913]: DEBUG cotyledon.oslo_config_glue [-] oslo_limit.service_type = None {{(pid=95913) log_opt_values /opt/stack/data/venv/lib/python3.12/site-packages/oslo_config/cfg.py:3545}}
Aug 04 11:04:41.568196 np0000006416 nova-conductor[95913]: DEBUG cotyledon.oslo_config_glue [-] oslo_limit.split_loggers = False {{(pid=95913) log_opt_values /opt/stack/data/venv/lib/python3.12/site-packages/oslo_config/cfg.py:3545}}
Aug 04 11:04:41.568196 np0000006416 nova-conductor[95913]: DEBUG cotyledon.oslo_config_glue [-] oslo_limit.status_code_retries = None {{(pid=95913) log_opt_values /opt/stack/data/venv/lib/python3.12/site-packages/oslo_config/cfg.py:3545}}
Aug 04 11:04:41.568782 np0000006416 nova-conductor[95913]: DEBUG cotyledon.oslo_config_glue [-] oslo_limit.status_code_retry_delay = None {{(pid=95913) log_opt_values /opt/stack/data/venv/lib/python3.12/site-packages/oslo_config/cfg.py:3545}}
Aug 04 11:04:41.568782 np0000006416 nova-conductor[95913]: DEBUG cotyledon.oslo_config_glue [-] oslo_limit.timeout = None {{(pid=95913) log_opt_values /opt/stack/data/venv/lib/python3.12/site-packages/oslo_config/cfg.py:3545}}
Aug 04 11:04:41.568782 np0000006416 nova-conductor[95913]: DEBUG cotyledon.oslo_config_glue [-] oslo_limit.valid_interfaces = None {{(pid=95913) log_opt_values /opt/stack/data/venv/lib/python3.12/site-packages/oslo_config/cfg.py:3545}}
Aug 04 11:04:41.568782 np0000006416 nova-conductor[95913]: DEBUG cotyledon.oslo_config_glue [-] oslo_limit.version = None {{(pid=95913) log_opt_values /opt/stack/data/venv/lib/python3.12/site-packages/oslo_config/cfg.py:3545}}
Aug 04 11:04:41.568782 np0000006416 nova-conductor[95913]: DEBUG cotyledon.oslo_config_glue [-] oslo_reports.file_event_handler = None {{(pid=95913) log_opt_values /opt/stack/data/venv/lib/python3.12/site-packages/oslo_config/cfg.py:3545}}
Aug 04 11:04:41.568782 np0000006416 nova-conductor[95913]: DEBUG cotyledon.oslo_config_glue [-] oslo_reports.file_event_handler_interval = 1 {{(pid=95913) log_opt_values /opt/stack/data/venv/lib/python3.12/site-packages/oslo_config/cfg.py:3545}}
Aug 04 11:04:41.568782 np0000006416 nova-conductor[95913]: DEBUG cotyledon.oslo_config_glue [-] oslo_reports.log_dir = None {{(pid=95913) log_opt_values /opt/stack/data/venv/lib/python3.12/site-packages/oslo_config/cfg.py:3545}}
Aug 04 11:04:41.568782 np0000006416 nova-conductor[95913]: DEBUG cotyledon.oslo_config_glue [-] ******************************************************************************** {{(pid=95913) log_opt_values /opt/stack/data/venv/lib/python3.12/site-packages/oslo_config/cfg.py:3552}}
Aug 04 11:04:41.568782 np0000006416 nova-conductor[95913]: DEBUG cotyledon._service_worker [-] Run service ServiceWrapper(2) [95913] {{(pid=95913) wait_forever /opt/stack/data/venv/lib/python3.12/site-packages/cotyledon/_service_worker.py:218}}
Aug 04 11:04:41.569151 np0000006416 nova-conductor[95913]: INFO nova.service [-] Starting conductor node (version 33.1.0)
Aug 04 11:04:41.569151 np0000006416 nova-conductor[95913]: INFO dbcounter [None req-cd5f954d-a62c-4834-8ad5-9f195ae7270b None None] Registered counter for database nova_cell0
Aug 04 11:04:41.569196 np0000006416 nova-conductor[95896]: INFO dbcounter [None req-c05b3807-281f-4751-9f00-38c4543e1826 None None] Registered counter for database nova_cell0
Aug 04 11:04:41.582844 np0000006416 nova-conductor[95913]: DEBUG oslo_db.sqlalchemy.engines [None req-cd5f954d-a62c-4834-8ad5-9f195ae7270b None None] MySQL server mode set to STRICT_TRANS_TABLES,STRICT_ALL_TABLES,NO_ZERO_IN_DATE,NO_ZERO_DATE,ERROR_FOR_DIVISION_BY_ZERO,TRADITIONAL,NO_ENGINE_SUBSTITUTION {{(pid=95913) _check_effective_sql_mode /opt/stack/data/venv/lib/python3.12/site-packages/oslo_db/sqlalchemy/engines.py:325}}
Aug 04 11:04:41.587095 np0000006416 nova-conductor[95906]: DEBUG oslo_db.sqlalchemy.engines [None req-32526c5b-6c8d-442c-a2e4-7d7fb016863d None None] MySQL server mode set to STRICT_TRANS_TABLES,STRICT_ALL_TABLES,NO_ZERO_IN_DATE,NO_ZERO_DATE,ERROR_FOR_DIVISION_BY_ZERO,TRADITIONAL,NO_ENGINE_SUBSTITUTION {{(pid=95906) _check_effective_sql_mode /opt/stack/data/venv/lib/python3.12/site-packages/oslo_db/sqlalchemy/engines.py:325}}
Aug 04 11:04:41.592667 np0000006416 nova-conductor[95913]: DEBUG dbcounter [-] [95913] Writer thread running {{(pid=95913) stat_writer /opt/stack/data/venv/lib/python3.12/site-packages/dbcounter.py:102}}
Aug 04 11:04:41.596382 np0000006416 nova-conductor[95896]: DEBUG oslo_db.sqlalchemy.engines [None req-c05b3807-281f-4751-9f00-38c4543e1826 None None] MySQL server mode set to STRICT_TRANS_TABLES,STRICT_ALL_TABLES,NO_ZERO_IN_DATE,NO_ZERO_DATE,ERROR_FOR_DIVISION_BY_ZERO,TRADITIONAL,NO_ENGINE_SUBSTITUTION {{(pid=95896) _check_effective_sql_mode /opt/stack/data/venv/lib/python3.12/site-packages/oslo_db/sqlalchemy/engines.py:325}}
Aug 04 11:04:41.599962 np0000006416 nova-conductor[95906]: DEBUG dbcounter [-] [95906] Writer thread running {{(pid=95906) stat_writer /opt/stack/data/venv/lib/python3.12/site-packages/dbcounter.py:102}}
Aug 04 11:04:41.605703 np0000006416 nova-conductor[95896]: DEBUG dbcounter [-] [95896] Writer thread running {{(pid=95896) stat_writer /opt/stack/data/venv/lib/python3.12/site-packages/dbcounter.py:102}}
Aug 04 11:04:41.609807 np0000006416 nova-conductor[95913]: DEBUG nova.service [None req-cd5f954d-a62c-4834-8ad5-9f195ae7270b None None] Creating RPC server for service: nova-conductor on topic: conductor {{(pid=95913) start /opt/stack/nova/nova/service.py:196}}
Aug 04 11:04:41.620088 np0000006416 nova-conductor[95906]: DEBUG nova.service [None req-32526c5b-6c8d-442c-a2e4-7d7fb016863d None None] Creating RPC server for service: nova-conductor on topic: conductor {{(pid=95906) start /opt/stack/nova/nova/service.py:196}}
Aug 04 11:04:41.621087 np0000006416 nova-conductor[95896]: DEBUG nova.service [None req-c05b3807-281f-4751-9f00-38c4543e1826 None None] Creating RPC server for service: nova-conductor on topic: conductor {{(pid=95896) start /opt/stack/nova/nova/service.py:196}}
Aug 04 11:04:41.632502 np0000006416 nova-conductor[95913]: DEBUG nova.service [None req-cd5f954d-a62c-4834-8ad5-9f195ae7270b None None] Join ServiceGroup membership for this service conductor {{(pid=95913) start /opt/stack/nova/nova/service.py:222}}
Aug 04 11:04:41.632806 np0000006416 nova-conductor[95913]: DEBUG nova.servicegroup.drivers.db [None req-cd5f954d-a62c-4834-8ad5-9f195ae7270b None None] DB_Driver: join new ServiceGroup member np0000006416 to the conductor group, service = {{(pid=95913) join /opt/stack/nova/nova/servicegroup/drivers/db.py:44}}
Aug 04 11:04:41.637411 np0000006416 nova-conductor[95906]: DEBUG nova.service [None req-32526c5b-6c8d-442c-a2e4-7d7fb016863d None None] Join ServiceGroup membership for this service conductor {{(pid=95906) start /opt/stack/nova/nova/service.py:222}}
Aug 04 11:04:41.637601 np0000006416 nova-conductor[95906]: DEBUG nova.servicegroup.drivers.db [None req-32526c5b-6c8d-442c-a2e4-7d7fb016863d None None] DB_Driver: join new ServiceGroup member np0000006416 to the conductor group, service = {{(pid=95906) join /opt/stack/nova/nova/servicegroup/drivers/db.py:44}}
Aug 04 11:04:41.637647 np0000006416 nova-conductor[95896]: DEBUG nova.service [None req-c05b3807-281f-4751-9f00-38c4543e1826 None None] Join ServiceGroup membership for this service conductor {{(pid=95896) start /opt/stack/nova/nova/service.py:222}}
Aug 04 11:04:41.637975 np0000006416 nova-conductor[95896]: DEBUG nova.servicegroup.drivers.db [None req-c05b3807-281f-4751-9f00-38c4543e1826 None None] DB_Driver: join new ServiceGroup member np0000006416 to the conductor group, service = {{(pid=95896) join /opt/stack/nova/nova/servicegroup/drivers/db.py:44}}
Aug 04 11:04:44.639821 np0000006416 nova-conductor[95896]: DEBUG oslo.service.backend._threading.loopingcall [None req-6396c965-9ecb-4744-9d80-2e8074c66887 None None] Dynamic interval looping call 'nova.service.Service.periodic_tasks' sleeping for 60.00 seconds {{(pid=95896) _run_loop /opt/stack/data/venv/lib/python3.12/site-packages/oslo_service/backend/_threading/loopingcall.py:125}}
Aug 04 11:04:46.644776 np0000006416 nova-conductor[95913]: DEBUG oslo.service.backend._threading.loopingcall [-] Fixed interval looping call 'nova.servicegroup.drivers.db.DbDriver._report_state' sleeping for 119.99 seconds {{(pid=95913) _run_loop /opt/stack/data/venv/lib/python3.12/site-packages/oslo_service/backend/_threading/loopingcall.py:125}}
Aug 04 11:04:46.646838 np0000006416 nova-conductor[95906]: DEBUG oslo.service.backend._threading.loopingcall [-] Fixed interval looping call 'nova.servicegroup.drivers.db.DbDriver._report_state' sleeping for 119.99 seconds {{(pid=95906) _run_loop /opt/stack/data/venv/lib/python3.12/site-packages/oslo_service/backend/_threading/loopingcall.py:125}}
Aug 04 11:04:46.648123 np0000006416 nova-conductor[95896]: DEBUG oslo.service.backend._threading.loopingcall [-] Fixed interval looping call 'nova.servicegroup.drivers.db.DbDriver._report_state' sleeping for 119.99 seconds {{(pid=95896) _run_loop /opt/stack/data/venv/lib/python3.12/site-packages/oslo_service/backend/_threading/loopingcall.py:125}}
Aug 04 11:04:50.222964 np0000006416 nova-conductor[94451]: DEBUG dbcounter [-] [94451] Writing DB stats nova_api:SELECT=1 {{(pid=94451) stat_writer /opt/stack/data/venv/lib/python3.12/site-packages/dbcounter.py:115}}
Aug 04 11:04:50.343363 np0000006416 nova-conductor[94451]: DEBUG dbcounter [-] [94451] Writing DB stats nova_cell1:SELECT=1 {{(pid=94451) stat_writer /opt/stack/data/venv/lib/python3.12/site-packages/dbcounter.py:115}}
Aug 04 11:04:50.346949 np0000006416 nova-conductor[94451]: DEBUG dbcounter [-] [94451] Writing DB stats nova_cell0:SELECT=1 {{(pid=94451) stat_writer /opt/stack/data/venv/lib/python3.12/site-packages/dbcounter.py:115}}
Aug 04 11:04:56.640941 np0000006416 nova-conductor[95913]: DEBUG dbcounter [-] [95913] Writing DB stats nova_cell0:SELECT=4,nova_cell0:INSERT=1,nova_cell0:UPDATE=1 {{(pid=95913) stat_writer /opt/stack/data/venv/lib/python3.12/site-packages/dbcounter.py:115}}
Aug 04 11:04:56.644740 np0000006416 nova-conductor[95906]: DEBUG dbcounter [-] [95906] Writing DB stats nova_cell0:SELECT=5,nova_cell0:INSERT=1 {{(pid=95906) stat_writer /opt/stack/data/venv/lib/python3.12/site-packages/dbcounter.py:115}}
Aug 04 11:04:56.647737 np0000006416 nova-conductor[95896]: DEBUG dbcounter [-] [95896] Writing DB stats nova_cell0:SELECT=4,nova_cell0:INSERT=1,nova_cell0:UPDATE=1 {{(pid=95896) stat_writer /opt/stack/data/venv/lib/python3.12/site-packages/dbcounter.py:115}}
Aug 04 11:05:12.639663 np0000006416 nova-conductor[95906]: DEBUG oslo.service.backend._threading.loopingcall [None req-b67885f9-bff1-494b-9c7d-1f225f32eb65 None None] Dynamic interval looping call 'nova.service.Service.periodic_tasks' sleeping for 60.00 seconds {{(pid=95906) _run_loop /opt/stack/data/venv/lib/python3.12/site-packages/oslo_service/backend/_threading/loopingcall.py:125}}
Aug 04 11:05:40.634816 np0000006416 nova-conductor[95913]: DEBUG oslo.service.backend._threading.loopingcall [None req-0821a8c5-eeb1-4820-bd3f-6035e1fba8d9 None None] Dynamic interval looping call 'nova.service.Service.periodic_tasks' sleeping for 60.00 seconds {{(pid=95913) _run_loop /opt/stack/data/venv/lib/python3.12/site-packages/oslo_service/backend/_threading/loopingcall.py:125}}
Aug 04 11:05:44.640487 np0000006416 nova-conductor[95896]: DEBUG oslo.service.backend._threading.loopingcall [None req-6396c965-9ecb-4744-9d80-2e8074c66887 None None] Dynamic interval looping call 'nova.service.Service.periodic_tasks' sleeping for 60.00 seconds {{(pid=95896) _run_loop /opt/stack/data/venv/lib/python3.12/site-packages/oslo_service/backend/_threading/loopingcall.py:125}}
Aug 04 11:06:12.640145 np0000006416 nova-conductor[95906]: DEBUG oslo.service.backend._threading.loopingcall [None req-b67885f9-bff1-494b-9c7d-1f225f32eb65 None None] Dynamic interval looping call 'nova.service.Service.periodic_tasks' sleeping for 60.00 seconds {{(pid=95906) _run_loop /opt/stack/data/venv/lib/python3.12/site-packages/oslo_service/backend/_threading/loopingcall.py:125}}
Aug 04 11:06:40.635332 np0000006416 nova-conductor[95913]: DEBUG oslo.service.backend._threading.loopingcall [None req-0821a8c5-eeb1-4820-bd3f-6035e1fba8d9 None None] Dynamic interval looping call 'nova.service.Service.periodic_tasks' sleeping for 60.00 seconds {{(pid=95913) _run_loop /opt/stack/data/venv/lib/python3.12/site-packages/oslo_service/backend/_threading/loopingcall.py:125}}
Aug 04 11:06:44.641036 np0000006416 nova-conductor[95896]: DEBUG oslo.service.backend._threading.loopingcall [None req-6396c965-9ecb-4744-9d80-2e8074c66887 None None] Dynamic interval looping call 'nova.service.Service.periodic_tasks' sleeping for 60.00 seconds {{(pid=95896) _run_loop /opt/stack/data/venv/lib/python3.12/site-packages/oslo_service/backend/_threading/loopingcall.py:125}}
Aug 04 11:06:46.644620 np0000006416 nova-conductor[95913]: DEBUG oslo.service.backend._threading.loopingcall [-] Fixed interval looping call 'nova.servicegroup.drivers.db.DbDriver._report_state' sleeping for 119.99 seconds {{(pid=95913) _run_loop /opt/stack/data/venv/lib/python3.12/site-packages/oslo_service/backend/_threading/loopingcall.py:125}}
Aug 04 11:06:46.645070 np0000006416 nova-conductor[95896]: DEBUG oslo.service.backend._threading.loopingcall [-] Fixed interval looping call 'nova.servicegroup.drivers.db.DbDriver._report_state' sleeping for 119.99 seconds {{(pid=95896) _run_loop /opt/stack/data/venv/lib/python3.12/site-packages/oslo_service/backend/_threading/loopingcall.py:125}}
Aug 04 11:06:46.646136 np0000006416 nova-conductor[95906]: DEBUG oslo.service.backend._threading.loopingcall [-] Fixed interval looping call 'nova.servicegroup.drivers.db.DbDriver._report_state' sleeping for 119.99 seconds {{(pid=95906) _run_loop /opt/stack/data/venv/lib/python3.12/site-packages/oslo_service/backend/_threading/loopingcall.py:125}}
Aug 04 11:06:56.638999 np0000006416 nova-conductor[95913]: DEBUG dbcounter [-] [95913] Writing DB stats nova_cell0:SELECT=1,nova_cell0:UPDATE=1 {{(pid=95913) stat_writer /opt/stack/data/venv/lib/python3.12/site-packages/dbcounter.py:115}}
Aug 04 11:06:56.641416 np0000006416 nova-conductor[95896]: DEBUG dbcounter [-] [95896] Writing DB stats nova_cell0:SELECT=1,nova_cell0:UPDATE=1 {{(pid=95896) stat_writer /opt/stack/data/venv/lib/python3.12/site-packages/dbcounter.py:115}}
Aug 04 11:06:56.643159 np0000006416 nova-conductor[95906]: DEBUG dbcounter [-] [95906] Writing DB stats nova_cell0:SELECT=1,nova_cell0:UPDATE=1 {{(pid=95906) stat_writer /opt/stack/data/venv/lib/python3.12/site-packages/dbcounter.py:115}}
Aug 04 11:07:06.372643 np0000006416 nova-conductor[95913]: DEBUG oslo_db.sqlalchemy.engines [None req-c511e079-633c-4d9b-ae85-4d3fc037afe7 tempest-DeleteServersTestJSON-1276874807 tempest-DeleteServersTestJSON-1276874807-project-member] Parent process 94451 forked (95913) with an open database connection, which is being discarded and recreated. {{(pid=95913) checkout /opt/stack/data/venv/lib/python3.12/site-packages/oslo_db/sqlalchemy/engines.py:402}}
Aug 04 11:07:06.418742 np0000006416 nova-conductor[95913]: DEBUG dbcounter [-] [95913] Writer thread running {{(pid=95913) stat_writer /opt/stack/data/venv/lib/python3.12/site-packages/dbcounter.py:102}}
Aug 04 11:07:07.202625 np0000006416 nova-conductor[95913]: DEBUG nova.conductor.manager [None req-c511e079-633c-4d9b-ae85-4d3fc037afe7 tempest-DeleteServersTestJSON-1276874807 tempest-DeleteServersTestJSON-1276874807-project-member] Took 0.78 seconds to select destinations for 1 instance(s). {{(pid=95913) _schedule_instances /opt/stack/nova/nova/conductor/manager.py:968}}
Aug 04 11:07:07.233367 np0000006416 nova-conductor[95913]: DEBUG oslo_concurrency.lockutils [None req-c511e079-633c-4d9b-ae85-4d3fc037afe7 tempest-DeleteServersTestJSON-1276874807 tempest-DeleteServersTestJSON-1276874807-project-member] Acquiring lock "e35d13b2-3033-482e-a052-b4bf793f431b" by "nova.context.set_target_cell..get_or_set_cached_cell_and_set_connections" {{(pid=95913) inner /opt/stack/data/venv/lib/python3.12/site-packages/oslo_concurrency/lockutils.py:512}}
Aug 04 11:07:07.233507 np0000006416 nova-conductor[95913]: DEBUG oslo_concurrency.lockutils [None req-c511e079-633c-4d9b-ae85-4d3fc037afe7 tempest-DeleteServersTestJSON-1276874807 tempest-DeleteServersTestJSON-1276874807-project-member] Lock "e35d13b2-3033-482e-a052-b4bf793f431b" acquired by "nova.context.set_target_cell..get_or_set_cached_cell_and_set_connections" :: waited 0.000s {{(pid=95913) inner /opt/stack/data/venv/lib/python3.12/site-packages/oslo_concurrency/lockutils.py:525}}
Aug 04 11:07:07.235626 np0000006416 nova-conductor[95913]: DEBUG oslo_concurrency.lockutils [None req-c511e079-633c-4d9b-ae85-4d3fc037afe7 tempest-DeleteServersTestJSON-1276874807 tempest-DeleteServersTestJSON-1276874807-project-member] Lock "e35d13b2-3033-482e-a052-b4bf793f431b" "released" by "nova.context.set_target_cell..get_or_set_cached_cell_and_set_connections" :: held 0.002s {{(pid=95913) inner /opt/stack/data/venv/lib/python3.12/site-packages/oslo_concurrency/lockutils.py:544}}
Aug 04 11:07:07.237768 np0000006416 nova-conductor[95913]: INFO dbcounter [None req-c511e079-633c-4d9b-ae85-4d3fc037afe7 tempest-DeleteServersTestJSON-1276874807 tempest-DeleteServersTestJSON-1276874807-project-member] Registered counter for database nova_cell1
Aug 04 11:07:07.277915 np0000006416 nova-conductor[95913]: DEBUG oslo_db.sqlalchemy.engines [None req-c511e079-633c-4d9b-ae85-4d3fc037afe7 tempest-DeleteServersTestJSON-1276874807 tempest-DeleteServersTestJSON-1276874807-project-member] MySQL server mode set to STRICT_TRANS_TABLES,STRICT_ALL_TABLES,NO_ZERO_IN_DATE,NO_ZERO_DATE,ERROR_FOR_DIVISION_BY_ZERO,TRADITIONAL,NO_ENGINE_SUBSTITUTION {{(pid=95913) _check_effective_sql_mode /opt/stack/data/venv/lib/python3.12/site-packages/oslo_db/sqlalchemy/engines.py:325}}
Aug 04 11:07:07.285652 np0000006416 nova-conductor[95913]: DEBUG dbcounter [-] [95913] Writer thread running {{(pid=95913) stat_writer /opt/stack/data/venv/lib/python3.12/site-packages/dbcounter.py:102}}
Aug 04 11:07:07.339602 np0000006416 nova-conductor[95913]: INFO nova.utils [None req-c511e079-633c-4d9b-ae85-4d3fc037afe7 tempest-DeleteServersTestJSON-1276874807 tempest-DeleteServersTestJSON-1276874807-project-member] The cell worker thread pool ForkProcess-3.cell_worker is initialized
Aug 04 11:07:07.339917 np0000006416 nova-conductor[95913]: DEBUG oslo_concurrency.lockutils [None req-c511e079-633c-4d9b-ae85-4d3fc037afe7 tempest-DeleteServersTestJSON-1276874807 tempest-DeleteServersTestJSON-1276874807-project-member] Acquiring lock "00000000-0000-0000-0000-000000000000" by "nova.context.set_target_cell..get_or_set_cached_cell_and_set_connections" {{(pid=95913) inner /opt/stack/data/venv/lib/python3.12/site-packages/oslo_concurrency/lockutils.py:512}}
Aug 04 11:07:07.340096 np0000006416 nova-conductor[95913]: DEBUG oslo_concurrency.lockutils [None req-c511e079-633c-4d9b-ae85-4d3fc037afe7 tempest-DeleteServersTestJSON-1276874807 tempest-DeleteServersTestJSON-1276874807-project-member] Lock "00000000-0000-0000-0000-000000000000" acquired by "nova.context.set_target_cell..get_or_set_cached_cell_and_set_connections" :: waited 0.000s {{(pid=95913) inner /opt/stack/data/venv/lib/python3.12/site-packages/oslo_concurrency/lockutils.py:525}}
Aug 04 11:07:07.340459 np0000006416 nova-conductor[95913]: DEBUG oslo_concurrency.lockutils [None req-c511e079-633c-4d9b-ae85-4d3fc037afe7 tempest-DeleteServersTestJSON-1276874807 tempest-DeleteServersTestJSON-1276874807-project-member] Lock "00000000-0000-0000-0000-000000000000" "released" by "nova.context.set_target_cell..get_or_set_cached_cell_and_set_connections" :: held 0.000s {{(pid=95913) inner /opt/stack/data/venv/lib/python3.12/site-packages/oslo_concurrency/lockutils.py:544}}
Aug 04 11:07:07.341224 np0000006416 nova-conductor[95913]: DEBUG oslo_concurrency.lockutils [None req-c511e079-633c-4d9b-ae85-4d3fc037afe7 tempest-DeleteServersTestJSON-1276874807 tempest-DeleteServersTestJSON-1276874807-project-member] Acquiring lock "e35d13b2-3033-482e-a052-b4bf793f431b" by "nova.context.set_target_cell..get_or_set_cached_cell_and_set_connections" {{(pid=95913) inner /opt/stack/data/venv/lib/python3.12/site-packages/oslo_concurrency/lockutils.py:512}}
Aug 04 11:07:07.341387 np0000006416 nova-conductor[95913]: DEBUG oslo_concurrency.lockutils [None req-c511e079-633c-4d9b-ae85-4d3fc037afe7 tempest-DeleteServersTestJSON-1276874807 tempest-DeleteServersTestJSON-1276874807-project-member] Lock "e35d13b2-3033-482e-a052-b4bf793f431b" acquired by "nova.context.set_target_cell..get_or_set_cached_cell_and_set_connections" :: waited 0.000s {{(pid=95913) inner /opt/stack/data/venv/lib/python3.12/site-packages/oslo_concurrency/lockutils.py:525}}
Aug 04 11:07:07.341528 np0000006416 nova-conductor[95913]: DEBUG oslo_concurrency.lockutils [None req-c511e079-633c-4d9b-ae85-4d3fc037afe7 tempest-DeleteServersTestJSON-1276874807 tempest-DeleteServersTestJSON-1276874807-project-member] Lock "e35d13b2-3033-482e-a052-b4bf793f431b" "released" by "nova.context.set_target_cell..get_or_set_cached_cell_and_set_connections" :: held 0.000s {{(pid=95913) inner /opt/stack/data/venv/lib/python3.12/site-packages/oslo_concurrency/lockutils.py:544}}
Aug 04 11:07:07.342667 np0000006416 nova-conductor[95913]: INFO dbcounter [None req-c511e079-633c-4d9b-ae85-4d3fc037afe7 tempest-DeleteServersTestJSON-1276874807 tempest-DeleteServersTestJSON-1276874807-project-member] Registered counter for database nova_cell0
Aug 04 11:07:07.375694 np0000006416 nova-conductor[95913]: DEBUG oslo_db.sqlalchemy.engines [None req-c511e079-633c-4d9b-ae85-4d3fc037afe7 tempest-DeleteServersTestJSON-1276874807 tempest-DeleteServersTestJSON-1276874807-project-member] MySQL server mode set to STRICT_TRANS_TABLES,STRICT_ALL_TABLES,NO_ZERO_IN_DATE,NO_ZERO_DATE,ERROR_FOR_DIVISION_BY_ZERO,TRADITIONAL,NO_ENGINE_SUBSTITUTION {{(pid=95913) _check_effective_sql_mode /opt/stack/data/venv/lib/python3.12/site-packages/oslo_db/sqlalchemy/engines.py:325}}
Aug 04 11:07:07.380741 np0000006416 nova-conductor[95913]: DEBUG dbcounter [-] [95913] Writer thread running {{(pid=95913) stat_writer /opt/stack/data/venv/lib/python3.12/site-packages/dbcounter.py:102}}
Aug 04 11:07:07.391629 np0000006416 nova-conductor[95913]: DEBUG nova.quota [None req-c511e079-633c-4d9b-ae85-4d3fc037afe7 tempest-DeleteServersTestJSON-1276874807 tempest-DeleteServersTestJSON-1276874807-project-member] Getting quotas for project 34cbe51e8ec34e709286e46303b9f585. Resources: {'instances', 'ram', 'cores'} {{(pid=95913) _get_quotas /opt/stack/nova/nova/quota.py:389}}
Aug 04 11:07:07.395606 np0000006416 nova-conductor[95913]: DEBUG nova.quota [None req-c511e079-633c-4d9b-ae85-4d3fc037afe7 tempest-DeleteServersTestJSON-1276874807 tempest-DeleteServersTestJSON-1276874807-project-member] Getting quotas for user 2d50a2222c524dbfb508eaf804b90b14 and project 34cbe51e8ec34e709286e46303b9f585. Resources: {'instances', 'ram', 'cores'} {{(pid=95913) _get_quotas /opt/stack/nova/nova/quota.py:379}}
Aug 04 11:07:07.402642 np0000006416 nova-conductor[95913]: DEBUG nova.conductor.manager [None req-c511e079-633c-4d9b-ae85-4d3fc037afe7 tempest-DeleteServersTestJSON-1276874807 tempest-DeleteServersTestJSON-1276874807-project-member] [instance: 9928f47e-0325-4e4b-928c-f01260e07241] Selected host: np0000006416; Selected node: np0000006416; Alternates: [] {{(pid=95913) schedule_and_build_instances /opt/stack/nova/nova/conductor/manager.py:1784}}
Aug 04 11:07:07.403106 np0000006416 nova-conductor[95913]: DEBUG oslo_concurrency.lockutils [None req-c511e079-633c-4d9b-ae85-4d3fc037afe7 tempest-DeleteServersTestJSON-1276874807 tempest-DeleteServersTestJSON-1276874807-project-member] Acquiring lock "e35d13b2-3033-482e-a052-b4bf793f431b" by "nova.context.set_target_cell..get_or_set_cached_cell_and_set_connections" {{(pid=95913) inner /opt/stack/data/venv/lib/python3.12/site-packages/oslo_concurrency/lockutils.py:512}}
Aug 04 11:07:07.403283 np0000006416 nova-conductor[95913]: DEBUG oslo_concurrency.lockutils [None req-c511e079-633c-4d9b-ae85-4d3fc037afe7 tempest-DeleteServersTestJSON-1276874807 tempest-DeleteServersTestJSON-1276874807-project-member] Lock "e35d13b2-3033-482e-a052-b4bf793f431b" acquired by "nova.context.set_target_cell..get_or_set_cached_cell_and_set_connections" :: waited 0.000s {{(pid=95913) inner /opt/stack/data/venv/lib/python3.12/site-packages/oslo_concurrency/lockutils.py:525}}
Aug 04 11:07:07.403414 np0000006416 nova-conductor[95913]: DEBUG oslo_concurrency.lockutils [None req-c511e079-633c-4d9b-ae85-4d3fc037afe7 tempest-DeleteServersTestJSON-1276874807 tempest-DeleteServersTestJSON-1276874807-project-member] Lock "e35d13b2-3033-482e-a052-b4bf793f431b" "released" by "nova.context.set_target_cell..get_or_set_cached_cell_and_set_connections" :: held 0.000s {{(pid=95913) inner /opt/stack/data/venv/lib/python3.12/site-packages/oslo_concurrency/lockutils.py:544}}
Aug 04 11:07:07.415452 np0000006416 nova-conductor[95913]: DEBUG nova.conductor.manager [None req-c511e079-633c-4d9b-ae85-4d3fc037afe7 tempest-DeleteServersTestJSON-1276874807 tempest-DeleteServersTestJSON-1276874807-project-member] [instance: 9928f47e-0325-4e4b-928c-f01260e07241] block_device_mapping [BlockDeviceMapping(attachment_id=,boot_index=0,connection_info=None,created_at=,delete_on_termination=True,deleted=,deleted_at=,destination_type='local',device_name=None,device_type='disk',disk_bus=None,encrypted=False,encryption_format=None,encryption_options=None,encryption_secret_uuid=None,guest_format=None,id=,image_id='aa0ac2ab-f1f1-4847-8a29-cdc6032f9568',instance=,instance_uuid=,no_device=False,snapshot_id=None,source_type='image',tag=None,updated_at=,uuid=,volume_id=None,volume_size=None,volume_type=None)] {{(pid=95913) _create_block_device_mapping /opt/stack/nova/nova/conductor/manager.py:1529}}
Aug 04 11:07:07.417359 np0000006416 nova-conductor[95913]: DEBUG oslo_concurrency.lockutils [None req-c511e079-633c-4d9b-ae85-4d3fc037afe7 tempest-DeleteServersTestJSON-1276874807 tempest-DeleteServersTestJSON-1276874807-project-member] Acquiring lock "e35d13b2-3033-482e-a052-b4bf793f431b" by "nova.context.set_target_cell..get_or_set_cached_cell_and_set_connections" {{(pid=95913) inner /opt/stack/data/venv/lib/python3.12/site-packages/oslo_concurrency/lockutils.py:512}}
Aug 04 11:07:07.417484 np0000006416 nova-conductor[95913]: DEBUG oslo_concurrency.lockutils [None req-c511e079-633c-4d9b-ae85-4d3fc037afe7 tempest-DeleteServersTestJSON-1276874807 tempest-DeleteServersTestJSON-1276874807-project-member] Lock "e35d13b2-3033-482e-a052-b4bf793f431b" acquired by "nova.context.set_target_cell..get_or_set_cached_cell_and_set_connections" :: waited 0.000s {{(pid=95913) inner /opt/stack/data/venv/lib/python3.12/site-packages/oslo_concurrency/lockutils.py:525}}
Aug 04 11:07:07.417574 np0000006416 nova-conductor[95913]: DEBUG oslo_concurrency.lockutils [None req-c511e079-633c-4d9b-ae85-4d3fc037afe7 tempest-DeleteServersTestJSON-1276874807 tempest-DeleteServersTestJSON-1276874807-project-member] Lock "e35d13b2-3033-482e-a052-b4bf793f431b" "released" by "nova.context.set_target_cell..get_or_set_cached_cell_and_set_connections" :: held 0.000s {{(pid=95913) inner /opt/stack/data/venv/lib/python3.12/site-packages/oslo_concurrency/lockutils.py:544}}
Aug 04 11:07:07.454734 np0000006416 nova-conductor[95913]: DEBUG oslo_concurrency.lockutils [None req-c511e079-633c-4d9b-ae85-4d3fc037afe7 tempest-DeleteServersTestJSON-1276874807 tempest-DeleteServersTestJSON-1276874807-project-member] Acquiring lock "e35d13b2-3033-482e-a052-b4bf793f431b" by "nova.context.set_target_cell..get_or_set_cached_cell_and_set_connections" {{(pid=95913) inner /opt/stack/data/venv/lib/python3.12/site-packages/oslo_concurrency/lockutils.py:512}}
Aug 04 11:07:07.455089 np0000006416 nova-conductor[95913]: DEBUG oslo_concurrency.lockutils [None req-c511e079-633c-4d9b-ae85-4d3fc037afe7 tempest-DeleteServersTestJSON-1276874807 tempest-DeleteServersTestJSON-1276874807-project-member] Lock "e35d13b2-3033-482e-a052-b4bf793f431b" acquired by "nova.context.set_target_cell..get_or_set_cached_cell_and_set_connections" :: waited 0.001s {{(pid=95913) inner /opt/stack/data/venv/lib/python3.12/site-packages/oslo_concurrency/lockutils.py:525}}
Aug 04 11:07:07.455341 np0000006416 nova-conductor[95913]: DEBUG oslo_concurrency.lockutils [None req-c511e079-633c-4d9b-ae85-4d3fc037afe7 tempest-DeleteServersTestJSON-1276874807 tempest-DeleteServersTestJSON-1276874807-project-member] Lock "e35d13b2-3033-482e-a052-b4bf793f431b" "released" by "nova.context.set_target_cell..get_or_set_cached_cell_and_set_connections" :: held 0.000s {{(pid=95913) inner /opt/stack/data/venv/lib/python3.12/site-packages/oslo_concurrency/lockutils.py:544}}
Aug 04 11:07:07.455731 np0000006416 nova-conductor[95913]: DEBUG oslo_concurrency.lockutils [None req-c511e079-633c-4d9b-ae85-4d3fc037afe7 tempest-DeleteServersTestJSON-1276874807 tempest-DeleteServersTestJSON-1276874807-project-member] Acquiring lock "compute-rpcapi-router" {{(pid=95913) lock /opt/stack/data/venv/lib/python3.12/site-packages/oslo_concurrency/lockutils.py:396}}
Aug 04 11:07:07.455838 np0000006416 nova-conductor[95913]: DEBUG oslo_concurrency.lockutils [None req-c511e079-633c-4d9b-ae85-4d3fc037afe7 tempest-DeleteServersTestJSON-1276874807 tempest-DeleteServersTestJSON-1276874807-project-member] Acquired lock "compute-rpcapi-router" {{(pid=95913) lock /opt/stack/data/venv/lib/python3.12/site-packages/oslo_concurrency/lockutils.py:399}}
Aug 04 11:07:07.456189 np0000006416 nova-conductor[95913]: DEBUG oslo_concurrency.lockutils [None req-7b293e5c-9906-4044-bd2e-724416d838e9 None None] Acquiring lock "00000000-0000-0000-0000-000000000000" by "nova.context.set_target_cell..get_or_set_cached_cell_and_set_connections" {{(pid=95913) inner /opt/stack/data/venv/lib/python3.12/site-packages/oslo_concurrency/lockutils.py:512}}
Aug 04 11:07:07.456384 np0000006416 nova-conductor[95913]: DEBUG oslo_concurrency.lockutils [None req-7b293e5c-9906-4044-bd2e-724416d838e9 None None] Lock "00000000-0000-0000-0000-000000000000" acquired by "nova.context.set_target_cell..get_or_set_cached_cell_and_set_connections" :: waited 0.000s {{(pid=95913) inner /opt/stack/data/venv/lib/python3.12/site-packages/oslo_concurrency/lockutils.py:525}}
Aug 04 11:07:07.456475 np0000006416 nova-conductor[95913]: DEBUG oslo_concurrency.lockutils [None req-7b293e5c-9906-4044-bd2e-724416d838e9 None None] Lock "00000000-0000-0000-0000-000000000000" "released" by "nova.context.set_target_cell..get_or_set_cached_cell_and_set_connections" :: held 0.000s {{(pid=95913) inner /opt/stack/data/venv/lib/python3.12/site-packages/oslo_concurrency/lockutils.py:544}}
Aug 04 11:07:07.457155 np0000006416 nova-conductor[95913]: DEBUG oslo_concurrency.lockutils [None req-7b293e5c-9906-4044-bd2e-724416d838e9 None None] Acquiring lock "e35d13b2-3033-482e-a052-b4bf793f431b" by "nova.context.set_target_cell..get_or_set_cached_cell_and_set_connections" {{(pid=95913) inner /opt/stack/data/venv/lib/python3.12/site-packages/oslo_concurrency/lockutils.py:512}}
Aug 04 11:07:07.457308 np0000006416 nova-conductor[95913]: DEBUG oslo_concurrency.lockutils [None req-7b293e5c-9906-4044-bd2e-724416d838e9 None None] Lock "e35d13b2-3033-482e-a052-b4bf793f431b" acquired by "nova.context.set_target_cell..get_or_set_cached_cell_and_set_connections" :: waited 0.000s {{(pid=95913) inner /opt/stack/data/venv/lib/python3.12/site-packages/oslo_concurrency/lockutils.py:525}}
Aug 04 11:07:07.457416 np0000006416 nova-conductor[95913]: DEBUG oslo_concurrency.lockutils [None req-7b293e5c-9906-4044-bd2e-724416d838e9 None None] Lock "e35d13b2-3033-482e-a052-b4bf793f431b" "released" by "nova.context.set_target_cell..get_or_set_cached_cell_and_set_connections" :: held 0.000s {{(pid=95913) inner /opt/stack/data/venv/lib/python3.12/site-packages/oslo_concurrency/lockutils.py:544}}
Aug 04 11:07:07.463767 np0000006416 nova-conductor[95913]: INFO nova.compute.rpcapi [None req-7b293e5c-9906-4044-bd2e-724416d838e9 None None] Automatically selected compute RPC version 6.5 from minimum service version 72
Aug 04 11:07:07.464099 np0000006416 nova-conductor[95913]: DEBUG oslo_concurrency.lockutils [None req-7b293e5c-9906-4044-bd2e-724416d838e9 None None] Releasing lock "compute-rpcapi-router" {{(pid=95913) lock /opt/stack/data/venv/lib/python3.12/site-packages/oslo_concurrency/lockutils.py:419}}
Aug 04 11:07:11.369168 np0000006416 nova-conductor[95906]: DEBUG dbcounter [-] [95906] Writer thread running {{(pid=95906) stat_writer /opt/stack/data/venv/lib/python3.12/site-packages/dbcounter.py:102}}
Aug 04 11:07:11.849515 np0000006416 nova-conductor[95906]: DEBUG nova.conductor.manager [None req-4592ca4b-effb-4368-9be8-403db7a7c4a2 tempest-ServerStableDeviceRescueTest-1561539765 tempest-ServerStableDeviceRescueTest-1561539765-project-member] Took 0.48 seconds to select destinations for 1 instance(s). {{(pid=95906) _schedule_instances /opt/stack/nova/nova/conductor/manager.py:968}}
Aug 04 11:07:11.904782 np0000006416 nova-conductor[95906]: DEBUG oslo_concurrency.lockutils [None req-4592ca4b-effb-4368-9be8-403db7a7c4a2 tempest-ServerStableDeviceRescueTest-1561539765 tempest-ServerStableDeviceRescueTest-1561539765-project-member] Acquiring lock "e35d13b2-3033-482e-a052-b4bf793f431b" by "nova.context.set_target_cell..get_or_set_cached_cell_and_set_connections" {{(pid=95906) inner /opt/stack/data/venv/lib/python3.12/site-packages/oslo_concurrency/lockutils.py:512}}
Aug 04 11:07:11.904994 np0000006416 nova-conductor[95906]: DEBUG oslo_concurrency.lockutils [None req-4592ca4b-effb-4368-9be8-403db7a7c4a2 tempest-ServerStableDeviceRescueTest-1561539765 tempest-ServerStableDeviceRescueTest-1561539765-project-member] Lock "e35d13b2-3033-482e-a052-b4bf793f431b" acquired by "nova.context.set_target_cell..get_or_set_cached_cell_and_set_connections" :: waited 0.000s {{(pid=95906) inner /opt/stack/data/venv/lib/python3.12/site-packages/oslo_concurrency/lockutils.py:525}}
Aug 04 11:07:11.906366 np0000006416 nova-conductor[95906]: DEBUG oslo_concurrency.lockutils [None req-4592ca4b-effb-4368-9be8-403db7a7c4a2 tempest-ServerStableDeviceRescueTest-1561539765 tempest-ServerStableDeviceRescueTest-1561539765-project-member] Lock "e35d13b2-3033-482e-a052-b4bf793f431b" "released" by "nova.context.set_target_cell..get_or_set_cached_cell_and_set_connections" :: held 0.001s {{(pid=95906) inner /opt/stack/data/venv/lib/python3.12/site-packages/oslo_concurrency/lockutils.py:544}}
Aug 04 11:07:11.908115 np0000006416 nova-conductor[95906]: INFO dbcounter [None req-4592ca4b-effb-4368-9be8-403db7a7c4a2 tempest-ServerStableDeviceRescueTest-1561539765 tempest-ServerStableDeviceRescueTest-1561539765-project-member] Registered counter for database nova_cell1
Aug 04 11:07:11.942262 np0000006416 nova-conductor[95906]: DEBUG oslo_db.sqlalchemy.engines [None req-4592ca4b-effb-4368-9be8-403db7a7c4a2 tempest-ServerStableDeviceRescueTest-1561539765 tempest-ServerStableDeviceRescueTest-1561539765-project-member] MySQL server mode set to STRICT_TRANS_TABLES,STRICT_ALL_TABLES,NO_ZERO_IN_DATE,NO_ZERO_DATE,ERROR_FOR_DIVISION_BY_ZERO,TRADITIONAL,NO_ENGINE_SUBSTITUTION {{(pid=95906) _check_effective_sql_mode /opt/stack/data/venv/lib/python3.12/site-packages/oslo_db/sqlalchemy/engines.py:325}}
Aug 04 11:07:11.947472 np0000006416 nova-conductor[95906]: DEBUG dbcounter [-] [95906] Writer thread running {{(pid=95906) stat_writer /opt/stack/data/venv/lib/python3.12/site-packages/dbcounter.py:102}}
Aug 04 11:07:11.997951 np0000006416 nova-conductor[95906]: INFO nova.utils [None req-4592ca4b-effb-4368-9be8-403db7a7c4a2 tempest-ServerStableDeviceRescueTest-1561539765 tempest-ServerStableDeviceRescueTest-1561539765-project-member] The cell worker thread pool ForkProcess-2.cell_worker is initialized
Aug 04 11:07:11.998221 np0000006416 nova-conductor[95906]: DEBUG oslo_concurrency.lockutils [None req-4592ca4b-effb-4368-9be8-403db7a7c4a2 tempest-ServerStableDeviceRescueTest-1561539765 tempest-ServerStableDeviceRescueTest-1561539765-project-member] Acquiring lock "00000000-0000-0000-0000-000000000000" by "nova.context.set_target_cell..get_or_set_cached_cell_and_set_connections" {{(pid=95906) inner /opt/stack/data/venv/lib/python3.12/site-packages/oslo_concurrency/lockutils.py:512}}
Aug 04 11:07:11.998437 np0000006416 nova-conductor[95906]: DEBUG oslo_concurrency.lockutils [None req-4592ca4b-effb-4368-9be8-403db7a7c4a2 tempest-ServerStableDeviceRescueTest-1561539765 tempest-ServerStableDeviceRescueTest-1561539765-project-member] Lock "00000000-0000-0000-0000-000000000000" acquired by "nova.context.set_target_cell..get_or_set_cached_cell_and_set_connections" :: waited 0.000s {{(pid=95906) inner /opt/stack/data/venv/lib/python3.12/site-packages/oslo_concurrency/lockutils.py:525}}
Aug 04 11:07:11.998659 np0000006416 nova-conductor[95906]: DEBUG oslo_concurrency.lockutils [None req-4592ca4b-effb-4368-9be8-403db7a7c4a2 tempest-ServerStableDeviceRescueTest-1561539765 tempest-ServerStableDeviceRescueTest-1561539765-project-member] Lock "00000000-0000-0000-0000-000000000000" "released" by "nova.context.set_target_cell..get_or_set_cached_cell_and_set_connections" :: held 0.000s {{(pid=95906) inner /opt/stack/data/venv/lib/python3.12/site-packages/oslo_concurrency/lockutils.py:544}}
Aug 04 11:07:11.999345 np0000006416 nova-conductor[95906]: DEBUG oslo_concurrency.lockutils [None req-4592ca4b-effb-4368-9be8-403db7a7c4a2 tempest-ServerStableDeviceRescueTest-1561539765 tempest-ServerStableDeviceRescueTest-1561539765-project-member] Acquiring lock "e35d13b2-3033-482e-a052-b4bf793f431b" by "nova.context.set_target_cell..get_or_set_cached_cell_and_set_connections" {{(pid=95906) inner /opt/stack/data/venv/lib/python3.12/site-packages/oslo_concurrency/lockutils.py:512}}
Aug 04 11:07:11.999510 np0000006416 nova-conductor[95906]: DEBUG oslo_concurrency.lockutils [None req-4592ca4b-effb-4368-9be8-403db7a7c4a2 tempest-ServerStableDeviceRescueTest-1561539765 tempest-ServerStableDeviceRescueTest-1561539765-project-member] Lock "e35d13b2-3033-482e-a052-b4bf793f431b" acquired by "nova.context.set_target_cell..get_or_set_cached_cell_and_set_connections" :: waited 0.000s {{(pid=95906) inner /opt/stack/data/venv/lib/python3.12/site-packages/oslo_concurrency/lockutils.py:525}}
Aug 04 11:07:11.999579 np0000006416 nova-conductor[95906]: DEBUG oslo_concurrency.lockutils [None req-4592ca4b-effb-4368-9be8-403db7a7c4a2 tempest-ServerStableDeviceRescueTest-1561539765 tempest-ServerStableDeviceRescueTest-1561539765-project-member] Lock "e35d13b2-3033-482e-a052-b4bf793f431b" "released" by "nova.context.set_target_cell..get_or_set_cached_cell_and_set_connections" :: held 0.000s {{(pid=95906) inner /opt/stack/data/venv/lib/python3.12/site-packages/oslo_concurrency/lockutils.py:544}}
Aug 04 11:07:12.001063 np0000006416 nova-conductor[95906]: INFO dbcounter [None req-4592ca4b-effb-4368-9be8-403db7a7c4a2 tempest-ServerStableDeviceRescueTest-1561539765 tempest-ServerStableDeviceRescueTest-1561539765-project-member] Registered counter for database nova_cell0
