Jul 28 10:13:04.853844 np0000005981 devstack@g-api.service[99828]: DEBUG swiftclient [None req-69edc6ef-9c8e-4f08-8be0-4ab29d831b6f tempest-AttachVolumeShelveTestJSON-1314127080 tempest-AttachVolumeShelveTestJSON-1314127080-project-member] RESP STATUS: 204 No Content {{(pid=99828) http_log /opt/stack/data/venv/lib/python3.12/site-packages/swiftclient/client.py:161}}
Jul 28 10:13:04.853905 np0000005981 devstack@g-api.service[99828]: DEBUG swiftclient [None req-69edc6ef-9c8e-4f08-8be0-4ab29d831b6f tempest-AttachVolumeShelveTestJSON-1314127080 tempest-AttachVolumeShelveTestJSON-1314127080-project-member] RESP HEADERS: {'Date': 'Tue, 28 Jul 2026 10:13:04 GMT', 'Server': 'Apache/2.4.58 (Ubuntu)', 'Content-Type': 'text/html; charset=UTF-8', 'X-Trans-Id': 'tx04713f2d2514422bbab5d-006a6880b0', 'X-Openstack-Request-Id': 'tx04713f2d2514422bbab5d-006a6880b0', 'Connection': 'close'} {{(pid=99828) http_log /opt/stack/data/venv/lib/python3.12/site-packages/swiftclient/client.py:162}}
Jul 28 10:13:05.175813 np0000005981 devstack@g-api.service[99826]: DEBUG glance.api.middleware.version_negotiation [None req-68c9ff59-9d70-4a61-a18e-1ac578e40021 tempest-VolumesActionsTest-1549311853 tempest-VolumesActionsTest-1549311853-project-member] Determining version of request: GET /v2/images/101994ca-59cf-4f72-acba-1d4f412d0f7b Accept: application/json {{(pid=99826) process_request /opt/stack/glance/glance/api/middleware/version_negotiation.py:44}}
Jul 28 10:13:05.176516 np0000005981 devstack@g-api.service[99826]: DEBUG glance.api.middleware.version_negotiation [None req-68c9ff59-9d70-4a61-a18e-1ac578e40021 tempest-VolumesActionsTest-1549311853 tempest-VolumesActionsTest-1549311853-project-member] Using url versioning {{(pid=99826) process_request /opt/stack/glance/glance/api/middleware/version_negotiation.py:57}}
Jul 28 10:13:05.176516 np0000005981 devstack@g-api.service[99826]: DEBUG glance.api.middleware.version_negotiation [None req-68c9ff59-9d70-4a61-a18e-1ac578e40021 tempest-VolumesActionsTest-1549311853 tempest-VolumesActionsTest-1549311853-project-member] Matched version: v2 {{(pid=99826) process_request /opt/stack/glance/glance/api/middleware/version_negotiation.py:69}}
Jul 28 10:13:05.176516 np0000005981 devstack@g-api.service[99826]: DEBUG glance.api.middleware.version_negotiation [None req-68c9ff59-9d70-4a61-a18e-1ac578e40021 tempest-VolumesActionsTest-1549311853 tempest-VolumesActionsTest-1549311853-project-member] new path /v2/images/101994ca-59cf-4f72-acba-1d4f412d0f7b {{(pid=99826) process_request /opt/stack/glance/glance/api/middleware/version_negotiation.py:70}}
Jul 28 10:13:05.195113 np0000005981 devstack@g-api.service[99826]: [pid: 99826|app: 0|req: 120/357] 127.0.0.1 () {40 vars in 838 bytes} [Tue Jul 28 10:13:05 2026] GET /v2/images/101994ca-59cf-4f72-acba-1d4f412d0f7b => generated 650 bytes in 19 msecs (HTTP/1.1 200) 4 headers in 157 bytes (1 switches on core 0)
Jul 28 10:13:05.201820 np0000005981 devstack@g-api.service[99828]: DEBUG glance.api.middleware.cache [None req-69edc6ef-9c8e-4f08-8be0-4ab29d831b6f tempest-AttachVolumeShelveTestJSON-1314127080 tempest-AttachVolumeShelveTestJSON-1314127080-project-member] Removing image f7aff85e-ad02-4558-8323-863a280d5b97 from cache {{(pid=99828) _process_DELETE_response /opt/stack/glance/glance/api/middleware/cache.py:264}}
Jul 28 10:13:05.202169 np0000005981 devstack@g-api.service[99828]: DEBUG glance.image_cache.drivers.centralized_db [None req-69edc6ef-9c8e-4f08-8be0-4ab29d831b6f tempest-AttachVolumeShelveTestJSON-1314127080 tempest-AttachVolumeShelveTestJSON-1314127080-project-member] Deleting image cache file '/opt/stack/data/glance/cache/f7aff85e-ad02-4558-8323-863a280d5b97' {{(pid=99828) delete_cached_file /opt/stack/glance/glance/image_cache/drivers/centralized_db.py:400}}
Jul 28 10:13:05.245487 np0000005981 devstack@g-api.service[99828]: [pid: 99828|app: 0|req: 123/358] 127.0.0.1 () {46 vars in 1137 bytes} [Tue Jul 28 10:13:04 2026] DELETE /v2/images/f7aff85e-ad02-4558-8323-863a280d5b97 => generated 0 bytes in 1110 msecs (HTTP/1.1 204) 4 headers in 171 bytes (1 switches on core 0)
Jul 28 10:13:05.880306 np0000005981 devstack@g-api.service[99827]: DEBUG swiftclient [None req-64a9d4b6-a3f6-4a6b-8e10-8faf2759d6aa tempest-VolumesActionsTest-1549311853 tempest-VolumesActionsTest-1549311853-project-member] REQ: curl -i https://10.4.3.209:8080/v1/AUTH_6cdd8f09fb194c408bfb4230b7d94cbe/glance/101994ca-59cf-4f72-acba-1d4f412d0f7b-00002 -X PUT -H "X-Auth-Token: gAAAAABqaICsvQSJ..." {{(pid=99827) http_log /opt/stack/data/venv/lib/python3.12/site-packages/swiftclient/client.py:160}}
Jul 28 10:13:05.880306 np0000005981 devstack@g-api.service[99827]: DEBUG swiftclient [None req-64a9d4b6-a3f6-4a6b-8e10-8faf2759d6aa tempest-VolumesActionsTest-1549311853 tempest-VolumesActionsTest-1549311853-project-member] RESP STATUS: 201 Created {{(pid=99827) http_log /opt/stack/data/venv/lib/python3.12/site-packages/swiftclient/client.py:161}}
Jul 28 10:13:05.880306 np0000005981 devstack@g-api.service[99827]: DEBUG swiftclient [None req-64a9d4b6-a3f6-4a6b-8e10-8faf2759d6aa tempest-VolumesActionsTest-1549311853 tempest-VolumesActionsTest-1549311853-project-member] RESP HEADERS: {'Date': 'Tue, 28 Jul 2026 10:13:05 GMT', 'Server': 'Apache/2.4.58 (Ubuntu)', 'Content-Type': 'text/html; charset=UTF-8', 'Content-Length': '0', 'Etag': 'eda9a9889837ac4bc81d6387d92c1bec', 'Last-Modified': 'Tue, 28 Jul 2026 10:13:04 GMT', 'X-Trans-Id': 'txf5493abfc8bc46e2a6e82-006a6880af', 'X-Openstack-Request-Id': 'txf5493abfc8bc46e2a6e82-006a6880af', 'Connection': 'close'} {{(pid=99827) http_log /opt/stack/data/venv/lib/python3.12/site-packages/swiftclient/client.py:162}}
Jul 28 10:13:05.880306 np0000005981 devstack@g-api.service[99827]: DEBUG glance_store._drivers.swift.store [None req-64a9d4b6-a3f6-4a6b-8e10-8faf2759d6aa tempest-VolumesActionsTest-1549311853 tempest-VolumesActionsTest-1549311853-project-member] Wrote chunk 101994ca-59cf-4f72-acba-1d4f412d0f7b-00002 (2/?) of length 204800000 to Swift returning MD5 of content: eda9a9889837ac4bc81d6387d92c1bec {{(pid=99827) add /opt/stack/data/venv/lib/python3.12/site-packages/glance_store/_drivers/swift/store.py:1059}}
Jul 28 10:13:06.207486 np0000005981 devstack@g-api.service[99826]: DEBUG glance.api.middleware.version_negotiation [None req-9bcbce64-a1a5-4e16-bb61-412128f0d12e tempest-VolumesActionsTest-1549311853 tempest-VolumesActionsTest-1549311853-project-member] Determining version of request: GET /v2/images/101994ca-59cf-4f72-acba-1d4f412d0f7b Accept: application/json {{(pid=99826) process_request /opt/stack/glance/glance/api/middleware/version_negotiation.py:44}}
Jul 28 10:13:06.207486 np0000005981 devstack@g-api.service[99826]: DEBUG glance.api.middleware.version_negotiation [None req-9bcbce64-a1a5-4e16-bb61-412128f0d12e tempest-VolumesActionsTest-1549311853 tempest-VolumesActionsTest-1549311853-project-member] Using url versioning {{(pid=99826) process_request /opt/stack/glance/glance/api/middleware/version_negotiation.py:57}}
Jul 28 10:13:06.207486 np0000005981 devstack@g-api.service[99826]: DEBUG glance.api.middleware.version_negotiation [None req-9bcbce64-a1a5-4e16-bb61-412128f0d12e tempest-VolumesActionsTest-1549311853 tempest-VolumesActionsTest-1549311853-project-member] Matched version: v2 {{(pid=99826) process_request /opt/stack/glance/glance/api/middleware/version_negotiation.py:69}}
Jul 28 10:13:06.207486 np0000005981 devstack@g-api.service[99826]: DEBUG glance.api.middleware.version_negotiation [None req-9bcbce64-a1a5-4e16-bb61-412128f0d12e tempest-VolumesActionsTest-1549311853 tempest-VolumesActionsTest-1549311853-project-member] new path /v2/images/101994ca-59cf-4f72-acba-1d4f412d0f7b {{(pid=99826) process_request /opt/stack/glance/glance/api/middleware/version_negotiation.py:70}}
Jul 28 10:13:06.228621 np0000005981 devstack@g-api.service[99826]: [pid: 99826|app: 0|req: 121/359] 127.0.0.1 () {40 vars in 838 bytes} [Tue Jul 28 10:13:06 2026] GET /v2/images/101994ca-59cf-4f72-acba-1d4f412d0f7b => generated 650 bytes in 22 msecs (HTTP/1.1 200) 4 headers in 157 bytes (1 switches on core 0)
Jul 28 10:13:07.240355 np0000005981 devstack@g-api.service[99828]: DEBUG glance.api.middleware.version_negotiation [None req-69edc6ef-9c8e-4f08-8be0-4ab29d831b6f tempest-AttachVolumeShelveTestJSON-1314127080 tempest-AttachVolumeShelveTestJSON-1314127080-project-member] Determining version of request: GET /v2/images/101994ca-59cf-4f72-acba-1d4f412d0f7b Accept: application/json {{(pid=99828) process_request /opt/stack/glance/glance/api/middleware/version_negotiation.py:44}}
Jul 28 10:13:07.242249 np0000005981 devstack@g-api.service[99828]: DEBUG glance.api.middleware.version_negotiation [None req-69edc6ef-9c8e-4f08-8be0-4ab29d831b6f tempest-AttachVolumeShelveTestJSON-1314127080 tempest-AttachVolumeShelveTestJSON-1314127080-project-member] Using url versioning {{(pid=99828) process_request /opt/stack/glance/glance/api/middleware/version_negotiation.py:57}}
Jul 28 10:13:07.243190 np0000005981 devstack@g-api.service[99828]: DEBUG glance.api.middleware.version_negotiation [None req-69edc6ef-9c8e-4f08-8be0-4ab29d831b6f tempest-AttachVolumeShelveTestJSON-1314127080 tempest-AttachVolumeShelveTestJSON-1314127080-project-member] Matched version: v2 {{(pid=99828) process_request /opt/stack/glance/glance/api/middleware/version_negotiation.py:69}}
Jul 28 10:13:07.244304 np0000005981 devstack@g-api.service[99828]: DEBUG glance.api.middleware.version_negotiation [None req-69edc6ef-9c8e-4f08-8be0-4ab29d831b6f tempest-AttachVolumeShelveTestJSON-1314127080 tempest-AttachVolumeShelveTestJSON-1314127080-project-member] new path /v2/images/101994ca-59cf-4f72-acba-1d4f412d0f7b {{(pid=99828) process_request /opt/stack/glance/glance/api/middleware/version_negotiation.py:70}}
Jul 28 10:13:07.269176 np0000005981 devstack@g-api.service[99828]: [pid: 99828|app: 0|req: 124/360] 127.0.0.1 () {40 vars in 838 bytes} [Tue Jul 28 10:13:07 2026] GET /v2/images/101994ca-59cf-4f72-acba-1d4f412d0f7b => generated 650 bytes in 30 msecs (HTTP/1.1 200) 4 headers in 157 bytes (1 switches on core 0)
Jul 28 10:13:08.104488 np0000005981 devstack@g-api.service[99827]: DEBUG swiftclient [None req-64a9d4b6-a3f6-4a6b-8e10-8faf2759d6aa tempest-VolumesActionsTest-1549311853 tempest-VolumesActionsTest-1549311853-project-member] REQ: curl -i https://10.4.3.209:8080/v1/AUTH_6cdd8f09fb194c408bfb4230b7d94cbe/glance/101994ca-59cf-4f72-acba-1d4f412d0f7b-00003 -X PUT -H "X-Auth-Token: gAAAAABqaICsvQSJ..." {{(pid=99827) http_log /opt/stack/data/venv/lib/python3.12/site-packages/swiftclient/client.py:160}}
Jul 28 10:13:08.104792 np0000005981 devstack@g-api.service[99827]: DEBUG swiftclient [None req-64a9d4b6-a3f6-4a6b-8e10-8faf2759d6aa tempest-VolumesActionsTest-1549311853 tempest-VolumesActionsTest-1549311853-project-member] RESP STATUS: 201 Created {{(pid=99827) http_log /opt/stack/data/venv/lib/python3.12/site-packages/swiftclient/client.py:161}}
Jul 28 10:13:08.104792 np0000005981 devstack@g-api.service[99827]: DEBUG swiftclient [None req-64a9d4b6-a3f6-4a6b-8e10-8faf2759d6aa tempest-VolumesActionsTest-1549311853 tempest-VolumesActionsTest-1549311853-project-member] RESP HEADERS: {'Date': 'Tue, 28 Jul 2026 10:13:08 GMT', 'Server': 'Apache/2.4.58 (Ubuntu)', 'Content-Type': 'text/html; charset=UTF-8', 'Content-Length': '0', 'Etag': 'eda9a9889837ac4bc81d6387d92c1bec', 'Last-Modified': 'Tue, 28 Jul 2026 10:13:06 GMT', 'X-Trans-Id': 'tx96f6beb2b913438099b70-006a6880b1', 'X-Openstack-Request-Id': 'tx96f6beb2b913438099b70-006a6880b1', 'Connection': 'close'} {{(pid=99827) http_log /opt/stack/data/venv/lib/python3.12/site-packages/swiftclient/client.py:162}}
Jul 28 10:13:08.104879 np0000005981 devstack@g-api.service[99827]: DEBUG glance_store._drivers.swift.store [None req-64a9d4b6-a3f6-4a6b-8e10-8faf2759d6aa tempest-VolumesActionsTest-1549311853 tempest-VolumesActionsTest-1549311853-project-member] Wrote chunk 101994ca-59cf-4f72-acba-1d4f412d0f7b-00003 (3/?) of length 204800000 to Swift returning MD5 of content: eda9a9889837ac4bc81d6387d92c1bec {{(pid=99827) add /opt/stack/data/venv/lib/python3.12/site-packages/glance_store/_drivers/swift/store.py:1059}}
Jul 28 10:13:08.279968 np0000005981 devstack@g-api.service[99826]: DEBUG glance.api.middleware.version_negotiation [None req-7e25cdce-72ef-4504-b878-20a8e098db0b tempest-VolumesActionsTest-1549311853 tempest-VolumesActionsTest-1549311853-project-member] Determining version of request: GET /v2/images/101994ca-59cf-4f72-acba-1d4f412d0f7b Accept: application/json {{(pid=99826) process_request /opt/stack/glance/glance/api/middleware/version_negotiation.py:44}}
Jul 28 10:13:08.280537 np0000005981 devstack@g-api.service[99826]: DEBUG glance.api.middleware.version_negotiation [None req-7e25cdce-72ef-4504-b878-20a8e098db0b tempest-VolumesActionsTest-1549311853 tempest-VolumesActionsTest-1549311853-project-member] Using url versioning {{(pid=99826) process_request /opt/stack/glance/glance/api/middleware/version_negotiation.py:57}}
Jul 28 10:13:08.280537 np0000005981 devstack@g-api.service[99826]: DEBUG glance.api.middleware.version_negotiation [None req-7e25cdce-72ef-4504-b878-20a8e098db0b tempest-VolumesActionsTest-1549311853 tempest-VolumesActionsTest-1549311853-project-member] Matched version: v2 {{(pid=99826) process_request /opt/stack/glance/glance/api/middleware/version_negotiation.py:69}}
Jul 28 10:13:08.280537 np0000005981 devstack@g-api.service[99826]: DEBUG glance.api.middleware.version_negotiation [None req-7e25cdce-72ef-4504-b878-20a8e098db0b tempest-VolumesActionsTest-1549311853 tempest-VolumesActionsTest-1549311853-project-member] new path /v2/images/101994ca-59cf-4f72-acba-1d4f412d0f7b {{(pid=99826) process_request /opt/stack/glance/glance/api/middleware/version_negotiation.py:70}}
Jul 28 10:13:08.299494 np0000005981 devstack@g-api.service[99826]: [pid: 99826|app: 0|req: 122/361] 127.0.0.1 () {40 vars in 838 bytes} [Tue Jul 28 10:13:08 2026] GET /v2/images/101994ca-59cf-4f72-acba-1d4f412d0f7b => generated 650 bytes in 17 msecs (HTTP/1.1 200) 4 headers in 157 bytes (1 switches on core 0)
Jul 28 10:13:09.310808 np0000005981 devstack@g-api.service[99828]: DEBUG glance.api.middleware.version_negotiation [None req-a8a6e78b-04a2-40e4-a6cc-90b407ace03f tempest-VolumesActionsTest-1549311853 tempest-VolumesActionsTest-1549311853-project-member] Determining version of request: GET /v2/images/101994ca-59cf-4f72-acba-1d4f412d0f7b Accept: application/json {{(pid=99828) process_request /opt/stack/glance/glance/api/middleware/version_negotiation.py:44}}
Jul 28 10:13:09.311337 np0000005981 devstack@g-api.service[99828]: DEBUG glance.api.middleware.version_negotiation [None req-a8a6e78b-04a2-40e4-a6cc-90b407ace03f tempest-VolumesActionsTest-1549311853 tempest-VolumesActionsTest-1549311853-project-member] Using url versioning {{(pid=99828) process_request /opt/stack/glance/glance/api/middleware/version_negotiation.py:57}}
Jul 28 10:13:09.311337 np0000005981 devstack@g-api.service[99828]: DEBUG glance.api.middleware.version_negotiation [None req-a8a6e78b-04a2-40e4-a6cc-90b407ace03f tempest-VolumesActionsTest-1549311853 tempest-VolumesActionsTest-1549311853-project-member] Matched version: v2 {{(pid=99828) process_request /opt/stack/glance/glance/api/middleware/version_negotiation.py:69}}
Jul 28 10:13:09.311337 np0000005981 devstack@g-api.service[99828]: DEBUG glance.api.middleware.version_negotiation [None req-a8a6e78b-04a2-40e4-a6cc-90b407ace03f tempest-VolumesActionsTest-1549311853 tempest-VolumesActionsTest-1549311853-project-member] new path /v2/images/101994ca-59cf-4f72-acba-1d4f412d0f7b {{(pid=99828) process_request /opt/stack/glance/glance/api/middleware/version_negotiation.py:70}}
Jul 28 10:13:09.321915 np0000005981 devstack@g-api.service[99828]: [pid: 99828|app: 0|req: 125/362] 127.0.0.1 () {40 vars in 838 bytes} [Tue Jul 28 10:13:09 2026] GET /v2/images/101994ca-59cf-4f72-acba-1d4f412d0f7b => generated 650 bytes in 11 msecs (HTTP/1.1 200) 4 headers in 157 bytes (1 switches on core 0)
Jul 28 10:13:10.337088 np0000005981 devstack@g-api.service[99826]: DEBUG glance.api.middleware.version_negotiation [None req-d8565765-0b7c-4103-9d0a-e4b9df6a1a8f tempest-VolumesActionsTest-1549311853 tempest-VolumesActionsTest-1549311853-project-member] Determining version of request: GET /v2/images/101994ca-59cf-4f72-acba-1d4f412d0f7b Accept: application/json {{(pid=99826) process_request /opt/stack/glance/glance/api/middleware/version_negotiation.py:44}}
Jul 28 10:13:10.337606 np0000005981 devstack@g-api.service[99826]: DEBUG glance.api.middleware.version_negotiation [None req-d8565765-0b7c-4103-9d0a-e4b9df6a1a8f tempest-VolumesActionsTest-1549311853 tempest-VolumesActionsTest-1549311853-project-member] Using url versioning {{(pid=99826) process_request /opt/stack/glance/glance/api/middleware/version_negotiation.py:57}}
Jul 28 10:13:10.337799 np0000005981 devstack@g-api.service[99826]: DEBUG glance.api.middleware.version_negotiation [None req-d8565765-0b7c-4103-9d0a-e4b9df6a1a8f tempest-VolumesActionsTest-1549311853 tempest-VolumesActionsTest-1549311853-project-member] Matched version: v2 {{(pid=99826) process_request /opt/stack/glance/glance/api/middleware/version_negotiation.py:69}}
Jul 28 10:13:10.337996 np0000005981 devstack@g-api.service[99826]: DEBUG glance.api.middleware.version_negotiation [None req-d8565765-0b7c-4103-9d0a-e4b9df6a1a8f tempest-VolumesActionsTest-1549311853 tempest-VolumesActionsTest-1549311853-project-member] new path /v2/images/101994ca-59cf-4f72-acba-1d4f412d0f7b {{(pid=99826) process_request /opt/stack/glance/glance/api/middleware/version_negotiation.py:70}}
Jul 28 10:13:10.350120 np0000005981 devstack@g-api.service[99826]: [pid: 99826|app: 0|req: 123/363] 127.0.0.1 () {40 vars in 838 bytes} [Tue Jul 28 10:13:10 2026] GET /v2/images/101994ca-59cf-4f72-acba-1d4f412d0f7b => generated 650 bytes in 13 msecs (HTTP/1.1 200) 4 headers in 157 bytes (1 switches on core 0)
Jul 28 10:13:10.350774 np0000005981 devstack@g-api.service[99828]: DEBUG glance.api.middleware.version_negotiation [None req-ec94235a-1653-4648-b290-433f6f36995b tempest-VolumesActionsTest-1549311853 tempest-VolumesActionsTest-1549311853-project-member] Determining version of request: GET /v2/images/9433c544-a428-44e4-ae4d-21e4f371df3c Accept: */* {{(pid=99828) process_request /opt/stack/glance/glance/api/middleware/version_negotiation.py:44}}
Jul 28 10:13:10.351091 np0000005981 devstack@g-api.service[99828]: DEBUG glance.api.middleware.version_negotiation [None req-ec94235a-1653-4648-b290-433f6f36995b tempest-VolumesActionsTest-1549311853 tempest-VolumesActionsTest-1549311853-project-member] Using url versioning {{(pid=99828) process_request /opt/stack/glance/glance/api/middleware/version_negotiation.py:57}}
Jul 28 10:13:10.351091 np0000005981 devstack@g-api.service[99828]: DEBUG glance.api.middleware.version_negotiation [None req-ec94235a-1653-4648-b290-433f6f36995b tempest-VolumesActionsTest-1549311853 tempest-VolumesActionsTest-1549311853-project-member] Matched version: v2 {{(pid=99828) process_request /opt/stack/glance/glance/api/middleware/version_negotiation.py:69}}
Jul 28 10:13:10.352522 np0000005981 devstack@g-api.service[99828]: DEBUG glance.api.middleware.version_negotiation [None req-ec94235a-1653-4648-b290-433f6f36995b tempest-VolumesActionsTest-1549311853 tempest-VolumesActionsTest-1549311853-project-member] new path /v2/images/9433c544-a428-44e4-ae4d-21e4f371df3c {{(pid=99828) process_request /opt/stack/glance/glance/api/middleware/version_negotiation.py:70}}
Jul 28 10:13:10.371504 np0000005981 devstack@g-api.service[99828]: [pid: 99828|app: 0|req: 126/364] 127.0.0.1 () {44 vars in 1115 bytes} [Tue Jul 28 10:13:10 2026] GET /v2/images/9433c544-a428-44e4-ae4d-21e4f371df3c => generated 1044 bytes in 18 msecs (HTTP/1.1 200) 4 headers in 158 bytes (1 switches on core 0)
Jul 28 10:13:10.408501 np0000005981 devstack@g-api.service[99826]: DEBUG glance.api.middleware.version_negotiation [None req-e3db6106-6005-4c9b-9c41-f5ce6b356435 tempest-VolumesActionsTest-1549311853 tempest-VolumesActionsTest-1549311853-project-member] Determining version of request: GET /v2/schemas/image Accept: */* {{(pid=99826) process_request /opt/stack/glance/glance/api/middleware/version_negotiation.py:44}}
Jul 28 10:13:10.408824 np0000005981 devstack@g-api.service[99826]: DEBUG glance.api.middleware.version_negotiation [None req-e3db6106-6005-4c9b-9c41-f5ce6b356435 tempest-VolumesActionsTest-1549311853 tempest-VolumesActionsTest-1549311853-project-member] Using url versioning {{(pid=99826) process_request /opt/stack/glance/glance/api/middleware/version_negotiation.py:57}}
Jul 28 10:13:10.409086 np0000005981 devstack@g-api.service[99826]: DEBUG glance.api.middleware.version_negotiation [None req-e3db6106-6005-4c9b-9c41-f5ce6b356435 tempest-VolumesActionsTest-1549311853 tempest-VolumesActionsTest-1549311853-project-member] Matched version: v2 {{(pid=99826) process_request /opt/stack/glance/glance/api/middleware/version_negotiation.py:69}}
Jul 28 10:13:10.409299 np0000005981 devstack@g-api.service[99826]: DEBUG glance.api.middleware.version_negotiation [None req-e3db6106-6005-4c9b-9c41-f5ce6b356435 tempest-VolumesActionsTest-1549311853 tempest-VolumesActionsTest-1549311853-project-member] new path /v2/schemas/image {{(pid=99826) process_request /opt/stack/glance/glance/api/middleware/version_negotiation.py:70}}
Jul 28 10:13:10.411940 np0000005981 devstack@g-api.service[99826]: [pid: 99826|app: 0|req: 124/365] 127.0.0.1 () {44 vars in 1055 bytes} [Tue Jul 28 10:13:10 2026] GET /v2/schemas/image => generated 6083 bytes in 4 msecs (HTTP/1.1 200) 4 headers in 158 bytes (1 switches on core 0)
Jul 28 10:13:10.445279 np0000005981 devstack@g-api.service[99827]: DEBUG swiftclient [None req-64a9d4b6-a3f6-4a6b-8e10-8faf2759d6aa tempest-VolumesActionsTest-1549311853 tempest-VolumesActionsTest-1549311853-project-member] REQ: curl -i https://10.4.3.209:8080/v1/AUTH_6cdd8f09fb194c408bfb4230b7d94cbe/glance/101994ca-59cf-4f72-acba-1d4f412d0f7b-00004 -X PUT -H "X-Auth-Token: gAAAAABqaICsvQSJ..." {{(pid=99827) http_log /opt/stack/data/venv/lib/python3.12/site-packages/swiftclient/client.py:160}}
Jul 28 10:13:10.445548 np0000005981 devstack@g-api.service[99827]: DEBUG swiftclient [None req-64a9d4b6-a3f6-4a6b-8e10-8faf2759d6aa tempest-VolumesActionsTest-1549311853 tempest-VolumesActionsTest-1549311853-project-member] RESP STATUS: 201 Created {{(pid=99827) http_log /opt/stack/data/venv/lib/python3.12/site-packages/swiftclient/client.py:161}}
Jul 28 10:13:10.445668 np0000005981 devstack@g-api.service[99827]: DEBUG swiftclient [None req-64a9d4b6-a3f6-4a6b-8e10-8faf2759d6aa tempest-VolumesActionsTest-1549311853 tempest-VolumesActionsTest-1549311853-project-member] RESP HEADERS: {'Date': 'Tue, 28 Jul 2026 10:13:10 GMT', 'Server': 'Apache/2.4.58 (Ubuntu)', 'Content-Type': 'text/html; charset=UTF-8', 'Content-Length': '0', 'Etag': 'eda9a9889837ac4bc81d6387d92c1bec', 'Last-Modified': 'Tue, 28 Jul 2026 10:13:09 GMT', 'X-Trans-Id': 'txc3fd3b26c5df41e8b7224-006a6880b4', 'X-Openstack-Request-Id': 'txc3fd3b26c5df41e8b7224-006a6880b4', 'Connection': 'close'} {{(pid=99827) http_log /opt/stack/data/venv/lib/python3.12/site-packages/swiftclient/client.py:162}}
Jul 28 10:13:10.445854 np0000005981 devstack@g-api.service[99827]: DEBUG glance_store._drivers.swift.store [None req-64a9d4b6-a3f6-4a6b-8e10-8faf2759d6aa tempest-VolumesActionsTest-1549311853 tempest-VolumesActionsTest-1549311853-project-member] Wrote chunk 101994ca-59cf-4f72-acba-1d4f412d0f7b-00004 (4/?) of length 204800000 to Swift returning MD5 of content: eda9a9889837ac4bc81d6387d92c1bec {{(pid=99827) add /opt/stack/data/venv/lib/python3.12/site-packages/glance_store/_drivers/swift/store.py:1059}}
Jul 28 10:13:10.509784 np0000005981 devstack@g-api.service[99827]: DEBUG dbcounter [-] [99827] Writing DB stats glance:SELECT=18,glance:UPDATE=1 {{(pid=99827) stat_writer /opt/stack/data/venv/lib/python3.12/site-packages/dbcounter.py:115}}
Jul 28 10:13:11.360789 np0000005981 devstack@g-api.service[99828]: DEBUG glance.api.middleware.version_negotiation [None req-fdae4214-ae99-4d04-8f77-97a6ba1efe56 tempest-ServerRescueNegativeTestJSON-1394544883 tempest-ServerRescueNegativeTestJSON-1394544883-project-member] Determining version of request: GET /v2/images/101994ca-59cf-4f72-acba-1d4f412d0f7b Accept: application/json {{(pid=99828) process_request /opt/stack/glance/glance/api/middleware/version_negotiation.py:44}}
Jul 28 10:13:11.361040 np0000005981 devstack@g-api.service[99828]: DEBUG glance.api.middleware.version_negotiation [None req-fdae4214-ae99-4d04-8f77-97a6ba1efe56 tempest-ServerRescueNegativeTestJSON-1394544883 tempest-ServerRescueNegativeTestJSON-1394544883-project-member] Using url versioning {{(pid=99828) process_request /opt/stack/glance/glance/api/middleware/version_negotiation.py:57}}
Jul 28 10:13:11.361094 np0000005981 devstack@g-api.service[99828]: DEBUG glance.api.middleware.version_negotiation [None req-fdae4214-ae99-4d04-8f77-97a6ba1efe56 tempest-ServerRescueNegativeTestJSON-1394544883 tempest-ServerRescueNegativeTestJSON-1394544883-project-member] Matched version: v2 {{(pid=99828) process_request /opt/stack/glance/glance/api/middleware/version_negotiation.py:69}}
Jul 28 10:13:11.361223 np0000005981 devstack@g-api.service[99828]: DEBUG glance.api.middleware.version_negotiation [None req-fdae4214-ae99-4d04-8f77-97a6ba1efe56 tempest-ServerRescueNegativeTestJSON-1394544883 tempest-ServerRescueNegativeTestJSON-1394544883-project-member] new path /v2/images/101994ca-59cf-4f72-acba-1d4f412d0f7b {{(pid=99828) process_request /opt/stack/glance/glance/api/middleware/version_negotiation.py:70}}
Jul 28 10:13:11.399607 np0000005981 devstack@g-api.service[99828]: [pid: 99828|app: 0|req: 127/366] 127.0.0.1 () {40 vars in 838 bytes} [Tue Jul 28 10:13:11 2026] GET /v2/images/101994ca-59cf-4f72-acba-1d4f412d0f7b => generated 650 bytes in 39 msecs (HTTP/1.1 200) 4 headers in 157 bytes (1 switches on core 0)
Jul 28 10:13:11.946421 np0000005981 devstack@g-api.service[99826]: DEBUG glance.api.middleware.version_negotiation [None req-fdae4214-ae99-4d04-8f77-97a6ba1efe56 tempest-ServerRescueNegativeTestJSON-1394544883 tempest-ServerRescueNegativeTestJSON-1394544883-project-member] Determining version of request: POST /v2/images Accept: application/json {{(pid=99826) process_request /opt/stack/glance/glance/api/middleware/version_negotiation.py:44}}
Jul 28 10:13:11.948895 np0000005981 devstack@g-api.service[99826]: DEBUG glance.api.middleware.version_negotiation [None req-fdae4214-ae99-4d04-8f77-97a6ba1efe56 tempest-ServerRescueNegativeTestJSON-1394544883 tempest-ServerRescueNegativeTestJSON-1394544883-project-member] Using url versioning {{(pid=99826) process_request /opt/stack/glance/glance/api/middleware/version_negotiation.py:57}}
Jul 28 10:13:11.948895 np0000005981 devstack@g-api.service[99826]: DEBUG glance.api.middleware.version_negotiation [None req-fdae4214-ae99-4d04-8f77-97a6ba1efe56 tempest-ServerRescueNegativeTestJSON-1394544883 tempest-ServerRescueNegativeTestJSON-1394544883-project-member] Matched version: v2 {{(pid=99826) process_request /opt/stack/glance/glance/api/middleware/version_negotiation.py:69}}
Jul 28 10:13:11.948895 np0000005981 devstack@g-api.service[99826]: DEBUG glance.api.middleware.version_negotiation [None req-fdae4214-ae99-4d04-8f77-97a6ba1efe56 tempest-ServerRescueNegativeTestJSON-1394544883 tempest-ServerRescueNegativeTestJSON-1394544883-project-member] new path /v2/images {{(pid=99826) process_request /opt/stack/glance/glance/api/middleware/version_negotiation.py:70}}
Jul 28 10:13:12.407792 np0000005981 devstack@g-api.service[99828]: DEBUG glance.api.middleware.version_negotiation [None req-9ad1822b-ab2b-4075-bd27-2d539150982a tempest-VolumesActionsTest-1549311853 tempest-VolumesActionsTest-1549311853-project-member] Determining version of request: GET /v2/images/101994ca-59cf-4f72-acba-1d4f412d0f7b Accept: application/json {{(pid=99828) process_request /opt/stack/glance/glance/api/middleware/version_negotiation.py:44}}
Jul 28 10:13:12.408224 np0000005981 devstack@g-api.service[99828]: DEBUG glance.api.middleware.version_negotiation [None req-9ad1822b-ab2b-4075-bd27-2d539150982a tempest-VolumesActionsTest-1549311853 tempest-VolumesActionsTest-1549311853-project-member] Using url versioning {{(pid=99828) process_request /opt/stack/glance/glance/api/middleware/version_negotiation.py:57}}
Jul 28 10:13:12.408224 np0000005981 devstack@g-api.service[99828]: DEBUG glance.api.middleware.version_negotiation [None req-9ad1822b-ab2b-4075-bd27-2d539150982a tempest-VolumesActionsTest-1549311853 tempest-VolumesActionsTest-1549311853-project-member] Matched version: v2 {{(pid=99828) process_request /opt/stack/glance/glance/api/middleware/version_negotiation.py:69}}
Jul 28 10:13:12.408224 np0000005981 devstack@g-api.service[99828]: DEBUG glance.api.middleware.version_negotiation [None req-9ad1822b-ab2b-4075-bd27-2d539150982a tempest-VolumesActionsTest-1549311853 tempest-VolumesActionsTest-1549311853-project-member] new path /v2/images/101994ca-59cf-4f72-acba-1d4f412d0f7b {{(pid=99828) process_request /opt/stack/glance/glance/api/middleware/version_negotiation.py:70}}
Jul 28 10:13:12.416890 np0000005981 devstack@g-api.service[99828]: [pid: 99828|app: 0|req: 128/367] 127.0.0.1 () {40 vars in 838 bytes} [Tue Jul 28 10:13:12 2026] GET /v2/images/101994ca-59cf-4f72-acba-1d4f412d0f7b => generated 650 bytes in 9 msecs (HTTP/1.1 200) 4 headers in 157 bytes (1 switches on core 0)
Jul 28 10:13:12.557994 np0000005981 devstack@g-api.service[99826]: [pid: 99826|app: 0|req: 125/368] 127.0.0.1 () {42 vars in 786 bytes} [Tue Jul 28 10:13:11 2026] POST /v2/images => generated 642 bytes in 611 msecs (HTTP/1.1 201) 6 headers in 315 bytes (1 switches on core 0)
Jul 28 10:13:12.564257 np0000005981 devstack@g-api.service[99827]: DEBUG swiftclient [None req-64a9d4b6-a3f6-4a6b-8e10-8faf2759d6aa tempest-VolumesActionsTest-1549311853 tempest-VolumesActionsTest-1549311853-project-member] REQ: curl -i https://10.4.3.209:8080/v1/AUTH_6cdd8f09fb194c408bfb4230b7d94cbe/glance/101994ca-59cf-4f72-acba-1d4f412d0f7b-00005 -X PUT -H "X-Auth-Token: gAAAAABqaICsvQSJ..." {{(pid=99827) http_log /opt/stack/data/venv/lib/python3.12/site-packages/swiftclient/client.py:160}}
Jul 28 10:13:12.564257 np0000005981 devstack@g-api.service[99827]: DEBUG swiftclient [None req-64a9d4b6-a3f6-4a6b-8e10-8faf2759d6aa tempest-VolumesActionsTest-1549311853 tempest-VolumesActionsTest-1549311853-project-member] RESP STATUS: 201 Created {{(pid=99827) http_log /opt/stack/data/venv/lib/python3.12/site-packages/swiftclient/client.py:161}}
Jul 28 10:13:12.564257 np0000005981 devstack@g-api.service[99827]: DEBUG swiftclient [None req-64a9d4b6-a3f6-4a6b-8e10-8faf2759d6aa tempest-VolumesActionsTest-1549311853 tempest-VolumesActionsTest-1549311853-project-member] RESP HEADERS: {'Date': 'Tue, 28 Jul 2026 10:13:12 GMT', 'Server': 'Apache/2.4.58 (Ubuntu)', 'Content-Type': 'text/html; charset=UTF-8', 'Content-Length': '0', 'Etag': 'eda9a9889837ac4bc81d6387d92c1bec', 'Last-Modified': 'Tue, 28 Jul 2026 10:13:11 GMT', 'X-Trans-Id': 'tx6011e04c56644e3e80e9f-006a6880b6', 'X-Openstack-Request-Id': 'tx6011e04c56644e3e80e9f-006a6880b6', 'Connection': 'close'} {{(pid=99827) http_log /opt/stack/data/venv/lib/python3.12/site-packages/swiftclient/client.py:162}}
Jul 28 10:13:12.564257 np0000005981 devstack@g-api.service[99827]: DEBUG glance_store._drivers.swift.store [None req-64a9d4b6-a3f6-4a6b-8e10-8faf2759d6aa tempest-VolumesActionsTest-1549311853 tempest-VolumesActionsTest-1549311853-project-member] Wrote chunk 101994ca-59cf-4f72-acba-1d4f412d0f7b-00005 (5/?) of length 204800000 to Swift returning MD5 of content: eda9a9889837ac4bc81d6387d92c1bec {{(pid=99827) add /opt/stack/data/venv/lib/python3.12/site-packages/glance_store/_drivers/swift/store.py:1059}}
Jul 28 10:13:12.566390 np0000005981 devstack@g-api.service[99828]: DEBUG glance.api.middleware.version_negotiation [None req-992163b9-ae7a-470a-9ed5-707b6892eef4 tempest-VolumesActionsTest-1549311853 tempest-VolumesActionsTest-1549311853-project-member] Determining version of request: PUT /v2/images/f4e2ab12-897b-497d-ac03-a8c0ae586992/file Accept: {{(pid=99828) process_request /opt/stack/glance/glance/api/middleware/version_negotiation.py:44}}
Jul 28 10:13:12.566390 np0000005981 devstack@g-api.service[99828]: DEBUG glance.api.middleware.version_negotiation [None req-992163b9-ae7a-470a-9ed5-707b6892eef4 tempest-VolumesActionsTest-1549311853 tempest-VolumesActionsTest-1549311853-project-member] Using url versioning {{(pid=99828) process_request /opt/stack/glance/glance/api/middleware/version_negotiation.py:57}}
Jul 28 10:13:12.566390 np0000005981 devstack@g-api.service[99828]: DEBUG glance.api.middleware.version_negotiation [None req-992163b9-ae7a-470a-9ed5-707b6892eef4 tempest-VolumesActionsTest-1549311853 tempest-VolumesActionsTest-1549311853-project-member] Matched version: v2 {{(pid=99828) process_request /opt/stack/glance/glance/api/middleware/version_negotiation.py:69}}
Jul 28 10:13:12.566553 np0000005981 devstack@g-api.service[99828]: DEBUG glance.api.middleware.version_negotiation [None req-992163b9-ae7a-470a-9ed5-707b6892eef4 tempest-VolumesActionsTest-1549311853 tempest-VolumesActionsTest-1549311853-project-member] new path /v2/images/f4e2ab12-897b-497d-ac03-a8c0ae586992/file {{(pid=99828) process_request /opt/stack/glance/glance/api/middleware/version_negotiation.py:70}}
Jul 28 10:13:13.060444 np0000005981 devstack@g-api.service[99827]: DEBUG swiftclient [None req-64a9d4b6-a3f6-4a6b-8e10-8faf2759d6aa tempest-VolumesActionsTest-1549311853 tempest-VolumesActionsTest-1549311853-project-member] REQ: curl -i https://10.4.3.209:8080/v1/AUTH_6cdd8f09fb194c408bfb4230b7d94cbe/glance/101994ca-59cf-4f72-acba-1d4f412d0f7b-00006 -X PUT -H "X-Auth-Token: gAAAAABqaICsvQSJ..." {{(pid=99827) http_log /opt/stack/data/venv/lib/python3.12/site-packages/swiftclient/client.py:160}}
Jul 28 10:13:13.061876 np0000005981 devstack@g-api.service[99827]: DEBUG swiftclient [None req-64a9d4b6-a3f6-4a6b-8e10-8faf2759d6aa tempest-VolumesActionsTest-1549311853 tempest-VolumesActionsTest-1549311853-project-member] RESP STATUS: 201 Created {{(pid=99827) http_log /opt/stack/data/venv/lib/python3.12/site-packages/swiftclient/client.py:161}}
Jul 28 10:13:13.061876 np0000005981 devstack@g-api.service[99827]: DEBUG swiftclient [None req-64a9d4b6-a3f6-4a6b-8e10-8faf2759d6aa tempest-VolumesActionsTest-1549311853 tempest-VolumesActionsTest-1549311853-project-member] RESP HEADERS: {'Date': 'Tue, 28 Jul 2026 10:13:13 GMT', 'Server': 'Apache/2.4.58 (Ubuntu)', 'Content-Type': 'text/html; charset=UTF-8', 'Content-Length': '0', 'Etag': '708761f3b8777ec77058e63da08eeeb6', 'Last-Modified': 'Tue, 28 Jul 2026 10:13:13 GMT', 'X-Trans-Id': 'txc5066f4ec6814072b21c9-006a6880b8', 'X-Openstack-Request-Id': 'txc5066f4ec6814072b21c9-006a6880b8', 'Connection': 'close'} {{(pid=99827) http_log /opt/stack/data/venv/lib/python3.12/site-packages/swiftclient/client.py:162}}
Jul 28 10:13:13.061876 np0000005981 devstack@g-api.service[99827]: DEBUG glance_store._drivers.swift.store [None req-64a9d4b6-a3f6-4a6b-8e10-8faf2759d6aa tempest-VolumesActionsTest-1549311853 tempest-VolumesActionsTest-1549311853-project-member] Wrote chunk 101994ca-59cf-4f72-acba-1d4f412d0f7b-00006 (6/?) of length 49741824 to Swift returning MD5 of content: 708761f3b8777ec77058e63da08eeeb6 {{(pid=99827) add /opt/stack/data/venv/lib/python3.12/site-packages/glance_store/_drivers/swift/store.py:1059}}
Jul 28 10:13:13.062245 np0000005981 devstack@g-api.service[99827]: DEBUG glance_store._drivers.swift.store [None req-64a9d4b6-a3f6-4a6b-8e10-8faf2759d6aa tempest-VolumesActionsTest-1549311853 tempest-VolumesActionsTest-1549311853-project-member] Not writing zero-length chunk. {{(pid=99827) add /opt/stack/data/venv/lib/python3.12/site-packages/glance_store/_drivers/swift/store.py:1028}}
Jul 28 10:13:13.087751 np0000005981 devstack@g-api.service[99827]: DEBUG swiftclient [None req-64a9d4b6-a3f6-4a6b-8e10-8faf2759d6aa tempest-VolumesActionsTest-1549311853 tempest-VolumesActionsTest-1549311853-project-member] REQ: curl -i https://10.4.3.209:8080/v1/AUTH_6cdd8f09fb194c408bfb4230b7d94cbe/glance/101994ca-59cf-4f72-acba-1d4f412d0f7b -X PUT -H "X-Object-Manifest: glance/101994ca-59cf-4f72-acba-1d4f412d0f7b-" -H "X-Auth-Token: gAAAAABqaICsvQSJ..." -H "Content-Length: 0" {{(pid=99827) http_log /opt/stack/data/venv/lib/python3.12/site-packages/swiftclient/client.py:160}}
Jul 28 10:13:13.087751 np0000005981 devstack@g-api.service[99827]: DEBUG swiftclient [None req-64a9d4b6-a3f6-4a6b-8e10-8faf2759d6aa tempest-VolumesActionsTest-1549311853 tempest-VolumesActionsTest-1549311853-project-member] RESP STATUS: 201 Created {{(pid=99827) http_log /opt/stack/data/venv/lib/python3.12/site-packages/swiftclient/client.py:161}}
Jul 28 10:13:13.087751 np0000005981 devstack@g-api.service[99827]: DEBUG swiftclient [None req-64a9d4b6-a3f6-4a6b-8e10-8faf2759d6aa tempest-VolumesActionsTest-1549311853 tempest-VolumesActionsTest-1549311853-project-member] RESP HEADERS: {'Date': 'Tue, 28 Jul 2026 10:13:13 GMT', 'Server': 'Apache/2.4.58 (Ubuntu)', 'Content-Type': 'text/html; charset=UTF-8', 'Content-Length': '0', 'Etag': 'd41d8cd98f00b204e9800998ecf8427e', 'Last-Modified': 'Tue, 28 Jul 2026 10:13:14 GMT', 'X-Trans-Id': 'tx42e2a34c0007433aa9491-006a6880b9', 'X-Openstack-Request-Id': 'tx42e2a34c0007433aa9491-006a6880b9', 'Connection': 'close'} {{(pid=99827) http_log /opt/stack/data/venv/lib/python3.12/site-packages/swiftclient/client.py:162}}
Jul 28 10:13:13.087751 np0000005981 devstack@g-api.service[99827]: INFO glance.location [None req-64a9d4b6-a3f6-4a6b-8e10-8faf2759d6aa tempest-VolumesActionsTest-1549311853 tempest-VolumesActionsTest-1549311853-project-member] Image format matched and virtual size computed: 1073741824
Jul 28 10:13:13.093746 np0000005981 devstack@g-api.service[99828]: INFO glance.api.v2.image_data [None req-52b718c0-149b-4742-aa18-9829a826cba9 tempest-TestInstancesWithCinderVolumes-312679103 tempest-TestInstancesWithCinderVolumes-312679103-project-member] Unable to create trust: no such option collect_timing in group [keystone_authtoken] Use the existing user token.
Jul 28 10:13:13.117793 np0000005981 devstack@g-api.service[99827]: DEBUG glance_store.backend [None req-64a9d4b6-a3f6-4a6b-8e10-8faf2759d6aa tempest-VolumesActionsTest-1549311853 tempest-VolumesActionsTest-1549311853-project-member] Attempting to import store swift {{(pid=99827) _load_store /opt/stack/data/venv/lib/python3.12/site-packages/glance_store/backend.py:215}}
Jul 28 10:13:13.119278 np0000005981 devstack@g-api.service[99827]: DEBUG glance_store.capabilities [None req-64a9d4b6-a3f6-4a6b-8e10-8faf2759d6aa tempest-VolumesActionsTest-1549311853 tempest-VolumesActionsTest-1549311853-project-member] Store glance_store._drivers.swift.store.SingleTenantStore doesn't support updating dynamic storage capabilities. Please overwrite 'update_capabilities' method of the store to implement updating logics if needed. {{(pid=99827) update_capabilities /opt/stack/data/venv/lib/python3.12/site-packages/glance_store/capabilities.py:91}}
Jul 28 10:13:13.119589 np0000005981 devstack@g-api.service[99827]: DEBUG glance_store.driver [None req-64a9d4b6-a3f6-4a6b-8e10-8faf2759d6aa tempest-VolumesActionsTest-1549311853 tempest-VolumesActionsTest-1549311853-project-member] Late loading location class glance_store._drivers.swift.store.StoreLocation {{(pid=99827) get_store_location_class /opt/stack/data/venv/lib/python3.12/site-packages/glance_store/driver.py:134}}
Jul 28 10:13:13.119809 np0000005981 devstack@g-api.service[99827]: DEBUG glance_store.location [None req-64a9d4b6-a3f6-4a6b-8e10-8faf2759d6aa tempest-VolumesActionsTest-1549311853 tempest-VolumesActionsTest-1549311853-project-member] Registering scheme swift+https with {'store': , 'location_class': , 'store_entry': 'swift'} {{(pid=99827) register_scheme_map /opt/stack/data/venv/lib/python3.12/site-packages/glance_store/location.py:146}}
Jul 28 10:13:13.120049 np0000005981 devstack@g-api.service[99827]: DEBUG glance_store.location [None req-64a9d4b6-a3f6-4a6b-8e10-8faf2759d6aa tempest-VolumesActionsTest-1549311853 tempest-VolumesActionsTest-1549311853-project-member] Registering scheme swift+https with {'store': , 'location_class': , 'store_entry': 'swift'} {{(pid=99827) register_scheme_map /opt/stack/data/venv/lib/python3.12/site-packages/glance_store/location.py:146}}
Jul 28 10:13:13.120244 np0000005981 devstack@g-api.service[99827]: DEBUG glance_store.location [None req-64a9d4b6-a3f6-4a6b-8e10-8faf2759d6aa tempest-VolumesActionsTest-1549311853 tempest-VolumesActionsTest-1549311853-project-member] Registering scheme swift with {'store': , 'location_class': , 'store_entry': 'swift'} {{(pid=99827) register_scheme_map /opt/stack/data/venv/lib/python3.12/site-packages/glance_store/location.py:146}}
Jul 28 10:13:13.120424 np0000005981 devstack@g-api.service[99827]: DEBUG glance_store.location [None req-64a9d4b6-a3f6-4a6b-8e10-8faf2759d6aa tempest-VolumesActionsTest-1549311853 tempest-VolumesActionsTest-1549311853-project-member] Registering scheme swift+https with {'store': , 'location_class': , 'store_entry': 'swift'} {{(pid=99827) register_scheme_map /opt/stack/data/venv/lib/python3.12/site-packages/glance_store/location.py:146}}
Jul 28 10:13:13.120615 np0000005981 devstack@g-api.service[99827]: DEBUG glance_store.location [None req-64a9d4b6-a3f6-4a6b-8e10-8faf2759d6aa tempest-VolumesActionsTest-1549311853 tempest-VolumesActionsTest-1549311853-project-member] Registering scheme swift with {'store': , 'location_class': , 'store_entry': 'swift'} {{(pid=99827) register_scheme_map /opt/stack/data/venv/lib/python3.12/site-packages/glance_store/location.py:146}}
Jul 28 10:13:13.120787 np0000005981 devstack@g-api.service[99827]: DEBUG glance_store.location [None req-64a9d4b6-a3f6-4a6b-8e10-8faf2759d6aa tempest-VolumesActionsTest-1549311853 tempest-VolumesActionsTest-1549311853-project-member] Registering scheme swift+http with {'store': , 'location_class': , 'store_entry': 'swift'} {{(pid=99827) register_scheme_map /opt/stack/data/venv/lib/python3.12/site-packages/glance_store/location.py:146}}
Jul 28 10:13:13.120985 np0000005981 devstack@g-api.service[99827]: DEBUG glance_store.location [None req-64a9d4b6-a3f6-4a6b-8e10-8faf2759d6aa tempest-VolumesActionsTest-1549311853 tempest-VolumesActionsTest-1549311853-project-member] Registering scheme swift+https with {'store': , 'location_class': , 'store_entry': 'swift'} {{(pid=99827) register_scheme_map /opt/stack/data/venv/lib/python3.12/site-packages/glance_store/location.py:146}}
Jul 28 10:13:13.121176 np0000005981 devstack@g-api.service[99827]: DEBUG glance_store.location [None req-64a9d4b6-a3f6-4a6b-8e10-8faf2759d6aa tempest-VolumesActionsTest-1549311853 tempest-VolumesActionsTest-1549311853-project-member] Registering scheme swift with {'store': , 'location_class': , 'store_entry': 'swift'} {{(pid=99827) register_scheme_map /opt/stack/data/venv/lib/python3.12/site-packages/glance_store/location.py:146}}
Jul 28 10:13:13.121358 np0000005981 devstack@g-api.service[99827]: DEBUG glance_store.location [None req-64a9d4b6-a3f6-4a6b-8e10-8faf2759d6aa tempest-VolumesActionsTest-1549311853 tempest-VolumesActionsTest-1549311853-project-member] Registering scheme swift+http with {'store': , 'location_class': , 'store_entry': 'swift'} {{(pid=99827) register_scheme_map /opt/stack/data/venv/lib/python3.12/site-packages/glance_store/location.py:146}}
Jul 28 10:13:13.121556 np0000005981 devstack@g-api.service[99827]: DEBUG glance_store.location [None req-64a9d4b6-a3f6-4a6b-8e10-8faf2759d6aa tempest-VolumesActionsTest-1549311853 tempest-VolumesActionsTest-1549311853-project-member] Registering scheme swift+config with {'store': , 'location_class': , 'store_entry': 'swift'} {{(pid=99827) register_scheme_map /opt/stack/data/venv/lib/python3.12/site-packages/glance_store/location.py:146}}
Jul 28 10:13:13.121766 np0000005981 devstack@g-api.service[99827]: DEBUG glance_store.backend [None req-64a9d4b6-a3f6-4a6b-8e10-8faf2759d6aa tempest-VolumesActionsTest-1549311853 tempest-VolumesActionsTest-1549311853-project-member] Skipping store.set_acls... not implemented. {{(pid=99827) set_acls /opt/stack/data/venv/lib/python3.12/site-packages/glance_store/backend.py:507}}
Jul 28 10:13:13.123938 np0000005981 devstack@g-api.service[99827]: [pid: 99827|app: 0|req: 116/369] 127.0.0.1 () {46 vars in 1158 bytes} [Tue Jul 28 10:12:59 2026] PUT /v2/images/101994ca-59cf-4f72-acba-1d4f412d0f7b/file => generated 0 bytes in 13845 msecs (HTTP/1.1 204) 4 headers in 171 bytes (1 switches on core 0)
Jul 28 10:13:13.131982 np0000005981 devstack@g-api.service[99826]: DEBUG glance.api.middleware.version_negotiation [None req-9fa72ad3-26a4-499c-b4fb-b8b1460d1e51 tempest-TestInstancesWithCinderVolumes-312679103 tempest-TestInstancesWithCinderVolumes-312679103-project-member] Determining version of request: GET /v2/images/101994ca-59cf-4f72-acba-1d4f412d0f7b Accept: */* {{(pid=99826) process_request /opt/stack/glance/glance/api/middleware/version_negotiation.py:44}}
Jul 28 10:13:13.132476 np0000005981 devstack@g-api.service[99826]: DEBUG glance.api.middleware.version_negotiation [None req-9fa72ad3-26a4-499c-b4fb-b8b1460d1e51 tempest-TestInstancesWithCinderVolumes-312679103 tempest-TestInstancesWithCinderVolumes-312679103-project-member] Using url versioning {{(pid=99826) process_request /opt/stack/glance/glance/api/middleware/version_negotiation.py:57}}
Jul 28 10:13:13.132476 np0000005981 devstack@g-api.service[99826]: DEBUG glance.api.middleware.version_negotiation [None req-9fa72ad3-26a4-499c-b4fb-b8b1460d1e51 tempest-TestInstancesWithCinderVolumes-312679103 tempest-TestInstancesWithCinderVolumes-312679103-project-member] Matched version: v2 {{(pid=99826) process_request /opt/stack/glance/glance/api/middleware/version_negotiation.py:69}}
Jul 28 10:13:13.132623 np0000005981 devstack@g-api.service[99826]: DEBUG glance.api.middleware.version_negotiation [None req-9fa72ad3-26a4-499c-b4fb-b8b1460d1e51 tempest-TestInstancesWithCinderVolumes-312679103 tempest-TestInstancesWithCinderVolumes-312679103-project-member] new path /v2/images/101994ca-59cf-4f72-acba-1d4f412d0f7b {{(pid=99826) process_request /opt/stack/glance/glance/api/middleware/version_negotiation.py:70}}
Jul 28 10:13:13.143655 np0000005981 devstack@g-api.service[99826]: [pid: 99826|app: 0|req: 126/370] 127.0.0.1 () {44 vars in 1115 bytes} [Tue Jul 28 10:13:13 2026] GET /v2/images/101994ca-59cf-4f72-acba-1d4f412d0f7b => generated 822 bytes in 12 msecs (HTTP/1.1 200) 4 headers in 157 bytes (1 switches on core 0)
Jul 28 10:13:13.152595 np0000005981 devstack@g-api.service[99827]: DEBUG glance.api.middleware.version_negotiation [None req-64a9d4b6-a3f6-4a6b-8e10-8faf2759d6aa tempest-VolumesActionsTest-1549311853 tempest-VolumesActionsTest-1549311853-project-member] Determining version of request: GET /v2/schemas/image Accept: */* {{(pid=99827) process_request /opt/stack/glance/glance/api/middleware/version_negotiation.py:44}}
Jul 28 10:13:13.152595 np0000005981 devstack@g-api.service[99827]: DEBUG glance.api.middleware.version_negotiation [None req-64a9d4b6-a3f6-4a6b-8e10-8faf2759d6aa tempest-VolumesActionsTest-1549311853 tempest-VolumesActionsTest-1549311853-project-member] Using url versioning {{(pid=99827) process_request /opt/stack/glance/glance/api/middleware/version_negotiation.py:57}}
Jul 28 10:13:13.152595 np0000005981 devstack@g-api.service[99827]: DEBUG glance.api.middleware.version_negotiation [None req-64a9d4b6-a3f6-4a6b-8e10-8faf2759d6aa tempest-VolumesActionsTest-1549311853 tempest-VolumesActionsTest-1549311853-project-member] Matched version: v2 {{(pid=99827) process_request /opt/stack/glance/glance/api/middleware/version_negotiation.py:69}}
Jul 28 10:13:13.152595 np0000005981 devstack@g-api.service[99827]: DEBUG glance.api.middleware.version_negotiation [None req-64a9d4b6-a3f6-4a6b-8e10-8faf2759d6aa tempest-VolumesActionsTest-1549311853 tempest-VolumesActionsTest-1549311853-project-member] new path /v2/schemas/image {{(pid=99827) process_request /opt/stack/glance/glance/api/middleware/version_negotiation.py:70}}
Jul 28 10:13:13.154820 np0000005981 devstack@g-api.service[99827]: [pid: 99827|app: 0|req: 117/371] 127.0.0.1 () {44 vars in 1055 bytes} [Tue Jul 28 10:13:13 2026] GET /v2/schemas/image => generated 6083 bytes in 3 msecs (HTTP/1.1 200) 4 headers in 158 bytes (1 switches on core 0)
Jul 28 10:13:13.165153 np0000005981 devstack@g-api.service[99826]: DEBUG glance.api.middleware.version_negotiation [None req-64a9d4b6-a3f6-4a6b-8e10-8faf2759d6aa tempest-VolumesActionsTest-1549311853 tempest-VolumesActionsTest-1549311853-project-member] Determining version of request: GET /v2/schemas/image Accept: */* {{(pid=99826) process_request /opt/stack/glance/glance/api/middleware/version_negotiation.py:44}}
Jul 28 10:13:13.165534 np0000005981 devstack@g-api.service[99826]: DEBUG glance.api.middleware.version_negotiation [None req-64a9d4b6-a3f6-4a6b-8e10-8faf2759d6aa tempest-VolumesActionsTest-1549311853 tempest-VolumesActionsTest-1549311853-project-member] Using url versioning {{(pid=99826) process_request /opt/stack/glance/glance/api/middleware/version_negotiation.py:57}}
Jul 28 10:13:13.165906 np0000005981 devstack@g-api.service[99826]: DEBUG glance.api.middleware.version_negotiation [None req-64a9d4b6-a3f6-4a6b-8e10-8faf2759d6aa tempest-VolumesActionsTest-1549311853 tempest-VolumesActionsTest-1549311853-project-member] Matched version: v2 {{(pid=99826) process_request /opt/stack/glance/glance/api/middleware/version_negotiation.py:69}}
