Jul 28 10:11:57.929455 np0000005981 devstack@placement-api.service[90089]: INFO placement.requestlog [req-c0e798f8-ab4f-4348-9f42-8a212bb1279c req-30d43cf9-407f-4503-99a1-b31ff3fbba27 service nova] 10.4.3.209 "GET /placement/allocations/e9e6b700-c8cb-4154-a642-f3b01ddfd87f" status: 200 len: 258 microversion: 1.28
Jul 28 10:11:57.929455 np0000005981 devstack@placement-api.service[90089]: [pid: 90089|app: 0|req: 106/317] 10.4.3.209 () {68 vars in 1499 bytes} [Tue Jul 28 10:11:57 2026] GET /placement/allocations/e9e6b700-c8cb-4154-a642-f3b01ddfd87f => generated 258 bytes in 16 msecs (HTTP/1.1 200) 8 headers in 296 bytes (1 switches on core 0)
Jul 28 10:11:57.976241 np0000005981 devstack@placement-api.service[90088]: DEBUG placement.requestlog [req-c0e798f8-ab4f-4348-9f42-8a212bb1279c req-f4ee1103-2eb7-4c0c-9988-f02d03c61fbe None None] Starting request: 10.4.3.209 "GET /placement/allocations/bf5df708-7907-4ee1-bc53-bdb2a04e4198" {{(pid=90088) __call__ /opt/stack/placement/placement/requestlog.py:55}}
Jul 28 10:11:57.986901 np0000005981 devstack@placement-api.service[90088]: INFO placement.requestlog [req-c0e798f8-ab4f-4348-9f42-8a212bb1279c req-f4ee1103-2eb7-4c0c-9988-f02d03c61fbe service nova] 10.4.3.209 "GET /placement/allocations/bf5df708-7907-4ee1-bc53-bdb2a04e4198" status: 200 len: 244 microversion: 1.28
Jul 28 10:11:57.986901 np0000005981 devstack@placement-api.service[90088]: [pid: 90088|app: 0|req: 106/318] 10.4.3.209 () {68 vars in 1499 bytes} [Tue Jul 28 10:11:57 2026] GET /placement/allocations/bf5df708-7907-4ee1-bc53-bdb2a04e4198 => generated 244 bytes in 10 msecs (HTTP/1.1 200) 8 headers in 296 bytes (1 switches on core 0)
Jul 28 10:11:58.018115 np0000005981 devstack@placement-api.service[90087]: DEBUG placement.requestlog [req-c0e798f8-ab4f-4348-9f42-8a212bb1279c req-38ae101b-c4af-4f7d-afd8-0017b870c8ff None None] Starting request: 10.4.3.209 "GET /placement/allocations/7115d5f5-b346-4a36-ba87-4edf787d6b43" {{(pid=90087) __call__ /opt/stack/placement/placement/requestlog.py:55}}
Jul 28 10:11:58.025719 np0000005981 devstack@placement-api.service[90087]: INFO placement.requestlog [req-c0e798f8-ab4f-4348-9f42-8a212bb1279c req-38ae101b-c4af-4f7d-afd8-0017b870c8ff service nova] 10.4.3.209 "GET /placement/allocations/7115d5f5-b346-4a36-ba87-4edf787d6b43" status: 200 len: 258 microversion: 1.28
Jul 28 10:11:58.025917 np0000005981 devstack@placement-api.service[90087]: [pid: 90087|app: 0|req: 107/319] 10.4.3.209 () {68 vars in 1499 bytes} [Tue Jul 28 10:11:58 2026] GET /placement/allocations/7115d5f5-b346-4a36-ba87-4edf787d6b43 => generated 258 bytes in 9 msecs (HTTP/1.1 200) 8 headers in 296 bytes (1 switches on core 0)
Jul 28 10:11:58.059498 np0000005981 devstack@placement-api.service[90089]: DEBUG placement.requestlog [req-c0e798f8-ab4f-4348-9f42-8a212bb1279c req-eb3fc4d3-9561-45d8-8307-980b332b6f23 None None] Starting request: 10.4.3.209 "GET /placement/allocations/ed0b76fa-c099-40b0-ae54-fcf3d9bc151c" {{(pid=90089) __call__ /opt/stack/placement/placement/requestlog.py:55}}
Jul 28 10:11:58.070050 np0000005981 devstack@placement-api.service[90089]: INFO placement.requestlog [req-c0e798f8-ab4f-4348-9f42-8a212bb1279c req-eb3fc4d3-9561-45d8-8307-980b332b6f23 service nova] 10.4.3.209 "GET /placement/allocations/ed0b76fa-c099-40b0-ae54-fcf3d9bc151c" status: 200 len: 258 microversion: 1.28
Jul 28 10:11:58.070274 np0000005981 devstack@placement-api.service[90089]: [pid: 90089|app: 0|req: 107/320] 10.4.3.209 () {68 vars in 1499 bytes} [Tue Jul 28 10:11:58 2026] GET /placement/allocations/ed0b76fa-c099-40b0-ae54-fcf3d9bc151c => generated 258 bytes in 11 msecs (HTTP/1.1 200) 8 headers in 296 bytes (1 switches on core 0)
Jul 28 10:11:59.850451 np0000005981 devstack@placement-api.service[90088]: DEBUG placement.requestlog [req-1e1909c5-e2b7-421f-9759-97eb5193bac0 req-e48aa8ac-b156-4238-a2fd-2b3c479e63e8 None None] Starting request: 10.4.3.209 "GET /placement/allocation_candidates?limit=1000&resources=DISK_GB%3A1%2CMEMORY_MB%3A192%2CVCPU%3A1&root_required=%21COMPUTE_STATUS_DISABLED" {{(pid=90088) __call__ /opt/stack/placement/placement/requestlog.py:55}}
Jul 28 10:11:59.877522 np0000005981 devstack@placement-api.service[90088]: DEBUG placement.objects.research_context [req-1e1909c5-e2b7-421f-9759-97eb5193bac0 req-e48aa8ac-b156-4238-a2fd-2b3c479e63e8 service nova] getting providers with 1 DISK_GB {{(pid=90088) __init__ /opt/stack/placement/placement/objects/research_context.py:137}}
Jul 28 10:11:59.880841 np0000005981 devstack@placement-api.service[90088]: DEBUG placement.objects.research_context [req-1e1909c5-e2b7-421f-9759-97eb5193bac0 req-e48aa8ac-b156-4238-a2fd-2b3c479e63e8 service nova] getting providers with 192 MEMORY_MB {{(pid=90088) __init__ /opt/stack/placement/placement/objects/research_context.py:137}}
Jul 28 10:11:59.883982 np0000005981 devstack@placement-api.service[90088]: DEBUG placement.objects.research_context [req-1e1909c5-e2b7-421f-9759-97eb5193bac0 req-e48aa8ac-b156-4238-a2fd-2b3c479e63e8 service nova] getting providers with 1 VCPU {{(pid=90088) __init__ /opt/stack/placement/placement/objects/research_context.py:137}}
Jul 28 10:11:59.889135 np0000005981 devstack@placement-api.service[90088]: DEBUG placement.objects.research_context [req-1e1909c5-e2b7-421f-9759-97eb5193bac0 req-e48aa8ac-b156-4238-a2fd-2b3c479e63e8 service nova] found 1 providers with available 1 DISK_GB {{(pid=90088) get_provider_ids_matching /opt/stack/placement/placement/objects/research_context.py:566}}
Jul 28 10:11:59.889313 np0000005981 devstack@placement-api.service[90088]: DEBUG placement.objects.research_context [req-1e1909c5-e2b7-421f-9759-97eb5193bac0 req-e48aa8ac-b156-4238-a2fd-2b3c479e63e8 service nova] found 1 providers with available 192 MEMORY_MB {{(pid=90088) get_provider_ids_matching /opt/stack/placement/placement/objects/research_context.py:566}}
Jul 28 10:11:59.889313 np0000005981 devstack@placement-api.service[90088]: DEBUG placement.objects.research_context [req-1e1909c5-e2b7-421f-9759-97eb5193bac0 req-e48aa8ac-b156-4238-a2fd-2b3c479e63e8 service nova] found 1 providers after filtering by previous result {{(pid=90088) get_provider_ids_matching /opt/stack/placement/placement/objects/research_context.py:597}}
Jul 28 10:11:59.889488 np0000005981 devstack@placement-api.service[90088]: DEBUG placement.objects.research_context [req-1e1909c5-e2b7-421f-9759-97eb5193bac0 req-e48aa8ac-b156-4238-a2fd-2b3c479e63e8 service nova] found 1 providers with available 1 VCPU {{(pid=90088) get_provider_ids_matching /opt/stack/placement/placement/objects/research_context.py:566}}
Jul 28 10:11:59.889542 np0000005981 devstack@placement-api.service[90088]: DEBUG placement.objects.research_context [req-1e1909c5-e2b7-421f-9759-97eb5193bac0 req-e48aa8ac-b156-4238-a2fd-2b3c479e63e8 service nova] found 1 providers after filtering by previous result {{(pid=90088) get_provider_ids_matching /opt/stack/placement/placement/objects/research_context.py:597}}
Jul 28 10:11:59.895654 np0000005981 devstack@placement-api.service[90088]: DEBUG placement.objects.allocation_candidate [req-1e1909c5-e2b7-421f-9759-97eb5193bac0 req-e48aa8ac-b156-4238-a2fd-2b3c479e63e8 service nova] RequestGroup(use_same_provider=False, resources={DISK_GB:1, MEMORY_MB:192, VCPU:1}, traits=(), aggregates=[]) (suffix '') returned 1 matches {{(pid=90088) _get_by_requests /opt/stack/placement/placement/objects/allocation_candidate.py:158}}
Jul 28 10:11:59.895815 np0000005981 devstack@placement-api.service[90088]: DEBUG placement.objects.allocation_candidate [req-1e1909c5-e2b7-421f-9759-97eb5193bac0 req-e48aa8ac-b156-4238-a2fd-2b3c479e63e8 service nova] Merging candidates yields 1 allocation requests and 1 provider summaries {{(pid=90088) _merge_candidates /opt/stack/placement/placement/objects/allocation_candidate.py:973}}
Jul 28 10:11:59.896763 np0000005981 devstack@placement-api.service[90088]: INFO placement.requestlog [req-1e1909c5-e2b7-421f-9759-97eb5193bac0 req-e48aa8ac-b156-4238-a2fd-2b3c479e63e8 service nova] 10.4.3.209 "GET /placement/allocation_candidates?limit=1000&resources=DISK_GB%3A1%2CMEMORY_MB%3A192%2CVCPU%3A1&root_required=%21COMPUTE_STATUS_DISABLED" status: 200 len: 2493 microversion: 1.36
Jul 28 10:11:59.896977 np0000005981 devstack@placement-api.service[90088]: [pid: 90088|app: 0|req: 107/321] 10.4.3.209 () {68 vars in 1625 bytes} [Tue Jul 28 10:11:59 2026] GET /placement/allocation_candidates?limit=1000&resources=DISK_GB%3A1%2CMEMORY_MB%3A192%2CVCPU%3A1&root_required=%21COMPUTE_STATUS_DISABLED => generated 2493 bytes in 47 msecs (HTTP/1.1 200) 8 headers in 297 bytes (1 switches on core 0)
Jul 28 10:11:59.969060 np0000005981 devstack@placement-api.service[90087]: DEBUG placement.requestlog [req-1e1909c5-e2b7-421f-9759-97eb5193bac0 req-a0f660e6-edb0-48a9-a3e5-3d4893c8594a None None] Starting request: 10.4.3.209 "GET /placement/allocations/3edd0012-d7d4-4f1f-b28a-76153eaf6b7e" {{(pid=90087) __call__ /opt/stack/placement/placement/requestlog.py:55}}
Jul 28 10:11:59.978108 np0000005981 devstack@placement-api.service[90087]: INFO placement.requestlog [req-1e1909c5-e2b7-421f-9759-97eb5193bac0 req-a0f660e6-edb0-48a9-a3e5-3d4893c8594a service nova] 10.4.3.209 "GET /placement/allocations/3edd0012-d7d4-4f1f-b28a-76153eaf6b7e" status: 200 len: 19 microversion: 1.28
Jul 28 10:11:59.978574 np0000005981 devstack@placement-api.service[90087]: [pid: 90087|app: 0|req: 108/322] 10.4.3.209 () {68 vars in 1501 bytes} [Tue Jul 28 10:11:59 2026] GET /placement/allocations/3edd0012-d7d4-4f1f-b28a-76153eaf6b7e => generated 19 bytes in 9 msecs (HTTP/1.1 200) 8 headers in 295 bytes (1 switches on core 0)
Jul 28 10:12:00.020067 np0000005981 devstack@placement-api.service[90089]: DEBUG placement.requestlog [req-1e1909c5-e2b7-421f-9759-97eb5193bac0 req-3b4b70e1-6a10-4709-af77-f6a7fefe5f08 None None] Starting request: 10.4.3.209 "PUT /placement/allocations/3edd0012-d7d4-4f1f-b28a-76153eaf6b7e" {{(pid=90089) __call__ /opt/stack/placement/placement/requestlog.py:55}}
Jul 28 10:12:00.074258 np0000005981 devstack@placement-api.service[90089]: DEBUG placement.handlers.allocation [req-1e1909c5-e2b7-421f-9759-97eb5193bac0 req-3b4b70e1-6a10-4709-af77-f6a7fefe5f08 service nova] Successfully wrote allocations [, , ] {{(pid=90089) _update_consumers_and_create_allocations /opt/stack/placement/placement/handlers/allocation.py:462}}
Jul 28 10:12:00.083073 np0000005981 devstack@placement-api.service[90089]: INFO placement.requestlog [req-1e1909c5-e2b7-421f-9759-97eb5193bac0 req-3b4b70e1-6a10-4709-af77-f6a7fefe5f08 service nova] 10.4.3.209 "PUT /placement/allocations/3edd0012-d7d4-4f1f-b28a-76153eaf6b7e" status: 204 len: 0 microversion: 1.36
Jul 28 10:12:00.083451 np0000005981 devstack@placement-api.service[90089]: [pid: 90089|app: 0|req: 108/323] 10.4.3.209 () {72 vars in 1554 bytes} [Tue Jul 28 10:12:00 2026] PUT /placement/allocations/3edd0012-d7d4-4f1f-b28a-76153eaf6b7e => generated 0 bytes in 64 msecs (HTTP/1.1 204) 5 headers in 199 bytes (1 switches on core 0)
Jul 28 10:12:00.357279 np0000005981 devstack@placement-api.service[90088]: DEBUG placement.requestlog [None req-5e25c144-6852-4f84-9b7d-75af4620b71c None None] Starting request: 10.4.3.209 "GET /placement/resource_providers/b75d8148-64b4-4184-ba84-07a52bedd38f/aggregates" {{(pid=90088) __call__ /opt/stack/placement/placement/requestlog.py:55}}
Jul 28 10:12:00.369384 np0000005981 devstack@placement-api.service[90088]: INFO placement.requestlog [None req-5e25c144-6852-4f84-9b7d-75af4620b71c service placement] 10.4.3.209 "GET /placement/resource_providers/b75d8148-64b4-4184-ba84-07a52bedd38f/aggregates" status: 404 len: 235 microversion: 1.1
Jul 28 10:12:00.369636 np0000005981 devstack@placement-api.service[90088]: [pid: 90088|app: 0|req: 108/324] 10.4.3.209 () {66 vars in 1474 bytes} [Tue Jul 28 10:12:00 2026] GET /placement/resource_providers/b75d8148-64b4-4184-ba84-07a52bedd38f/aggregates => generated 235 bytes in 12 msecs (HTTP/1.1 404) 5 headers in 202 bytes (1 switches on core 0)
Jul 28 10:12:00.390483 np0000005981 devstack@placement-api.service[90087]: DEBUG placement.requestlog [req-1e1909c5-e2b7-421f-9759-97eb5193bac0 req-efd315ae-f426-46f9-b894-052a5e5e4a23 None None] Starting request: 10.4.3.209 "GET /placement/allocations/3edd0012-d7d4-4f1f-b28a-76153eaf6b7e" {{(pid=90087) __call__ /opt/stack/placement/placement/requestlog.py:55}}
Jul 28 10:12:00.409842 np0000005981 devstack@placement-api.service[90087]: INFO placement.requestlog [req-1e1909c5-e2b7-421f-9759-97eb5193bac0 req-efd315ae-f426-46f9-b894-052a5e5e4a23 service nova] 10.4.3.209 "GET /placement/allocations/3edd0012-d7d4-4f1f-b28a-76153eaf6b7e" status: 200 len: 258 microversion: 1.28
Jul 28 10:12:00.410245 np0000005981 devstack@placement-api.service[90087]: [pid: 90087|app: 0|req: 109/325] 10.4.3.209 () {68 vars in 1499 bytes} [Tue Jul 28 10:12:00 2026] GET /placement/allocations/3edd0012-d7d4-4f1f-b28a-76153eaf6b7e => generated 258 bytes in 20 msecs (HTTP/1.1 200) 8 headers in 296 bytes (1 switches on core 0)
Jul 28 10:12:00.469063 np0000005981 devstack@placement-api.service[90089]: DEBUG placement.requestlog [None req-c1528f4a-a62f-4c2a-9d4c-823affc44f8e None None] Starting request: 10.4.3.209 "DELETE /placement/resource_providers/b75d8148-64b4-4184-ba84-07a52bedd38f" {{(pid=90089) __call__ /opt/stack/placement/placement/requestlog.py:55}}
Jul 28 10:12:00.475760 np0000005981 devstack@placement-api.service[90089]: DEBUG placement.wsgi_wrapper [None req-c1528f4a-a62f-4c2a-9d4c-823affc44f8e service placement] Placement API returning an error response: No resource provider with uuid b75d8148-64b4-4184-ba84-07a52bedd38f found for delete {{(pid=90089) call_func /opt/stack/placement/placement/wsgi_wrapper.py:31}}
Jul 28 10:12:00.476121 np0000005981 devstack@placement-api.service[90089]: INFO placement.requestlog [None req-c1528f4a-a62f-4c2a-9d4c-823affc44f8e service placement] 10.4.3.209 "DELETE /placement/resource_providers/b75d8148-64b4-4184-ba84-07a52bedd38f" status: 404 len: 246 microversion: 1.1
Jul 28 10:12:00.476845 np0000005981 devstack@placement-api.service[90089]: [pid: 90089|app: 0|req: 109/326] 10.4.3.209 () {68 vars in 1463 bytes} [Tue Jul 28 10:12:00 2026] DELETE /placement/resource_providers/b75d8148-64b4-4184-ba84-07a52bedd38f => generated 246 bytes in 7 msecs (HTTP/1.1 404) 6 headers in 231 bytes (2 switches on core 0)
Jul 28 10:12:00.565510 np0000005981 devstack@placement-api.service[90088]: DEBUG placement.requestlog [req-1e1909c5-e2b7-421f-9759-97eb5193bac0 req-e18083ff-a413-41af-983c-8385d397e6c9 None None] Starting request: 10.4.3.209 "GET /placement/resource_providers/af9ef1c0-ad1c-4773-b1b9-3dfc0c5fef69/allocations" {{(pid=90088) __call__ /opt/stack/placement/placement/requestlog.py:55}}
Jul 28 10:12:00.587602 np0000005981 devstack@placement-api.service[90088]: INFO placement.requestlog [req-1e1909c5-e2b7-421f-9759-97eb5193bac0 req-e18083ff-a413-41af-983c-8385d397e6c9 service nova] 10.4.3.209 "GET /placement/resource_providers/af9ef1c0-ad1c-4773-b1b9-3dfc0c5fef69/allocations" status: 200 len: 811 microversion: 1.0
Jul 28 10:12:00.587602 np0000005981 devstack@placement-api.service[90088]: [pid: 90088|app: 0|req: 109/327] 10.4.3.209 () {66 vars in 1512 bytes} [Tue Jul 28 10:12:00 2026] GET /placement/resource_providers/af9ef1c0-ad1c-4773-b1b9-3dfc0c5fef69/allocations => generated 811 bytes in 22 msecs (HTTP/1.1 200) 6 headers in 224 bytes (1 switches on core 0)
Jul 28 10:12:00.629630 np0000005981 devstack@placement-api.service[90087]: DEBUG placement.requestlog [req-1e1909c5-e2b7-421f-9759-97eb5193bac0 req-c3c191a8-090f-4043-86db-601e5f446ddd None None] Starting request: 10.4.3.209 "GET /placement/allocations/a5a17323-3f31-41c3-897d-87210ff5f7cc" {{(pid=90087) __call__ /opt/stack/placement/placement/requestlog.py:55}}
Jul 28 10:12:00.651061 np0000005981 devstack@placement-api.service[90087]: INFO placement.requestlog [req-1e1909c5-e2b7-421f-9759-97eb5193bac0 req-c3c191a8-090f-4043-86db-601e5f446ddd service nova] 10.4.3.209 "GET /placement/allocations/a5a17323-3f31-41c3-897d-87210ff5f7cc" status: 200 len: 258 microversion: 1.28
Jul 28 10:12:00.652871 np0000005981 devstack@placement-api.service[90087]: [pid: 90087|app: 0|req: 110/328] 10.4.3.209 () {68 vars in 1499 bytes} [Tue Jul 28 10:12:00 2026] GET /placement/allocations/a5a17323-3f31-41c3-897d-87210ff5f7cc => generated 258 bytes in 23 msecs (HTTP/1.1 200) 8 headers in 296 bytes (1 switches on core 0)
Jul 28 10:12:00.695348 np0000005981 devstack@placement-api.service[90089]: DEBUG placement.requestlog [req-1e1909c5-e2b7-421f-9759-97eb5193bac0 req-6ad1a7c1-da1c-40a9-bf01-5939b388a33c None None] Starting request: 10.4.3.209 "GET /placement/allocations/bf5df708-7907-4ee1-bc53-bdb2a04e4198" {{(pid=90089) __call__ /opt/stack/placement/placement/requestlog.py:55}}
Jul 28 10:12:00.709755 np0000005981 devstack@placement-api.service[90089]: INFO placement.requestlog [req-1e1909c5-e2b7-421f-9759-97eb5193bac0 req-6ad1a7c1-da1c-40a9-bf01-5939b388a33c service nova] 10.4.3.209 "GET /placement/allocations/bf5df708-7907-4ee1-bc53-bdb2a04e4198" status: 200 len: 244 microversion: 1.28
Jul 28 10:12:00.710145 np0000005981 devstack@placement-api.service[90089]: [pid: 90089|app: 0|req: 110/329] 10.4.3.209 () {68 vars in 1499 bytes} [Tue Jul 28 10:12:00 2026] GET /placement/allocations/bf5df708-7907-4ee1-bc53-bdb2a04e4198 => generated 244 bytes in 15 msecs (HTTP/1.1 200) 8 headers in 296 bytes (1 switches on core 0)
Jul 28 10:12:00.744265 np0000005981 devstack@placement-api.service[90088]: DEBUG placement.requestlog [req-1e1909c5-e2b7-421f-9759-97eb5193bac0 req-f567b106-255f-45cd-bd56-217196f1e5fb None None] Starting request: 10.4.3.209 "GET /placement/allocations/1c1b20b3-793e-4ae0-9532-091c4c8bb9e5" {{(pid=90088) __call__ /opt/stack/placement/placement/requestlog.py:55}}
Jul 28 10:12:00.758715 np0000005981 devstack@placement-api.service[90088]: INFO placement.requestlog [req-1e1909c5-e2b7-421f-9759-97eb5193bac0 req-f567b106-255f-45cd-bd56-217196f1e5fb service nova] 10.4.3.209 "GET /placement/allocations/1c1b20b3-793e-4ae0-9532-091c4c8bb9e5" status: 200 len: 244 microversion: 1.28
Jul 28 10:12:00.758999 np0000005981 devstack@placement-api.service[90088]: [pid: 90088|app: 0|req: 110/330] 10.4.3.209 () {68 vars in 1499 bytes} [Tue Jul 28 10:12:00 2026] GET /placement/allocations/1c1b20b3-793e-4ae0-9532-091c4c8bb9e5 => generated 244 bytes in 15 msecs (HTTP/1.1 200) 8 headers in 296 bytes (1 switches on core 0)
Jul 28 10:12:00.791142 np0000005981 devstack@placement-api.service[90087]: DEBUG placement.requestlog [req-1e1909c5-e2b7-421f-9759-97eb5193bac0 req-997eea20-6e10-4541-9513-04fb162408f1 None None] Starting request: 10.4.3.209 "GET /placement/allocations/3edd0012-d7d4-4f1f-b28a-76153eaf6b7e" {{(pid=90087) __call__ /opt/stack/placement/placement/requestlog.py:55}}
Jul 28 10:12:00.805116 np0000005981 devstack@placement-api.service[90089]: DEBUG placement.requestlog [None req-f37fa54e-36dd-4cb4-9053-e5de5b8a3ae0 None None] Starting request: 10.4.3.209 "GET /placement/resource_providers/97e8cb32-8b7e-4ec4-9928-41fce9f187af/aggregates" {{(pid=90089) __call__ /opt/stack/placement/placement/requestlog.py:55}}
Jul 28 10:12:00.814989 np0000005981 devstack@placement-api.service[90087]: INFO placement.requestlog [req-1e1909c5-e2b7-421f-9759-97eb5193bac0 req-997eea20-6e10-4541-9513-04fb162408f1 service nova] 10.4.3.209 "GET /placement/allocations/3edd0012-d7d4-4f1f-b28a-76153eaf6b7e" status: 200 len: 258 microversion: 1.28
Jul 28 10:12:00.815143 np0000005981 devstack@placement-api.service[90089]: INFO placement.requestlog [None req-f37fa54e-36dd-4cb4-9053-e5de5b8a3ae0 service placement] 10.4.3.209 "GET /placement/resource_providers/97e8cb32-8b7e-4ec4-9928-41fce9f187af/aggregates" status: 404 len: 235 microversion: 1.1
Jul 28 10:12:00.815553 np0000005981 devstack@placement-api.service[90087]: [pid: 90087|app: 0|req: 111/331] 10.4.3.209 () {68 vars in 1499 bytes} [Tue Jul 28 10:12:00 2026] GET /placement/allocations/3edd0012-d7d4-4f1f-b28a-76153eaf6b7e => generated 258 bytes in 24 msecs (HTTP/1.1 200) 8 headers in 296 bytes (1 switches on core 0)
Jul 28 10:12:00.815736 np0000005981 devstack@placement-api.service[90089]: [pid: 90089|app: 0|req: 111/332] 10.4.3.209 () {66 vars in 1474 bytes} [Tue Jul 28 10:12:00 2026] GET /placement/resource_providers/97e8cb32-8b7e-4ec4-9928-41fce9f187af/aggregates => generated 235 bytes in 11 msecs (HTTP/1.1 404) 5 headers in 202 bytes (1 switches on core 0)
Jul 28 10:12:00.847161 np0000005981 devstack@placement-api.service[90088]: DEBUG placement.requestlog [req-1e1909c5-e2b7-421f-9759-97eb5193bac0 req-6bb3bab2-f116-4b32-96e3-24786ba90cd5 None None] Starting request: 10.4.3.209 "GET /placement/allocations/3ae3453e-3de1-4e17-9652-b46574a4ac04" {{(pid=90088) __call__ /opt/stack/placement/placement/requestlog.py:55}}
Jul 28 10:12:00.853658 np0000005981 devstack@placement-api.service[90089]: DEBUG placement.requestlog [None req-b8cee39e-1c7e-4c05-8f3b-581a64fcc94d None None] Starting request: 10.4.3.209 "DELETE /placement/resource_providers/97e8cb32-8b7e-4ec4-9928-41fce9f187af" {{(pid=90089) __call__ /opt/stack/placement/placement/requestlog.py:55}}
Jul 28 10:12:00.860766 np0000005981 devstack@placement-api.service[90088]: INFO placement.requestlog [req-1e1909c5-e2b7-421f-9759-97eb5193bac0 req-6bb3bab2-f116-4b32-96e3-24786ba90cd5 service nova] 10.4.3.209 "GET /placement/allocations/3ae3453e-3de1-4e17-9652-b46574a4ac04" status: 200 len: 244 microversion: 1.28
Jul 28 10:12:00.860766 np0000005981 devstack@placement-api.service[90088]: [pid: 90088|app: 0|req: 111/333] 10.4.3.209 () {68 vars in 1499 bytes} [Tue Jul 28 10:12:00 2026] GET /placement/allocations/3ae3453e-3de1-4e17-9652-b46574a4ac04 => generated 244 bytes in 12 msecs (HTTP/1.1 200) 8 headers in 296 bytes (1 switches on core 0)
Jul 28 10:12:00.870639 np0000005981 devstack@placement-api.service[90089]: DEBUG placement.wsgi_wrapper [None req-b8cee39e-1c7e-4c05-8f3b-581a64fcc94d service placement] Placement API returning an error response: No resource provider with uuid 97e8cb32-8b7e-4ec4-9928-41fce9f187af found for delete {{(pid=90089) call_func /opt/stack/placement/placement/wsgi_wrapper.py:31}}
Jul 28 10:12:00.871068 np0000005981 devstack@placement-api.service[90089]: INFO placement.requestlog [None req-b8cee39e-1c7e-4c05-8f3b-581a64fcc94d service placement] 10.4.3.209 "DELETE /placement/resource_providers/97e8cb32-8b7e-4ec4-9928-41fce9f187af" status: 404 len: 246 microversion: 1.1
Jul 28 10:12:00.871613 np0000005981 devstack@placement-api.service[90089]: [pid: 90089|app: 0|req: 112/334] 10.4.3.209 () {68 vars in 1463 bytes} [Tue Jul 28 10:12:00 2026] DELETE /placement/resource_providers/97e8cb32-8b7e-4ec4-9928-41fce9f187af => generated 246 bytes in 18 msecs (HTTP/1.1 404) 6 headers in 231 bytes (1 switches on core 0)
Jul 28 10:12:00.891958 np0000005981 devstack@placement-api.service[90087]: DEBUG placement.requestlog [req-1e1909c5-e2b7-421f-9759-97eb5193bac0 req-a889416f-bcfb-4277-8d0f-93a753321597 None None] Starting request: 10.4.3.209 "GET /placement/allocations/e9e6b700-c8cb-4154-a642-f3b01ddfd87f" {{(pid=90087) __call__ /opt/stack/placement/placement/requestlog.py:55}}
Jul 28 10:12:00.910101 np0000005981 devstack@placement-api.service[90087]: INFO placement.requestlog [req-1e1909c5-e2b7-421f-9759-97eb5193bac0 req-a889416f-bcfb-4277-8d0f-93a753321597 service nova] 10.4.3.209 "GET /placement/allocations/e9e6b700-c8cb-4154-a642-f3b01ddfd87f" status: 200 len: 258 microversion: 1.28
Jul 28 10:12:00.910428 np0000005981 devstack@placement-api.service[90087]: [pid: 90087|app: 0|req: 112/335] 10.4.3.209 () {68 vars in 1499 bytes} [Tue Jul 28 10:12:00 2026] GET /placement/allocations/e9e6b700-c8cb-4154-a642-f3b01ddfd87f => generated 258 bytes in 18 msecs (HTTP/1.1 200) 8 headers in 296 bytes (1 switches on core 0)
Jul 28 10:12:00.941095 np0000005981 devstack@placement-api.service[90088]: DEBUG placement.requestlog [req-1e1909c5-e2b7-421f-9759-97eb5193bac0 req-46577de5-49d7-41f8-b45e-d80c7d846e08 None None] Starting request: 10.4.3.209 "GET /placement/allocations/7115d5f5-b346-4a36-ba87-4edf787d6b43" {{(pid=90088) __call__ /opt/stack/placement/placement/requestlog.py:55}}
Jul 28 10:12:00.950106 np0000005981 devstack@placement-api.service[90088]: INFO placement.requestlog [req-1e1909c5-e2b7-421f-9759-97eb5193bac0 req-46577de5-49d7-41f8-b45e-d80c7d846e08 service nova] 10.4.3.209 "GET /placement/allocations/7115d5f5-b346-4a36-ba87-4edf787d6b43" status: 200 len: 258 microversion: 1.28
Jul 28 10:12:00.950106 np0000005981 devstack@placement-api.service[90088]: [pid: 90088|app: 0|req: 112/336] 10.4.3.209 () {68 vars in 1499 bytes} [Tue Jul 28 10:12:00 2026] GET /placement/allocations/7115d5f5-b346-4a36-ba87-4edf787d6b43 => generated 258 bytes in 8 msecs (HTTP/1.1 200) 8 headers in 296 bytes (1 switches on core 0)
Jul 28 10:12:00.981506 np0000005981 devstack@placement-api.service[90089]: DEBUG placement.requestlog [req-1e1909c5-e2b7-421f-9759-97eb5193bac0 req-bcf46f76-85d1-4420-a96b-9648816648c8 None None] Starting request: 10.4.3.209 "GET /placement/allocations/ed0b76fa-c099-40b0-ae54-fcf3d9bc151c" {{(pid=90089) __call__ /opt/stack/placement/placement/requestlog.py:55}}
Jul 28 10:12:00.994768 np0000005981 devstack@placement-api.service[90089]: INFO placement.requestlog [req-1e1909c5-e2b7-421f-9759-97eb5193bac0 req-bcf46f76-85d1-4420-a96b-9648816648c8 service nova] 10.4.3.209 "GET /placement/allocations/ed0b76fa-c099-40b0-ae54-fcf3d9bc151c" status: 200 len: 258 microversion: 1.28
Jul 28 10:12:00.994976 np0000005981 devstack@placement-api.service[90089]: [pid: 90089|app: 0|req: 113/337] 10.4.3.209 () {68 vars in 1499 bytes} [Tue Jul 28 10:12:00 2026] GET /placement/allocations/ed0b76fa-c099-40b0-ae54-fcf3d9bc151c => generated 258 bytes in 15 msecs (HTTP/1.1 200) 8 headers in 296 bytes (1 switches on core 0)
Jul 28 10:12:06.172315 np0000005981 devstack@placement-api.service[90087]: DEBUG placement.requestlog [req-45ad9277-dadf-4391-836d-29e9d864bcb5 req-e328fabe-8d7e-48ae-9fa0-d6194556efcb None None] Starting request: 10.4.3.209 "GET /placement/resource_providers/af9ef1c0-ad1c-4773-b1b9-3dfc0c5fef69/allocations" {{(pid=90087) __call__ /opt/stack/placement/placement/requestlog.py:55}}
Jul 28 10:12:06.187321 np0000005981 devstack@placement-api.service[90087]: INFO placement.requestlog [req-45ad9277-dadf-4391-836d-29e9d864bcb5 req-e328fabe-8d7e-48ae-9fa0-d6194556efcb service nova] 10.4.3.209 "GET /placement/resource_providers/af9ef1c0-ad1c-4773-b1b9-3dfc0c5fef69/allocations" status: 200 len: 811 microversion: 1.0
Jul 28 10:12:06.187566 np0000005981 devstack@placement-api.service[90087]: [pid: 90087|app: 0|req: 113/338] 10.4.3.209 () {66 vars in 1512 bytes} [Tue Jul 28 10:12:06 2026] GET /placement/resource_providers/af9ef1c0-ad1c-4773-b1b9-3dfc0c5fef69/allocations => generated 811 bytes in 15 msecs (HTTP/1.1 200) 6 headers in 224 bytes (1 switches on core 0)
Jul 28 10:12:06.230724 np0000005981 devstack@placement-api.service[90088]: DEBUG placement.requestlog [req-45ad9277-dadf-4391-836d-29e9d864bcb5 req-fcac6a5a-b643-4bff-9358-7d8e7202f8f6 None None] Starting request: 10.4.3.209 "GET /placement/allocations/a5a17323-3f31-41c3-897d-87210ff5f7cc" {{(pid=90088) __call__ /opt/stack/placement/placement/requestlog.py:55}}
Jul 28 10:12:06.242416 np0000005981 devstack@placement-api.service[90088]: INFO placement.requestlog [req-45ad9277-dadf-4391-836d-29e9d864bcb5 req-fcac6a5a-b643-4bff-9358-7d8e7202f8f6 service nova] 10.4.3.209 "GET /placement/allocations/a5a17323-3f31-41c3-897d-87210ff5f7cc" status: 200 len: 258 microversion: 1.28
Jul 28 10:12:06.242973 np0000005981 devstack@placement-api.service[90088]: [pid: 90088|app: 0|req: 113/339] 10.4.3.209 () {68 vars in 1499 bytes} [Tue Jul 28 10:12:06 2026] GET /placement/allocations/a5a17323-3f31-41c3-897d-87210ff5f7cc => generated 258 bytes in 13 msecs (HTTP/1.1 200) 8 headers in 296 bytes (1 switches on core 0)
Jul 28 10:12:06.286436 np0000005981 devstack@placement-api.service[90089]: DEBUG placement.requestlog [req-45ad9277-dadf-4391-836d-29e9d864bcb5 req-2dcd2ea8-11b5-407e-819e-91eff2b36884 None None] Starting request: 10.4.3.209 "GET /placement/allocations/bf5df708-7907-4ee1-bc53-bdb2a04e4198" {{(pid=90089) __call__ /opt/stack/placement/placement/requestlog.py:55}}
Jul 28 10:12:06.299276 np0000005981 devstack@placement-api.service[90089]: INFO placement.requestlog [req-45ad9277-dadf-4391-836d-29e9d864bcb5 req-2dcd2ea8-11b5-407e-819e-91eff2b36884 service nova] 10.4.3.209 "GET /placement/allocations/bf5df708-7907-4ee1-bc53-bdb2a04e4198" status: 200 len: 244 microversion: 1.28
Jul 28 10:12:06.299276 np0000005981 devstack@placement-api.service[90089]: [pid: 90089|app: 0|req: 114/340] 10.4.3.209 () {68 vars in 1499 bytes} [Tue Jul 28 10:12:06 2026] GET /placement/allocations/bf5df708-7907-4ee1-bc53-bdb2a04e4198 => generated 244 bytes in 12 msecs (HTTP/1.1 200) 8 headers in 296 bytes (1 switches on core 0)
Jul 28 10:12:06.333044 np0000005981 devstack@placement-api.service[90087]: DEBUG placement.requestlog [req-45ad9277-dadf-4391-836d-29e9d864bcb5 req-61408691-ae71-4eea-be3a-b7aefac1584c None None] Starting request: 10.4.3.209 "GET /placement/allocations/1c1b20b3-793e-4ae0-9532-091c4c8bb9e5" {{(pid=90087) __call__ /opt/stack/placement/placement/requestlog.py:55}}
Jul 28 10:12:06.348267 np0000005981 devstack@placement-api.service[90087]: INFO placement.requestlog [req-45ad9277-dadf-4391-836d-29e9d864bcb5 req-61408691-ae71-4eea-be3a-b7aefac1584c service nova] 10.4.3.209 "GET /placement/allocations/1c1b20b3-793e-4ae0-9532-091c4c8bb9e5" status: 200 len: 244 microversion: 1.28
Jul 28 10:12:06.348522 np0000005981 devstack@placement-api.service[90087]: [pid: 90087|app: 0|req: 114/341] 10.4.3.209 () {68 vars in 1499 bytes} [Tue Jul 28 10:12:06 2026] GET /placement/allocations/1c1b20b3-793e-4ae0-9532-091c4c8bb9e5 => generated 244 bytes in 15 msecs (HTTP/1.1 200) 8 headers in 296 bytes (1 switches on core 0)
Jul 28 10:12:06.383754 np0000005981 devstack@placement-api.service[90088]: DEBUG placement.requestlog [req-45ad9277-dadf-4391-836d-29e9d864bcb5 req-7f9c54c5-8826-4795-bdaa-8f124e573811 None None] Starting request: 10.4.3.209 "GET /placement/allocations/3edd0012-d7d4-4f1f-b28a-76153eaf6b7e" {{(pid=90088) __call__ /opt/stack/placement/placement/requestlog.py:55}}
Jul 28 10:12:06.398118 np0000005981 devstack@placement-api.service[90088]: INFO placement.requestlog [req-45ad9277-dadf-4391-836d-29e9d864bcb5 req-7f9c54c5-8826-4795-bdaa-8f124e573811 service nova] 10.4.3.209 "GET /placement/allocations/3edd0012-d7d4-4f1f-b28a-76153eaf6b7e" status: 200 len: 258 microversion: 1.28
Jul 28 10:12:06.398500 np0000005981 devstack@placement-api.service[90088]: [pid: 90088|app: 0|req: 114/342] 10.4.3.209 () {68 vars in 1499 bytes} [Tue Jul 28 10:12:06 2026] GET /placement/allocations/3edd0012-d7d4-4f1f-b28a-76153eaf6b7e => generated 258 bytes in 15 msecs (HTTP/1.1 200) 8 headers in 296 bytes (1 switches on core 0)
Jul 28 10:12:06.436272 np0000005981 devstack@placement-api.service[90089]: DEBUG placement.requestlog [req-45ad9277-dadf-4391-836d-29e9d864bcb5 req-48336323-4580-4491-b247-aa7f7a1a74f2 None None] Starting request: 10.4.3.209 "GET /placement/allocations/3ae3453e-3de1-4e17-9652-b46574a4ac04" {{(pid=90089) __call__ /opt/stack/placement/placement/requestlog.py:55}}
Jul 28 10:12:06.455970 np0000005981 devstack@placement-api.service[90089]: INFO placement.requestlog [req-45ad9277-dadf-4391-836d-29e9d864bcb5 req-48336323-4580-4491-b247-aa7f7a1a74f2 service nova] 10.4.3.209 "GET /placement/allocations/3ae3453e-3de1-4e17-9652-b46574a4ac04" status: 200 len: 244 microversion: 1.28
Jul 28 10:12:06.456208 np0000005981 devstack@placement-api.service[90089]: [pid: 90089|app: 0|req: 115/343] 10.4.3.209 () {68 vars in 1499 bytes} [Tue Jul 28 10:12:06 2026] GET /placement/allocations/3ae3453e-3de1-4e17-9652-b46574a4ac04 => generated 244 bytes in 20 msecs (HTTP/1.1 200) 8 headers in 296 bytes (1 switches on core 0)
Jul 28 10:12:06.500694 np0000005981 devstack@placement-api.service[90087]: DEBUG placement.requestlog [req-45ad9277-dadf-4391-836d-29e9d864bcb5 req-ef9e8ba0-c564-41f5-a003-a544327a77f9 None None] Starting request: 10.4.3.209 "GET /placement/allocations/e9e6b700-c8cb-4154-a642-f3b01ddfd87f" {{(pid=90087) __call__ /opt/stack/placement/placement/requestlog.py:55}}
Jul 28 10:12:06.512731 np0000005981 devstack@placement-api.service[90087]: INFO placement.requestlog [req-45ad9277-dadf-4391-836d-29e9d864bcb5 req-ef9e8ba0-c564-41f5-a003-a544327a77f9 service nova] 10.4.3.209 "GET /placement/allocations/e9e6b700-c8cb-4154-a642-f3b01ddfd87f" status: 200 len: 258 microversion: 1.28
Jul 28 10:12:06.512991 np0000005981 devstack@placement-api.service[90087]: [pid: 90087|app: 0|req: 115/344] 10.4.3.209 () {68 vars in 1499 bytes} [Tue Jul 28 10:12:06 2026] GET /placement/allocations/e9e6b700-c8cb-4154-a642-f3b01ddfd87f => generated 258 bytes in 12 msecs (HTTP/1.1 200) 8 headers in 296 bytes (1 switches on core 0)
Jul 28 10:12:06.557363 np0000005981 devstack@placement-api.service[90088]: DEBUG placement.requestlog [req-45ad9277-dadf-4391-836d-29e9d864bcb5 req-8b23d4b0-2240-4c71-9974-a427f9e322df None None] Starting request: 10.4.3.209 "GET /placement/allocations/7115d5f5-b346-4a36-ba87-4edf787d6b43" {{(pid=90088) __call__ /opt/stack/placement/placement/requestlog.py:55}}
Jul 28 10:12:06.575642 np0000005981 devstack@placement-api.service[90088]: INFO placement.requestlog [req-45ad9277-dadf-4391-836d-29e9d864bcb5 req-8b23d4b0-2240-4c71-9974-a427f9e322df service nova] 10.4.3.209 "GET /placement/allocations/7115d5f5-b346-4a36-ba87-4edf787d6b43" status: 200 len: 258 microversion: 1.28
Jul 28 10:12:06.575928 np0000005981 devstack@placement-api.service[90088]: [pid: 90088|app: 0|req: 115/345] 10.4.3.209 () {68 vars in 1499 bytes} [Tue Jul 28 10:12:06 2026] GET /placement/allocations/7115d5f5-b346-4a36-ba87-4edf787d6b43 => generated 258 bytes in 19 msecs (HTTP/1.1 200) 8 headers in 296 bytes (1 switches on core 0)
Jul 28 10:12:06.610581 np0000005981 devstack@placement-api.service[90089]: DEBUG placement.requestlog [req-45ad9277-dadf-4391-836d-29e9d864bcb5 req-3329c631-f551-4b2f-8035-d88fa64d0bc6 None None] Starting request: 10.4.3.209 "GET /placement/allocations/ed0b76fa-c099-40b0-ae54-fcf3d9bc151c" {{(pid=90089) __call__ /opt/stack/placement/placement/requestlog.py:55}}
Jul 28 10:12:06.628961 np0000005981 devstack@placement-api.service[90089]: INFO placement.requestlog [req-45ad9277-dadf-4391-836d-29e9d864bcb5 req-3329c631-f551-4b2f-8035-d88fa64d0bc6 service nova] 10.4.3.209 "GET /placement/allocations/ed0b76fa-c099-40b0-ae54-fcf3d9bc151c" status: 200 len: 258 microversion: 1.28
Jul 28 10:12:06.629715 np0000005981 devstack@placement-api.service[90089]: [pid: 90089|app: 0|req: 116/346] 10.4.3.209 () {68 vars in 1499 bytes} [Tue Jul 28 10:12:06 2026] GET /placement/allocations/ed0b76fa-c099-40b0-ae54-fcf3d9bc151c => generated 258 bytes in 19 msecs (HTTP/1.1 200) 8 headers in 296 bytes (1 switches on core 0)
Jul 28 10:12:06.735307 np0000005981 devstack@placement-api.service[90087]: DEBUG placement.requestlog [req-45ad9277-dadf-4391-836d-29e9d864bcb5 req-b0877ee9-70e6-4ca2-89c7-6e409ed01120 None None] Starting request: 10.4.3.209 "DELETE /placement/allocations/1c1b20b3-793e-4ae0-9532-091c4c8bb9e5" {{(pid=90087) __call__ /opt/stack/placement/placement/requestlog.py:55}}
Jul 28 10:12:06.757446 np0000005981 devstack@placement-api.service[90087]: DEBUG placement.handlers.allocation [req-45ad9277-dadf-4391-836d-29e9d864bcb5 req-b0877ee9-70e6-4ca2-89c7-6e409ed01120 service nova] Successfully deleted allocations [, ] {{(pid=90087) delete_allocations /opt/stack/placement/placement/handlers/allocation.py:627}}
Jul 28 10:12:06.757856 np0000005981 devstack@placement-api.service[90087]: INFO placement.requestlog [req-45ad9277-dadf-4391-836d-29e9d864bcb5 req-b0877ee9-70e6-4ca2-89c7-6e409ed01120 service nova] 10.4.3.209 "DELETE /placement/allocations/1c1b20b3-793e-4ae0-9532-091c4c8bb9e5" status: 204 len: 0 microversion: 1.0
Jul 28 10:12:06.758227 np0000005981 devstack@placement-api.service[90087]: [pid: 90087|app: 0|req: 116/347] 10.4.3.209 () {68 vars in 1477 bytes} [Tue Jul 28 10:12:06 2026] DELETE /placement/allocations/1c1b20b3-793e-4ae0-9532-091c4c8bb9e5 => generated 0 bytes in 23 msecs (HTTP/1.1 204) 5 headers in 198 bytes (1 switches on core 0)
Jul 28 10:12:06.978233 np0000005981 devstack@placement-api.service[90088]: DEBUG placement.requestlog [req-c7ad82c7-8b75-492a-88e5-9c5a1adda074 req-46fcca97-2734-47d5-addf-8a78744f5db6 None None] Starting request: 10.4.3.209 "GET /placement/resource_providers/af9ef1c0-ad1c-4773-b1b9-3dfc0c5fef69/allocations" {{(pid=90088) __call__ /opt/stack/placement/placement/requestlog.py:55}}
Jul 28 10:12:06.997917 np0000005981 devstack@placement-api.service[90088]: INFO placement.requestlog [req-c7ad82c7-8b75-492a-88e5-9c5a1adda074 req-46fcca97-2734-47d5-addf-8a78744f5db6 service nova] 10.4.3.209 "GET /placement/resource_providers/af9ef1c0-ad1c-4773-b1b9-3dfc0c5fef69/allocations" status: 200 len: 725 microversion: 1.0
Jul 28 10:12:06.998231 np0000005981 devstack@placement-api.service[90088]: [pid: 90088|app: 0|req: 116/348] 10.4.3.209 () {66 vars in 1512 bytes} [Tue Jul 28 10:12:06 2026] GET /placement/resource_providers/af9ef1c0-ad1c-4773-b1b9-3dfc0c5fef69/allocations => generated 725 bytes in 20 msecs (HTTP/1.1 200) 6 headers in 224 bytes (1 switches on core 0)
Jul 28 10:12:07.035088 np0000005981 devstack@placement-api.service[90089]: DEBUG placement.requestlog [req-c7ad82c7-8b75-492a-88e5-9c5a1adda074 req-224c9cdd-8b15-4127-aa87-ab825e74522b None None] Starting request: 10.4.3.209 "GET /placement/allocations/a5a17323-3f31-41c3-897d-87210ff5f7cc" {{(pid=90089) __call__ /opt/stack/placement/placement/requestlog.py:55}}
Jul 28 10:12:07.051550 np0000005981 devstack@placement-api.service[90087]: DEBUG placement.requestlog [None req-72809863-8f44-4f14-89b8-178acb2b5380 None None] Starting request: 10.4.3.209 "GET /placement/resource_providers/4e2b7df5-d165-4c51-bf70-e21738b640bf/aggregates" {{(pid=90087) __call__ /opt/stack/placement/placement/requestlog.py:55}}
Jul 28 10:12:07.062500 np0000005981 devstack@placement-api.service[90089]: INFO placement.requestlog [req-c7ad82c7-8b75-492a-88e5-9c5a1adda074 req-224c9cdd-8b15-4127-aa87-ab825e74522b service nova] 10.4.3.209 "GET /placement/allocations/a5a17323-3f31-41c3-897d-87210ff5f7cc" status: 200 len: 258 microversion: 1.28
Jul 28 10:12:07.062942 np0000005981 devstack@placement-api.service[90089]: [pid: 90089|app: 0|req: 117/349] 10.4.3.209 () {68 vars in 1499 bytes} [Tue Jul 28 10:12:07 2026] GET /placement/allocations/a5a17323-3f31-41c3-897d-87210ff5f7cc => generated 258 bytes in 28 msecs (HTTP/1.1 200) 8 headers in 296 bytes (1 switches on core 0)
Jul 28 10:12:07.064109 np0000005981 devstack@placement-api.service[90087]: INFO placement.requestlog [None req-72809863-8f44-4f14-89b8-178acb2b5380 service placement] 10.4.3.209 "GET /placement/resource_providers/4e2b7df5-d165-4c51-bf70-e21738b640bf/aggregates" status: 404 len: 235 microversion: 1.1
Jul 28 10:12:07.065738 np0000005981 devstack@placement-api.service[90087]: [pid: 90087|app: 0|req: 117/350] 10.4.3.209 () {66 vars in 1474 bytes} [Tue Jul 28 10:12:07 2026] GET /placement/resource_providers/4e2b7df5-d165-4c51-bf70-e21738b640bf/aggregates => generated 235 bytes in 13 msecs (HTTP/1.1 404) 5 headers in 202 bytes (1 switches on core 0)
Jul 28 10:12:07.096709 np0000005981 devstack@placement-api.service[90088]: DEBUG placement.requestlog [None req-f4c63561-4489-491a-85fa-d2adb9506b5c None None] Starting request: 10.4.3.209 "DELETE /placement/resource_providers/4e2b7df5-d165-4c51-bf70-e21738b640bf" {{(pid=90088) __call__ /opt/stack/placement/placement/requestlog.py:55}}
Jul 28 10:12:07.097902 np0000005981 devstack@placement-api.service[90089]: DEBUG placement.requestlog [req-c7ad82c7-8b75-492a-88e5-9c5a1adda074 req-40d439e3-a9c9-4892-a847-3d8005b4c8da None None] Starting request: 10.4.3.209 "GET /placement/allocations/3edd0012-d7d4-4f1f-b28a-76153eaf6b7e" {{(pid=90089) __call__ /opt/stack/placement/placement/requestlog.py:55}}
Jul 28 10:12:07.102128 np0000005981 devstack@placement-api.service[90088]: DEBUG placement.wsgi_wrapper [None req-f4c63561-4489-491a-85fa-d2adb9506b5c service placement] Placement API returning an error response: No resource provider with uuid 4e2b7df5-d165-4c51-bf70-e21738b640bf found for delete {{(pid=90088) call_func /opt/stack/placement/placement/wsgi_wrapper.py:31}}
Jul 28 10:12:07.102575 np0000005981 devstack@placement-api.service[90088]: INFO placement.requestlog [None req-f4c63561-4489-491a-85fa-d2adb9506b5c service placement] 10.4.3.209 "DELETE /placement/resource_providers/4e2b7df5-d165-4c51-bf70-e21738b640bf" status: 404 len: 246 microversion: 1.1
Jul 28 10:12:07.102804 np0000005981 devstack@placement-api.service[90088]: [pid: 90088|app: 0|req: 117/351] 10.4.3.209 () {68 vars in 1463 bytes} [Tue Jul 28 10:12:07 2026] DELETE /placement/resource_providers/4e2b7df5-d165-4c51-bf70-e21738b640bf => generated 246 bytes in 6 msecs (HTTP/1.1 404) 6 headers in 231 bytes (1 switches on core 0)
Jul 28 10:12:07.106627 np0000005981 devstack@placement-api.service[90089]: INFO placement.requestlog [req-c7ad82c7-8b75-492a-88e5-9c5a1adda074 req-40d439e3-a9c9-4892-a847-3d8005b4c8da service nova] 10.4.3.209 "GET /placement/allocations/3edd0012-d7d4-4f1f-b28a-76153eaf6b7e" status: 200 len: 258 microversion: 1.28
Jul 28 10:12:07.106627 np0000005981 devstack@placement-api.service[90089]: [pid: 90089|app: 0|req: 118/352] 10.4.3.209 () {68 vars in 1499 bytes} [Tue Jul 28 10:12:07 2026] GET /placement/allocations/3edd0012-d7d4-4f1f-b28a-76153eaf6b7e => generated 258 bytes in 9 msecs (HTTP/1.1 200) 8 headers in 296 bytes (1 switches on core 0)
Jul 28 10:12:07.134701 np0000005981 devstack@placement-api.service[90087]: DEBUG placement.requestlog [req-c7ad82c7-8b75-492a-88e5-9c5a1adda074 req-fdae1d0b-c38e-489b-9e02-6deb4f40d700 None None] Starting request: 10.4.3.209 "GET /placement/allocations/3ae3453e-3de1-4e17-9652-b46574a4ac04" {{(pid=90087) __call__ /opt/stack/placement/placement/requestlog.py:55}}
Jul 28 10:12:07.146058 np0000005981 devstack@placement-api.service[90087]: INFO placement.requestlog [req-c7ad82c7-8b75-492a-88e5-9c5a1adda074 req-fdae1d0b-c38e-489b-9e02-6deb4f40d700 service nova] 10.4.3.209 "GET /placement/allocations/3ae3453e-3de1-4e17-9652-b46574a4ac04" status: 200 len: 244 microversion: 1.28
Jul 28 10:12:07.146610 np0000005981 devstack@placement-api.service[90087]: [pid: 90087|app: 0|req: 118/353] 10.4.3.209 () {68 vars in 1499 bytes} [Tue Jul 28 10:12:07 2026] GET /placement/allocations/3ae3453e-3de1-4e17-9652-b46574a4ac04 => generated 244 bytes in 12 msecs (HTTP/1.1 200) 8 headers in 296 bytes (1 switches on core 0)
Jul 28 10:12:07.178812 np0000005981 devstack@placement-api.service[90088]: DEBUG placement.requestlog [req-c7ad82c7-8b75-492a-88e5-9c5a1adda074 req-e99a9f9b-dbcb-4282-b718-c3b1d0e48be3 None None] Starting request: 10.4.3.209 "GET /placement/allocations/e9e6b700-c8cb-4154-a642-f3b01ddfd87f" {{(pid=90088) __call__ /opt/stack/placement/placement/requestlog.py:55}}
Jul 28 10:12:07.187517 np0000005981 devstack@placement-api.service[90088]: INFO placement.requestlog [req-c7ad82c7-8b75-492a-88e5-9c5a1adda074 req-e99a9f9b-dbcb-4282-b718-c3b1d0e48be3 service nova] 10.4.3.209 "GET /placement/allocations/e9e6b700-c8cb-4154-a642-f3b01ddfd87f" status: 200 len: 258 microversion: 1.28
Jul 28 10:12:07.187727 np0000005981 devstack@placement-api.service[90088]: [pid: 90088|app: 0|req: 118/354] 10.4.3.209 () {68 vars in 1499 bytes} [Tue Jul 28 10:12:07 2026] GET /placement/allocations/e9e6b700-c8cb-4154-a642-f3b01ddfd87f => generated 258 bytes in 10 msecs (HTTP/1.1 200) 8 headers in 296 bytes (1 switches on core 0)
Jul 28 10:12:07.223192 np0000005981 devstack@placement-api.service[90089]: DEBUG placement.requestlog [req-c7ad82c7-8b75-492a-88e5-9c5a1adda074 req-ca4bedea-56ff-42e7-a710-e4d83e6c5bb4 None None] Starting request: 10.4.3.209 "GET /placement/allocations/bf5df708-7907-4ee1-bc53-bdb2a04e4198" {{(pid=90089) __call__ /opt/stack/placement/placement/requestlog.py:55}}
Jul 28 10:12:07.231812 np0000005981 devstack@placement-api.service[90089]: INFO placement.requestlog [req-c7ad82c7-8b75-492a-88e5-9c5a1adda074 req-ca4bedea-56ff-42e7-a710-e4d83e6c5bb4 service nova] 10.4.3.209 "GET /placement/allocations/bf5df708-7907-4ee1-bc53-bdb2a04e4198" status: 200 len: 244 microversion: 1.28
Jul 28 10:12:07.232065 np0000005981 devstack@placement-api.service[90089]: [pid: 90089|app: 0|req: 119/355] 10.4.3.209 () {68 vars in 1499 bytes} [Tue Jul 28 10:12:07 2026] GET /placement/allocations/bf5df708-7907-4ee1-bc53-bdb2a04e4198 => generated 244 bytes in 9 msecs (HTTP/1.1 200) 8 headers in 296 bytes (1 switches on core 0)
Jul 28 10:12:07.272628 np0000005981 devstack@placement-api.service[90087]: DEBUG placement.requestlog [req-c7ad82c7-8b75-492a-88e5-9c5a1adda074 req-6b11c783-a4f6-4166-8c6b-805bfa031a8f None None] Starting request: 10.4.3.209 "GET /placement/allocations/7115d5f5-b346-4a36-ba87-4edf787d6b43" {{(pid=90087) __call__ /opt/stack/placement/placement/requestlog.py:55}}
Jul 28 10:12:07.281149 np0000005981 devstack@placement-api.service[90087]: INFO placement.requestlog [req-c7ad82c7-8b75-492a-88e5-9c5a1adda074 req-6b11c783-a4f6-4166-8c6b-805bfa031a8f service nova] 10.4.3.209 "GET /placement/allocations/7115d5f5-b346-4a36-ba87-4edf787d6b43" status: 200 len: 258 microversion: 1.28
Jul 28 10:12:07.281564 np0000005981 devstack@placement-api.service[90087]: [pid: 90087|app: 0|req: 119/356] 10.4.3.209 () {68 vars in 1499 bytes} [Tue Jul 28 10:12:07 2026] GET /placement/allocations/7115d5f5-b346-4a36-ba87-4edf787d6b43 => generated 258 bytes in 9 msecs (HTTP/1.1 200) 8 headers in 296 bytes (1 switches on core 0)
Jul 28 10:12:07.323624 np0000005981 devstack@placement-api.service[90088]: DEBUG placement.requestlog [req-c7ad82c7-8b75-492a-88e5-9c5a1adda074 req-6860a9a6-1bb0-4086-8be1-1fef8c277099 None None] Starting request: 10.4.3.209 "GET /placement/allocations/ed0b76fa-c099-40b0-ae54-fcf3d9bc151c" {{(pid=90088) __call__ /opt/stack/placement/placement/requestlog.py:55}}
Jul 28 10:12:07.331431 np0000005981 devstack@placement-api.service[90088]: INFO placement.requestlog [req-c7ad82c7-8b75-492a-88e5-9c5a1adda074 req-6860a9a6-1bb0-4086-8be1-1fef8c277099 service nova] 10.4.3.209 "GET /placement/allocations/ed0b76fa-c099-40b0-ae54-fcf3d9bc151c" status: 200 len: 258 microversion: 1.28
Jul 28 10:12:07.331817 np0000005981 devstack@placement-api.service[90088]: [pid: 90088|app: 0|req: 119/357] 10.4.3.209 () {68 vars in 1499 bytes} [Tue Jul 28 10:12:07 2026] GET /placement/allocations/ed0b76fa-c099-40b0-ae54-fcf3d9bc151c => generated 258 bytes in 11 msecs (HTTP/1.1 200) 8 headers in 296 bytes (1 switches on core 0)
Jul 28 10:12:07.442319 np0000005981 devstack@placement-api.service[90089]: DEBUG placement.requestlog [req-c7ad82c7-8b75-492a-88e5-9c5a1adda074 req-0b4cb096-fcaa-4db3-8324-3e422db8a4dc None None] Starting request: 10.4.3.209 "DELETE /placement/allocations/bf5df708-7907-4ee1-bc53-bdb2a04e4198" {{(pid=90089) __call__ /opt/stack/placement/placement/requestlog.py:55}}
Jul 28 10:12:07.475003 np0000005981 devstack@placement-api.service[90089]: DEBUG placement.handlers.allocation [req-c7ad82c7-8b75-492a-88e5-9c5a1adda074 req-0b4cb096-fcaa-4db3-8324-3e422db8a4dc service nova] Successfully deleted allocations [, ] {{(pid=90089) delete_allocations /opt/stack/placement/placement/handlers/allocation.py:627}}
Jul 28 10:12:07.475003 np0000005981 devstack@placement-api.service[90089]: INFO placement.requestlog [req-c7ad82c7-8b75-492a-88e5-9c5a1adda074 req-0b4cb096-fcaa-4db3-8324-3e422db8a4dc service nova] 10.4.3.209 "DELETE /placement/allocations/bf5df708-7907-4ee1-bc53-bdb2a04e4198" status: 204 len: 0 microversion: 1.0
Jul 28 10:12:07.475148 np0000005981 devstack@placement-api.service[90089]: [pid: 90089|app: 0|req: 120/358] 10.4.3.209 () {68 vars in 1477 bytes} [Tue Jul 28 10:12:07 2026] DELETE /placement/allocations/bf5df708-7907-4ee1-bc53-bdb2a04e4198 => generated 0 bytes in 33 msecs (HTTP/1.1 204) 5 headers in 198 bytes (1 switches on core 0)
Jul 28 10:12:10.645616 np0000005981 devstack@placement-api.service[90087]: DEBUG placement.requestlog [None req-a62184c6-8679-4da8-8d3a-927cfed38ac5 None None] Starting request: 10.4.3.209 "GET /placement/resource_providers/f5b0bb57-de8a-422a-8053-36e91377896e/aggregates" {{(pid=90087) __call__ /opt/stack/placement/placement/requestlog.py:55}}
Jul 28 10:12:10.670702 np0000005981 devstack@placement-api.service[90087]: INFO placement.requestlog [None req-a62184c6-8679-4da8-8d3a-927cfed38ac5 service placement] 10.4.3.209 "GET /placement/resource_providers/f5b0bb57-de8a-422a-8053-36e91377896e/aggregates" status: 404 len: 235 microversion: 1.1
Jul 28 10:12:10.671772 np0000005981 devstack@placement-api.service[90087]: [pid: 90087|app: 0|req: 120/359] 10.4.3.209 () {66 vars in 1474 bytes} [Tue Jul 28 10:12:10 2026] GET /placement/resource_providers/f5b0bb57-de8a-422a-8053-36e91377896e/aggregates => generated 235 bytes in 25 msecs (HTTP/1.1 404) 5 headers in 202 bytes (1 switches on core 0)
Jul 28 10:12:10.720892 np0000005981 devstack@placement-api.service[90088]: DEBUG placement.requestlog [None req-ea3451ed-3454-4817-b99e-33d8e9744720 None None] Starting request: 10.4.3.209 "DELETE /placement/resource_providers/f5b0bb57-de8a-422a-8053-36e91377896e" {{(pid=90088) __call__ /opt/stack/placement/placement/requestlog.py:55}}
Jul 28 10:12:10.726208 np0000005981 devstack@placement-api.service[90088]: DEBUG placement.wsgi_wrapper [None req-ea3451ed-3454-4817-b99e-33d8e9744720 service placement] Placement API returning an error response: No resource provider with uuid f5b0bb57-de8a-422a-8053-36e91377896e found for delete {{(pid=90088) call_func /opt/stack/placement/placement/wsgi_wrapper.py:31}}
