Aug 16 18:32:47.473446 np0000007391 devstack@c-api.service[100213]: INFO cinder.api.openstack.wsgi [None req-45a2361a-5c3f-453f-a78a-aae4dc137e96 tempest-AttachVolumeTestJSON-2054294583 tempest-AttachVolumeTestJSON-2054294583-project-member] https://10.4.3.167/volume/v3/volumes/35e7bc85-e931-47e2-9b66-c898bfaeb291 returned with HTTP 200
Aug 16 18:32:47.474998 np0000007391 devstack@c-api.service[100213]: [pid: 100213|app: 0|req: 27/106] 10.4.3.167 () {66 vars in 1348 bytes} [Sun Aug 16 18:32:47 2026] GET /volume/v3/volumes/35e7bc85-e931-47e2-9b66-c898bfaeb291 => generated 842 bytes in 32 msecs (HTTP/1.1 200) 7 headers in 285 bytes (1 switches on core 0)
Aug 16 18:32:47.475977 np0000007391 devstack@c-api.service[100210]: DEBUG cinder.api.middleware.request_id [req-eec14cf2-8cc6-4a39-87cf-c73d127d50e6 req-0f372470-6cb5-4ba0-b0c1-34792d63a9e7 None None] RequestId filter calling following filter/app {{(pid=100210) _context_setter /opt/stack/cinder/cinder/api/middleware/request_id.py:62}}
Aug 16 18:32:47.478731 np0000007391 devstack@c-api.service[100210]: INFO cinder.api.openstack.wsgi [req-eec14cf2-8cc6-4a39-87cf-c73d127d50e6 req-0f372470-6cb5-4ba0-b0c1-34792d63a9e7 tempest-AttachVolumeTestJSON-2054294583 tempest-AttachVolumeTestJSON-2054294583-project-member] GET https://10.4.3.167/volume/v3/volumes/35e7bc85-e931-47e2-9b66-c898bfaeb291
Aug 16 18:32:47.479035 np0000007391 devstack@c-api.service[100210]: DEBUG cinder.api.openstack.wsgi [req-eec14cf2-8cc6-4a39-87cf-c73d127d50e6 req-0f372470-6cb5-4ba0-b0c1-34792d63a9e7 tempest-AttachVolumeTestJSON-2054294583 tempest-AttachVolumeTestJSON-2054294583-project-member] Empty body provided in request {{(pid=100210) get_body /opt/stack/cinder/cinder/api/openstack/wsgi.py:725}}
Aug 16 18:32:47.479305 np0000007391 devstack@c-api.service[100210]: DEBUG cinder.api.openstack.wsgi [req-eec14cf2-8cc6-4a39-87cf-c73d127d50e6 req-0f372470-6cb5-4ba0-b0c1-34792d63a9e7 tempest-AttachVolumeTestJSON-2054294583 tempest-AttachVolumeTestJSON-2054294583-project-member] Calling method 'show' {{(pid=100210) _process_stack /opt/stack/cinder/cinder/api/openstack/wsgi.py:878}}
Aug 16 18:32:47.491498 np0000007391 devstack@c-api.service[100210]: /opt/stack/data/venv/lib/python3.12/site-packages/oslo_context/context.py:102: DeprecationWarning: Policy enforcement is depending on the value of is_admin. This key is deprecated. Please update your policy file to use the standard policy values.
Aug 16 18:32:47.491498 np0000007391 devstack@c-api.service[100210]: warnings.warn(
Aug 16 18:32:47.495780 np0000007391 devstack@c-api.service[100210]: INFO cinder.volume.api [req-eec14cf2-8cc6-4a39-87cf-c73d127d50e6 req-0f372470-6cb5-4ba0-b0c1-34792d63a9e7 tempest-AttachVolumeTestJSON-2054294583 tempest-AttachVolumeTestJSON-2054294583-project-member] Volume info retrieved successfully.
Aug 16 18:32:47.501032 np0000007391 devstack@c-api.service[100210]: INFO cinder.api.openstack.wsgi [req-eec14cf2-8cc6-4a39-87cf-c73d127d50e6 req-0f372470-6cb5-4ba0-b0c1-34792d63a9e7 tempest-AttachVolumeTestJSON-2054294583 tempest-AttachVolumeTestJSON-2054294583-project-member] https://10.4.3.167/volume/v3/volumes/35e7bc85-e931-47e2-9b66-c898bfaeb291 returned with HTTP 200
Aug 16 18:32:47.501527 np0000007391 devstack@c-api.service[100210]: [pid: 100210|app: 0|req: 27/107] 10.4.3.167 () {70 vars in 1639 bytes} [Sun Aug 16 18:32:47 2026] GET /volume/v3/volumes/35e7bc85-e931-47e2-9b66-c898bfaeb291 => generated 1022 bytes in 26 msecs (HTTP/1.1 200) 7 headers in 287 bytes (1 switches on core 0)
Aug 16 18:32:47.583938 np0000007391 devstack@c-api.service[100211]: DEBUG cinder.api.middleware.request_id [req-eec14cf2-8cc6-4a39-87cf-c73d127d50e6 req-74327e71-6415-4ea5-843f-f24e700b53bf None None] RequestId filter calling following filter/app {{(pid=100211) _context_setter /opt/stack/cinder/cinder/api/middleware/request_id.py:62}}
Aug 16 18:32:47.585974 np0000007391 devstack@c-api.service[100211]: INFO cinder.api.openstack.wsgi [req-eec14cf2-8cc6-4a39-87cf-c73d127d50e6 req-74327e71-6415-4ea5-843f-f24e700b53bf tempest-AttachVolumeTestJSON-2054294583 tempest-AttachVolumeTestJSON-2054294583-project-member] PUT https://10.4.3.167/volume/v3/attachments/8e47a32d-cc0d-4fce-97be-6a2ec7845123
Aug 16 18:32:47.586305 np0000007391 devstack@c-api.service[100211]: DEBUG cinder.api.openstack.wsgi [req-eec14cf2-8cc6-4a39-87cf-c73d127d50e6 req-74327e71-6415-4ea5-843f-f24e700b53bf tempest-AttachVolumeTestJSON-2054294583 tempest-AttachVolumeTestJSON-2054294583-project-member] Action: 'update', calling method: version_select, body: {"attachment": {"connector": {"platform": "x86_64", "os_type": "linux", "ip": "10.4.3.167", "host": "np0000007391", "multipath": true, "enforce_multipath": true, "initiator": "iqn.2016-04.com.open-iscsi:b783de28492c", "do_local_attach": false, "uuid": "8515de1c-ba7e-467b-adde-6d9f8a8dbc1f", "system uuid": "f1b7b3d7-3e52-4e3d-8013-37cc51d3747a", "nvme_native_multipath": false, "mountpoint": "/dev/vdb"}}} {{(pid=100211) _process_stack /opt/stack/cinder/cinder/api/openstack/wsgi.py:876}}
Aug 16 18:32:47.598112 np0000007391 devstack@c-api.service[100211]: DEBUG cinder.coordination [req-eec14cf2-8cc6-4a39-87cf-c73d127d50e6 req-74327e71-6415-4ea5-843f-f24e700b53bf tempest-AttachVolumeTestJSON-2054294583 tempest-AttachVolumeTestJSON-2054294583-project-member] Acquiring lock "cinder-attachment_update-35e7bc85-e931-47e2-9b66-c898bfaeb291-np0000007391" by "attachment_update" {{(pid=100211) __acquire /opt/stack/cinder/cinder/coordination.py:138}}
Aug 16 18:32:47.603370 np0000007391 devstack@c-api.service[100211]: DEBUG cinder.coordination [req-eec14cf2-8cc6-4a39-87cf-c73d127d50e6 req-74327e71-6415-4ea5-843f-f24e700b53bf tempest-AttachVolumeTestJSON-2054294583 tempest-AttachVolumeTestJSON-2054294583-project-member] Lock "cinder-attachment_update-35e7bc85-e931-47e2-9b66-c898bfaeb291-np0000007391" acquired by "attachment_update" :: waited 0.005s {{(pid=100211) __acquire /opt/stack/cinder/cinder/coordination.py:141}}
Aug 16 18:32:47.604597 np0000007391 devstack@c-api.service[100211]: /opt/stack/data/venv/lib/python3.12/site-packages/oslo_context/context.py:102: DeprecationWarning: Policy enforcement is depending on the value of is_admin. This key is deprecated. Please update your policy file to use the standard policy values.
Aug 16 18:32:47.604597 np0000007391 devstack@c-api.service[100211]: warnings.warn(
Aug 16 18:32:47.716386 np0000007391 devstack@c-api.service[100211]: DEBUG cinder.coordination [req-eec14cf2-8cc6-4a39-87cf-c73d127d50e6 req-74327e71-6415-4ea5-843f-f24e700b53bf tempest-AttachVolumeTestJSON-2054294583 tempest-AttachVolumeTestJSON-2054294583-project-member] Lock "cinder-attachment_update-35e7bc85-e931-47e2-9b66-c898bfaeb291-np0000007391" released by "attachment_update" :: held 0.113s {{(pid=100211) __release /opt/stack/cinder/cinder/coordination.py:152}}
Aug 16 18:32:47.716799 np0000007391 devstack@c-api.service[100211]: INFO cinder.api.openstack.wsgi [req-eec14cf2-8cc6-4a39-87cf-c73d127d50e6 req-74327e71-6415-4ea5-843f-f24e700b53bf tempest-AttachVolumeTestJSON-2054294583 tempest-AttachVolumeTestJSON-2054294583-project-member] https://10.4.3.167/volume/v3/attachments/8e47a32d-cc0d-4fce-97be-6a2ec7845123 returned with HTTP 200
Aug 16 18:32:47.719397 np0000007391 devstack@c-api.service[100211]: [pid: 100211|app: 0|req: 27/108] 10.4.3.167 () {74 vars in 1704 bytes} [Sun Aug 16 18:32:47 2026] PUT /volume/v3/attachments/8e47a32d-cc0d-4fce-97be-6a2ec7845123 => generated 969 bytes in 134 msecs (HTTP/1.1 200) 7 headers in 286 bytes (1 switches on core 0)
Aug 16 18:32:48.494224 np0000007391 devstack@c-api.service[100212]: DEBUG cinder.api.middleware.request_id [None req-e4f4b311-af68-445d-9c44-aa2a8a45655d None None] RequestId filter calling following filter/app {{(pid=100212) _context_setter /opt/stack/cinder/cinder/api/middleware/request_id.py:62}}
Aug 16 18:32:48.497990 np0000007391 devstack@c-api.service[100212]: INFO cinder.api.openstack.wsgi [None req-e4f4b311-af68-445d-9c44-aa2a8a45655d tempest-AttachVolumeTestJSON-2054294583 tempest-AttachVolumeTestJSON-2054294583-project-member] GET https://10.4.3.167/volume/v3/volumes/35e7bc85-e931-47e2-9b66-c898bfaeb291
Aug 16 18:32:48.498238 np0000007391 devstack@c-api.service[100212]: DEBUG cinder.api.openstack.wsgi [None req-e4f4b311-af68-445d-9c44-aa2a8a45655d tempest-AttachVolumeTestJSON-2054294583 tempest-AttachVolumeTestJSON-2054294583-project-member] Empty body provided in request {{(pid=100212) get_body /opt/stack/cinder/cinder/api/openstack/wsgi.py:725}}
Aug 16 18:32:48.498502 np0000007391 devstack@c-api.service[100212]: DEBUG cinder.api.openstack.wsgi [None req-e4f4b311-af68-445d-9c44-aa2a8a45655d tempest-AttachVolumeTestJSON-2054294583 tempest-AttachVolumeTestJSON-2054294583-project-member] Calling method 'show' {{(pid=100212) _process_stack /opt/stack/cinder/cinder/api/openstack/wsgi.py:878}}
Aug 16 18:32:48.513101 np0000007391 devstack@c-api.service[100212]: /opt/stack/data/venv/lib/python3.12/site-packages/oslo_context/context.py:102: DeprecationWarning: Policy enforcement is depending on the value of is_admin. This key is deprecated. Please update your policy file to use the standard policy values.
Aug 16 18:32:48.513101 np0000007391 devstack@c-api.service[100212]: warnings.warn(
Aug 16 18:32:48.520679 np0000007391 devstack@c-api.service[100212]: INFO cinder.volume.api [None req-e4f4b311-af68-445d-9c44-aa2a8a45655d tempest-AttachVolumeTestJSON-2054294583 tempest-AttachVolumeTestJSON-2054294583-project-member] Volume info retrieved successfully.
Aug 16 18:32:48.532614 np0000007391 devstack@c-api.service[100212]: INFO cinder.api.openstack.wsgi [None req-e4f4b311-af68-445d-9c44-aa2a8a45655d tempest-AttachVolumeTestJSON-2054294583 tempest-AttachVolumeTestJSON-2054294583-project-member] https://10.4.3.167/volume/v3/volumes/35e7bc85-e931-47e2-9b66-c898bfaeb291 returned with HTTP 200
Aug 16 18:32:48.532614 np0000007391 devstack@c-api.service[100212]: [pid: 100212|app: 0|req: 28/109] 10.4.3.167 () {66 vars in 1348 bytes} [Sun Aug 16 18:32:48 2026] GET /volume/v3/volumes/35e7bc85-e931-47e2-9b66-c898bfaeb291 => generated 843 bytes in 38 msecs (HTTP/1.1 200) 7 headers in 285 bytes (1 switches on core 0)
Aug 16 18:32:48.949132 np0000007391 devstack@c-api.service[100213]: DEBUG cinder.api.middleware.request_id [req-5ea38d4b-8d76-460a-80bb-af35961073dc req-d3239fb5-4fb5-4595-b980-1264e7f1e6c4 None None] RequestId filter calling following filter/app {{(pid=100213) _context_setter /opt/stack/cinder/cinder/api/middleware/request_id.py:62}}
Aug 16 18:32:48.956257 np0000007391 devstack@c-api.service[100213]: INFO cinder.api.openstack.wsgi [req-5ea38d4b-8d76-460a-80bb-af35961073dc req-d3239fb5-4fb5-4595-b980-1264e7f1e6c4 tempest-VolumesAssistedSnapshotsTest-1865148757 tempest-VolumesAssistedSnapshotsTest-1865148757-project-admin] GET https://10.4.3.167/volume/v3/volumes/17385742-d75a-49f4-867b-c35ef35c586c
Aug 16 18:32:48.956554 np0000007391 devstack@c-api.service[100213]: DEBUG cinder.api.openstack.wsgi [req-5ea38d4b-8d76-460a-80bb-af35961073dc req-d3239fb5-4fb5-4595-b980-1264e7f1e6c4 tempest-VolumesAssistedSnapshotsTest-1865148757 tempest-VolumesAssistedSnapshotsTest-1865148757-project-admin] Empty body provided in request {{(pid=100213) get_body /opt/stack/cinder/cinder/api/openstack/wsgi.py:725}}
Aug 16 18:32:48.956870 np0000007391 devstack@c-api.service[100213]: DEBUG cinder.api.openstack.wsgi [req-5ea38d4b-8d76-460a-80bb-af35961073dc req-d3239fb5-4fb5-4595-b980-1264e7f1e6c4 tempest-VolumesAssistedSnapshotsTest-1865148757 tempest-VolumesAssistedSnapshotsTest-1865148757-project-admin] Calling method 'show' {{(pid=100213) _process_stack /opt/stack/cinder/cinder/api/openstack/wsgi.py:878}}
Aug 16 18:32:48.967905 np0000007391 devstack@c-api.service[100213]: /opt/stack/data/venv/lib/python3.12/site-packages/oslo_context/context.py:102: DeprecationWarning: Policy enforcement is depending on the value of is_admin. This key is deprecated. Please update your policy file to use the standard policy values.
Aug 16 18:32:48.967905 np0000007391 devstack@c-api.service[100213]: warnings.warn(
Aug 16 18:32:48.972663 np0000007391 devstack@c-api.service[100213]: INFO cinder.volume.api [req-5ea38d4b-8d76-460a-80bb-af35961073dc req-d3239fb5-4fb5-4595-b980-1264e7f1e6c4 tempest-VolumesAssistedSnapshotsTest-1865148757 tempest-VolumesAssistedSnapshotsTest-1865148757-project-admin] Volume info retrieved successfully.
Aug 16 18:32:48.977703 np0000007391 devstack@c-api.service[100213]: INFO cinder.api.openstack.wsgi [req-5ea38d4b-8d76-460a-80bb-af35961073dc req-d3239fb5-4fb5-4595-b980-1264e7f1e6c4 tempest-VolumesAssistedSnapshotsTest-1865148757 tempest-VolumesAssistedSnapshotsTest-1865148757-project-admin] https://10.4.3.167/volume/v3/volumes/17385742-d75a-49f4-867b-c35ef35c586c returned with HTTP 200
Aug 16 18:32:48.978174 np0000007391 devstack@c-api.service[100213]: [pid: 100213|app: 0|req: 28/110] 10.4.3.167 () {68 vars in 1598 bytes} [Sun Aug 16 18:32:48 2026] GET /volume/v3/volumes/17385742-d75a-49f4-867b-c35ef35c586c => generated 1025 bytes in 30 msecs (HTTP/1.1 200) 7 headers in 286 bytes (1 switches on core 0)
Aug 16 18:32:49.337597 np0000007391 devstack@c-api.service[100210]: DEBUG cinder.api.middleware.request_id [None req-792730f9-f59a-4e6a-85f6-b004fb423096 None None] RequestId filter calling following filter/app {{(pid=100210) _context_setter /opt/stack/cinder/cinder/api/middleware/request_id.py:62}}
Aug 16 18:32:49.338190 np0000007391 devstack@c-api.service[100210]: INFO cinder.api.openstack.wsgi [None req-792730f9-f59a-4e6a-85f6-b004fb423096 None None] GET https://10.4.3.167/volume//
Aug 16 18:32:49.338423 np0000007391 devstack@c-api.service[100210]: DEBUG cinder.api.openstack.wsgi [None req-792730f9-f59a-4e6a-85f6-b004fb423096 None None] Empty body provided in request {{(pid=100210) get_body /opt/stack/cinder/cinder/api/openstack/wsgi.py:725}}
Aug 16 18:32:49.338705 np0000007391 devstack@c-api.service[100210]: DEBUG cinder.api.openstack.wsgi [None req-792730f9-f59a-4e6a-85f6-b004fb423096 None None] Calling method 'all' {{(pid=100210) _process_stack /opt/stack/cinder/cinder/api/openstack/wsgi.py:878}}
Aug 16 18:32:49.339135 np0000007391 devstack@c-api.service[100210]: INFO cinder.api.openstack.wsgi [None req-792730f9-f59a-4e6a-85f6-b004fb423096 None None] https://10.4.3.167/volume// returned with HTTP 300
Aug 16 18:32:49.339504 np0000007391 devstack@c-api.service[100210]: [pid: 100210|app: 0|req: 28/111] 10.4.3.167 () {66 vars in 1428 bytes} [Sun Aug 16 18:32:49 2026] GET /volume/ => generated 386 bytes in 2 msecs (HTTP/1.1 300) 7 headers in 299 bytes (1 switches on core 0)
Aug 16 18:32:49.363377 np0000007391 devstack@c-api.service[100211]: DEBUG cinder.api.middleware.request_id [req-5ea38d4b-8d76-460a-80bb-af35961073dc req-6d9ca893-50b6-410c-9a05-14a8295c46eb None None] RequestId filter calling following filter/app {{(pid=100211) _context_setter /opt/stack/cinder/cinder/api/middleware/request_id.py:62}}
Aug 16 18:32:49.456664 np0000007391 devstack@c-api.service[100212]: DEBUG cinder.api.middleware.request_id [None req-e92e4787-b105-4418-a8cf-6502ac33cb25 None None] RequestId filter calling following filter/app {{(pid=100212) _context_setter /opt/stack/cinder/cinder/api/middleware/request_id.py:62}}
Aug 16 18:32:49.459042 np0000007391 devstack@c-api.service[100212]: INFO cinder.api.openstack.wsgi [None req-e92e4787-b105-4418-a8cf-6502ac33cb25 tempest-AttachSCSIVolumeTestJSON-935056899 tempest-AttachSCSIVolumeTestJSON-935056899-project-member] POST https://10.4.3.167/volume/v3/volumes
Aug 16 18:32:49.459479 np0000007391 devstack@c-api.service[100212]: DEBUG cinder.api.openstack.wsgi [None req-e92e4787-b105-4418-a8cf-6502ac33cb25 tempest-AttachSCSIVolumeTestJSON-935056899 tempest-AttachSCSIVolumeTestJSON-935056899-project-member] Action: 'create', calling method: create, body: {"volume": {"size": 1, "display_name": "tempest-AttachSCSIVolumeTestJSON-volume-1890454084"}} {{(pid=100212) _process_stack /opt/stack/cinder/cinder/api/openstack/wsgi.py:876}}
Aug 16 18:32:49.460908 np0000007391 devstack@c-api.service[100212]: DEBUG cinder.api.v3.volumes [None req-e92e4787-b105-4418-a8cf-6502ac33cb25 tempest-AttachSCSIVolumeTestJSON-935056899 tempest-AttachSCSIVolumeTestJSON-935056899-project-member] Create volume request body: {'volume': {'size': 1, 'display_name': 'tempest-AttachSCSIVolumeTestJSON-volume-1890454084'}} {{(pid=100212) create /opt/stack/cinder/cinder/api/v3/volumes.py:368}}
Aug 16 18:32:49.461047 np0000007391 devstack@c-api.service[100212]: INFO cinder.api.v3.volumes [None req-e92e4787-b105-4418-a8cf-6502ac33cb25 tempest-AttachSCSIVolumeTestJSON-935056899 tempest-AttachSCSIVolumeTestJSON-935056899-project-member] Create volume of 1 GB
Aug 16 18:32:49.467121 np0000007391 devstack@c-api.service[100212]: INFO cinder.volume.api [None req-e92e4787-b105-4418-a8cf-6502ac33cb25 tempest-AttachSCSIVolumeTestJSON-935056899 tempest-AttachSCSIVolumeTestJSON-935056899-project-member] Availability Zones retrieved successfully.
Aug 16 18:32:49.471620 np0000007391 devstack@c-api.service[100212]: DEBUG cinder.volume.api [None req-e92e4787-b105-4418-a8cf-6502ac33cb25 tempest-AttachSCSIVolumeTestJSON-935056899 tempest-AttachSCSIVolumeTestJSON-935056899-project-member] Flow 'volume_create_api' (79228bce-daa1-4b96-a5d2-0a67b9c95bc7) transitioned into state 'RUNNING' from state 'PENDING' {{(pid=100212) _flow_receiver /opt/stack/data/venv/lib/python3.12/site-packages/taskflow/listeners/logging.py:160}}
Aug 16 18:32:49.474655 np0000007391 devstack@c-api.service[100212]: DEBUG cinder.volume.api [None req-e92e4787-b105-4418-a8cf-6502ac33cb25 tempest-AttachSCSIVolumeTestJSON-935056899 tempest-AttachSCSIVolumeTestJSON-935056899-project-member] Task 'cinder.volume.flows.api.create_volume.ExtractVolumeRequestTask;volume:create' (2a9d5448-2ba1-4bfa-9897-dbbc29d60137) transitioned into state 'RUNNING' from state 'PENDING' {{(pid=100212) _task_receiver /opt/stack/data/venv/lib/python3.12/site-packages/taskflow/listeners/logging.py:242}}
Aug 16 18:32:49.474655 np0000007391 devstack@c-api.service[100212]: DEBUG cinder.volume.flows.api.create_volume [None req-e92e4787-b105-4418-a8cf-6502ac33cb25 tempest-AttachSCSIVolumeTestJSON-935056899 tempest-AttachSCSIVolumeTestJSON-935056899-project-member] Validating volume size '1' using validate_int {{(pid=100212) _extract_size /opt/stack/cinder/cinder/volume/flows/api/create_volume.py:226}}
Aug 16 18:32:49.500995 np0000007391 devstack@c-api.service[100212]: DEBUG cinder.volume.api [None req-e92e4787-b105-4418-a8cf-6502ac33cb25 tempest-AttachSCSIVolumeTestJSON-935056899 tempest-AttachSCSIVolumeTestJSON-935056899-project-member] Task 'cinder.volume.flows.api.create_volume.ExtractVolumeRequestTask;volume:create' (2a9d5448-2ba1-4bfa-9897-dbbc29d60137) transitioned into state 'SUCCESS' from state 'RUNNING' with result '{'size': 1, 'snapshot_id': None, 'source_volid': None, 'volume_type': VolumeType(created_at=2026-08-16T18:29:40Z,deleted=False,deleted_at=None,description=None,extra_specs={volume_backend_name='storpool'},id=d270915c-1121-484a-9b89-36795ac0c0da,is_public=True,name='storpool',projects=[],qos_specs=,qos_specs_id=None,updated_at=None), 'volume_type_id': 'd270915c-1121-484a-9b89-36795ac0c0da', 'encryption_key_id': None, 'qos_specs': None, 'consistencygroup_id': None, 'cgsnapshot_id': None, 'group_id': None, 'replication_status': 'disabled', 'refresh_az': False, 'backup_id': None, 'multiattach': False, 'availability_zones': ['nova']}' {{(pid=100212) _task_receiver /opt/stack/data/venv/lib/python3.12/site-packages/taskflow/listeners/logging.py:218}}
Aug 16 18:32:49.502000 np0000007391 devstack@c-api.service[100212]: DEBUG cinder.volume.api [None req-e92e4787-b105-4418-a8cf-6502ac33cb25 tempest-AttachSCSIVolumeTestJSON-935056899 tempest-AttachSCSIVolumeTestJSON-935056899-project-member] Task 'cinder.volume.flows.api.create_volume.QuotaReserveTask;volume:create' (94f8289d-5582-4276-b139-980536a5fb2e) transitioned into state 'RUNNING' from state 'PENDING' {{(pid=100212) _task_receiver /opt/stack/data/venv/lib/python3.12/site-packages/taskflow/listeners/logging.py:242}}
Aug 16 18:32:49.552852 np0000007391 devstack@c-api.service[100213]: DEBUG cinder.api.middleware.request_id [None req-5c8efd52-da82-45ee-8374-bc4cddd34408 None None] RequestId filter calling following filter/app {{(pid=100213) _context_setter /opt/stack/cinder/cinder/api/middleware/request_id.py:62}}
Aug 16 18:32:49.556078 np0000007391 devstack@c-api.service[100213]: INFO cinder.api.openstack.wsgi [None req-5c8efd52-da82-45ee-8374-bc4cddd34408 tempest-AttachVolumeTestJSON-2054294583 tempest-AttachVolumeTestJSON-2054294583-project-member] GET https://10.4.3.167/volume/v3/volumes/35e7bc85-e931-47e2-9b66-c898bfaeb291
Aug 16 18:32:49.556507 np0000007391 devstack@c-api.service[100213]: DEBUG cinder.api.openstack.wsgi [None req-5c8efd52-da82-45ee-8374-bc4cddd34408 tempest-AttachVolumeTestJSON-2054294583 tempest-AttachVolumeTestJSON-2054294583-project-member] Empty body provided in request {{(pid=100213) get_body /opt/stack/cinder/cinder/api/openstack/wsgi.py:725}}
Aug 16 18:32:49.556761 np0000007391 devstack@c-api.service[100213]: DEBUG cinder.api.openstack.wsgi [None req-5c8efd52-da82-45ee-8374-bc4cddd34408 tempest-AttachVolumeTestJSON-2054294583 tempest-AttachVolumeTestJSON-2054294583-project-member] Calling method 'show' {{(pid=100213) _process_stack /opt/stack/cinder/cinder/api/openstack/wsgi.py:878}}
Aug 16 18:32:49.590531 np0000007391 devstack@c-api.service[100213]: /opt/stack/data/venv/lib/python3.12/site-packages/oslo_context/context.py:102: DeprecationWarning: Policy enforcement is depending on the value of is_admin. This key is deprecated. Please update your policy file to use the standard policy values.
Aug 16 18:32:49.590531 np0000007391 devstack@c-api.service[100213]: warnings.warn(
Aug 16 18:32:49.600923 np0000007391 devstack@c-api.service[100212]: DEBUG cinder.quota [None req-e92e4787-b105-4418-a8cf-6502ac33cb25 tempest-AttachSCSIVolumeTestJSON-935056899 tempest-AttachSCSIVolumeTestJSON-935056899-project-member] Created reservations ['2c039a03-bc1d-4c66-bb8b-ba22f63f5e2c', '135b8d33-a4e2-422f-87ee-3e0c76934f1d', 'ff4efcee-f267-4799-9f51-b69eb0bc1ede', '89a17372-b129-4262-9f10-b4b00087eab7'] {{(pid=100212) reserve /opt/stack/cinder/cinder/quota.py:752}}
Aug 16 18:32:49.601024 np0000007391 devstack@c-api.service[100213]: INFO cinder.volume.api [None req-5c8efd52-da82-45ee-8374-bc4cddd34408 tempest-AttachVolumeTestJSON-2054294583 tempest-AttachVolumeTestJSON-2054294583-project-member] Volume info retrieved successfully.
Aug 16 18:32:49.602061 np0000007391 devstack@c-api.service[100212]: DEBUG cinder.volume.api [None req-e92e4787-b105-4418-a8cf-6502ac33cb25 tempest-AttachSCSIVolumeTestJSON-935056899 tempest-AttachSCSIVolumeTestJSON-935056899-project-member] Task 'cinder.volume.flows.api.create_volume.QuotaReserveTask;volume:create' (94f8289d-5582-4276-b139-980536a5fb2e) transitioned into state 'SUCCESS' from state 'RUNNING' with result '{'reservations': ['2c039a03-bc1d-4c66-bb8b-ba22f63f5e2c', '135b8d33-a4e2-422f-87ee-3e0c76934f1d', 'ff4efcee-f267-4799-9f51-b69eb0bc1ede', '89a17372-b129-4262-9f10-b4b00087eab7']}' {{(pid=100212) _task_receiver /opt/stack/data/venv/lib/python3.12/site-packages/taskflow/listeners/logging.py:218}}
Aug 16 18:32:49.604658 np0000007391 devstack@c-api.service[100212]: DEBUG cinder.volume.api [None req-e92e4787-b105-4418-a8cf-6502ac33cb25 tempest-AttachSCSIVolumeTestJSON-935056899 tempest-AttachSCSIVolumeTestJSON-935056899-project-member] Task 'cinder.volume.flows.api.create_volume.EntryCreateTask;volume:create' (d9e52e88-feb1-46bf-adab-55d6c5a715ad) transitioned into state 'RUNNING' from state 'PENDING' {{(pid=100212) _task_receiver /opt/stack/data/venv/lib/python3.12/site-packages/taskflow/listeners/logging.py:242}}
Aug 16 18:32:49.606279 np0000007391 devstack@c-api.service[100213]: INFO cinder.api.openstack.wsgi [None req-5c8efd52-da82-45ee-8374-bc4cddd34408 tempest-AttachVolumeTestJSON-2054294583 tempest-AttachVolumeTestJSON-2054294583-project-member] https://10.4.3.167/volume/v3/volumes/35e7bc85-e931-47e2-9b66-c898bfaeb291 returned with HTTP 200
Aug 16 18:32:49.606823 np0000007391 devstack@c-api.service[100213]: [pid: 100213|app: 0|req: 29/112] 10.4.3.167 () {66 vars in 1348 bytes} [Sun Aug 16 18:32:49 2026] GET /volume/v3/volumes/35e7bc85-e931-47e2-9b66-c898bfaeb291 => generated 843 bytes in 54 msecs (HTTP/1.1 200) 7 headers in 285 bytes (1 switches on core 0)
Aug 16 18:32:49.630223 np0000007391 devstack@c-api.service[100211]: INFO cinder.api.openstack.wsgi [req-5ea38d4b-8d76-460a-80bb-af35961073dc req-6d9ca893-50b6-410c-9a05-14a8295c46eb tempest-VolumesAssistedSnapshotsTest-1865148757 tempest-VolumesAssistedSnapshotsTest-1865148757-project-admin] POST https://10.4.3.167/volume/v3/attachments
Aug 16 18:32:49.630562 np0000007391 devstack@c-api.service[100211]: DEBUG cinder.api.openstack.wsgi [req-5ea38d4b-8d76-460a-80bb-af35961073dc req-6d9ca893-50b6-410c-9a05-14a8295c46eb tempest-VolumesAssistedSnapshotsTest-1865148757 tempest-VolumesAssistedSnapshotsTest-1865148757-project-admin] Action: 'create', calling method: version_select, body: {"attachment": {"volume_uuid": "17385742-d75a-49f4-867b-c35ef35c586c", "connector": null, "instance_uuid": "5b072265-1634-4a7f-aedd-222c71606c12"}} {{(pid=100211) _process_stack /opt/stack/cinder/cinder/api/openstack/wsgi.py:876}}
Aug 16 18:32:49.639347 np0000007391 devstack@c-api.service[100212]: DEBUG cinder.volume.api [None req-e92e4787-b105-4418-a8cf-6502ac33cb25 tempest-AttachSCSIVolumeTestJSON-935056899 tempest-AttachSCSIVolumeTestJSON-935056899-project-member] Task 'cinder.volume.flows.api.create_volume.EntryCreateTask;volume:create' (d9e52e88-feb1-46bf-adab-55d6c5a715ad) transitioned into state 'SUCCESS' from state 'RUNNING' with result '{'volume_id': 'f2df5565-76f4-42b8-bbfe-1c3202195e42', 'volume_properties': VolumeProperties(attach_status='detached',availability_zone='nova',cgsnapshot_id=None,consistencygroup_id=None,display_description=None,display_name='tempest-AttachSCSIVolumeTestJSON-volume-1890454084',encryption_key_id=None,group_id=None,group_type_id=,metadata={},multiattach=False,project_id='5a11ba75645a451e80dc4916bb0f6fdb',qos_specs=None,replication_status=,reservations=['2c039a03-bc1d-4c66-bb8b-ba22f63f5e2c','135b8d33-a4e2-422f-87ee-3e0c76934f1d','ff4efcee-f267-4799-9f51-b69eb0bc1ede','89a17372-b129-4262-9f10-b4b00087eab7'],size=1,snapshot_id=None,source_replicaid=,source_volid=None,status='creating',user_id='8143b42f4e2e48948234f46e2cf06e9c',volume_type_id=d270915c-1121-484a-9b89-36795ac0c0da), 'volume': Volume(_name_id=None,admin_metadata=,attach_status='detached',availability_zone='nova',bootable=False,cluster=,cluster_name=None,consistencygroup=,consistencygroup_id=None,created_at=2026-08-16T18:32:49Z,deleted=False,deleted_at=None,display_description=None,display_name='tempest-AttachSCSIVolumeTestJSON-volume-1890454084',ec2_id=None,encryption_key_id=None,glance_metadata=,group=,group_id=None,host=None,id=f2df5565-76f4-42b8-bbfe-1c3202195e42,launched_at=None,metadata={},migration_status=None,multiattach=False,previous_status=None,project_id='5a11ba75645a451e80dc4916bb0f6fdb',provider_auth=None,provider_geometry=None,provider_id=None,provider_location=None,replication_driver_data=None,replication_extended_status=None,replication_status=None,scheduled_at=None,service_uuid=None,shared_targets=True,size=1,snapshot_id=None,snapshots=,source_volid=None,status='creating',terminated_at=None,updated_at=None,use_quota=True,user_id='8143b42f4e2e48948234f46e2cf06e9c',volume_attachment=VolumeAttachmentList,volume_type=VolumeType(d270915c-1121-484a-9b89-36795ac0c0da),volume_type_id=d270915c-1121-484a-9b89-36795ac0c0da)}' {{(pid=100212) _task_receiver /opt/stack/data/venv/lib/python3.12/site-packages/taskflow/listeners/logging.py:218}}
Aug 16 18:32:49.640549 np0000007391 devstack@c-api.service[100212]: DEBUG cinder.volume.api [None req-e92e4787-b105-4418-a8cf-6502ac33cb25 tempest-AttachSCSIVolumeTestJSON-935056899 tempest-AttachSCSIVolumeTestJSON-935056899-project-member] Task 'cinder.volume.flows.api.create_volume.QuotaCommitTask;volume:create' (c0a1db4d-86d9-45ae-9d48-67182dccc81b) transitioned into state 'RUNNING' from state 'PENDING' {{(pid=100212) _task_receiver /opt/stack/data/venv/lib/python3.12/site-packages/taskflow/listeners/logging.py:242}}
Aug 16 18:32:49.643420 np0000007391 devstack@c-api.service[100211]: /opt/stack/data/venv/lib/python3.12/site-packages/oslo_context/context.py:102: DeprecationWarning: Policy enforcement is depending on the value of is_admin. This key is deprecated. Please update your policy file to use the standard policy values.
Aug 16 18:32:49.643420 np0000007391 devstack@c-api.service[100211]: warnings.warn(
Aug 16 18:32:49.663606 np0000007391 devstack@c-api.service[100212]: DEBUG cinder.volume.api [None req-e92e4787-b105-4418-a8cf-6502ac33cb25 tempest-AttachSCSIVolumeTestJSON-935056899 tempest-AttachSCSIVolumeTestJSON-935056899-project-member] Task 'cinder.volume.flows.api.create_volume.QuotaCommitTask;volume:create' (c0a1db4d-86d9-45ae-9d48-67182dccc81b) transitioned into state 'SUCCESS' from state 'RUNNING' with result '{'volume_properties': VolumeProperties(attach_status='detached',availability_zone='nova',cgsnapshot_id=None,consistencygroup_id=None,display_description=None,display_name='tempest-AttachSCSIVolumeTestJSON-volume-1890454084',encryption_key_id=None,group_id=None,group_type_id=,metadata={},multiattach=False,project_id='5a11ba75645a451e80dc4916bb0f6fdb',qos_specs=None,replication_status=,reservations=['2c039a03-bc1d-4c66-bb8b-ba22f63f5e2c','135b8d33-a4e2-422f-87ee-3e0c76934f1d','ff4efcee-f267-4799-9f51-b69eb0bc1ede','89a17372-b129-4262-9f10-b4b00087eab7'],size=1,snapshot_id=None,source_replicaid=,source_volid=None,status='creating',user_id='8143b42f4e2e48948234f46e2cf06e9c',volume_type_id=d270915c-1121-484a-9b89-36795ac0c0da)}' {{(pid=100212) _task_receiver /opt/stack/data/venv/lib/python3.12/site-packages/taskflow/listeners/logging.py:218}}
Aug 16 18:32:49.664600 np0000007391 devstack@c-api.service[100212]: DEBUG cinder.volume.api [None req-e92e4787-b105-4418-a8cf-6502ac33cb25 tempest-AttachSCSIVolumeTestJSON-935056899 tempest-AttachSCSIVolumeTestJSON-935056899-project-member] Task 'cinder.volume.flows.api.create_volume.VolumeCastTask;volume:create' (80adec5a-f7e9-4129-a5d4-118678000efc) transitioned into state 'RUNNING' from state 'PENDING' {{(pid=100212) _task_receiver /opt/stack/data/venv/lib/python3.12/site-packages/taskflow/listeners/logging.py:242}}
Aug 16 18:32:49.679863 np0000007391 devstack@c-api.service[100211]: INFO cinder.api.openstack.wsgi [req-5ea38d4b-8d76-460a-80bb-af35961073dc req-6d9ca893-50b6-410c-9a05-14a8295c46eb tempest-VolumesAssistedSnapshotsTest-1865148757 tempest-VolumesAssistedSnapshotsTest-1865148757-project-admin] https://10.4.3.167/volume/v3/attachments returned with HTTP 200
Aug 16 18:32:49.680429 np0000007391 devstack@c-api.service[100211]: [pid: 100211|app: 0|req: 28/113] 10.4.3.167 () {74 vars in 1594 bytes} [Sun Aug 16 18:32:49 2026] POST /volume/v3/attachments => generated 273 bytes in 318 msecs (HTTP/1.1 200) 7 headers in 286 bytes (1 switches on core 0)
Aug 16 18:32:49.683604 np0000007391 devstack@c-api.service[100212]: DEBUG cinder.volume.api [None req-e92e4787-b105-4418-a8cf-6502ac33cb25 tempest-AttachSCSIVolumeTestJSON-935056899 tempest-AttachSCSIVolumeTestJSON-935056899-project-member] Task 'cinder.volume.flows.api.create_volume.VolumeCastTask;volume:create' (80adec5a-f7e9-4129-a5d4-118678000efc) transitioned into state 'SUCCESS' from state 'RUNNING' with result 'None' {{(pid=100212) _task_receiver /opt/stack/data/venv/lib/python3.12/site-packages/taskflow/listeners/logging.py:218}}
Aug 16 18:32:49.683604 np0000007391 devstack@c-api.service[100212]: DEBUG cinder.volume.api [None req-e92e4787-b105-4418-a8cf-6502ac33cb25 tempest-AttachSCSIVolumeTestJSON-935056899 tempest-AttachSCSIVolumeTestJSON-935056899-project-member] Flow 'volume_create_api' (79228bce-daa1-4b96-a5d2-0a67b9c95bc7) transitioned into state 'SUCCESS' from state 'RUNNING' {{(pid=100212) _flow_receiver /opt/stack/data/venv/lib/python3.12/site-packages/taskflow/listeners/logging.py:160}}
Aug 16 18:32:49.683604 np0000007391 devstack@c-api.service[100212]: INFO cinder.volume.api [None req-e92e4787-b105-4418-a8cf-6502ac33cb25 tempest-AttachSCSIVolumeTestJSON-935056899 tempest-AttachSCSIVolumeTestJSON-935056899-project-member] Create volume request issued successfully.
Aug 16 18:32:49.683604 np0000007391 devstack@c-api.service[100212]: INFO cinder.api.openstack.wsgi [None req-e92e4787-b105-4418-a8cf-6502ac33cb25 tempest-AttachSCSIVolumeTestJSON-935056899 tempest-AttachSCSIVolumeTestJSON-935056899-project-member] https://10.4.3.167/volume/v3/volumes returned with HTTP 202
Aug 16 18:32:49.684102 np0000007391 devstack@c-api.service[100212]: [pid: 100212|app: 0|req: 29/114] 10.4.3.167 () {68 vars in 1258 bytes} [Sun Aug 16 18:32:49 2026] POST /volume/v3/volumes => generated 755 bytes in 228 msecs (HTTP/1.1 202) 7 headers in 291 bytes (1 switches on core 0)
Aug 16 18:32:49.697806 np0000007391 devstack@c-api.service[100210]: DEBUG cinder.api.middleware.request_id [None req-09b9ca35-d977-4fb0-9045-16e500e6c8db None None] RequestId filter calling following filter/app {{(pid=100210) _context_setter /opt/stack/cinder/cinder/api/middleware/request_id.py:62}}
Aug 16 18:32:49.699869 np0000007391 devstack@c-api.service[100210]: INFO cinder.api.openstack.wsgi [None req-09b9ca35-d977-4fb0-9045-16e500e6c8db tempest-AttachSCSIVolumeTestJSON-935056899 tempest-AttachSCSIVolumeTestJSON-935056899-project-member] GET https://10.4.3.167/volume/v3/volumes/f2df5565-76f4-42b8-bbfe-1c3202195e42
Aug 16 18:32:49.700078 np0000007391 devstack@c-api.service[100210]: DEBUG cinder.api.openstack.wsgi [None req-09b9ca35-d977-4fb0-9045-16e500e6c8db tempest-AttachSCSIVolumeTestJSON-935056899 tempest-AttachSCSIVolumeTestJSON-935056899-project-member] Empty body provided in request {{(pid=100210) get_body /opt/stack/cinder/cinder/api/openstack/wsgi.py:725}}
Aug 16 18:32:49.700294 np0000007391 devstack@c-api.service[100210]: DEBUG cinder.api.openstack.wsgi [None req-09b9ca35-d977-4fb0-9045-16e500e6c8db tempest-AttachSCSIVolumeTestJSON-935056899 tempest-AttachSCSIVolumeTestJSON-935056899-project-member] Calling method 'show' {{(pid=100210) _process_stack /opt/stack/cinder/cinder/api/openstack/wsgi.py:878}}
Aug 16 18:32:49.717858 np0000007391 devstack@c-api.service[100210]: /opt/stack/data/venv/lib/python3.12/site-packages/oslo_context/context.py:102: DeprecationWarning: Policy enforcement is depending on the value of is_admin. This key is deprecated. Please update your policy file to use the standard policy values.
Aug 16 18:32:49.717858 np0000007391 devstack@c-api.service[100210]: warnings.warn(
Aug 16 18:32:49.724377 np0000007391 devstack@c-api.service[100210]: INFO cinder.volume.api [None req-09b9ca35-d977-4fb0-9045-16e500e6c8db tempest-AttachSCSIVolumeTestJSON-935056899 tempest-AttachSCSIVolumeTestJSON-935056899-project-member] Volume info retrieved successfully.
Aug 16 18:32:49.728204 np0000007391 devstack@c-api.service[100213]: DEBUG cinder.api.middleware.request_id [None req-a5fd9271-fcd0-45b1-9c6d-48389da74905 None None] RequestId filter calling following filter/app {{(pid=100213) _context_setter /opt/stack/cinder/cinder/api/middleware/request_id.py:62}}
Aug 16 18:32:49.730667 np0000007391 devstack@c-api.service[100213]: INFO cinder.api.openstack.wsgi [None req-a5fd9271-fcd0-45b1-9c6d-48389da74905 tempest-VolumesAssistedSnapshotsTest-1865148757 tempest-VolumesAssistedSnapshotsTest-1865148757-project-admin] GET https://10.4.3.167/volume/v3/volumes/17385742-d75a-49f4-867b-c35ef35c586c
Aug 16 18:32:49.730818 np0000007391 devstack@c-api.service[100213]: DEBUG cinder.api.openstack.wsgi [None req-a5fd9271-fcd0-45b1-9c6d-48389da74905 tempest-VolumesAssistedSnapshotsTest-1865148757 tempest-VolumesAssistedSnapshotsTest-1865148757-project-admin] Empty body provided in request {{(pid=100213) get_body /opt/stack/cinder/cinder/api/openstack/wsgi.py:725}}
Aug 16 18:32:49.731024 np0000007391 devstack@c-api.service[100213]: DEBUG cinder.api.openstack.wsgi [None req-a5fd9271-fcd0-45b1-9c6d-48389da74905 tempest-VolumesAssistedSnapshotsTest-1865148757 tempest-VolumesAssistedSnapshotsTest-1865148757-project-admin] Calling method 'show' {{(pid=100213) _process_stack /opt/stack/cinder/cinder/api/openstack/wsgi.py:878}}
Aug 16 18:32:49.731877 np0000007391 devstack@c-api.service[100210]: INFO cinder.api.openstack.wsgi [None req-09b9ca35-d977-4fb0-9045-16e500e6c8db tempest-AttachSCSIVolumeTestJSON-935056899 tempest-AttachSCSIVolumeTestJSON-935056899-project-member] https://10.4.3.167/volume/v3/volumes/f2df5565-76f4-42b8-bbfe-1c3202195e42 returned with HTTP 200
Aug 16 18:32:49.732256 np0000007391 devstack@c-api.service[100210]: [pid: 100210|app: 0|req: 29/115] 10.4.3.167 () {66 vars in 1348 bytes} [Sun Aug 16 18:32:49 2026] GET /volume/v3/volumes/f2df5565-76f4-42b8-bbfe-1c3202195e42 => generated 823 bytes in 35 msecs (HTTP/1.1 200) 7 headers in 285 bytes (1 switches on core 0)
Aug 16 18:32:49.738814 np0000007391 devstack@c-api.service[100211]: DEBUG cinder.api.middleware.request_id [None req-18408817-b7ec-4b73-8fd8-62ce4a6c3c0e None None] RequestId filter calling following filter/app {{(pid=100211) _context_setter /opt/stack/cinder/cinder/api/middleware/request_id.py:62}}
Aug 16 18:32:49.738814 np0000007391 devstack@c-api.service[100211]: INFO cinder.api.openstack.wsgi [None req-18408817-b7ec-4b73-8fd8-62ce4a6c3c0e None None] GET https://10.4.3.167/volume//
Aug 16 18:32:49.738814 np0000007391 devstack@c-api.service[100211]: DEBUG cinder.api.openstack.wsgi [None req-18408817-b7ec-4b73-8fd8-62ce4a6c3c0e None None] Empty body provided in request {{(pid=100211) get_body /opt/stack/cinder/cinder/api/openstack/wsgi.py:725}}
Aug 16 18:32:49.738970 np0000007391 devstack@c-api.service[100211]: DEBUG cinder.api.openstack.wsgi [None req-18408817-b7ec-4b73-8fd8-62ce4a6c3c0e None None] Calling method 'all' {{(pid=100211) _process_stack /opt/stack/cinder/cinder/api/openstack/wsgi.py:878}}
Aug 16 18:32:49.739229 np0000007391 devstack@c-api.service[100211]: INFO cinder.api.openstack.wsgi [None req-18408817-b7ec-4b73-8fd8-62ce4a6c3c0e None None] https://10.4.3.167/volume// returned with HTTP 300
Aug 16 18:32:49.739494 np0000007391 devstack@c-api.service[100211]: [pid: 100211|app: 0|req: 29/116] 10.4.3.167 () {66 vars in 1426 bytes} [Sun Aug 16 18:32:49 2026] GET /volume/ => generated 386 bytes in 2 msecs (HTTP/1.1 300) 7 headers in 299 bytes (1 switches on core 0)
Aug 16 18:32:49.746929 np0000007391 devstack@c-api.service[100213]: /opt/stack/data/venv/lib/python3.12/site-packages/oslo_context/context.py:102: DeprecationWarning: Policy enforcement is depending on the value of is_admin. This key is deprecated. Please update your policy file to use the standard policy values.
Aug 16 18:32:49.746929 np0000007391 devstack@c-api.service[100213]: warnings.warn(
Aug 16 18:32:49.748878 np0000007391 devstack@c-api.service[100212]: DEBUG cinder.api.middleware.request_id [req-5ea38d4b-8d76-460a-80bb-af35961073dc req-f029cfdc-4488-4306-aaca-b848fdafd94f None None] RequestId filter calling following filter/app {{(pid=100212) _context_setter /opt/stack/cinder/cinder/api/middleware/request_id.py:62}}
Aug 16 18:32:49.750890 np0000007391 devstack@c-api.service[100213]: INFO cinder.volume.api [None req-a5fd9271-fcd0-45b1-9c6d-48389da74905 tempest-VolumesAssistedSnapshotsTest-1865148757 tempest-VolumesAssistedSnapshotsTest-1865148757-project-admin] Volume info retrieved successfully.
Aug 16 18:32:49.752392 np0000007391 devstack@c-api.service[100212]: INFO cinder.api.openstack.wsgi [req-5ea38d4b-8d76-460a-80bb-af35961073dc req-f029cfdc-4488-4306-aaca-b848fdafd94f tempest-VolumesAssistedSnapshotsTest-1865148757 tempest-VolumesAssistedSnapshotsTest-1865148757-project-admin] GET https://10.4.3.167/volume/v3/volumes/17385742-d75a-49f4-867b-c35ef35c586c
Aug 16 18:32:49.752657 np0000007391 devstack@c-api.service[100212]: DEBUG cinder.api.openstack.wsgi [req-5ea38d4b-8d76-460a-80bb-af35961073dc req-f029cfdc-4488-4306-aaca-b848fdafd94f tempest-VolumesAssistedSnapshotsTest-1865148757 tempest-VolumesAssistedSnapshotsTest-1865148757-project-admin] Empty body provided in request {{(pid=100212) get_body /opt/stack/cinder/cinder/api/openstack/wsgi.py:725}}
Aug 16 18:32:49.752883 np0000007391 devstack@c-api.service[100212]: DEBUG cinder.api.openstack.wsgi [req-5ea38d4b-8d76-460a-80bb-af35961073dc req-f029cfdc-4488-4306-aaca-b848fdafd94f tempest-VolumesAssistedSnapshotsTest-1865148757 tempest-VolumesAssistedSnapshotsTest-1865148757-project-admin] Calling method 'show' {{(pid=100212) _process_stack /opt/stack/cinder/cinder/api/openstack/wsgi.py:878}}
Aug 16 18:32:49.756079 np0000007391 devstack@c-api.service[100213]: INFO cinder.api.openstack.wsgi [None req-a5fd9271-fcd0-45b1-9c6d-48389da74905 tempest-VolumesAssistedSnapshotsTest-1865148757 tempest-VolumesAssistedSnapshotsTest-1865148757-project-admin] https://10.4.3.167/volume/v3/volumes/17385742-d75a-49f4-867b-c35ef35c586c returned with HTTP 200
Aug 16 18:32:49.756537 np0000007391 devstack@c-api.service[100213]: [pid: 100213|app: 0|req: 30/117] 10.4.3.167 () {66 vars in 1348 bytes} [Sun Aug 16 18:32:49 2026] GET /volume/v3/volumes/17385742-d75a-49f4-867b-c35ef35c586c => generated 1024 bytes in 29 msecs (HTTP/1.1 200) 7 headers in 286 bytes (1 switches on core 0)
Aug 16 18:32:49.785486 np0000007391 devstack@c-api.service[100212]: /opt/stack/data/venv/lib/python3.12/site-packages/oslo_context/context.py:102: DeprecationWarning: Policy enforcement is depending on the value of is_admin. This key is deprecated. Please update your policy file to use the standard policy values.
Aug 16 18:32:49.785486 np0000007391 devstack@c-api.service[100212]: warnings.warn(
Aug 16 18:32:49.790412 np0000007391 devstack@c-api.service[100212]: INFO cinder.volume.api [req-5ea38d4b-8d76-460a-80bb-af35961073dc req-f029cfdc-4488-4306-aaca-b848fdafd94f tempest-VolumesAssistedSnapshotsTest-1865148757 tempest-VolumesAssistedSnapshotsTest-1865148757-project-admin] Volume info retrieved successfully.
Aug 16 18:32:49.797758 np0000007391 devstack@c-api.service[100212]: INFO cinder.api.openstack.wsgi [req-5ea38d4b-8d76-460a-80bb-af35961073dc req-f029cfdc-4488-4306-aaca-b848fdafd94f tempest-VolumesAssistedSnapshotsTest-1865148757 tempest-VolumesAssistedSnapshotsTest-1865148757-project-admin] https://10.4.3.167/volume/v3/volumes/17385742-d75a-49f4-867b-c35ef35c586c returned with HTTP 200
Aug 16 18:32:49.797758 np0000007391 devstack@c-api.service[100212]: [pid: 100212|app: 0|req: 30/118] 10.4.3.167 () {70 vars in 1639 bytes} [Sun Aug 16 18:32:49 2026] GET /volume/v3/volumes/17385742-d75a-49f4-867b-c35ef35c586c => generated 1247 bytes in 49 msecs (HTTP/1.1 200) 7 headers in 287 bytes (1 switches on core 0)
Aug 16 18:32:49.898881 np0000007391 devstack@c-api.service[100210]: DEBUG cinder.api.middleware.request_id [req-5ea38d4b-8d76-460a-80bb-af35961073dc req-9ca1b58a-2de7-4e35-a2ae-05ba06bfe06e None None] RequestId filter calling following filter/app {{(pid=100210) _context_setter /opt/stack/cinder/cinder/api/middleware/request_id.py:62}}
Aug 16 18:32:49.901819 np0000007391 devstack@c-api.service[100210]: INFO cinder.api.openstack.wsgi [req-5ea38d4b-8d76-460a-80bb-af35961073dc req-9ca1b58a-2de7-4e35-a2ae-05ba06bfe06e tempest-VolumesAssistedSnapshotsTest-1865148757 tempest-VolumesAssistedSnapshotsTest-1865148757-project-admin] PUT https://10.4.3.167/volume/v3/attachments/45cefc0f-12b1-4a0a-801e-389fcaabded1
Aug 16 18:32:49.902122 np0000007391 devstack@c-api.service[100210]: DEBUG cinder.api.openstack.wsgi [req-5ea38d4b-8d76-460a-80bb-af35961073dc req-9ca1b58a-2de7-4e35-a2ae-05ba06bfe06e tempest-VolumesAssistedSnapshotsTest-1865148757 tempest-VolumesAssistedSnapshotsTest-1865148757-project-admin] Action: 'update', calling method: version_select, body: {"attachment": {"connector": {"platform": "x86_64", "os_type": "linux", "ip": "10.4.3.167", "host": "np0000007391", "multipath": true, "enforce_multipath": true, "initiator": "iqn.2016-04.com.open-iscsi:b783de28492c", "do_local_attach": false, "uuid": "8515de1c-ba7e-467b-adde-6d9f8a8dbc1f", "system uuid": "f1b7b3d7-3e52-4e3d-8013-37cc51d3747a", "nvme_native_multipath": false, "mountpoint": "/dev/vdb"}}} {{(pid=100210) _process_stack /opt/stack/cinder/cinder/api/openstack/wsgi.py:876}}
Aug 16 18:32:49.914664 np0000007391 devstack@c-api.service[100210]: DEBUG cinder.coordination [req-5ea38d4b-8d76-460a-80bb-af35961073dc req-9ca1b58a-2de7-4e35-a2ae-05ba06bfe06e tempest-VolumesAssistedSnapshotsTest-1865148757 tempest-VolumesAssistedSnapshotsTest-1865148757-project-admin] Acquiring lock "cinder-attachment_update-17385742-d75a-49f4-867b-c35ef35c586c-np0000007391" by "attachment_update" {{(pid=100210) __acquire /opt/stack/cinder/cinder/coordination.py:138}}
Aug 16 18:32:49.922555 np0000007391 devstack@c-api.service[100210]: DEBUG cinder.coordination [req-5ea38d4b-8d76-460a-80bb-af35961073dc req-9ca1b58a-2de7-4e35-a2ae-05ba06bfe06e tempest-VolumesAssistedSnapshotsTest-1865148757 tempest-VolumesAssistedSnapshotsTest-1865148757-project-admin] Lock "cinder-attachment_update-17385742-d75a-49f4-867b-c35ef35c586c-np0000007391" acquired by "attachment_update" :: waited 0.008s {{(pid=100210) __acquire /opt/stack/cinder/cinder/coordination.py:141}}
Aug 16 18:32:49.923601 np0000007391 devstack@c-api.service[100210]: /opt/stack/data/venv/lib/python3.12/site-packages/oslo_context/context.py:102: DeprecationWarning: Policy enforcement is depending on the value of is_admin. This key is deprecated. Please update your policy file to use the standard policy values.
Aug 16 18:32:49.923601 np0000007391 devstack@c-api.service[100210]: warnings.warn(
Aug 16 18:32:50.022307 np0000007391 devstack@c-api.service[100210]: DEBUG cinder.coordination [req-5ea38d4b-8d76-460a-80bb-af35961073dc req-9ca1b58a-2de7-4e35-a2ae-05ba06bfe06e tempest-VolumesAssistedSnapshotsTest-1865148757 tempest-VolumesAssistedSnapshotsTest-1865148757-project-admin] Lock "cinder-attachment_update-17385742-d75a-49f4-867b-c35ef35c586c-np0000007391" released by "attachment_update" :: held 0.100s {{(pid=100210) __release /opt/stack/cinder/cinder/coordination.py:152}}
Aug 16 18:32:50.022622 np0000007391 devstack@c-api.service[100210]: INFO cinder.api.openstack.wsgi [req-5ea38d4b-8d76-460a-80bb-af35961073dc req-9ca1b58a-2de7-4e35-a2ae-05ba06bfe06e tempest-VolumesAssistedSnapshotsTest-1865148757 tempest-VolumesAssistedSnapshotsTest-1865148757-project-admin] https://10.4.3.167/volume/v3/attachments/45cefc0f-12b1-4a0a-801e-389fcaabded1 returned with HTTP 200
Aug 16 18:32:50.023095 np0000007391 devstack@c-api.service[100210]: [pid: 100210|app: 0|req: 30/119] 10.4.3.167 () {74 vars in 1704 bytes} [Sun Aug 16 18:32:49 2026] PUT /volume/v3/attachments/45cefc0f-12b1-4a0a-801e-389fcaabded1 => generated 969 bytes in 125 msecs (HTTP/1.1 200) 7 headers in 286 bytes (1 switches on core 0)
Aug 16 18:32:50.621517 np0000007391 devstack@c-api.service[100211]: DEBUG cinder.api.middleware.request_id [None req-32e5f9c7-46c4-4842-ac7b-1b46ac6f9f15 None None] RequestId filter calling following filter/app {{(pid=100211) _context_setter /opt/stack/cinder/cinder/api/middleware/request_id.py:62}}
Aug 16 18:32:50.623403 np0000007391 devstack@c-api.service[100211]: INFO cinder.api.openstack.wsgi [None req-32e5f9c7-46c4-4842-ac7b-1b46ac6f9f15 tempest-AttachVolumeTestJSON-2054294583 tempest-AttachVolumeTestJSON-2054294583-project-member] GET https://10.4.3.167/volume/v3/volumes/35e7bc85-e931-47e2-9b66-c898bfaeb291
Aug 16 18:32:50.623629 np0000007391 devstack@c-api.service[100211]: DEBUG cinder.api.openstack.wsgi [None req-32e5f9c7-46c4-4842-ac7b-1b46ac6f9f15 tempest-AttachVolumeTestJSON-2054294583 tempest-AttachVolumeTestJSON-2054294583-project-member] Empty body provided in request {{(pid=100211) get_body /opt/stack/cinder/cinder/api/openstack/wsgi.py:725}}
Aug 16 18:32:50.623800 np0000007391 devstack@c-api.service[100211]: DEBUG cinder.api.openstack.wsgi [None req-32e5f9c7-46c4-4842-ac7b-1b46ac6f9f15 tempest-AttachVolumeTestJSON-2054294583 tempest-AttachVolumeTestJSON-2054294583-project-member] Calling method 'show' {{(pid=100211) _process_stack /opt/stack/cinder/cinder/api/openstack/wsgi.py:878}}
Aug 16 18:32:50.633709 np0000007391 devstack@c-api.service[100211]: /opt/stack/data/venv/lib/python3.12/site-packages/oslo_context/context.py:102: DeprecationWarning: Policy enforcement is depending on the value of is_admin. This key is deprecated. Please update your policy file to use the standard policy values.
Aug 16 18:32:50.633709 np0000007391 devstack@c-api.service[100211]: warnings.warn(
Aug 16 18:32:50.637350 np0000007391 devstack@c-api.service[100211]: INFO cinder.volume.api [None req-32e5f9c7-46c4-4842-ac7b-1b46ac6f9f15 tempest-AttachVolumeTestJSON-2054294583 tempest-AttachVolumeTestJSON-2054294583-project-member] Volume info retrieved successfully.
Aug 16 18:32:50.641618 np0000007391 devstack@c-api.service[100211]: INFO cinder.api.openstack.wsgi [None req-32e5f9c7-46c4-4842-ac7b-1b46ac6f9f15 tempest-AttachVolumeTestJSON-2054294583 tempest-AttachVolumeTestJSON-2054294583-project-member] https://10.4.3.167/volume/v3/volumes/35e7bc85-e931-47e2-9b66-c898bfaeb291 returned with HTTP 200
Aug 16 18:32:50.642018 np0000007391 devstack@c-api.service[100211]: [pid: 100211|app: 0|req: 30/120] 10.4.3.167 () {66 vars in 1348 bytes} [Sun Aug 16 18:32:50 2026] GET /volume/v3/volumes/35e7bc85-e931-47e2-9b66-c898bfaeb291 => generated 843 bytes in 21 msecs (HTTP/1.1 200) 7 headers in 285 bytes (1 switches on core 0)
