Aug 16 18:31:52.725220 np0000007391 devstack@g-api.service[103006]: DEBUG swiftclient [None req-74273dbb-cf4b-4a46-9000-4d90996fea58 tempest-TaggedBootDevicesTest_v242-733967367 tempest-TaggedBootDevicesTest_v242-733967367-project-member] RESP HEADERS: {'Date': 'Sun, 16 Aug 2026 18:31:52 GMT', 'Server': 'Apache/2.4.58 (Ubuntu)', 'Content-Type': 'application/octet-stream', 'Etag': '87617e24a5e30cb3b87fda8c0764838f', 'Last-Modified': 'Sun, 16 Aug 2026 18:30:00 GMT', 'X-Timestamp': '1786904999.21213', 'Accept-Ranges': 'bytes', 'Content-Length': '21692416', 'X-Trans-Id': 'txab0805746f09424e99c4c-006a820218', 'X-Openstack-Request-Id': 'txab0805746f09424e99c4c-006a820218', 'Connection': 'close'} {{(pid=103006) http_log /opt/stack/data/venv/lib/python3.12/site-packages/swiftclient/client.py:162}}
Aug 16 18:31:52.736792 np0000007391 devstack@g-api.service[103006]: DEBUG glance.image_cache [None req-74273dbb-cf4b-4a46-9000-4d90996fea58 tempest-TaggedBootDevicesTest_v242-733967367 tempest-TaggedBootDevicesTest_v242-733967367-project-member] Tee'ing image '82f61471-6b52-4c07-b3ab-ad2f1e3f2135' into cache {{(pid=103006) get_caching_iter /opt/stack/glance/glance/image_cache/__init__.py:356}}
Aug 16 18:31:52.935181 np0000007391 devstack@g-api.service[103006]: DEBUG glance.image_cache.drivers.centralized_db [None req-74273dbb-cf4b-4a46-9000-4d90996fea58 tempest-TaggedBootDevicesTest_v242-733967367 tempest-TaggedBootDevicesTest_v242-733967367-project-member] Fetch finished, moving '/opt/stack/data/glance/cache/incomplete/82f61471-6b52-4c07-b3ab-ad2f1e3f2135' to '/opt/stack/data/glance/cache/82f61471-6b52-4c07-b3ab-ad2f1e3f2135' {{(pid=103006) commit /opt/stack/glance/glance/image_cache/drivers/centralized_db.py:243}}
Aug 16 18:31:52.945006 np0000007391 devstack@g-api.service[103006]: DEBUG glance.image_cache.drivers.centralized_db [None req-74273dbb-cf4b-4a46-9000-4d90996fea58 tempest-TaggedBootDevicesTest_v242-733967367 tempest-TaggedBootDevicesTest_v242-733967367-project-member] Image cached successfully. {{(pid=103006) commit /opt/stack/glance/glance/image_cache/drivers/centralized_db.py:258}}
Aug 16 18:31:52.945208 np0000007391 devstack@g-api.service[103006]: [pid: 103006|app: 0|req: 11/37] 127.0.0.1 () {44 vars in 1125 bytes} [Sun Aug 16 18:31:52 2026] GET /v2/images/82f61471-6b52-4c07-b3ab-ad2f1e3f2135/file => generated 21692416 bytes in 659 msecs (HTTP/1.1 200) 4 headers in 191 bytes (334 switches on core 0)
Aug 16 18:31:53.780338 np0000007391 devstack@g-api.service[103009]: DEBUG glance.api.middleware.version_negotiation [None req-74273dbb-cf4b-4a46-9000-4d90996fea58 tempest-TaggedBootDevicesTest_v242-733967367 tempest-TaggedBootDevicesTest_v242-733967367-project-member] Determining version of request: GET /v2/images/82f61471-6b52-4c07-b3ab-ad2f1e3f2135 Accept: */* {{(pid=103009) process_request /opt/stack/glance/glance/api/middleware/version_negotiation.py:44}}
Aug 16 18:31:53.780667 np0000007391 devstack@g-api.service[103009]: DEBUG glance.api.middleware.version_negotiation [None req-74273dbb-cf4b-4a46-9000-4d90996fea58 tempest-TaggedBootDevicesTest_v242-733967367 tempest-TaggedBootDevicesTest_v242-733967367-project-member] Using url versioning {{(pid=103009) process_request /opt/stack/glance/glance/api/middleware/version_negotiation.py:57}}
Aug 16 18:31:53.780667 np0000007391 devstack@g-api.service[103009]: DEBUG glance.api.middleware.version_negotiation [None req-74273dbb-cf4b-4a46-9000-4d90996fea58 tempest-TaggedBootDevicesTest_v242-733967367 tempest-TaggedBootDevicesTest_v242-733967367-project-member] Matched version: v2 {{(pid=103009) process_request /opt/stack/glance/glance/api/middleware/version_negotiation.py:69}}
Aug 16 18:31:53.780894 np0000007391 devstack@g-api.service[103009]: DEBUG glance.api.middleware.version_negotiation [None req-74273dbb-cf4b-4a46-9000-4d90996fea58 tempest-TaggedBootDevicesTest_v242-733967367 tempest-TaggedBootDevicesTest_v242-733967367-project-member] new path /v2/images/82f61471-6b52-4c07-b3ab-ad2f1e3f2135 {{(pid=103009) process_request /opt/stack/glance/glance/api/middleware/version_negotiation.py:70}}
Aug 16 18:31:53.794488 np0000007391 devstack@g-api.service[103009]: [pid: 103009|app: 0|req: 9/38] 127.0.0.1 () {44 vars in 1115 bytes} [Sun Aug 16 18:31:53 2026] GET /v2/images/82f61471-6b52-4c07-b3ab-ad2f1e3f2135 => generated 1044 bytes in 14 msecs (HTTP/1.1 200) 4 headers in 158 bytes (1 switches on core 0)
Aug 16 18:31:53.795370 np0000007391 devstack@g-api.service[103008]: DEBUG glance.api.middleware.version_negotiation [None req-74273dbb-cf4b-4a46-9000-4d90996fea58 tempest-TaggedBootDevicesTest_v242-733967367 tempest-TaggedBootDevicesTest_v242-733967367-project-member] Determining version of request: GET /v2/images/82f61471-6b52-4c07-b3ab-ad2f1e3f2135 Accept: application/json {{(pid=103008) process_request /opt/stack/glance/glance/api/middleware/version_negotiation.py:44}}
Aug 16 18:31:53.795660 np0000007391 devstack@g-api.service[103008]: DEBUG glance.api.middleware.version_negotiation [None req-74273dbb-cf4b-4a46-9000-4d90996fea58 tempest-TaggedBootDevicesTest_v242-733967367 tempest-TaggedBootDevicesTest_v242-733967367-project-member] Using url versioning {{(pid=103008) process_request /opt/stack/glance/glance/api/middleware/version_negotiation.py:57}}
Aug 16 18:31:53.795803 np0000007391 devstack@g-api.service[103008]: DEBUG glance.api.middleware.version_negotiation [None req-74273dbb-cf4b-4a46-9000-4d90996fea58 tempest-TaggedBootDevicesTest_v242-733967367 tempest-TaggedBootDevicesTest_v242-733967367-project-member] Matched version: v2 {{(pid=103008) process_request /opt/stack/glance/glance/api/middleware/version_negotiation.py:69}}
Aug 16 18:31:53.795967 np0000007391 devstack@g-api.service[103008]: DEBUG glance.api.middleware.version_negotiation [None req-74273dbb-cf4b-4a46-9000-4d90996fea58 tempest-TaggedBootDevicesTest_v242-733967367 tempest-TaggedBootDevicesTest_v242-733967367-project-member] new path /v2/images/82f61471-6b52-4c07-b3ab-ad2f1e3f2135 {{(pid=103008) process_request /opt/stack/glance/glance/api/middleware/version_negotiation.py:70}}
Aug 16 18:31:53.802245 np0000007391 devstack@g-api.service[103007]: DEBUG glance.api.middleware.version_negotiation [None req-74273dbb-cf4b-4a46-9000-4d90996fea58 tempest-TaggedBootDevicesTest_v242-733967367 tempest-TaggedBootDevicesTest_v242-733967367-project-member] Determining version of request: GET /v2/schemas/image Accept: */* {{(pid=103007) process_request /opt/stack/glance/glance/api/middleware/version_negotiation.py:44}}
Aug 16 18:31:53.802518 np0000007391 devstack@g-api.service[103007]: DEBUG glance.api.middleware.version_negotiation [None req-74273dbb-cf4b-4a46-9000-4d90996fea58 tempest-TaggedBootDevicesTest_v242-733967367 tempest-TaggedBootDevicesTest_v242-733967367-project-member] Using url versioning {{(pid=103007) process_request /opt/stack/glance/glance/api/middleware/version_negotiation.py:57}}
Aug 16 18:31:53.802518 np0000007391 devstack@g-api.service[103007]: DEBUG glance.api.middleware.version_negotiation [None req-74273dbb-cf4b-4a46-9000-4d90996fea58 tempest-TaggedBootDevicesTest_v242-733967367 tempest-TaggedBootDevicesTest_v242-733967367-project-member] Matched version: v2 {{(pid=103007) process_request /opt/stack/glance/glance/api/middleware/version_negotiation.py:69}}
Aug 16 18:31:53.802518 np0000007391 devstack@g-api.service[103007]: DEBUG glance.api.middleware.version_negotiation [None req-74273dbb-cf4b-4a46-9000-4d90996fea58 tempest-TaggedBootDevicesTest_v242-733967367 tempest-TaggedBootDevicesTest_v242-733967367-project-member] new path /v2/schemas/image {{(pid=103007) process_request /opt/stack/glance/glance/api/middleware/version_negotiation.py:70}}
Aug 16 18:31:53.809092 np0000007391 devstack@g-api.service[103007]: [pid: 103007|app: 0|req: 10/39] 127.0.0.1 () {44 vars in 1055 bytes} [Sun Aug 16 18:31:53 2026] GET /v2/schemas/image => generated 6083 bytes in 4 msecs (HTTP/1.1 200) 4 headers in 158 bytes (1 switches on core 0)
Aug 16 18:31:54.209020 np0000007391 devstack@g-api.service[103008]: [pid: 103008|app: 0|req: 10/40] 127.0.0.1 () {40 vars in 838 bytes} [Sun Aug 16 18:31:53 2026] GET /v2/images/82f61471-6b52-4c07-b3ab-ad2f1e3f2135 => generated 1044 bytes in 414 msecs (HTTP/1.1 200) 4 headers in 158 bytes (1 switches on core 0)
Aug 16 18:31:54.216099 np0000007391 devstack@g-api.service[103006]: DEBUG glance.api.middleware.version_negotiation [None req-74273dbb-cf4b-4a46-9000-4d90996fea58 tempest-TaggedBootDevicesTest_v242-733967367 tempest-TaggedBootDevicesTest_v242-733967367-project-member] Determining version of request: GET /v2/images/82f61471-6b52-4c07-b3ab-ad2f1e3f2135/file Accept: application/json {{(pid=103006) process_request /opt/stack/glance/glance/api/middleware/version_negotiation.py:44}}
Aug 16 18:31:54.216437 np0000007391 devstack@g-api.service[103006]: DEBUG glance.api.middleware.version_negotiation [None req-74273dbb-cf4b-4a46-9000-4d90996fea58 tempest-TaggedBootDevicesTest_v242-733967367 tempest-TaggedBootDevicesTest_v242-733967367-project-member] Using url versioning {{(pid=103006) process_request /opt/stack/glance/glance/api/middleware/version_negotiation.py:57}}
Aug 16 18:31:54.216437 np0000007391 devstack@g-api.service[103006]: DEBUG glance.api.middleware.version_negotiation [None req-74273dbb-cf4b-4a46-9000-4d90996fea58 tempest-TaggedBootDevicesTest_v242-733967367 tempest-TaggedBootDevicesTest_v242-733967367-project-member] Matched version: v2 {{(pid=103006) process_request /opt/stack/glance/glance/api/middleware/version_negotiation.py:69}}
Aug 16 18:31:54.216631 np0000007391 devstack@g-api.service[103006]: DEBUG glance.api.middleware.version_negotiation [None req-74273dbb-cf4b-4a46-9000-4d90996fea58 tempest-TaggedBootDevicesTest_v242-733967367 tempest-TaggedBootDevicesTest_v242-733967367-project-member] new path /v2/images/82f61471-6b52-4c07-b3ab-ad2f1e3f2135/file {{(pid=103006) process_request /opt/stack/glance/glance/api/middleware/version_negotiation.py:70}}
Aug 16 18:31:54.648526 np0000007391 devstack@g-api.service[103009]: DEBUG glance.api.middleware.version_negotiation [None req-74273dbb-cf4b-4a46-9000-4d90996fea58 tempest-TaggedBootDevicesTest_v242-733967367 tempest-TaggedBootDevicesTest_v242-733967367-project-member] Determining version of request: GET /v2/images/82f61471-6b52-4c07-b3ab-ad2f1e3f2135 Accept: */* {{(pid=103009) process_request /opt/stack/glance/glance/api/middleware/version_negotiation.py:44}}
Aug 16 18:31:54.648693 np0000007391 devstack@g-api.service[103009]: DEBUG glance.api.middleware.version_negotiation [None req-74273dbb-cf4b-4a46-9000-4d90996fea58 tempest-TaggedBootDevicesTest_v242-733967367 tempest-TaggedBootDevicesTest_v242-733967367-project-member] Using url versioning {{(pid=103009) process_request /opt/stack/glance/glance/api/middleware/version_negotiation.py:57}}
Aug 16 18:31:54.648821 np0000007391 devstack@g-api.service[103009]: DEBUG glance.api.middleware.version_negotiation [None req-74273dbb-cf4b-4a46-9000-4d90996fea58 tempest-TaggedBootDevicesTest_v242-733967367 tempest-TaggedBootDevicesTest_v242-733967367-project-member] Matched version: v2 {{(pid=103009) process_request /opt/stack/glance/glance/api/middleware/version_negotiation.py:69}}
Aug 16 18:31:54.648903 np0000007391 devstack@g-api.service[103009]: DEBUG glance.api.middleware.version_negotiation [None req-74273dbb-cf4b-4a46-9000-4d90996fea58 tempest-TaggedBootDevicesTest_v242-733967367 tempest-TaggedBootDevicesTest_v242-733967367-project-member] new path /v2/images/82f61471-6b52-4c07-b3ab-ad2f1e3f2135 {{(pid=103009) process_request /opt/stack/glance/glance/api/middleware/version_negotiation.py:70}}
Aug 16 18:31:54.651353 np0000007391 devstack@g-api.service[103006]: DEBUG glance.api.middleware.cache [None req-b52e73a6-d93d-4bbb-a78c-c0eaf625df8d tempest-AttachSCSIVolumeTestJSON-1657434475 tempest-AttachSCSIVolumeTestJSON-1657434475-project-admin] Cache hit for image '82f61471-6b52-4c07-b3ab-ad2f1e3f2135' {{(pid=103006) process_request /opt/stack/glance/glance/api/middleware/cache.py:160}}
Aug 16 18:31:54.660415 np0000007391 devstack@g-api.service[103007]: DEBUG glance.api.middleware.version_negotiation [None req-74273dbb-cf4b-4a46-9000-4d90996fea58 tempest-TaggedBootDevicesTest_v242-733967367 tempest-TaggedBootDevicesTest_v242-733967367-project-member] Determining version of request: POST /v2/images Accept: application/json {{(pid=103007) process_request /opt/stack/glance/glance/api/middleware/version_negotiation.py:44}}
Aug 16 18:31:54.660602 np0000007391 devstack@g-api.service[103007]: DEBUG glance.api.middleware.version_negotiation [None req-74273dbb-cf4b-4a46-9000-4d90996fea58 tempest-TaggedBootDevicesTest_v242-733967367 tempest-TaggedBootDevicesTest_v242-733967367-project-member] Using url versioning {{(pid=103007) process_request /opt/stack/glance/glance/api/middleware/version_negotiation.py:57}}
Aug 16 18:31:54.660943 np0000007391 devstack@g-api.service[103007]: DEBUG glance.api.middleware.version_negotiation [None req-74273dbb-cf4b-4a46-9000-4d90996fea58 tempest-TaggedBootDevicesTest_v242-733967367 tempest-TaggedBootDevicesTest_v242-733967367-project-member] Matched version: v2 {{(pid=103007) process_request /opt/stack/glance/glance/api/middleware/version_negotiation.py:69}}
Aug 16 18:31:54.660943 np0000007391 devstack@g-api.service[103007]: DEBUG glance.api.middleware.version_negotiation [None req-74273dbb-cf4b-4a46-9000-4d90996fea58 tempest-TaggedBootDevicesTest_v242-733967367 tempest-TaggedBootDevicesTest_v242-733967367-project-member] new path /v2/images {{(pid=103007) process_request /opt/stack/glance/glance/api/middleware/version_negotiation.py:70}}
Aug 16 18:31:54.661755 np0000007391 devstack@g-api.service[103009]: [pid: 103009|app: 0|req: 10/41] 127.0.0.1 () {44 vars in 1115 bytes} [Sun Aug 16 18:31:54 2026] GET /v2/images/82f61471-6b52-4c07-b3ab-ad2f1e3f2135 => generated 1044 bytes in 13 msecs (HTTP/1.1 200) 4 headers in 158 bytes (1 switches on core 0)
Aug 16 18:31:54.672244 np0000007391 devstack@g-api.service[103008]: DEBUG glance.api.middleware.version_negotiation [None req-aad93e07-ce7a-48e7-8cef-3fdba3f473c6 tempest-AttachSCSIVolumeTestJSON-935056899 tempest-AttachSCSIVolumeTestJSON-935056899-project-reader] Determining version of request: GET /v2/schemas/image Accept: */* {{(pid=103008) process_request /opt/stack/glance/glance/api/middleware/version_negotiation.py:44}}
Aug 16 18:31:54.672476 np0000007391 devstack@g-api.service[103008]: DEBUG glance.api.middleware.version_negotiation [None req-aad93e07-ce7a-48e7-8cef-3fdba3f473c6 tempest-AttachSCSIVolumeTestJSON-935056899 tempest-AttachSCSIVolumeTestJSON-935056899-project-reader] Using url versioning {{(pid=103008) process_request /opt/stack/glance/glance/api/middleware/version_negotiation.py:57}}
Aug 16 18:31:54.672689 np0000007391 devstack@g-api.service[103008]: DEBUG glance.api.middleware.version_negotiation [None req-aad93e07-ce7a-48e7-8cef-3fdba3f473c6 tempest-AttachSCSIVolumeTestJSON-935056899 tempest-AttachSCSIVolumeTestJSON-935056899-project-reader] Matched version: v2 {{(pid=103008) process_request /opt/stack/glance/glance/api/middleware/version_negotiation.py:69}}
Aug 16 18:31:54.672830 np0000007391 devstack@g-api.service[103008]: DEBUG glance.api.middleware.version_negotiation [None req-aad93e07-ce7a-48e7-8cef-3fdba3f473c6 tempest-AttachSCSIVolumeTestJSON-935056899 tempest-AttachSCSIVolumeTestJSON-935056899-project-reader] new path /v2/schemas/image {{(pid=103008) process_request /opt/stack/glance/glance/api/middleware/version_negotiation.py:70}}
Aug 16 18:31:54.675787 np0000007391 devstack@g-api.service[103008]: [pid: 103008|app: 0|req: 11/42] 127.0.0.1 () {44 vars in 1055 bytes} [Sun Aug 16 18:31:54 2026] GET /v2/schemas/image => generated 6083 bytes in 4 msecs (HTTP/1.1 200) 4 headers in 158 bytes (1 switches on core 0)
Aug 16 18:31:55.271264 np0000007391 devstack@g-api.service[103007]: [pid: 103007|app: 0|req: 11/43] 127.0.0.1 () {42 vars in 786 bytes} [Sun Aug 16 18:31:54 2026] POST /v2/images => generated 690 bytes in 611 msecs (HTTP/1.1 201) 6 headers in 315 bytes (1 switches on core 0)
Aug 16 18:31:55.278673 np0000007391 devstack@g-api.service[103009]: DEBUG glance.api.middleware.version_negotiation [None req-74273dbb-cf4b-4a46-9000-4d90996fea58 tempest-TaggedBootDevicesTest_v242-733967367 tempest-TaggedBootDevicesTest_v242-733967367-project-member] Determining version of request: PUT /v2/images/cad7f3f6-16cc-4850-8faa-c09bfe4a7fcd/file Accept: {{(pid=103009) process_request /opt/stack/glance/glance/api/middleware/version_negotiation.py:44}}
Aug 16 18:31:55.279151 np0000007391 devstack@g-api.service[103009]: DEBUG glance.api.middleware.version_negotiation [None req-74273dbb-cf4b-4a46-9000-4d90996fea58 tempest-TaggedBootDevicesTest_v242-733967367 tempest-TaggedBootDevicesTest_v242-733967367-project-member] Using url versioning {{(pid=103009) process_request /opt/stack/glance/glance/api/middleware/version_negotiation.py:57}}
Aug 16 18:31:55.279151 np0000007391 devstack@g-api.service[103009]: DEBUG glance.api.middleware.version_negotiation [None req-74273dbb-cf4b-4a46-9000-4d90996fea58 tempest-TaggedBootDevicesTest_v242-733967367 tempest-TaggedBootDevicesTest_v242-733967367-project-member] Matched version: v2 {{(pid=103009) process_request /opt/stack/glance/glance/api/middleware/version_negotiation.py:69}}
Aug 16 18:31:55.279151 np0000007391 devstack@g-api.service[103009]: DEBUG glance.api.middleware.version_negotiation [None req-74273dbb-cf4b-4a46-9000-4d90996fea58 tempest-TaggedBootDevicesTest_v242-733967367 tempest-TaggedBootDevicesTest_v242-733967367-project-member] new path /v2/images/cad7f3f6-16cc-4850-8faa-c09bfe4a7fcd/file {{(pid=103009) process_request /opt/stack/glance/glance/api/middleware/version_negotiation.py:70}}
Aug 16 18:31:55.333509 np0000007391 devstack@g-api.service[103006]: [pid: 103006|app: 0|req: 12/44] 127.0.0.1 () {40 vars in 848 bytes} [Sun Aug 16 18:31:54 2026] GET /v2/images/82f61471-6b52-4c07-b3ab-ad2f1e3f2135/file => generated 21692416 bytes in 1118 msecs (HTTP/1.1 200) 5 headers in 217 bytes (339 switches on core 0)
Aug 16 18:31:56.013862 np0000007391 devstack@g-api.service[103009]: INFO glance.api.v2.image_data [None req-154822a0-14e9-462e-9a10-970b4b397200 tempest-AttachSCSIVolumeTestJSON-1657434475 tempest-AttachSCSIVolumeTestJSON-1657434475-project-admin] Unable to create trust: no such option collect_timing in group [keystone_authtoken] Use the existing user token.
Aug 16 18:31:56.573328 np0000007391 devstack@g-api.service[103008]: DEBUG glance.api.middleware.version_negotiation [None req-74273dbb-cf4b-4a46-9000-4d90996fea58 tempest-TaggedBootDevicesTest_v242-733967367 tempest-TaggedBootDevicesTest_v242-733967367-project-member] Determining version of request: GET / Accept: application/json {{(pid=103008) process_request /opt/stack/glance/glance/api/middleware/version_negotiation.py:44}}
Aug 16 18:31:56.573328 np0000007391 devstack@g-api.service[103008]: DEBUG glance.api.middleware.version_negotiation [None req-74273dbb-cf4b-4a46-9000-4d90996fea58 tempest-TaggedBootDevicesTest_v242-733967367 tempest-TaggedBootDevicesTest_v242-733967367-project-member] Using url versioning {{(pid=103008) process_request /opt/stack/glance/glance/api/middleware/version_negotiation.py:57}}
Aug 16 18:31:56.573843 np0000007391 devstack@g-api.service[103008]: DEBUG glance.api.middleware.version_negotiation [None req-74273dbb-cf4b-4a46-9000-4d90996fea58 tempest-TaggedBootDevicesTest_v242-733967367 tempest-TaggedBootDevicesTest_v242-733967367-project-member] Unknown version. Returning version choices. {{(pid=103008) process_request /opt/stack/glance/glance/api/middleware/version_negotiation.py:64}}
Aug 16 18:31:56.574241 np0000007391 devstack@g-api.service[103008]: [pid: 103008|app: 0|req: 12/45] 127.0.0.1 () {36 vars in 559 bytes} [Sun Aug 16 18:31:56 2026] GET / => generated 1515 bytes in 1 msecs (HTTP/1.1 300) 3 headers in 106 bytes (1 switches on core 0)
Aug 16 18:31:56.710658 np0000007391 devstack@g-api.service[103009]: DEBUG glance.location [None req-154822a0-14e9-462e-9a10-970b4b397200 tempest-AttachSCSIVolumeTestJSON-1657434475 tempest-AttachSCSIVolumeTestJSON-1657434475-project-admin] Enabling in-flight format inspection for qcow2 {{(pid=103009) set_data /opt/stack/glance/glance/location.py:596}}
Aug 16 18:31:56.711429 np0000007391 devstack@g-api.service[103009]: DEBUG glance_store.backend [None req-154822a0-14e9-462e-9a10-970b4b397200 tempest-AttachSCSIVolumeTestJSON-1657434475 tempest-AttachSCSIVolumeTestJSON-1657434475-project-admin] Attempting to import store swift {{(pid=103009) _load_store /opt/stack/data/venv/lib/python3.12/site-packages/glance_store/backend.py:215}}
Aug 16 18:31:56.712679 np0000007391 devstack@g-api.service[103009]: DEBUG glance_store.capabilities [None req-154822a0-14e9-462e-9a10-970b4b397200 tempest-AttachSCSIVolumeTestJSON-1657434475 tempest-AttachSCSIVolumeTestJSON-1657434475-project-admin] Store glance_store._drivers.swift.store.SingleTenantStore doesn't support updating dynamic storage capabilities. Please overwrite 'update_capabilities' method of the store to implement updating logics if needed. {{(pid=103009) update_capabilities /opt/stack/data/venv/lib/python3.12/site-packages/glance_store/capabilities.py:91}}
Aug 16 18:31:56.712812 np0000007391 devstack@g-api.service[103009]: DEBUG glance_store.driver [None req-154822a0-14e9-462e-9a10-970b4b397200 tempest-AttachSCSIVolumeTestJSON-1657434475 tempest-AttachSCSIVolumeTestJSON-1657434475-project-admin] Late loading location class glance_store._drivers.swift.store.StoreLocation {{(pid=103009) get_store_location_class /opt/stack/data/venv/lib/python3.12/site-packages/glance_store/driver.py:134}}
Aug 16 18:31:56.712846 np0000007391 devstack@g-api.service[103009]: DEBUG glance_store.location [None req-154822a0-14e9-462e-9a10-970b4b397200 tempest-AttachSCSIVolumeTestJSON-1657434475 tempest-AttachSCSIVolumeTestJSON-1657434475-project-admin] Registering scheme swift+https with {'store': , 'location_class': , 'store_entry': 'swift'} {{(pid=103009) register_scheme_map /opt/stack/data/venv/lib/python3.12/site-packages/glance_store/location.py:146}}
Aug 16 18:31:56.712930 np0000007391 devstack@g-api.service[103009]: DEBUG glance_store.location [None req-154822a0-14e9-462e-9a10-970b4b397200 tempest-AttachSCSIVolumeTestJSON-1657434475 tempest-AttachSCSIVolumeTestJSON-1657434475-project-admin] Registering scheme swift+https with {'store': , 'location_class': , 'store_entry': 'swift'} {{(pid=103009) register_scheme_map /opt/stack/data/venv/lib/python3.12/site-packages/glance_store/location.py:146}}
Aug 16 18:31:56.712982 np0000007391 devstack@g-api.service[103009]: DEBUG glance_store.location [None req-154822a0-14e9-462e-9a10-970b4b397200 tempest-AttachSCSIVolumeTestJSON-1657434475 tempest-AttachSCSIVolumeTestJSON-1657434475-project-admin] Registering scheme swift with {'store': , 'location_class': , 'store_entry': 'swift'} {{(pid=103009) register_scheme_map /opt/stack/data/venv/lib/python3.12/site-packages/glance_store/location.py:146}}
Aug 16 18:31:56.713215 np0000007391 devstack@g-api.service[103009]: DEBUG glance_store.location [None req-154822a0-14e9-462e-9a10-970b4b397200 tempest-AttachSCSIVolumeTestJSON-1657434475 tempest-AttachSCSIVolumeTestJSON-1657434475-project-admin] Registering scheme swift+https with {'store': , 'location_class': , 'store_entry': 'swift'} {{(pid=103009) register_scheme_map /opt/stack/data/venv/lib/python3.12/site-packages/glance_store/location.py:146}}
Aug 16 18:31:56.713215 np0000007391 devstack@g-api.service[103009]: DEBUG glance_store.location [None req-154822a0-14e9-462e-9a10-970b4b397200 tempest-AttachSCSIVolumeTestJSON-1657434475 tempest-AttachSCSIVolumeTestJSON-1657434475-project-admin] Registering scheme swift with {'store': , 'location_class': , 'store_entry': 'swift'} {{(pid=103009) register_scheme_map /opt/stack/data/venv/lib/python3.12/site-packages/glance_store/location.py:146}}
Aug 16 18:31:56.713332 np0000007391 devstack@g-api.service[103009]: DEBUG glance_store.location [None req-154822a0-14e9-462e-9a10-970b4b397200 tempest-AttachSCSIVolumeTestJSON-1657434475 tempest-AttachSCSIVolumeTestJSON-1657434475-project-admin] Registering scheme swift+http with {'store': , 'location_class': , 'store_entry': 'swift'} {{(pid=103009) register_scheme_map /opt/stack/data/venv/lib/python3.12/site-packages/glance_store/location.py:146}}
Aug 16 18:31:56.713427 np0000007391 devstack@g-api.service[103009]: DEBUG glance_store.location [None req-154822a0-14e9-462e-9a10-970b4b397200 tempest-AttachSCSIVolumeTestJSON-1657434475 tempest-AttachSCSIVolumeTestJSON-1657434475-project-admin] Registering scheme swift+https with {'store': , 'location_class': , 'store_entry': 'swift'} {{(pid=103009) register_scheme_map /opt/stack/data/venv/lib/python3.12/site-packages/glance_store/location.py:146}}
Aug 16 18:31:56.713550 np0000007391 devstack@g-api.service[103009]: DEBUG glance_store.location [None req-154822a0-14e9-462e-9a10-970b4b397200 tempest-AttachSCSIVolumeTestJSON-1657434475 tempest-AttachSCSIVolumeTestJSON-1657434475-project-admin] Registering scheme swift with {'store': , 'location_class': , 'store_entry': 'swift'} {{(pid=103009) register_scheme_map /opt/stack/data/venv/lib/python3.12/site-packages/glance_store/location.py:146}}
Aug 16 18:31:56.713692 np0000007391 devstack@g-api.service[103009]: DEBUG glance_store.location [None req-154822a0-14e9-462e-9a10-970b4b397200 tempest-AttachSCSIVolumeTestJSON-1657434475 tempest-AttachSCSIVolumeTestJSON-1657434475-project-admin] Registering scheme swift+http with {'store': , 'location_class': , 'store_entry': 'swift'} {{(pid=103009) register_scheme_map /opt/stack/data/venv/lib/python3.12/site-packages/glance_store/location.py:146}}
Aug 16 18:31:56.713800 np0000007391 devstack@g-api.service[103009]: DEBUG glance_store.location [None req-154822a0-14e9-462e-9a10-970b4b397200 tempest-AttachSCSIVolumeTestJSON-1657434475 tempest-AttachSCSIVolumeTestJSON-1657434475-project-admin] Registering scheme swift+config with {'store': , 'location_class': , 'store_entry': 'swift'} {{(pid=103009) register_scheme_map /opt/stack/data/venv/lib/python3.12/site-packages/glance_store/location.py:146}}
Aug 16 18:31:56.874155 np0000007391 devstack@g-api.service[103007]: DEBUG glance.api.middleware.version_negotiation [None req-342f7f65-0f04-400f-bbd1-71863cef55da tempest-AttachSCSIVolumeTestJSON-1657434475 tempest-AttachSCSIVolumeTestJSON-1657434475-project-admin] Determining version of request: GET /v2/images/82f61471-6b52-4c07-b3ab-ad2f1e3f2135 Accept: */* {{(pid=103007) process_request /opt/stack/glance/glance/api/middleware/version_negotiation.py:44}}
Aug 16 18:31:56.874560 np0000007391 devstack@g-api.service[103007]: DEBUG glance.api.middleware.version_negotiation [None req-342f7f65-0f04-400f-bbd1-71863cef55da tempest-AttachSCSIVolumeTestJSON-1657434475 tempest-AttachSCSIVolumeTestJSON-1657434475-project-admin] Using url versioning {{(pid=103007) process_request /opt/stack/glance/glance/api/middleware/version_negotiation.py:57}}
Aug 16 18:31:56.874712 np0000007391 devstack@g-api.service[103007]: DEBUG glance.api.middleware.version_negotiation [None req-342f7f65-0f04-400f-bbd1-71863cef55da tempest-AttachSCSIVolumeTestJSON-1657434475 tempest-AttachSCSIVolumeTestJSON-1657434475-project-admin] Matched version: v2 {{(pid=103007) process_request /opt/stack/glance/glance/api/middleware/version_negotiation.py:69}}
Aug 16 18:31:56.874802 np0000007391 devstack@g-api.service[103007]: DEBUG glance.api.middleware.version_negotiation [None req-342f7f65-0f04-400f-bbd1-71863cef55da tempest-AttachSCSIVolumeTestJSON-1657434475 tempest-AttachSCSIVolumeTestJSON-1657434475-project-admin] new path /v2/images/82f61471-6b52-4c07-b3ab-ad2f1e3f2135 {{(pid=103007) process_request /opt/stack/glance/glance/api/middleware/version_negotiation.py:70}}
Aug 16 18:31:57.211762 np0000007391 devstack@g-api.service[103009]: DEBUG swiftclient [None req-154822a0-14e9-462e-9a10-970b4b397200 tempest-AttachSCSIVolumeTestJSON-1657434475 tempest-AttachSCSIVolumeTestJSON-1657434475-project-admin] REQ: curl -i https://10.4.3.167:8080/v1/AUTH_90341a2af5f447c48d6403567649520d/glance -I -H "X-Auth-Token: gAAAAABqggIcG2JY..." {{(pid=103009) http_log /opt/stack/data/venv/lib/python3.12/site-packages/swiftclient/client.py:160}}
Aug 16 18:31:57.211762 np0000007391 devstack@g-api.service[103009]: DEBUG swiftclient [None req-154822a0-14e9-462e-9a10-970b4b397200 tempest-AttachSCSIVolumeTestJSON-1657434475 tempest-AttachSCSIVolumeTestJSON-1657434475-project-admin] RESP STATUS: 204 No Content {{(pid=103009) http_log /opt/stack/data/venv/lib/python3.12/site-packages/swiftclient/client.py:161}}
Aug 16 18:31:57.212059 np0000007391 devstack@g-api.service[103009]: DEBUG swiftclient [None req-154822a0-14e9-462e-9a10-970b4b397200 tempest-AttachSCSIVolumeTestJSON-1657434475 tempest-AttachSCSIVolumeTestJSON-1657434475-project-admin] RESP HEADERS: {'Date': 'Sun, 16 Aug 2026 18:31:57 GMT', 'Server': 'Apache/2.4.58 (Ubuntu)', 'Content-Type': 'text/plain; charset=utf-8', 'X-Container-Object-Count': '3', 'X-Container-Bytes-Used': '64356352', 'X-Timestamp': '1786904992.35069', 'Last-Modified': 'Sun, 16 Aug 2026 18:29:53 GMT', 'Accept-Ranges': 'bytes', 'X-Storage-Policy': 'Policy-0', 'X-Container-Sharding': 'False', 'Vary': 'Accept', 'X-Trans-Id': 'tx1738b601927a468890ba9-006a82021c', 'X-Openstack-Request-Id': 'tx1738b601927a468890ba9-006a82021c', 'Connection': 'close'} {{(pid=103009) http_log /opt/stack/data/venv/lib/python3.12/site-packages/swiftclient/client.py:162}}
Aug 16 18:31:57.212315 np0000007391 devstack@g-api.service[103009]: DEBUG glance_store._drivers.swift.store [None req-154822a0-14e9-462e-9a10-970b4b397200 tempest-AttachSCSIVolumeTestJSON-1657434475 tempest-AttachSCSIVolumeTestJSON-1657434475-project-admin] Adding image object 'cad7f3f6-16cc-4850-8faa-c09bfe4a7fcd' to Swift {{(pid=103009) add /opt/stack/data/venv/lib/python3.12/site-packages/glance_store/_drivers/swift/store.py:970}}
Aug 16 18:31:57.212436 np0000007391 devstack@g-api.service[103009]: DEBUG glance_store._drivers.swift.store [None req-154822a0-14e9-462e-9a10-970b4b397200 tempest-AttachSCSIVolumeTestJSON-1657434475 tempest-AttachSCSIVolumeTestJSON-1657434475-project-admin] Cannot determine image size because it is either not provided in the request or chunked-transfer encoding is used. Adding image as a segmented object to Swift. {{(pid=103009) add /opt/stack/data/venv/lib/python3.12/site-packages/glance_store/_drivers/swift/store.py:994}}
Aug 16 18:31:57.217981 np0000007391 devstack@g-api.service[103007]: [pid: 103007|app: 0|req: 12/46] 127.0.0.1 () {44 vars in 1115 bytes} [Sun Aug 16 18:31:56 2026] GET /v2/images/82f61471-6b52-4c07-b3ab-ad2f1e3f2135 => generated 1044 bytes in 346 msecs (HTTP/1.1 200) 4 headers in 158 bytes (1 switches on core 0)
Aug 16 18:31:57.220017 np0000007391 devstack@g-api.service[103009]: DEBUG oslo_utils.imageutils.format_inspector [None req-154822a0-14e9-462e-9a10-970b4b397200 tempest-AttachSCSIVolumeTestJSON-1657434475 tempest-AttachSCSIVolumeTestJSON-1657434475-project-admin] Format inspector for vmdk does not match, excluding from consideration (Signature KDMV not found: b'QFI\xfb') {{(pid=103009) _process_chunk /opt/stack/data/venv/lib/python3.12/site-packages/oslo_utils/imageutils/format_inspector.py:1758}}
Aug 16 18:31:57.226040 np0000007391 devstack@g-api.service[103009]: DEBUG oslo_utils.imageutils.format_inspector [None req-154822a0-14e9-462e-9a10-970b4b397200 tempest-AttachSCSIVolumeTestJSON-1657434475 tempest-AttachSCSIVolumeTestJSON-1657434475-project-admin] Format inspector for vhdx does not match, excluding from consideration (Region signature not found at 30000) {{(pid=103009) _process_chunk /opt/stack/data/venv/lib/python3.12/site-packages/oslo_utils/imageutils/format_inspector.py:1758}}
Aug 16 18:31:57.258966 np0000007391 devstack@g-api.service[103006]: DEBUG glance.api.middleware.version_negotiation [None req-b52e73a6-d93d-4bbb-a78c-c0eaf625df8d tempest-AttachSCSIVolumeTestJSON-1657434475 tempest-AttachSCSIVolumeTestJSON-1657434475-project-admin] Determining version of request: GET /v2/schemas/image Accept: */* {{(pid=103006) process_request /opt/stack/glance/glance/api/middleware/version_negotiation.py:44}}
Aug 16 18:31:57.259375 np0000007391 devstack@g-api.service[103006]: DEBUG glance.api.middleware.version_negotiation [None req-b52e73a6-d93d-4bbb-a78c-c0eaf625df8d tempest-AttachSCSIVolumeTestJSON-1657434475 tempest-AttachSCSIVolumeTestJSON-1657434475-project-admin] Using url versioning {{(pid=103006) process_request /opt/stack/glance/glance/api/middleware/version_negotiation.py:57}}
Aug 16 18:31:57.259375 np0000007391 devstack@g-api.service[103006]: DEBUG glance.api.middleware.version_negotiation [None req-b52e73a6-d93d-4bbb-a78c-c0eaf625df8d tempest-AttachSCSIVolumeTestJSON-1657434475 tempest-AttachSCSIVolumeTestJSON-1657434475-project-admin] Matched version: v2 {{(pid=103006) process_request /opt/stack/glance/glance/api/middleware/version_negotiation.py:69}}
Aug 16 18:31:57.259375 np0000007391 devstack@g-api.service[103006]: DEBUG glance.api.middleware.version_negotiation [None req-b52e73a6-d93d-4bbb-a78c-c0eaf625df8d tempest-AttachSCSIVolumeTestJSON-1657434475 tempest-AttachSCSIVolumeTestJSON-1657434475-project-admin] new path /v2/schemas/image {{(pid=103006) process_request /opt/stack/glance/glance/api/middleware/version_negotiation.py:70}}
Aug 16 18:31:57.264087 np0000007391 devstack@g-api.service[103006]: [pid: 103006|app: 0|req: 13/47] 127.0.0.1 () {44 vars in 1055 bytes} [Sun Aug 16 18:31:57 2026] GET /v2/schemas/image => generated 6083 bytes in 5 msecs (HTTP/1.1 200) 4 headers in 158 bytes (1 switches on core 0)
Aug 16 18:31:57.470215 np0000007391 devstack@g-api.service[103009]: DEBUG swiftclient [None req-154822a0-14e9-462e-9a10-970b4b397200 tempest-AttachSCSIVolumeTestJSON-1657434475 tempest-AttachSCSIVolumeTestJSON-1657434475-project-admin] REQ: curl -i https://10.4.3.167:8080/v1/AUTH_90341a2af5f447c48d6403567649520d/glance/cad7f3f6-16cc-4850-8faa-c09bfe4a7fcd-00001 -X PUT -H "X-Auth-Token: gAAAAABqggIcG2JY..." {{(pid=103009) http_log /opt/stack/data/venv/lib/python3.12/site-packages/swiftclient/client.py:160}}
Aug 16 18:31:57.470215 np0000007391 devstack@g-api.service[103009]: DEBUG swiftclient [None req-154822a0-14e9-462e-9a10-970b4b397200 tempest-AttachSCSIVolumeTestJSON-1657434475 tempest-AttachSCSIVolumeTestJSON-1657434475-project-admin] RESP STATUS: 201 Created {{(pid=103009) http_log /opt/stack/data/venv/lib/python3.12/site-packages/swiftclient/client.py:161}}
Aug 16 18:31:57.470360 np0000007391 devstack@g-api.service[103009]: DEBUG swiftclient [None req-154822a0-14e9-462e-9a10-970b4b397200 tempest-AttachSCSIVolumeTestJSON-1657434475 tempest-AttachSCSIVolumeTestJSON-1657434475-project-admin] RESP HEADERS: {'Date': 'Sun, 16 Aug 2026 18:31:57 GMT', 'Server': 'Apache/2.4.58 (Ubuntu)', 'Content-Type': 'text/html; charset=UTF-8', 'Content-Length': '0', 'Etag': '87617e24a5e30cb3b87fda8c0764838f', 'Last-Modified': 'Sun, 16 Aug 2026 18:31:58 GMT', 'X-Trans-Id': 'txa90332c1f923434f889e8-006a82021d', 'X-Openstack-Request-Id': 'txa90332c1f923434f889e8-006a82021d', 'Connection': 'close'} {{(pid=103009) http_log /opt/stack/data/venv/lib/python3.12/site-packages/swiftclient/client.py:162}}
Aug 16 18:31:57.470469 np0000007391 devstack@g-api.service[103009]: DEBUG glance_store._drivers.swift.store [None req-154822a0-14e9-462e-9a10-970b4b397200 tempest-AttachSCSIVolumeTestJSON-1657434475 tempest-AttachSCSIVolumeTestJSON-1657434475-project-admin] Wrote chunk cad7f3f6-16cc-4850-8faa-c09bfe4a7fcd-00001 (1/?) of length 21692416 to Swift returning MD5 of content: 87617e24a5e30cb3b87fda8c0764838f {{(pid=103009) add /opt/stack/data/venv/lib/python3.12/site-packages/glance_store/_drivers/swift/store.py:1059}}
Aug 16 18:31:57.470711 np0000007391 devstack@g-api.service[103009]: DEBUG glance_store._drivers.swift.store [None req-154822a0-14e9-462e-9a10-970b4b397200 tempest-AttachSCSIVolumeTestJSON-1657434475 tempest-AttachSCSIVolumeTestJSON-1657434475-project-admin] Not writing zero-length chunk. {{(pid=103009) add /opt/stack/data/venv/lib/python3.12/site-packages/glance_store/_drivers/swift/store.py:1028}}
Aug 16 18:31:57.494739 np0000007391 devstack@g-api.service[103009]: DEBUG swiftclient [None req-154822a0-14e9-462e-9a10-970b4b397200 tempest-AttachSCSIVolumeTestJSON-1657434475 tempest-AttachSCSIVolumeTestJSON-1657434475-project-admin] REQ: curl -i https://10.4.3.167:8080/v1/AUTH_90341a2af5f447c48d6403567649520d/glance/cad7f3f6-16cc-4850-8faa-c09bfe4a7fcd -X PUT -H "X-Object-Manifest: glance/cad7f3f6-16cc-4850-8faa-c09bfe4a7fcd-" -H "X-Auth-Token: gAAAAABqggIcG2JY..." -H "Content-Length: 0" {{(pid=103009) http_log /opt/stack/data/venv/lib/python3.12/site-packages/swiftclient/client.py:160}}
Aug 16 18:31:57.494905 np0000007391 devstack@g-api.service[103009]: DEBUG swiftclient [None req-154822a0-14e9-462e-9a10-970b4b397200 tempest-AttachSCSIVolumeTestJSON-1657434475 tempest-AttachSCSIVolumeTestJSON-1657434475-project-admin] RESP STATUS: 201 Created {{(pid=103009) http_log /opt/stack/data/venv/lib/python3.12/site-packages/swiftclient/client.py:161}}
Aug 16 18:31:57.495090 np0000007391 devstack@g-api.service[103009]: DEBUG swiftclient [None req-154822a0-14e9-462e-9a10-970b4b397200 tempest-AttachSCSIVolumeTestJSON-1657434475 tempest-AttachSCSIVolumeTestJSON-1657434475-project-admin] RESP HEADERS: {'Date': 'Sun, 16 Aug 2026 18:31:57 GMT', 'Server': 'Apache/2.4.58 (Ubuntu)', 'Content-Type': 'text/html; charset=UTF-8', 'Content-Length': '0', 'Etag': 'd41d8cd98f00b204e9800998ecf8427e', 'Last-Modified': 'Sun, 16 Aug 2026 18:31:58 GMT', 'X-Trans-Id': 'txa864234166a54a509a49c-006a82021d', 'X-Openstack-Request-Id': 'txa864234166a54a509a49c-006a82021d', 'Connection': 'close'} {{(pid=103009) http_log /opt/stack/data/venv/lib/python3.12/site-packages/swiftclient/client.py:162}}
Aug 16 18:31:57.495564 np0000007391 devstack@g-api.service[103009]: INFO glance.location [None req-154822a0-14e9-462e-9a10-970b4b397200 tempest-AttachSCSIVolumeTestJSON-1657434475 tempest-AttachSCSIVolumeTestJSON-1657434475-project-admin] Image format matched and virtual size computed: 117440512
Aug 16 18:31:57.526389 np0000007391 devstack@g-api.service[103009]: DEBUG glance_store.backend [None req-154822a0-14e9-462e-9a10-970b4b397200 tempest-AttachSCSIVolumeTestJSON-1657434475 tempest-AttachSCSIVolumeTestJSON-1657434475-project-admin] Attempting to import store swift {{(pid=103009) _load_store /opt/stack/data/venv/lib/python3.12/site-packages/glance_store/backend.py:215}}
Aug 16 18:31:57.527674 np0000007391 devstack@g-api.service[103009]: DEBUG glance_store.capabilities [None req-154822a0-14e9-462e-9a10-970b4b397200 tempest-AttachSCSIVolumeTestJSON-1657434475 tempest-AttachSCSIVolumeTestJSON-1657434475-project-admin] Store glance_store._drivers.swift.store.SingleTenantStore doesn't support updating dynamic storage capabilities. Please overwrite 'update_capabilities' method of the store to implement updating logics if needed. {{(pid=103009) update_capabilities /opt/stack/data/venv/lib/python3.12/site-packages/glance_store/capabilities.py:91}}
Aug 16 18:31:57.527674 np0000007391 devstack@g-api.service[103009]: DEBUG glance_store.driver [None req-154822a0-14e9-462e-9a10-970b4b397200 tempest-AttachSCSIVolumeTestJSON-1657434475 tempest-AttachSCSIVolumeTestJSON-1657434475-project-admin] Late loading location class glance_store._drivers.swift.store.StoreLocation {{(pid=103009) get_store_location_class /opt/stack/data/venv/lib/python3.12/site-packages/glance_store/driver.py:134}}
Aug 16 18:31:57.527840 np0000007391 devstack@g-api.service[103009]: DEBUG glance_store.location [None req-154822a0-14e9-462e-9a10-970b4b397200 tempest-AttachSCSIVolumeTestJSON-1657434475 tempest-AttachSCSIVolumeTestJSON-1657434475-project-admin] Registering scheme swift+https with {'store': , 'location_class': , 'store_entry': 'swift'} {{(pid=103009) register_scheme_map /opt/stack/data/venv/lib/python3.12/site-packages/glance_store/location.py:146}}
Aug 16 18:31:57.527840 np0000007391 devstack@g-api.service[103009]: DEBUG glance_store.location [None req-154822a0-14e9-462e-9a10-970b4b397200 tempest-AttachSCSIVolumeTestJSON-1657434475 tempest-AttachSCSIVolumeTestJSON-1657434475-project-admin] Registering scheme swift+https with {'store': , 'location_class': , 'store_entry': 'swift'} {{(pid=103009) register_scheme_map /opt/stack/data/venv/lib/python3.12/site-packages/glance_store/location.py:146}}
Aug 16 18:31:57.528259 np0000007391 devstack@g-api.service[103009]: DEBUG glance_store.location [None req-154822a0-14e9-462e-9a10-970b4b397200 tempest-AttachSCSIVolumeTestJSON-1657434475 tempest-AttachSCSIVolumeTestJSON-1657434475-project-admin] Registering scheme swift with {'store': , 'location_class': , 'store_entry': 'swift'} {{(pid=103009) register_scheme_map /opt/stack/data/venv/lib/python3.12/site-packages/glance_store/location.py:146}}
Aug 16 18:31:57.528259 np0000007391 devstack@g-api.service[103009]: DEBUG glance_store.location [None req-154822a0-14e9-462e-9a10-970b4b397200 tempest-AttachSCSIVolumeTestJSON-1657434475 tempest-AttachSCSIVolumeTestJSON-1657434475-project-admin] Registering scheme swift+https with {'store': , 'location_class': , 'store_entry': 'swift'} {{(pid=103009) register_scheme_map /opt/stack/data/venv/lib/python3.12/site-packages/glance_store/location.py:146}}
Aug 16 18:31:57.528259 np0000007391 devstack@g-api.service[103009]: DEBUG glance_store.location [None req-154822a0-14e9-462e-9a10-970b4b397200 tempest-AttachSCSIVolumeTestJSON-1657434475 tempest-AttachSCSIVolumeTestJSON-1657434475-project-admin] Registering scheme swift with {'store': , 'location_class': , 'store_entry': 'swift'} {{(pid=103009) register_scheme_map /opt/stack/data/venv/lib/python3.12/site-packages/glance_store/location.py:146}}
Aug 16 18:31:57.528465 np0000007391 devstack@g-api.service[103009]: DEBUG glance_store.location [None req-154822a0-14e9-462e-9a10-970b4b397200 tempest-AttachSCSIVolumeTestJSON-1657434475 tempest-AttachSCSIVolumeTestJSON-1657434475-project-admin] Registering scheme swift+http with {'store': , 'location_class': , 'store_entry': 'swift'} {{(pid=103009) register_scheme_map /opt/stack/data/venv/lib/python3.12/site-packages/glance_store/location.py:146}}
Aug 16 18:31:57.528465 np0000007391 devstack@g-api.service[103009]: DEBUG glance_store.location [None req-154822a0-14e9-462e-9a10-970b4b397200 tempest-AttachSCSIVolumeTestJSON-1657434475 tempest-AttachSCSIVolumeTestJSON-1657434475-project-admin] Registering scheme swift+https with {'store': , 'location_class': , 'store_entry': 'swift'} {{(pid=103009) register_scheme_map /opt/stack/data/venv/lib/python3.12/site-packages/glance_store/location.py:146}}
Aug 16 18:31:57.528465 np0000007391 devstack@g-api.service[103009]: DEBUG glance_store.location [None req-154822a0-14e9-462e-9a10-970b4b397200 tempest-AttachSCSIVolumeTestJSON-1657434475 tempest-AttachSCSIVolumeTestJSON-1657434475-project-admin] Registering scheme swift with {'store': , 'location_class': , 'store_entry': 'swift'} {{(pid=103009) register_scheme_map /opt/stack/data/venv/lib/python3.12/site-packages/glance_store/location.py:146}}
Aug 16 18:31:57.528690 np0000007391 devstack@g-api.service[103009]: DEBUG glance_store.location [None req-154822a0-14e9-462e-9a10-970b4b397200 tempest-AttachSCSIVolumeTestJSON-1657434475 tempest-AttachSCSIVolumeTestJSON-1657434475-project-admin] Registering scheme swift+http with {'store': , 'location_class': , 'store_entry': 'swift'} {{(pid=103009) register_scheme_map /opt/stack/data/venv/lib/python3.12/site-packages/glance_store/location.py:146}}
Aug 16 18:31:57.528690 np0000007391 devstack@g-api.service[103009]: DEBUG glance_store.location [None req-154822a0-14e9-462e-9a10-970b4b397200 tempest-AttachSCSIVolumeTestJSON-1657434475 tempest-AttachSCSIVolumeTestJSON-1657434475-project-admin] Registering scheme swift+config with {'store': , 'location_class': , 'store_entry': 'swift'} {{(pid=103009) register_scheme_map /opt/stack/data/venv/lib/python3.12/site-packages/glance_store/location.py:146}}
Aug 16 18:31:57.528690 np0000007391 devstack@g-api.service[103009]: DEBUG glance_store.backend [None req-154822a0-14e9-462e-9a10-970b4b397200 tempest-AttachSCSIVolumeTestJSON-1657434475 tempest-AttachSCSIVolumeTestJSON-1657434475-project-admin] Skipping store.set_acls... not implemented. {{(pid=103009) set_acls /opt/stack/data/venv/lib/python3.12/site-packages/glance_store/backend.py:507}}
Aug 16 18:31:57.530638 np0000007391 devstack@g-api.service[103009]: [pid: 103009|app: 0|req: 11/48] 127.0.0.1 () {40 vars in 858 bytes} [Sun Aug 16 18:31:55 2026] PUT /v2/images/cad7f3f6-16cc-4850-8faa-c09bfe4a7fcd/file => generated 0 bytes in 2252 msecs (HTTP/1.1 204) 4 headers in 171 bytes (1 switches on core 0)
Aug 16 18:31:57.624561 np0000007391 devstack@g-api.service[103008]: DEBUG glance.api.middleware.version_negotiation [None req-74273dbb-cf4b-4a46-9000-4d90996fea58 tempest-TaggedBootDevicesTest_v242-733967367 tempest-TaggedBootDevicesTest_v242-733967367-project-member] Determining version of request: GET /v2/images/82f61471-6b52-4c07-b3ab-ad2f1e3f2135 Accept: */* {{(pid=103008) process_request /opt/stack/glance/glance/api/middleware/version_negotiation.py:44}}
Aug 16 18:31:57.624561 np0000007391 devstack@g-api.service[103008]: DEBUG glance.api.middleware.version_negotiation [None req-74273dbb-cf4b-4a46-9000-4d90996fea58 tempest-TaggedBootDevicesTest_v242-733967367 tempest-TaggedBootDevicesTest_v242-733967367-project-member] Using url versioning {{(pid=103008) process_request /opt/stack/glance/glance/api/middleware/version_negotiation.py:57}}
Aug 16 18:31:57.624561 np0000007391 devstack@g-api.service[103008]: DEBUG glance.api.middleware.version_negotiation [None req-74273dbb-cf4b-4a46-9000-4d90996fea58 tempest-TaggedBootDevicesTest_v242-733967367 tempest-TaggedBootDevicesTest_v242-733967367-project-member] Matched version: v2 {{(pid=103008) process_request /opt/stack/glance/glance/api/middleware/version_negotiation.py:69}}
Aug 16 18:31:57.624561 np0000007391 devstack@g-api.service[103008]: DEBUG glance.api.middleware.version_negotiation [None req-74273dbb-cf4b-4a46-9000-4d90996fea58 tempest-TaggedBootDevicesTest_v242-733967367 tempest-TaggedBootDevicesTest_v242-733967367-project-member] new path /v2/images/82f61471-6b52-4c07-b3ab-ad2f1e3f2135 {{(pid=103008) process_request /opt/stack/glance/glance/api/middleware/version_negotiation.py:70}}
Aug 16 18:31:57.947778 np0000007391 devstack@g-api.service[103008]: [pid: 103008|app: 0|req: 13/49] 127.0.0.1 () {44 vars in 1115 bytes} [Sun Aug 16 18:31:57 2026] GET /v2/images/82f61471-6b52-4c07-b3ab-ad2f1e3f2135 => generated 1044 bytes in 324 msecs (HTTP/1.1 200) 4 headers in 158 bytes (1 switches on core 0)
Aug 16 18:31:57.987090 np0000007391 devstack@g-api.service[103007]: DEBUG glance.api.middleware.version_negotiation [None req-1f7b62a2-9df0-4a1a-9053-de34d8115dac tempest-VolumesAdminNegativeTest-1886552590 tempest-VolumesAdminNegativeTest-1886552590-project-member] Determining version of request: GET /v2/images/82f61471-6b52-4c07-b3ab-ad2f1e3f2135/file Accept: */* {{(pid=103007) process_request /opt/stack/glance/glance/api/middleware/version_negotiation.py:44}}
Aug 16 18:31:57.987345 np0000007391 devstack@g-api.service[103007]: DEBUG glance.api.middleware.version_negotiation [None req-1f7b62a2-9df0-4a1a-9053-de34d8115dac tempest-VolumesAdminNegativeTest-1886552590 tempest-VolumesAdminNegativeTest-1886552590-project-member] Using url versioning {{(pid=103007) process_request /opt/stack/glance/glance/api/middleware/version_negotiation.py:57}}
Aug 16 18:31:57.987345 np0000007391 devstack@g-api.service[103007]: DEBUG glance.api.middleware.version_negotiation [None req-1f7b62a2-9df0-4a1a-9053-de34d8115dac tempest-VolumesAdminNegativeTest-1886552590 tempest-VolumesAdminNegativeTest-1886552590-project-member] Matched version: v2 {{(pid=103007) process_request /opt/stack/glance/glance/api/middleware/version_negotiation.py:69}}
Aug 16 18:31:57.987451 np0000007391 devstack@g-api.service[103007]: DEBUG glance.api.middleware.version_negotiation [None req-1f7b62a2-9df0-4a1a-9053-de34d8115dac tempest-VolumesAdminNegativeTest-1886552590 tempest-VolumesAdminNegativeTest-1886552590-project-member] new path /v2/images/82f61471-6b52-4c07-b3ab-ad2f1e3f2135/file {{(pid=103007) process_request /opt/stack/glance/glance/api/middleware/version_negotiation.py:70}}
Aug 16 18:31:57.998603 np0000007391 devstack@g-api.service[103007]: DEBUG glance.api.middleware.cache [None req-b28b4987-c7a0-454c-ae87-91a7c4167106 tempest-AttachVolumeTestJSON-2054294583 tempest-AttachVolumeTestJSON-2054294583-project-member] Cache hit for image '82f61471-6b52-4c07-b3ab-ad2f1e3f2135' {{(pid=103007) process_request /opt/stack/glance/glance/api/middleware/cache.py:160}}
Aug 16 18:31:58.066481 np0000007391 devstack@g-api.service[103007]: [pid: 103007|app: 0|req: 13/50] 127.0.0.1 () {44 vars in 1125 bytes} [Sun Aug 16 18:31:57 2026] GET /v2/images/82f61471-6b52-4c07-b3ab-ad2f1e3f2135/file => generated 21692416 bytes in 79 msecs (HTTP/1.1 200) 5 headers in 217 bytes (339 switches on core 0)
Aug 16 18:31:58.143952 np0000007391 devstack@g-api.service[103006]: DEBUG glance.api.middleware.version_negotiation [None req-1f7b62a2-9df0-4a1a-9053-de34d8115dac tempest-VolumesAdminNegativeTest-1886552590 tempest-VolumesAdminNegativeTest-1886552590-project-member] Determining version of request: GET /v2/images/82f61471-6b52-4c07-b3ab-ad2f1e3f2135 Accept: */* {{(pid=103006) process_request /opt/stack/glance/glance/api/middleware/version_negotiation.py:44}}
