Aug 16 18:29:22.064939 np0000007391 nova-scheduler[96617]: DEBUG cotyledon.oslo_config_glue [-] workarounds.never_download_image_if_on_rbd = False {{(pid=96617) log_opt_values /opt/stack/data/venv/lib/python3.12/site-packages/oslo_config/cfg.py:3560}}
Aug 16 18:29:22.064939 np0000007391 nova-scheduler[96617]: DEBUG cotyledon.oslo_config_glue [-] workarounds.qemu_monitor_announce_self_count = 3 {{(pid=96617) log_opt_values /opt/stack/data/venv/lib/python3.12/site-packages/oslo_config/cfg.py:3560}}
Aug 16 18:29:22.064939 np0000007391 nova-scheduler[96617]: DEBUG cotyledon.oslo_config_glue [-] workarounds.qemu_monitor_announce_self_interval = 1 {{(pid=96617) log_opt_values /opt/stack/data/venv/lib/python3.12/site-packages/oslo_config/cfg.py:3560}}
Aug 16 18:29:22.064939 np0000007391 nova-scheduler[96617]: DEBUG cotyledon.oslo_config_glue [-] workarounds.reserve_disk_resource_for_image_cache = False {{(pid=96617) log_opt_values /opt/stack/data/venv/lib/python3.12/site-packages/oslo_config/cfg.py:3560}}
Aug 16 18:29:22.064939 np0000007391 nova-scheduler[96617]: DEBUG cotyledon.oslo_config_glue [-] workarounds.skip_cpu_compare_at_startup = False {{(pid=96617) log_opt_values /opt/stack/data/venv/lib/python3.12/site-packages/oslo_config/cfg.py:3560}}
Aug 16 18:29:22.064939 np0000007391 nova-scheduler[96617]: DEBUG cotyledon.oslo_config_glue [-] workarounds.skip_cpu_compare_on_dest = False {{(pid=96617) log_opt_values /opt/stack/data/venv/lib/python3.12/site-packages/oslo_config/cfg.py:3560}}
Aug 16 18:29:22.064939 np0000007391 nova-scheduler[96617]: DEBUG cotyledon.oslo_config_glue [-] workarounds.skip_hypervisor_version_check_on_lm = False {{(pid=96617) log_opt_values /opt/stack/data/venv/lib/python3.12/site-packages/oslo_config/cfg.py:3560}}
Aug 16 18:29:22.065246 np0000007391 nova-scheduler[96617]: DEBUG cotyledon.oslo_config_glue [-] workarounds.skip_reserve_in_use_ironic_nodes = False {{(pid=96617) log_opt_values /opt/stack/data/venv/lib/python3.12/site-packages/oslo_config/cfg.py:3560}}
Aug 16 18:29:22.065246 np0000007391 nova-scheduler[96617]: DEBUG cotyledon.oslo_config_glue [-] workarounds.unified_limits_count_pcpu_as_vcpu = False {{(pid=96617) log_opt_values /opt/stack/data/venv/lib/python3.12/site-packages/oslo_config/cfg.py:3560}}
Aug 16 18:29:22.065246 np0000007391 nova-scheduler[96617]: DEBUG cotyledon.oslo_config_glue [-] workarounds.wait_for_vif_plugged_event_during_hard_reboot = [] {{(pid=96617) log_opt_values /opt/stack/data/venv/lib/python3.12/site-packages/oslo_config/cfg.py:3560}}
Aug 16 18:29:22.065246 np0000007391 nova-scheduler[96617]: DEBUG cotyledon.oslo_config_glue [-] wsgi.api_paste_config = /etc/nova/api-paste.ini {{(pid=96617) log_opt_values /opt/stack/data/venv/lib/python3.12/site-packages/oslo_config/cfg.py:3560}}
Aug 16 18:29:22.065246 np0000007391 nova-scheduler[96617]: DEBUG cotyledon.oslo_config_glue [-] wsgi.secure_proxy_ssl_header = None {{(pid=96617) log_opt_values /opt/stack/data/venv/lib/python3.12/site-packages/oslo_config/cfg.py:3560}}
Aug 16 18:29:22.065246 np0000007391 nova-scheduler[96617]: DEBUG cotyledon.oslo_config_glue [-] zvm.ca_file = None {{(pid=96617) log_opt_values /opt/stack/data/venv/lib/python3.12/site-packages/oslo_config/cfg.py:3560}}
Aug 16 18:29:22.065246 np0000007391 nova-scheduler[96617]: DEBUG cotyledon.oslo_config_glue [-] zvm.cloud_connector_url = None {{(pid=96617) log_opt_values /opt/stack/data/venv/lib/python3.12/site-packages/oslo_config/cfg.py:3560}}
Aug 16 18:29:22.065246 np0000007391 nova-scheduler[96617]: DEBUG cotyledon.oslo_config_glue [-] zvm.image_tmp_path = /opt/stack/data/nova/images {{(pid=96617) log_opt_values /opt/stack/data/venv/lib/python3.12/site-packages/oslo_config/cfg.py:3560}}
Aug 16 18:29:22.065246 np0000007391 nova-scheduler[96617]: DEBUG cotyledon.oslo_config_glue [-] zvm.reachable_timeout = 300 {{(pid=96617) log_opt_values /opt/stack/data/venv/lib/python3.12/site-packages/oslo_config/cfg.py:3560}}
Aug 16 18:29:22.065546 np0000007391 nova-scheduler[96617]: DEBUG cotyledon.oslo_config_glue [-] oslo_versionedobjects.fatal_exception_format_errors = False {{(pid=96617) log_opt_values /opt/stack/data/venv/lib/python3.12/site-packages/oslo_config/cfg.py:3560}}
Aug 16 18:29:22.065546 np0000007391 nova-scheduler[96617]: DEBUG cotyledon.oslo_config_glue [-] oslo_middleware.http_basic_auth_user_file = /etc/htpasswd {{(pid=96617) log_opt_values /opt/stack/data/venv/lib/python3.12/site-packages/oslo_config/cfg.py:3560}}
Aug 16 18:29:22.065546 np0000007391 nova-scheduler[96617]: DEBUG cotyledon.oslo_config_glue [-] oslo_messaging_metrics.metrics_buffer_size = 1000 {{(pid=96617) log_opt_values /opt/stack/data/venv/lib/python3.12/site-packages/oslo_config/cfg.py:3560}}
Aug 16 18:29:22.065546 np0000007391 nova-scheduler[96617]: DEBUG cotyledon.oslo_config_glue [-] oslo_messaging_metrics.metrics_enabled = False {{(pid=96617) log_opt_values /opt/stack/data/venv/lib/python3.12/site-packages/oslo_config/cfg.py:3560}}
Aug 16 18:29:22.065546 np0000007391 nova-scheduler[96617]: DEBUG cotyledon.oslo_config_glue [-] oslo_messaging_metrics.metrics_process_name = {{(pid=96617) log_opt_values /opt/stack/data/venv/lib/python3.12/site-packages/oslo_config/cfg.py:3560}}
Aug 16 18:29:22.065546 np0000007391 nova-scheduler[96617]: DEBUG cotyledon.oslo_config_glue [-] oslo_messaging_metrics.metrics_socket_file = /var/tmp/metrics_collector.sock {{(pid=96617) log_opt_values /opt/stack/data/venv/lib/python3.12/site-packages/oslo_config/cfg.py:3560}}
Aug 16 18:29:22.065546 np0000007391 nova-scheduler[96617]: DEBUG cotyledon.oslo_config_glue [-] oslo_messaging_metrics.metrics_thread_stop_timeout = 10 {{(pid=96617) log_opt_values /opt/stack/data/venv/lib/python3.12/site-packages/oslo_config/cfg.py:3560}}
Aug 16 18:29:22.065546 np0000007391 nova-scheduler[96617]: DEBUG cotyledon.oslo_config_glue [-] profiler.connection_string = messaging:// {{(pid=96617) log_opt_values /opt/stack/data/venv/lib/python3.12/site-packages/oslo_config/cfg.py:3560}}
Aug 16 18:29:22.065847 np0000007391 nova-scheduler[96617]: DEBUG cotyledon.oslo_config_glue [-] profiler.enabled = False {{(pid=96617) log_opt_values /opt/stack/data/venv/lib/python3.12/site-packages/oslo_config/cfg.py:3560}}
Aug 16 18:29:22.065847 np0000007391 nova-scheduler[96617]: DEBUG cotyledon.oslo_config_glue [-] profiler.es_doc_type = notification {{(pid=96617) log_opt_values /opt/stack/data/venv/lib/python3.12/site-packages/oslo_config/cfg.py:3560}}
Aug 16 18:29:22.065847 np0000007391 nova-scheduler[96617]: DEBUG cotyledon.oslo_config_glue [-] profiler.es_scroll_size = 10000 {{(pid=96617) log_opt_values /opt/stack/data/venv/lib/python3.12/site-packages/oslo_config/cfg.py:3560}}
Aug 16 18:29:22.065847 np0000007391 nova-scheduler[96617]: DEBUG cotyledon.oslo_config_glue [-] profiler.es_scroll_time = 2m {{(pid=96617) log_opt_values /opt/stack/data/venv/lib/python3.12/site-packages/oslo_config/cfg.py:3560}}
Aug 16 18:29:22.065847 np0000007391 nova-scheduler[96617]: DEBUG cotyledon.oslo_config_glue [-] profiler.filter_error_trace = False {{(pid=96617) log_opt_values /opt/stack/data/venv/lib/python3.12/site-packages/oslo_config/cfg.py:3560}}
Aug 16 18:29:22.065847 np0000007391 nova-scheduler[96617]: DEBUG cotyledon.oslo_config_glue [-] profiler.hmac_keys = **** {{(pid=96617) log_opt_values /opt/stack/data/venv/lib/python3.12/site-packages/oslo_config/cfg.py:3560}}
Aug 16 18:29:22.065847 np0000007391 nova-scheduler[96617]: DEBUG cotyledon.oslo_config_glue [-] profiler.sentinel_service_name = mymaster {{(pid=96617) log_opt_values /opt/stack/data/venv/lib/python3.12/site-packages/oslo_config/cfg.py:3560}}
Aug 16 18:29:22.065847 np0000007391 nova-scheduler[96617]: DEBUG cotyledon.oslo_config_glue [-] profiler.socket_timeout = 0.1 {{(pid=96617) log_opt_values /opt/stack/data/venv/lib/python3.12/site-packages/oslo_config/cfg.py:3560}}
Aug 16 18:29:22.065847 np0000007391 nova-scheduler[96617]: DEBUG cotyledon.oslo_config_glue [-] profiler.trace_requests = False {{(pid=96617) log_opt_values /opt/stack/data/venv/lib/python3.12/site-packages/oslo_config/cfg.py:3560}}
Aug 16 18:29:22.066121 np0000007391 nova-scheduler[96617]: DEBUG cotyledon.oslo_config_glue [-] profiler.trace_sqlalchemy = False {{(pid=96617) log_opt_values /opt/stack/data/venv/lib/python3.12/site-packages/oslo_config/cfg.py:3560}}
Aug 16 18:29:22.066121 np0000007391 nova-scheduler[96617]: DEBUG cotyledon.oslo_config_glue [-] profiler_jaeger.process_tags = {} {{(pid=96617) log_opt_values /opt/stack/data/venv/lib/python3.12/site-packages/oslo_config/cfg.py:3560}}
Aug 16 18:29:22.066121 np0000007391 nova-scheduler[96617]: DEBUG cotyledon.oslo_config_glue [-] profiler_jaeger.service_name_prefix = None {{(pid=96617) log_opt_values /opt/stack/data/venv/lib/python3.12/site-packages/oslo_config/cfg.py:3560}}
Aug 16 18:29:22.066121 np0000007391 nova-scheduler[96617]: DEBUG cotyledon.oslo_config_glue [-] profiler_otlp.service_name_prefix = None {{(pid=96617) log_opt_values /opt/stack/data/venv/lib/python3.12/site-packages/oslo_config/cfg.py:3560}}
Aug 16 18:29:22.066121 np0000007391 nova-scheduler[96617]: DEBUG cotyledon.oslo_config_glue [-] oslo_messaging_rabbit.amqp_auto_delete = False {{(pid=96617) log_opt_values /opt/stack/data/venv/lib/python3.12/site-packages/oslo_config/cfg.py:3560}}
Aug 16 18:29:22.066121 np0000007391 nova-scheduler[96617]: DEBUG cotyledon.oslo_config_glue [-] oslo_messaging_rabbit.amqp_durable_queues = False {{(pid=96617) log_opt_values /opt/stack/data/venv/lib/python3.12/site-packages/oslo_config/cfg.py:3560}}
Aug 16 18:29:22.066121 np0000007391 nova-scheduler[96617]: DEBUG cotyledon.oslo_config_glue [-] oslo_messaging_rabbit.conn_pool_min_size = 2 {{(pid=96617) log_opt_values /opt/stack/data/venv/lib/python3.12/site-packages/oslo_config/cfg.py:3560}}
Aug 16 18:29:22.066121 np0000007391 nova-scheduler[96617]: DEBUG cotyledon.oslo_config_glue [-] oslo_messaging_rabbit.conn_pool_ttl = 1200 {{(pid=96617) log_opt_values /opt/stack/data/venv/lib/python3.12/site-packages/oslo_config/cfg.py:3560}}
Aug 16 18:29:22.066121 np0000007391 nova-scheduler[96617]: DEBUG cotyledon.oslo_config_glue [-] oslo_messaging_rabbit.direct_mandatory_flag = True {{(pid=96617) log_opt_values /opt/stack/data/venv/lib/python3.12/site-packages/oslo_config/cfg.py:3560}}
Aug 16 18:29:22.066444 np0000007391 nova-scheduler[96617]: DEBUG cotyledon.oslo_config_glue [-] oslo_messaging_rabbit.enable_cancel_on_failover = False {{(pid=96617) log_opt_values /opt/stack/data/venv/lib/python3.12/site-packages/oslo_config/cfg.py:3560}}
Aug 16 18:29:22.066444 np0000007391 nova-scheduler[96617]: DEBUG cotyledon.oslo_config_glue [-] oslo_messaging_rabbit.heartbeat_rate = 3 {{(pid=96617) log_opt_values /opt/stack/data/venv/lib/python3.12/site-packages/oslo_config/cfg.py:3560}}
Aug 16 18:29:22.066444 np0000007391 nova-scheduler[96617]: DEBUG cotyledon.oslo_config_glue [-] oslo_messaging_rabbit.heartbeat_timeout_threshold = 60 {{(pid=96617) log_opt_values /opt/stack/data/venv/lib/python3.12/site-packages/oslo_config/cfg.py:3560}}
Aug 16 18:29:22.066444 np0000007391 nova-scheduler[96617]: DEBUG cotyledon.oslo_config_glue [-] oslo_messaging_rabbit.hostname = np0000007391 {{(pid=96617) log_opt_values /opt/stack/data/venv/lib/python3.12/site-packages/oslo_config/cfg.py:3560}}
Aug 16 18:29:22.066444 np0000007391 nova-scheduler[96617]: DEBUG cotyledon.oslo_config_glue [-] oslo_messaging_rabbit.kombu_compression = None {{(pid=96617) log_opt_values /opt/stack/data/venv/lib/python3.12/site-packages/oslo_config/cfg.py:3560}}
Aug 16 18:29:22.066444 np0000007391 nova-scheduler[96617]: DEBUG cotyledon.oslo_config_glue [-] oslo_messaging_rabbit.kombu_failover_strategy = round-robin {{(pid=96617) log_opt_values /opt/stack/data/venv/lib/python3.12/site-packages/oslo_config/cfg.py:3560}}
Aug 16 18:29:22.066444 np0000007391 nova-scheduler[96617]: DEBUG cotyledon.oslo_config_glue [-] oslo_messaging_rabbit.kombu_missing_consumer_retry_timeout = 60 {{(pid=96617) log_opt_values /opt/stack/data/venv/lib/python3.12/site-packages/oslo_config/cfg.py:3560}}
Aug 16 18:29:22.066444 np0000007391 nova-scheduler[96617]: DEBUG cotyledon.oslo_config_glue [-] oslo_messaging_rabbit.kombu_reconnect_delay = 1.0 {{(pid=96617) log_opt_values /opt/stack/data/venv/lib/python3.12/site-packages/oslo_config/cfg.py:3560}}
Aug 16 18:29:22.066444 np0000007391 nova-scheduler[96617]: DEBUG cotyledon.oslo_config_glue [-] oslo_messaging_rabbit.kombu_reconnect_splay = 0.0 {{(pid=96617) log_opt_values /opt/stack/data/venv/lib/python3.12/site-packages/oslo_config/cfg.py:3560}}
Aug 16 18:29:22.066743 np0000007391 nova-scheduler[96617]: DEBUG cotyledon.oslo_config_glue [-] oslo_messaging_rabbit.processname = nova-scheduler {{(pid=96617) log_opt_values /opt/stack/data/venv/lib/python3.12/site-packages/oslo_config/cfg.py:3560}}
Aug 16 18:29:22.066743 np0000007391 nova-scheduler[96617]: DEBUG cotyledon.oslo_config_glue [-] oslo_messaging_rabbit.rabbit_ha_queues = False {{(pid=96617) log_opt_values /opt/stack/data/venv/lib/python3.12/site-packages/oslo_config/cfg.py:3560}}
Aug 16 18:29:22.066743 np0000007391 nova-scheduler[96617]: DEBUG cotyledon.oslo_config_glue [-] oslo_messaging_rabbit.rabbit_interval_max = 30 {{(pid=96617) log_opt_values /opt/stack/data/venv/lib/python3.12/site-packages/oslo_config/cfg.py:3560}}
Aug 16 18:29:22.066743 np0000007391 nova-scheduler[96617]: DEBUG cotyledon.oslo_config_glue [-] oslo_messaging_rabbit.rabbit_login_method = AMQPLAIN {{(pid=96617) log_opt_values /opt/stack/data/venv/lib/python3.12/site-packages/oslo_config/cfg.py:3560}}
Aug 16 18:29:22.066743 np0000007391 nova-scheduler[96617]: DEBUG cotyledon.oslo_config_glue [-] oslo_messaging_rabbit.rabbit_qos_prefetch_count = 0 {{(pid=96617) log_opt_values /opt/stack/data/venv/lib/python3.12/site-packages/oslo_config/cfg.py:3560}}
Aug 16 18:29:22.066743 np0000007391 nova-scheduler[96617]: DEBUG cotyledon.oslo_config_glue [-] oslo_messaging_rabbit.rabbit_quorum_delivery_limit = 0 {{(pid=96617) log_opt_values /opt/stack/data/venv/lib/python3.12/site-packages/oslo_config/cfg.py:3560}}
Aug 16 18:29:22.066743 np0000007391 nova-scheduler[96617]: DEBUG cotyledon.oslo_config_glue [-] oslo_messaging_rabbit.rabbit_quorum_max_memory_bytes = 0 {{(pid=96617) log_opt_values /opt/stack/data/venv/lib/python3.12/site-packages/oslo_config/cfg.py:3560}}
Aug 16 18:29:22.066743 np0000007391 nova-scheduler[96617]: DEBUG cotyledon.oslo_config_glue [-] oslo_messaging_rabbit.rabbit_quorum_max_memory_length = 0 {{(pid=96617) log_opt_values /opt/stack/data/venv/lib/python3.12/site-packages/oslo_config/cfg.py:3560}}
Aug 16 18:29:22.066743 np0000007391 nova-scheduler[96617]: DEBUG cotyledon.oslo_config_glue [-] oslo_messaging_rabbit.rabbit_quorum_queue = False {{(pid=96617) log_opt_values /opt/stack/data/venv/lib/python3.12/site-packages/oslo_config/cfg.py:3560}}
Aug 16 18:29:22.067000 np0000007391 nova-scheduler[96617]: DEBUG cotyledon.oslo_config_glue [-] oslo_messaging_rabbit.rabbit_retry_backoff = 2 {{(pid=96617) log_opt_values /opt/stack/data/venv/lib/python3.12/site-packages/oslo_config/cfg.py:3560}}
Aug 16 18:29:22.067000 np0000007391 nova-scheduler[96617]: DEBUG cotyledon.oslo_config_glue [-] oslo_messaging_rabbit.rabbit_retry_interval = 1 {{(pid=96617) log_opt_values /opt/stack/data/venv/lib/python3.12/site-packages/oslo_config/cfg.py:3560}}
Aug 16 18:29:22.067000 np0000007391 nova-scheduler[96617]: DEBUG cotyledon.oslo_config_glue [-] oslo_messaging_rabbit.rabbit_stream_fanout = False {{(pid=96617) log_opt_values /opt/stack/data/venv/lib/python3.12/site-packages/oslo_config/cfg.py:3560}}
Aug 16 18:29:22.067000 np0000007391 nova-scheduler[96617]: DEBUG cotyledon.oslo_config_glue [-] oslo_messaging_rabbit.rabbit_transient_queues_ttl = 1800 {{(pid=96617) log_opt_values /opt/stack/data/venv/lib/python3.12/site-packages/oslo_config/cfg.py:3560}}
Aug 16 18:29:22.067000 np0000007391 nova-scheduler[96617]: DEBUG cotyledon.oslo_config_glue [-] oslo_messaging_rabbit.rabbit_transient_quorum_queue = False {{(pid=96617) log_opt_values /opt/stack/data/venv/lib/python3.12/site-packages/oslo_config/cfg.py:3560}}
Aug 16 18:29:22.067000 np0000007391 nova-scheduler[96617]: DEBUG cotyledon.oslo_config_glue [-] oslo_messaging_rabbit.rpc_conn_pool_size = 30 {{(pid=96617) log_opt_values /opt/stack/data/venv/lib/python3.12/site-packages/oslo_config/cfg.py:3560}}
Aug 16 18:29:22.067000 np0000007391 nova-scheduler[96617]: DEBUG cotyledon.oslo_config_glue [-] oslo_messaging_rabbit.ssl = False {{(pid=96617) log_opt_values /opt/stack/data/venv/lib/python3.12/site-packages/oslo_config/cfg.py:3560}}
Aug 16 18:29:22.067000 np0000007391 nova-scheduler[96617]: DEBUG cotyledon.oslo_config_glue [-] oslo_messaging_rabbit.ssl_ca_file = {{(pid=96617) log_opt_values /opt/stack/data/venv/lib/python3.12/site-packages/oslo_config/cfg.py:3560}}
Aug 16 18:29:22.067000 np0000007391 nova-scheduler[96617]: DEBUG cotyledon.oslo_config_glue [-] oslo_messaging_rabbit.ssl_cert_file = {{(pid=96617) log_opt_values /opt/stack/data/venv/lib/python3.12/site-packages/oslo_config/cfg.py:3560}}
Aug 16 18:29:22.067292 np0000007391 nova-scheduler[96617]: DEBUG cotyledon.oslo_config_glue [-] oslo_messaging_rabbit.ssl_enforce_fips_mode = False {{(pid=96617) log_opt_values /opt/stack/data/venv/lib/python3.12/site-packages/oslo_config/cfg.py:3560}}
Aug 16 18:29:22.067292 np0000007391 nova-scheduler[96617]: DEBUG cotyledon.oslo_config_glue [-] oslo_messaging_rabbit.ssl_enforce_hostname_verification = True {{(pid=96617) log_opt_values /opt/stack/data/venv/lib/python3.12/site-packages/oslo_config/cfg.py:3560}}
Aug 16 18:29:22.067292 np0000007391 nova-scheduler[96617]: DEBUG cotyledon.oslo_config_glue [-] oslo_messaging_rabbit.ssl_key_file = {{(pid=96617) log_opt_values /opt/stack/data/venv/lib/python3.12/site-packages/oslo_config/cfg.py:3560}}
Aug 16 18:29:22.067292 np0000007391 nova-scheduler[96617]: DEBUG cotyledon.oslo_config_glue [-] oslo_messaging_rabbit.ssl_version = {{(pid=96617) log_opt_values /opt/stack/data/venv/lib/python3.12/site-packages/oslo_config/cfg.py:3560}}
Aug 16 18:29:22.067292 np0000007391 nova-scheduler[96617]: DEBUG cotyledon.oslo_config_glue [-] oslo_messaging_rabbit.use_queue_manager = False {{(pid=96617) log_opt_values /opt/stack/data/venv/lib/python3.12/site-packages/oslo_config/cfg.py:3560}}
Aug 16 18:29:22.067292 np0000007391 nova-scheduler[96617]: DEBUG cotyledon.oslo_config_glue [-] oslo_messaging_notifications.driver = ['messagingv2'] {{(pid=96617) log_opt_values /opt/stack/data/venv/lib/python3.12/site-packages/oslo_config/cfg.py:3560}}
Aug 16 18:29:22.067292 np0000007391 nova-scheduler[96617]: DEBUG cotyledon.oslo_config_glue [-] oslo_messaging_notifications.retry = -1 {{(pid=96617) log_opt_values /opt/stack/data/venv/lib/python3.12/site-packages/oslo_config/cfg.py:3560}}
Aug 16 18:29:22.067292 np0000007391 nova-scheduler[96617]: DEBUG cotyledon.oslo_config_glue [-] oslo_messaging_notifications.topics = ['notifications'] {{(pid=96617) log_opt_values /opt/stack/data/venv/lib/python3.12/site-packages/oslo_config/cfg.py:3560}}
Aug 16 18:29:22.067292 np0000007391 nova-scheduler[96617]: DEBUG cotyledon.oslo_config_glue [-] oslo_messaging_notifications.transport_url = **** {{(pid=96617) log_opt_values /opt/stack/data/venv/lib/python3.12/site-packages/oslo_config/cfg.py:3560}}
Aug 16 18:29:22.067597 np0000007391 nova-scheduler[96617]: DEBUG cotyledon.oslo_config_glue [-] oslo_limit.auth_section = None {{(pid=96617) log_opt_values /opt/stack/data/venv/lib/python3.12/site-packages/oslo_config/cfg.py:3560}}
Aug 16 18:29:22.067597 np0000007391 nova-scheduler[96617]: DEBUG cotyledon.oslo_config_glue [-] oslo_limit.auth_type = None {{(pid=96617) log_opt_values /opt/stack/data/venv/lib/python3.12/site-packages/oslo_config/cfg.py:3560}}
Aug 16 18:29:22.067597 np0000007391 nova-scheduler[96617]: DEBUG cotyledon.oslo_config_glue [-] oslo_limit.cafile = None {{(pid=96617) log_opt_values /opt/stack/data/venv/lib/python3.12/site-packages/oslo_config/cfg.py:3560}}
Aug 16 18:29:22.067597 np0000007391 nova-scheduler[96617]: DEBUG cotyledon.oslo_config_glue [-] oslo_limit.certfile = None {{(pid=96617) log_opt_values /opt/stack/data/venv/lib/python3.12/site-packages/oslo_config/cfg.py:3560}}
Aug 16 18:29:22.067597 np0000007391 nova-scheduler[96617]: DEBUG cotyledon.oslo_config_glue [-] oslo_limit.collect_timing = False {{(pid=96617) log_opt_values /opt/stack/data/venv/lib/python3.12/site-packages/oslo_config/cfg.py:3560}}
Aug 16 18:29:22.067597 np0000007391 nova-scheduler[96617]: DEBUG cotyledon.oslo_config_glue [-] oslo_limit.connect_retries = None {{(pid=96617) log_opt_values /opt/stack/data/venv/lib/python3.12/site-packages/oslo_config/cfg.py:3560}}
Aug 16 18:29:22.067597 np0000007391 nova-scheduler[96617]: DEBUG cotyledon.oslo_config_glue [-] oslo_limit.connect_retry_delay = None {{(pid=96617) log_opt_values /opt/stack/data/venv/lib/python3.12/site-packages/oslo_config/cfg.py:3560}}
Aug 16 18:29:22.067597 np0000007391 nova-scheduler[96617]: DEBUG cotyledon.oslo_config_glue [-] oslo_limit.endpoint_id = None {{(pid=96617) log_opt_values /opt/stack/data/venv/lib/python3.12/site-packages/oslo_config/cfg.py:3560}}
Aug 16 18:29:22.067597 np0000007391 nova-scheduler[96617]: DEBUG cotyledon.oslo_config_glue [-] oslo_limit.endpoint_interface = public {{(pid=96617) log_opt_values /opt/stack/data/venv/lib/python3.12/site-packages/oslo_config/cfg.py:3560}}
Aug 16 18:29:22.067899 np0000007391 nova-scheduler[96617]: DEBUG cotyledon.oslo_config_glue [-] oslo_limit.endpoint_override = None {{(pid=96617) log_opt_values /opt/stack/data/venv/lib/python3.12/site-packages/oslo_config/cfg.py:3560}}
Aug 16 18:29:22.067899 np0000007391 nova-scheduler[96617]: DEBUG cotyledon.oslo_config_glue [-] oslo_limit.endpoint_region_name = None {{(pid=96617) log_opt_values /opt/stack/data/venv/lib/python3.12/site-packages/oslo_config/cfg.py:3560}}
Aug 16 18:29:22.067899 np0000007391 nova-scheduler[96617]: DEBUG cotyledon.oslo_config_glue [-] oslo_limit.endpoint_service_name = None {{(pid=96617) log_opt_values /opt/stack/data/venv/lib/python3.12/site-packages/oslo_config/cfg.py:3560}}
Aug 16 18:29:22.067899 np0000007391 nova-scheduler[96617]: DEBUG cotyledon.oslo_config_glue [-] oslo_limit.endpoint_service_type = None {{(pid=96617) log_opt_values /opt/stack/data/venv/lib/python3.12/site-packages/oslo_config/cfg.py:3560}}
Aug 16 18:29:22.067899 np0000007391 nova-scheduler[96617]: DEBUG cotyledon.oslo_config_glue [-] oslo_limit.insecure = False {{(pid=96617) log_opt_values /opt/stack/data/venv/lib/python3.12/site-packages/oslo_config/cfg.py:3560}}
Aug 16 18:29:22.067899 np0000007391 nova-scheduler[96617]: DEBUG cotyledon.oslo_config_glue [-] oslo_limit.keyfile = None {{(pid=96617) log_opt_values /opt/stack/data/venv/lib/python3.12/site-packages/oslo_config/cfg.py:3560}}
Aug 16 18:29:22.067899 np0000007391 nova-scheduler[96617]: DEBUG cotyledon.oslo_config_glue [-] oslo_limit.max_version = None {{(pid=96617) log_opt_values /opt/stack/data/venv/lib/python3.12/site-packages/oslo_config/cfg.py:3560}}
Aug 16 18:29:22.067899 np0000007391 nova-scheduler[96617]: DEBUG cotyledon.oslo_config_glue [-] oslo_limit.min_version = None {{(pid=96617) log_opt_values /opt/stack/data/venv/lib/python3.12/site-packages/oslo_config/cfg.py:3560}}
Aug 16 18:29:22.067899 np0000007391 nova-scheduler[96617]: DEBUG cotyledon.oslo_config_glue [-] oslo_limit.region_name = None {{(pid=96617) log_opt_values /opt/stack/data/venv/lib/python3.12/site-packages/oslo_config/cfg.py:3560}}
Aug 16 18:29:22.068184 np0000007391 nova-scheduler[96617]: DEBUG cotyledon.oslo_config_glue [-] oslo_limit.retriable_status_codes = None {{(pid=96617) log_opt_values /opt/stack/data/venv/lib/python3.12/site-packages/oslo_config/cfg.py:3560}}
Aug 16 18:29:22.068184 np0000007391 nova-scheduler[96617]: DEBUG cotyledon.oslo_config_glue [-] oslo_limit.service_name = None {{(pid=96617) log_opt_values /opt/stack/data/venv/lib/python3.12/site-packages/oslo_config/cfg.py:3560}}
Aug 16 18:29:22.068184 np0000007391 nova-scheduler[96617]: DEBUG cotyledon.oslo_config_glue [-] oslo_limit.service_type = None {{(pid=96617) log_opt_values /opt/stack/data/venv/lib/python3.12/site-packages/oslo_config/cfg.py:3560}}
Aug 16 18:29:22.068184 np0000007391 nova-scheduler[96617]: DEBUG cotyledon.oslo_config_glue [-] oslo_limit.split_loggers = False {{(pid=96617) log_opt_values /opt/stack/data/venv/lib/python3.12/site-packages/oslo_config/cfg.py:3560}}
Aug 16 18:29:22.068184 np0000007391 nova-scheduler[96617]: DEBUG cotyledon.oslo_config_glue [-] oslo_limit.status_code_retries = None {{(pid=96617) log_opt_values /opt/stack/data/venv/lib/python3.12/site-packages/oslo_config/cfg.py:3560}}
Aug 16 18:29:22.068184 np0000007391 nova-scheduler[96617]: DEBUG cotyledon.oslo_config_glue [-] oslo_limit.status_code_retry_delay = None {{(pid=96617) log_opt_values /opt/stack/data/venv/lib/python3.12/site-packages/oslo_config/cfg.py:3560}}
Aug 16 18:29:22.068184 np0000007391 nova-scheduler[96617]: DEBUG cotyledon.oslo_config_glue [-] oslo_limit.timeout = None {{(pid=96617) log_opt_values /opt/stack/data/venv/lib/python3.12/site-packages/oslo_config/cfg.py:3560}}
Aug 16 18:29:22.068184 np0000007391 nova-scheduler[96617]: DEBUG cotyledon.oslo_config_glue [-] oslo_limit.valid_interfaces = None {{(pid=96617) log_opt_values /opt/stack/data/venv/lib/python3.12/site-packages/oslo_config/cfg.py:3560}}
Aug 16 18:29:22.068184 np0000007391 nova-scheduler[96617]: DEBUG cotyledon.oslo_config_glue [-] oslo_limit.version = None {{(pid=96617) log_opt_values /opt/stack/data/venv/lib/python3.12/site-packages/oslo_config/cfg.py:3560}}
Aug 16 18:29:22.068561 np0000007391 nova-scheduler[96617]: DEBUG cotyledon.oslo_config_glue [-] oslo_reports.file_event_handler = None {{(pid=96617) log_opt_values /opt/stack/data/venv/lib/python3.12/site-packages/oslo_config/cfg.py:3560}}
Aug 16 18:29:22.068561 np0000007391 nova-scheduler[96617]: DEBUG cotyledon.oslo_config_glue [-] oslo_reports.file_event_handler_interval = 1 {{(pid=96617) log_opt_values /opt/stack/data/venv/lib/python3.12/site-packages/oslo_config/cfg.py:3560}}
Aug 16 18:29:22.068561 np0000007391 nova-scheduler[96617]: DEBUG cotyledon.oslo_config_glue [-] oslo_reports.log_dir = None {{(pid=96617) log_opt_values /opt/stack/data/venv/lib/python3.12/site-packages/oslo_config/cfg.py:3560}}
Aug 16 18:29:22.068561 np0000007391 nova-scheduler[96617]: DEBUG cotyledon.oslo_config_glue [-] ******************************************************************************** {{(pid=96617) log_opt_values /opt/stack/data/venv/lib/python3.12/site-packages/oslo_config/cfg.py:3567}}
Aug 16 18:29:22.068561 np0000007391 nova-scheduler[96617]: DEBUG cotyledon._service_worker [-] Run service ServiceWrapper(2) [96617] {{(pid=96617) wait_forever /opt/stack/data/venv/lib/python3.12/site-packages/cotyledon/_service_worker.py:218}}
Aug 16 18:29:22.068561 np0000007391 nova-scheduler[96617]: INFO nova.service [-] Starting scheduler node (version 33.1.0)
Aug 16 18:29:22.068792 np0000007391 nova-scheduler[96619]: INFO dbcounter [None req-7a7e757d-4e33-42ef-bc12-4b5351bd66ef None None] Registered counter for database nova_cell0
Aug 16 18:29:22.068838 np0000007391 nova-scheduler[96613]: DEBUG oslo_db.sqlalchemy.engines [None req-38435c90-a5fc-4833-b047-28c0e5bacd14 None None] MySQL server mode set to STRICT_TRANS_TABLES,STRICT_ALL_TABLES,NO_ZERO_IN_DATE,NO_ZERO_DATE,ERROR_FOR_DIVISION_BY_ZERO,TRADITIONAL,NO_ENGINE_SUBSTITUTION {{(pid=96613) _check_effective_sql_mode /opt/stack/data/venv/lib/python3.12/site-packages/oslo_db/sqlalchemy/engines.py:325}}
Aug 16 18:29:22.068884 np0000007391 nova-scheduler[96617]: INFO dbcounter [None req-c848d4b8-2fce-4388-be87-d209952bfea4 None None] Registered counter for database nova_cell0
Aug 16 18:29:22.068936 np0000007391 nova-scheduler[96613]: DEBUG dbcounter [-] [96613] Writer thread running {{(pid=96613) stat_writer /opt/stack/data/venv/lib/python3.12/site-packages/dbcounter.py:102}}
Aug 16 18:29:22.068936 np0000007391 nova-scheduler[96613]: DEBUG nova.service [None req-38435c90-a5fc-4833-b047-28c0e5bacd14 None None] Creating RPC server for service: nova-scheduler on topic: scheduler {{(pid=96613) start /opt/stack/nova/nova/service.py:262}}
Aug 16 18:29:22.085686 np0000007391 nova-scheduler[96615]: DEBUG oslo_db.sqlalchemy.engines [None req-1ead4f26-837b-4d9b-9699-133a0e007491 None None] MySQL server mode set to STRICT_TRANS_TABLES,STRICT_ALL_TABLES,NO_ZERO_IN_DATE,NO_ZERO_DATE,ERROR_FOR_DIVISION_BY_ZERO,TRADITIONAL,NO_ENGINE_SUBSTITUTION {{(pid=96615) _check_effective_sql_mode /opt/stack/data/venv/lib/python3.12/site-packages/oslo_db/sqlalchemy/engines.py:325}}
Aug 16 18:29:22.089840 np0000007391 nova-scheduler[96617]: DEBUG oslo_db.sqlalchemy.engines [None req-c848d4b8-2fce-4388-be87-d209952bfea4 None None] MySQL server mode set to STRICT_TRANS_TABLES,STRICT_ALL_TABLES,NO_ZERO_IN_DATE,NO_ZERO_DATE,ERROR_FOR_DIVISION_BY_ZERO,TRADITIONAL,NO_ENGINE_SUBSTITUTION {{(pid=96617) _check_effective_sql_mode /opt/stack/data/venv/lib/python3.12/site-packages/oslo_db/sqlalchemy/engines.py:325}}
Aug 16 18:29:22.091562 np0000007391 nova-scheduler[96619]: DEBUG oslo_db.sqlalchemy.engines [None req-7a7e757d-4e33-42ef-bc12-4b5351bd66ef None None] MySQL server mode set to STRICT_TRANS_TABLES,STRICT_ALL_TABLES,NO_ZERO_IN_DATE,NO_ZERO_DATE,ERROR_FOR_DIVISION_BY_ZERO,TRADITIONAL,NO_ENGINE_SUBSTITUTION {{(pid=96619) _check_effective_sql_mode /opt/stack/data/venv/lib/python3.12/site-packages/oslo_db/sqlalchemy/engines.py:325}}
Aug 16 18:29:22.094285 np0000007391 nova-scheduler[96613]: DEBUG nova.service [None req-38435c90-a5fc-4833-b047-28c0e5bacd14 None None] Join ServiceGroup membership for this service scheduler {{(pid=96613) start /opt/stack/nova/nova/service.py:288}}
Aug 16 18:29:22.094508 np0000007391 nova-scheduler[96613]: DEBUG nova.servicegroup.drivers.db [None req-38435c90-a5fc-4833-b047-28c0e5bacd14 None None] DB_Driver: join new ServiceGroup member np0000007391 to the scheduler group, service = {{(pid=96613) join /opt/stack/nova/nova/servicegroup/drivers/db.py:44}}
Aug 16 18:29:22.096516 np0000007391 nova-scheduler[96615]: DEBUG dbcounter [-] [96615] Writer thread running {{(pid=96615) stat_writer /opt/stack/data/venv/lib/python3.12/site-packages/dbcounter.py:102}}
Aug 16 18:29:22.099960 np0000007391 nova-scheduler[96615]: DEBUG nova.service [None req-1ead4f26-837b-4d9b-9699-133a0e007491 None None] Creating RPC server for service: nova-scheduler on topic: scheduler {{(pid=96615) start /opt/stack/nova/nova/service.py:262}}
Aug 16 18:29:22.100640 np0000007391 nova-scheduler[96617]: DEBUG dbcounter [-] [96617] Writer thread running {{(pid=96617) stat_writer /opt/stack/data/venv/lib/python3.12/site-packages/dbcounter.py:102}}
Aug 16 18:29:22.101163 np0000007391 nova-scheduler[96619]: DEBUG dbcounter [-] [96619] Writer thread running {{(pid=96619) stat_writer /opt/stack/data/venv/lib/python3.12/site-packages/dbcounter.py:102}}
Aug 16 18:29:22.103203 np0000007391 nova-scheduler[96617]: DEBUG nova.service [None req-c848d4b8-2fce-4388-be87-d209952bfea4 None None] Creating RPC server for service: nova-scheduler on topic: scheduler {{(pid=96617) start /opt/stack/nova/nova/service.py:262}}
Aug 16 18:29:22.103758 np0000007391 nova-scheduler[96619]: DEBUG nova.service [None req-7a7e757d-4e33-42ef-bc12-4b5351bd66ef None None] Creating RPC server for service: nova-scheduler on topic: scheduler {{(pid=96619) start /opt/stack/nova/nova/service.py:262}}
Aug 16 18:29:22.119901 np0000007391 nova-scheduler[96615]: DEBUG nova.service [None req-1ead4f26-837b-4d9b-9699-133a0e007491 None None] Join ServiceGroup membership for this service scheduler {{(pid=96615) start /opt/stack/nova/nova/service.py:288}}
Aug 16 18:29:22.120111 np0000007391 nova-scheduler[96615]: DEBUG nova.servicegroup.drivers.db [None req-1ead4f26-837b-4d9b-9699-133a0e007491 None None] DB_Driver: join new ServiceGroup member np0000007391 to the scheduler group, service = {{(pid=96615) join /opt/stack/nova/nova/servicegroup/drivers/db.py:44}}
Aug 16 18:29:22.120792 np0000007391 nova-scheduler[96619]: DEBUG nova.service [None req-7a7e757d-4e33-42ef-bc12-4b5351bd66ef None None] Join ServiceGroup membership for this service scheduler {{(pid=96619) start /opt/stack/nova/nova/service.py:288}}
Aug 16 18:29:22.120896 np0000007391 nova-scheduler[96619]: DEBUG nova.servicegroup.drivers.db [None req-7a7e757d-4e33-42ef-bc12-4b5351bd66ef None None] DB_Driver: join new ServiceGroup member np0000007391 to the scheduler group, service = {{(pid=96619) join /opt/stack/nova/nova/servicegroup/drivers/db.py:44}}
Aug 16 18:29:22.121451 np0000007391 nova-scheduler[96617]: DEBUG nova.service [None req-c848d4b8-2fce-4388-be87-d209952bfea4 None None] Join ServiceGroup membership for this service scheduler {{(pid=96617) start /opt/stack/nova/nova/service.py:288}}
Aug 16 18:29:22.121750 np0000007391 nova-scheduler[96617]: DEBUG nova.servicegroup.drivers.db [None req-c848d4b8-2fce-4388-be87-d209952bfea4 None None] DB_Driver: join new ServiceGroup member np0000007391 to the scheduler group, service = {{(pid=96617) join /opt/stack/nova/nova/servicegroup/drivers/db.py:44}}
Aug 16 18:29:27.108151 np0000007391 nova-scheduler[96613]: DEBUG oslo.service.backend._threading.loopingcall [-] Fixed interval looping call 'nova.servicegroup.drivers.db.DbDriver._report_state' sleeping for 119.99 seconds {{(pid=96613) _run_loop /opt/stack/data/venv/lib/python3.12/site-packages/oslo_service/backend/_threading/loopingcall.py:125}}
Aug 16 18:29:27.132755 np0000007391 nova-scheduler[96619]: DEBUG oslo.service.backend._threading.loopingcall [-] Fixed interval looping call 'nova.servicegroup.drivers.db.DbDriver._report_state' sleeping for 119.99 seconds {{(pid=96619) _run_loop /opt/stack/data/venv/lib/python3.12/site-packages/oslo_service/backend/_threading/loopingcall.py:125}}
Aug 16 18:29:27.133158 np0000007391 nova-scheduler[96617]: DEBUG oslo.service.backend._threading.loopingcall [-] Fixed interval looping call 'nova.servicegroup.drivers.db.DbDriver._report_state' sleeping for 119.99 seconds {{(pid=96617) _run_loop /opt/stack/data/venv/lib/python3.12/site-packages/oslo_service/backend/_threading/loopingcall.py:125}}
Aug 16 18:29:27.135788 np0000007391 nova-scheduler[96615]: DEBUG oslo.service.backend._threading.loopingcall [-] Fixed interval looping call 'nova.servicegroup.drivers.db.DbDriver._report_state' sleeping for 119.99 seconds {{(pid=96615) _run_loop /opt/stack/data/venv/lib/python3.12/site-packages/oslo_service/backend/_threading/loopingcall.py:125}}
Aug 16 18:29:30.667786 np0000007391 nova-scheduler[95420]: DEBUG dbcounter [-] [95420] Writing DB stats nova_api:SELECT=3 {{(pid=95420) stat_writer /opt/stack/data/venv/lib/python3.12/site-packages/dbcounter.py:115}}
Aug 16 18:29:30.807023 np0000007391 nova-scheduler[95420]: DEBUG dbcounter [-] [95420] Writing DB stats nova_cell1:SELECT=1 {{(pid=95420) stat_writer /opt/stack/data/venv/lib/python3.12/site-packages/dbcounter.py:115}}
Aug 16 18:29:30.812648 np0000007391 nova-scheduler[95420]: DEBUG dbcounter [-] [95420] Writing DB stats nova_cell0:SELECT=1 {{(pid=95420) stat_writer /opt/stack/data/venv/lib/python3.12/site-packages/dbcounter.py:115}}
Aug 16 18:29:37.104751 np0000007391 nova-scheduler[96613]: DEBUG dbcounter [-] [96613] Writing DB stats nova_cell0:SELECT=4,nova_cell0:INSERT=1,nova_cell0:UPDATE=1 {{(pid=96613) stat_writer /opt/stack/data/venv/lib/python3.12/site-packages/dbcounter.py:115}}
Aug 16 18:29:37.129633 np0000007391 nova-scheduler[96619]: DEBUG dbcounter [-] [96619] Writing DB stats nova_cell0:SELECT=3 {{(pid=96619) stat_writer /opt/stack/data/venv/lib/python3.12/site-packages/dbcounter.py:115}}
Aug 16 18:29:37.131820 np0000007391 nova-scheduler[96615]: DEBUG dbcounter [-] [96615] Writing DB stats nova_cell0:SELECT=3 {{(pid=96615) stat_writer /opt/stack/data/venv/lib/python3.12/site-packages/dbcounter.py:115}}
Aug 16 18:29:37.133704 np0000007391 nova-scheduler[96617]: DEBUG dbcounter [-] [96617] Writing DB stats nova_cell0:SELECT=3 {{(pid=96617) stat_writer /opt/stack/data/venv/lib/python3.12/site-packages/dbcounter.py:115}}
Aug 16 18:29:39.122384 np0000007391 nova-scheduler[96615]: DEBUG oslo.service.backend._threading.loopingcall [None req-89839c56-3eeb-4ed4-ab72-112ebcc5b5aa None None] Dynamic interval looping call 'nova.service.Service.periodic_tasks' sleeping for 60.00 seconds {{(pid=96615) _run_loop /opt/stack/data/venv/lib/python3.12/site-packages/oslo_service/backend/_threading/loopingcall.py:125}}
Aug 16 18:29:49.123989 np0000007391 nova-scheduler[96617]: DEBUG oslo.service.backend._threading.loopingcall [None req-42390117-d47e-4835-8183-a11d42a1582f None None] Dynamic interval looping call 'nova.service.Service.periodic_tasks' sleeping for 60.00 seconds {{(pid=96617) _run_loop /opt/stack/data/venv/lib/python3.12/site-packages/oslo_service/backend/_threading/loopingcall.py:125}}
Aug 16 18:29:51.096723 np0000007391 nova-scheduler[96613]: DEBUG oslo.service.backend._threading.loopingcall [None req-0de6be03-751c-4bba-b00e-43d00b940b5f None None] Dynamic interval looping call 'nova.service.Service.periodic_tasks' sleeping for 60.00 seconds {{(pid=96613) _run_loop /opt/stack/data/venv/lib/python3.12/site-packages/oslo_service/backend/_threading/loopingcall.py:125}}
Aug 16 18:30:02.123011 np0000007391 nova-scheduler[96619]: DEBUG oslo.service.backend._threading.loopingcall [None req-57e700aa-2ffe-4fe4-b35b-afbe876fd4df None None] Dynamic interval looping call 'nova.service.Service.periodic_tasks' sleeping for 60.00 seconds {{(pid=96619) _run_loop /opt/stack/data/venv/lib/python3.12/site-packages/oslo_service/backend/_threading/loopingcall.py:125}}
Aug 16 18:30:39.122954 np0000007391 nova-scheduler[96615]: DEBUG oslo.service.backend._threading.loopingcall [None req-89839c56-3eeb-4ed4-ab72-112ebcc5b5aa None None] Dynamic interval looping call 'nova.service.Service.periodic_tasks' sleeping for 60.00 seconds {{(pid=96615) _run_loop /opt/stack/data/venv/lib/python3.12/site-packages/oslo_service/backend/_threading/loopingcall.py:125}}
Aug 16 18:30:49.124442 np0000007391 nova-scheduler[96617]: DEBUG oslo.service.backend._threading.loopingcall [None req-42390117-d47e-4835-8183-a11d42a1582f None None] Dynamic interval looping call 'nova.service.Service.periodic_tasks' sleeping for 60.00 seconds {{(pid=96617) _run_loop /opt/stack/data/venv/lib/python3.12/site-packages/oslo_service/backend/_threading/loopingcall.py:125}}
Aug 16 18:30:51.097242 np0000007391 nova-scheduler[96613]: DEBUG oslo.service.backend._threading.loopingcall [None req-0de6be03-751c-4bba-b00e-43d00b940b5f None None] Dynamic interval looping call 'nova.service.Service.periodic_tasks' sleeping for 60.00 seconds {{(pid=96613) _run_loop /opt/stack/data/venv/lib/python3.12/site-packages/oslo_service/backend/_threading/loopingcall.py:125}}
Aug 16 18:31:02.123538 np0000007391 nova-scheduler[96619]: DEBUG oslo.service.backend._threading.loopingcall [None req-57e700aa-2ffe-4fe4-b35b-afbe876fd4df None None] Dynamic interval looping call 'nova.service.Service.periodic_tasks' sleeping for 60.00 seconds {{(pid=96619) _run_loop /opt/stack/data/venv/lib/python3.12/site-packages/oslo_service/backend/_threading/loopingcall.py:125}}
Aug 16 18:31:27.104542 np0000007391 nova-scheduler[96613]: DEBUG oslo.service.backend._threading.loopingcall [-] Fixed interval looping call 'nova.servicegroup.drivers.db.DbDriver._report_state' sleeping for 119.99 seconds {{(pid=96613) _run_loop /opt/stack/data/venv/lib/python3.12/site-packages/oslo_service/backend/_threading/loopingcall.py:125}}
Aug 16 18:31:27.126448 np0000007391 nova-scheduler[96617]: DEBUG oslo.service.backend._threading.loopingcall [-] Fixed interval looping call 'nova.servicegroup.drivers.db.DbDriver._report_state' sleeping for 120.00 seconds {{(pid=96617) _run_loop /opt/stack/data/venv/lib/python3.12/site-packages/oslo_service/backend/_threading/loopingcall.py:125}}
Aug 16 18:31:27.126865 np0000007391 nova-scheduler[96619]: DEBUG oslo.service.backend._threading.loopingcall [-] Fixed interval looping call 'nova.servicegroup.drivers.db.DbDriver._report_state' sleeping for 120.00 seconds {{(pid=96619) _run_loop /opt/stack/data/venv/lib/python3.12/site-packages/oslo_service/backend/_threading/loopingcall.py:125}}
Aug 16 18:31:27.129946 np0000007391 nova-scheduler[96615]: DEBUG oslo.service.backend._threading.loopingcall [-] Fixed interval looping call 'nova.servicegroup.drivers.db.DbDriver._report_state' sleeping for 120.00 seconds {{(pid=96615) _run_loop /opt/stack/data/venv/lib/python3.12/site-packages/oslo_service/backend/_threading/loopingcall.py:125}}
Aug 16 18:31:37.101543 np0000007391 nova-scheduler[96613]: DEBUG dbcounter [-] [96613] Writing DB stats nova_cell0:SELECT=1,nova_cell0:UPDATE=1 {{(pid=96613) stat_writer /opt/stack/data/venv/lib/python3.12/site-packages/dbcounter.py:115}}
Aug 16 18:31:37.124939 np0000007391 nova-scheduler[96617]: DEBUG dbcounter [-] [96617] Writing DB stats nova_cell0:SELECT=1 {{(pid=96617) stat_writer /opt/stack/data/venv/lib/python3.12/site-packages/dbcounter.py:115}}
Aug 16 18:31:37.125328 np0000007391 nova-scheduler[96619]: DEBUG dbcounter [-] [96619] Writing DB stats nova_cell0:SELECT=1 {{(pid=96619) stat_writer /opt/stack/data/venv/lib/python3.12/site-packages/dbcounter.py:115}}
Aug 16 18:31:37.127830 np0000007391 nova-scheduler[96615]: DEBUG dbcounter [-] [96615] Writing DB stats nova_cell0:SELECT=1 {{(pid=96615) stat_writer /opt/stack/data/venv/lib/python3.12/site-packages/dbcounter.py:115}}
Aug 16 18:31:39.123579 np0000007391 nova-scheduler[96615]: DEBUG oslo.service.backend._threading.loopingcall [None req-89839c56-3eeb-4ed4-ab72-112ebcc5b5aa None None] Dynamic interval looping call 'nova.service.Service.periodic_tasks' sleeping for 60.00 seconds {{(pid=96615) _run_loop /opt/stack/data/venv/lib/python3.12/site-packages/oslo_service/backend/_threading/loopingcall.py:125}}
Aug 16 18:31:49.124901 np0000007391 nova-scheduler[96617]: DEBUG oslo.service.backend._threading.loopingcall [None req-42390117-d47e-4835-8183-a11d42a1582f None None] Dynamic interval looping call 'nova.service.Service.periodic_tasks' sleeping for 60.00 seconds {{(pid=96617) _run_loop /opt/stack/data/venv/lib/python3.12/site-packages/oslo_service/backend/_threading/loopingcall.py:125}}
Aug 16 18:31:51.099258 np0000007391 nova-scheduler[96613]: DEBUG oslo.service.backend._threading.loopingcall [None req-0de6be03-751c-4bba-b00e-43d00b940b5f None None] Dynamic interval looping call 'nova.service.Service.periodic_tasks' sleeping for 60.00 seconds {{(pid=96613) _run_loop /opt/stack/data/venv/lib/python3.12/site-packages/oslo_service/backend/_threading/loopingcall.py:125}}
Aug 16 18:31:55.466483 np0000007391 nova-scheduler[96613]: DEBUG nova.scheduler.manager [None req-b28b4987-c7a0-454c-ae87-91a7c4167106 tempest-AttachVolumeTestJSON-2054294583 tempest-AttachVolumeTestJSON-2054294583-project-member] Starting to schedule for instances: ['ce61a305-7e09-488b-a7a4-a63b69f6331b'] {{(pid=96613) select_destinations /opt/stack/nova/nova/scheduler/manager.py:197}}
Aug 16 18:31:55.466974 np0000007391 nova-scheduler[96613]: DEBUG nova.scheduler.request_filter [None req-b28b4987-c7a0-454c-ae87-91a7c4167106 tempest-AttachVolumeTestJSON-2054294583 tempest-AttachVolumeTestJSON-2054294583-project-member] compute_status_filter request filter added forbidden trait COMPUTE_STATUS_DISABLED {{(pid=96613) compute_status_filter /opt/stack/nova/nova/scheduler/request_filter.py:253}}
Aug 16 18:31:55.467044 np0000007391 nova-scheduler[96613]: DEBUG nova.scheduler.request_filter [None req-b28b4987-c7a0-454c-ae87-91a7c4167106 tempest-AttachVolumeTestJSON-2054294583 tempest-AttachVolumeTestJSON-2054294583-project-member] Request filter 'compute_status_filter' took 0.0 seconds {{(pid=96613) wrapper /opt/stack/nova/nova/scheduler/request_filter.py:46}}
Aug 16 18:31:55.467223 np0000007391 nova-scheduler[96613]: DEBUG nova.scheduler.request_filter [None req-b28b4987-c7a0-454c-ae87-91a7c4167106 tempest-AttachVolumeTestJSON-2054294583 tempest-AttachVolumeTestJSON-2054294583-project-member] Request filter 'accelerators_filter' took 0.0 seconds {{(pid=96613) wrapper /opt/stack/nova/nova/scheduler/request_filter.py:46}}
Aug 16 18:31:55.467734 np0000007391 nova-scheduler[96613]: DEBUG nova.scheduler.request_filter [None req-b28b4987-c7a0-454c-ae87-91a7c4167106 tempest-AttachVolumeTestJSON-2054294583 tempest-AttachVolumeTestJSON-2054294583-project-member] Request filter 'packed_virtqueue_filter' took 0.0 seconds {{(pid=96613) wrapper /opt/stack/nova/nova/scheduler/request_filter.py:46}}
Aug 16 18:31:55.467988 np0000007391 nova-scheduler[96613]: DEBUG nova.scheduler.request_filter [None req-b28b4987-c7a0-454c-ae87-91a7c4167106 tempest-AttachVolumeTestJSON-2054294583 tempest-AttachVolumeTestJSON-2054294583-project-member] Request filter 'remote_managed_ports_filter' took 0.0 seconds {{(pid=96613) wrapper /opt/stack/nova/nova/scheduler/request_filter.py:46}}
Aug 16 18:31:55.468166 np0000007391 nova-scheduler[96613]: DEBUG nova.scheduler.request_filter [None req-b28b4987-c7a0-454c-ae87-91a7c4167106 tempest-AttachVolumeTestJSON-2054294583 tempest-AttachVolumeTestJSON-2054294583-project-member] ephemeral_encryption_filter skipped {{(pid=96613) ephemeral_encryption_filter /opt/stack/nova/nova/scheduler/request_filter.py:426}}
Aug 16 18:31:55.468286 np0000007391 nova-scheduler[96613]: DEBUG nova.scheduler.request_filter [None req-b28b4987-c7a0-454c-ae87-91a7c4167106 tempest-AttachVolumeTestJSON-2054294583 tempest-AttachVolumeTestJSON-2054294583-project-member] virtio_sound_filter skipped {{(pid=96613) virtio_sound_filter /opt/stack/nova/nova/scheduler/request_filter.py:460}}
Aug 16 18:31:55.468385 np0000007391 nova-scheduler[96613]: DEBUG nova.scheduler.request_filter [None req-b28b4987-c7a0-454c-ae87-91a7c4167106 tempest-AttachVolumeTestJSON-2054294583 tempest-AttachVolumeTestJSON-2054294583-project-member] tpm_secret_security_filter skipped {{(pid=96613) tpm_secret_security_filter /opt/stack/nova/nova/scheduler/request_filter.py:477}}
Aug 16 18:31:56.044270 np0000007391 nova-scheduler[96613]: INFO nova.utils [None req-b28b4987-c7a0-454c-ae87-91a7c4167106 tempest-AttachVolumeTestJSON-2054294583 tempest-AttachVolumeTestJSON-2054294583-project-member] The cell worker thread pool ForkProcess-1.cell_worker is initialized
Aug 16 18:31:56.044270 np0000007391 nova-scheduler[96613]: DEBUG oslo_concurrency.lockutils [None req-b28b4987-c7a0-454c-ae87-91a7c4167106 tempest-AttachVolumeTestJSON-2054294583 tempest-AttachVolumeTestJSON-2054294583-project-member] Acquiring lock "df03eb7b-d11a-4c05-ac9e-464ee29f8473" by "nova.context.set_target_cell..get_or_set_cached_cell_and_set_connections" {{(pid=96613) inner /opt/stack/data/venv/lib/python3.12/site-packages/oslo_concurrency/lockutils.py:512}}
Aug 16 18:31:56.044270 np0000007391 nova-scheduler[96613]: DEBUG oslo_concurrency.lockutils [None req-b28b4987-c7a0-454c-ae87-91a7c4167106 tempest-AttachVolumeTestJSON-2054294583 tempest-AttachVolumeTestJSON-2054294583-project-member] Lock "df03eb7b-d11a-4c05-ac9e-464ee29f8473" acquired by "nova.context.set_target_cell..get_or_set_cached_cell_and_set_connections" :: waited 0.000s {{(pid=96613) inner /opt/stack/data/venv/lib/python3.12/site-packages/oslo_concurrency/lockutils.py:525}}
Aug 16 18:31:56.045851 np0000007391 nova-scheduler[96613]: DEBUG oslo_concurrency.lockutils [None req-b28b4987-c7a0-454c-ae87-91a7c4167106 tempest-AttachVolumeTestJSON-2054294583 tempest-AttachVolumeTestJSON-2054294583-project-member] Lock "df03eb7b-d11a-4c05-ac9e-464ee29f8473" "released" by "nova.context.set_target_cell..get_or_set_cached_cell_and_set_connections" :: held 0.001s {{(pid=96613) inner /opt/stack/data/venv/lib/python3.12/site-packages/oslo_concurrency/lockutils.py:544}}
Aug 16 18:31:56.048363 np0000007391 nova-scheduler[96613]: INFO dbcounter [None req-b28b4987-c7a0-454c-ae87-91a7c4167106 tempest-AttachVolumeTestJSON-2054294583 tempest-AttachVolumeTestJSON-2054294583-project-member] Registered counter for database nova_cell1
Aug 16 18:31:56.098948 np0000007391 nova-scheduler[96613]: DEBUG oslo_db.sqlalchemy.engines [None req-b28b4987-c7a0-454c-ae87-91a7c4167106 tempest-AttachVolumeTestJSON-2054294583 tempest-AttachVolumeTestJSON-2054294583-project-member] MySQL server mode set to STRICT_TRANS_TABLES,STRICT_ALL_TABLES,NO_ZERO_IN_DATE,NO_ZERO_DATE,ERROR_FOR_DIVISION_BY_ZERO,TRADITIONAL,NO_ENGINE_SUBSTITUTION {{(pid=96613) _check_effective_sql_mode /opt/stack/data/venv/lib/python3.12/site-packages/oslo_db/sqlalchemy/engines.py:325}}
Aug 16 18:31:56.107509 np0000007391 nova-scheduler[96613]: DEBUG dbcounter [-] [96613] Writer thread running {{(pid=96613) stat_writer /opt/stack/data/venv/lib/python3.12/site-packages/dbcounter.py:102}}
Aug 16 18:31:56.121053 np0000007391 nova-scheduler[96613]: DEBUG oslo_db.sqlalchemy.engines [None req-b28b4987-c7a0-454c-ae87-91a7c4167106 tempest-AttachVolumeTestJSON-2054294583 tempest-AttachVolumeTestJSON-2054294583-project-member] Parent process 95420 forked (96613) with an open database connection, which is being discarded and recreated. {{(pid=96613) checkout /opt/stack/data/venv/lib/python3.12/site-packages/oslo_db/sqlalchemy/engines.py:402}}
Aug 16 18:31:56.176327 np0000007391 nova-scheduler[96613]: DEBUG dbcounter [-] [96613] Writer thread running {{(pid=96613) stat_writer /opt/stack/data/venv/lib/python3.12/site-packages/dbcounter.py:102}}
Aug 16 18:31:56.180690 np0000007391 nova-scheduler[96613]: DEBUG oslo_concurrency.lockutils [None req-b28b4987-c7a0-454c-ae87-91a7c4167106 tempest-AttachVolumeTestJSON-2054294583 tempest-AttachVolumeTestJSON-2054294583-project-member] Acquiring lock "df03eb7b-d11a-4c05-ac9e-464ee29f8473" by "nova.context.set_target_cell..get_or_set_cached_cell_and_set_connections" {{(pid=96613) inner /opt/stack/data/venv/lib/python3.12/site-packages/oslo_concurrency/lockutils.py:512}}
