Aug 16 18:30:18.656989 np0000007391 devstack@neutron-api.service[90823]: [pid: 90823|app: 0|req: 10/34] 10.4.3.167 () {64 vars in 1292 bytes} [Sun Aug 16 18:30:18 2026] GET /networking/v2.0/extensions => generated 16171 bytes in 3 msecs (HTTP/1.1 200) 4 headers in 159 bytes (1 switches on core 0)
Aug 16 18:30:18.917282 np0000007391 devstack@neutron-api.service[90825]: INFO neutron.pecan_wsgi.hooks.translation [None req-ee34c29d-58ab-479e-827b-19d581e07aca admin admin] GET failed (client error): The resource could not be found.
Aug 16 18:30:18.918044 np0000007391 devstack@neutron-api.service[90825]: [pid: 90825|app: 0|req: 9/35] 10.4.3.167 () {64 vars in 1294 bytes} [Sun Aug 16 18:30:18 2026] GET /networking/v2.0/networks/public => generated 108 bytes in 10 msecs (HTTP/1.1 404) 4 headers in 164 bytes (1 switches on core 0)
Aug 16 18:30:18.959173 np0000007391 devstack@neutron-api.service[90824]: DEBUG neutron.pecan_wsgi.hooks.policy_enforcement [None req-5f4bca86-953b-42df-9da7-d2e6b1da9079 admin admin] Attributes excluded by policy engine: ['standard_attr_id'] {{(pid=90824) _exclude_attributes_by_policy /opt/stack/neutron/neutron/pecan_wsgi/hooks/policy_enforcement.py:259}}
Aug 16 18:30:18.960443 np0000007391 devstack@neutron-api.service[90824]: [pid: 90824|app: 0|req: 9/36] 10.4.3.167 () {64 vars in 1309 bytes} [Sun Aug 16 18:30:18 2026] GET /networking/v2.0/networks?name=public => generated 759 bytes in 36 msecs (HTTP/1.1 200) 4 headers in 157 bytes (1 switches on core 0)
Aug 16 18:30:19.160151 np0000007391 devstack@neutron-api.service[90826]: DEBUG neutron.api.v2.base [None req-6aa1b5fc-6aaf-4b71-bfdf-b99e5a42131a admin admin] Request body: {'network': {'shared': True, 'name': 'shared', 'admin_state_up': True}} {{(pid=90826) prepare_request_body /opt/stack/neutron/neutron/api/v2/base.py:727}}
Aug 16 18:30:19.172352 np0000007391 devstack@neutron-api.service[90826]: DEBUG neutron.pecan_wsgi.hooks.quota_enforcement [None req-6aa1b5fc-6aaf-4b71-bfdf-b99e5a42131a admin admin] Made reservation on behalf of a6eb98d3d2674629a28ec6e8707bdb0d for: {'network': 1} {{(pid=90826) before /opt/stack/neutron/neutron/pecan_wsgi/hooks/quota_enforcement.py:66}}
Aug 16 18:30:19.174877 np0000007391 devstack@neutron-api.service[90826]: DEBUG neutron_lib.callbacks.manager [None req-6aa1b5fc-6aaf-4b71-bfdf-b99e5a42131a admin admin] Publish callbacks ['neutron.plugins.ml2.plugin.SecurityGroupDbMixin._ensure_default_security_group_handler-250040'] for network (None), before_create {{(pid=90826) _notify_loop /opt/stack/data/venv/lib/python3.12/site-packages/neutron_lib/callbacks/manager.py:184}}
Aug 16 18:30:19.202572 np0000007391 devstack@neutron-api.service[90826]: WARNING neutron.services.revisions.revision_plugin [None req-6aa1b5fc-6aaf-4b71-bfdf-b99e5a42131a admin admin] Could not find related network for resource to bump revision.
Aug 16 18:30:19.228351 np0000007391 devstack@neutron-api.service[90826]: DEBUG neutron.plugins.ml2.drivers.helpers [None req-6aa1b5fc-6aaf-4b71-bfdf-b99e5a42131a admin admin] geneve segment allocate from pool success with {'geneve_vni': 60651} {{(pid=90826) allocate_partially_specified_segment /opt/stack/neutron/neutron/plugins/ml2/drivers/helpers.py:142}}
Aug 16 18:30:19.235599 np0000007391 devstack@neutron-api.service[90826]: DEBUG neutron_lib.callbacks.manager [None req-6aa1b5fc-6aaf-4b71-bfdf-b99e5a42131a admin admin] Publish callbacks ['neutron.services.segments.db._add_segment_host_mapping_for_segment-8246393310952', 'neutron.plugins.ml2.plugin.Ml2Plugin._handle_segment_change-929834'] for segment (a26716a9-5014-44da-b19c-5bc209a721f1), precommit_create {{(pid=90826) _notify_loop /opt/stack/data/venv/lib/python3.12/site-packages/neutron_lib/callbacks/manager.py:184}}
Aug 16 18:30:19.235800 np0000007391 devstack@neutron-api.service[90826]: INFO neutron.db.segments_db [None req-6aa1b5fc-6aaf-4b71-bfdf-b99e5a42131a admin admin] Added segment a26716a9-5014-44da-b19c-5bc209a721f1 of type geneve for network 13d6fbcf-dd51-45c2-a939-e89dd1291c59
Aug 16 18:30:19.248485 np0000007391 devstack@neutron-api.service[90826]: DEBUG neutron_lib.callbacks.manager [None req-6aa1b5fc-6aaf-4b71-bfdf-b99e5a42131a admin admin] Publish callbacks ['neutron.services.auto_allocate.db._ensure_external_network_default_value_callback-8246392056192'] for network (13d6fbcf-dd51-45c2-a939-e89dd1291c59), precommit_create {{(pid=90826) _notify_loop /opt/stack/data/venv/lib/python3.12/site-packages/neutron_lib/callbacks/manager.py:184}}
Aug 16 18:30:19.259314 np0000007391 devstack@neutron-api.service[90826]: DEBUG neutron.plugins.ml2.drivers.ovn.mech_driver.mech_driver [None req-6aa1b5fc-6aaf-4b71-bfdf-b99e5a42131a admin admin] Validating network segment with type geneve, segmentation ID 60651, physical network None {{(pid=90826) _validate_network_segments /opt/stack/neutron/neutron/plugins/ml2/drivers/ovn/mech_driver/mech_driver.py:624}}
Aug 16 18:30:19.259467 np0000007391 devstack@neutron-api.service[90826]: DEBUG neutron.db.ovn_revision_numbers_db [None req-6aa1b5fc-6aaf-4b71-bfdf-b99e5a42131a admin admin] create_initial_revision uuid=13d6fbcf-dd51-45c2-a939-e89dd1291c59, type=networks, rev=-1 {{(pid=90826) create_initial_revision /opt/stack/neutron/neutron/db/ovn_revision_numbers_db.py:98}}
Aug 16 18:30:19.265950 np0000007391 devstack@neutron-api.service[90826]: DEBUG neutron_lib.callbacks.manager [None req-6aa1b5fc-6aaf-4b71-bfdf-b99e5a42131a admin admin] Publish callbacks ['neutron.plugins.ml2.ovo_rpc._ObjectChangeHandler.handle_event-1218915'] for network (13d6fbcf-dd51-45c2-a939-e89dd1291c59), after_create {{(pid=90826) _notify_loop /opt/stack/data/venv/lib/python3.12/site-packages/neutron_lib/callbacks/manager.py:184}}
Aug 16 18:30:19.284175 np0000007391 devstack@neutron-api.service[90826]: DEBUG neutron.api.rpc.handlers.resources_rpc [None req-6aa1b5fc-6aaf-4b71-bfdf-b99e5a42131a admin admin] Pushing event updated for resources: {'Network': ['ID=13d6fbcf-dd51-45c2-a939-e89dd1291c59,revision_number=1']} {{(pid=90826) push /opt/stack/neutron/neutron/api/rpc/handlers/resources_rpc.py:237}}
Aug 16 18:30:19.288471 np0000007391 devstack@neutron-api.service[90826]: DEBUG ovsdbapp.backend.ovs_idl.transaction [None req-ff0242df-db6e-4c09-832d-3acac017fc5e None None] Running txn n=1 command(idx=0): CheckLivenessCommand(_result=None) {{(pid=90826) do_commit /opt/stack/data/venv/lib/python3.12/site-packages/ovsdbapp/backend/ovs_idl/transaction.py:89}}
Aug 16 18:30:19.294828 np0000007391 devstack@neutron-api.service[90824]: DEBUG ovsdbapp.backend.ovs_idl.event [None req-4bba2b20-8fbc-4e2a-a521-1770775e94c4 None None] Matched UPDATE: ChassisAgentWriteEvent(events=('create', 'update'), table='Chassis_Private', conditions=None, old_conditions=None), priority=20 to row=Chassis_Private(uuid=24935eb3-99fd-476d-95cf-3ec9c0c8b497, chassis=edaaafe1-f9d2-4791-915f-a271d476663e, external_ids={'neutron:ovn-bridge': 'br-int', 'neutron:ovn-neutron-agent-id': 'dcec95c1-b177-5e65-8942-b855b1fd6a37', 'neutron:ovn-neutron-agent-sb-cfg': '1'}, name='f3227fc9-d08b-496d-9509-77d99cfeb95b', nb_cfg=2, nb_cfg_timestamp=1786905019290) old=Chassis_Private(uuid=24935eb3-99fd-476d-95cf-3ec9c0c8b497, nb_cfg=1, nb_cfg_timestamp=1786904942910) {{(pid=90824) matches /opt/stack/data/venv/lib/python3.12/site-packages/ovsdbapp/backend/ovs_idl/event.py:55}}
Aug 16 18:30:19.295618 np0000007391 devstack@neutron-api.service[90823]: DEBUG ovsdbapp.backend.ovs_idl.event [None req-bda60ba8-dcd8-4783-bdc5-618022d51614 None None] Matched UPDATE: ChassisAgentWriteEvent(events=('create', 'update'), table='Chassis_Private', conditions=None, old_conditions=None), priority=20 to row=Chassis_Private(uuid=24935eb3-99fd-476d-95cf-3ec9c0c8b497, chassis=edaaafe1-f9d2-4791-915f-a271d476663e, external_ids={'neutron:ovn-bridge': 'br-int', 'neutron:ovn-neutron-agent-id': 'dcec95c1-b177-5e65-8942-b855b1fd6a37', 'neutron:ovn-neutron-agent-sb-cfg': '1'}, name='f3227fc9-d08b-496d-9509-77d99cfeb95b', nb_cfg=2, nb_cfg_timestamp=1786905019290) old=Chassis_Private(uuid=24935eb3-99fd-476d-95cf-3ec9c0c8b497, nb_cfg=1, nb_cfg_timestamp=1786904942910) {{(pid=90823) matches /opt/stack/data/venv/lib/python3.12/site-packages/ovsdbapp/backend/ovs_idl/event.py:55}}
Aug 16 18:30:19.295894 np0000007391 devstack@neutron-api.service[90825]: DEBUG ovsdbapp.backend.ovs_idl.event [None req-07f7cfc3-7896-43e9-90ac-67e9979eded6 None None] Matched UPDATE: ChassisAgentWriteEvent(events=('create', 'update'), table='Chassis_Private', conditions=None, old_conditions=None), priority=20 to row=Chassis_Private(uuid=24935eb3-99fd-476d-95cf-3ec9c0c8b497, chassis=edaaafe1-f9d2-4791-915f-a271d476663e, external_ids={'neutron:ovn-bridge': 'br-int', 'neutron:ovn-neutron-agent-id': 'dcec95c1-b177-5e65-8942-b855b1fd6a37', 'neutron:ovn-neutron-agent-sb-cfg': '1'}, name='f3227fc9-d08b-496d-9509-77d99cfeb95b', nb_cfg=2, nb_cfg_timestamp=1786905019290) old=Chassis_Private(uuid=24935eb3-99fd-476d-95cf-3ec9c0c8b497, nb_cfg=1, nb_cfg_timestamp=1786904942910) {{(pid=90825) matches /opt/stack/data/venv/lib/python3.12/site-packages/ovsdbapp/backend/ovs_idl/event.py:55}}
Aug 16 18:30:19.296900 np0000007391 devstack@neutron-api.service[90826]: DEBUG ovsdbapp.backend.ovs_idl.event [None req-8880cfb6-5404-42ba-9bac-8b2ce0c0f103 None None] Matched UPDATE: ChassisAgentWriteEvent(events=('create', 'update'), table='Chassis_Private', conditions=None, old_conditions=None), priority=20 to row=Chassis_Private(uuid=24935eb3-99fd-476d-95cf-3ec9c0c8b497, chassis=edaaafe1-f9d2-4791-915f-a271d476663e, external_ids={'neutron:ovn-bridge': 'br-int', 'neutron:ovn-neutron-agent-id': 'dcec95c1-b177-5e65-8942-b855b1fd6a37', 'neutron:ovn-neutron-agent-sb-cfg': '1'}, name='f3227fc9-d08b-496d-9509-77d99cfeb95b', nb_cfg=2, nb_cfg_timestamp=1786905019290) old=Chassis_Private(uuid=24935eb3-99fd-476d-95cf-3ec9c0c8b497, nb_cfg=1, nb_cfg_timestamp=1786904942910) {{(pid=90826) matches /opt/stack/data/venv/lib/python3.12/site-packages/ovsdbapp/backend/ovs_idl/event.py:55}}
Aug 16 18:30:19.302057 np0000007391 devstack@neutron-api.service[90824]: DEBUG neutron.common.ovn.hash_ring_manager [None req-86fcef0a-8f6d-4dc3-a8fb-c2ac8105b505 None None] Hash Ring loaded. 4 active nodes. 0 offline nodes {{(pid=90824) _load_hash_ring /opt/stack/neutron/neutron/common/ovn/hash_ring_manager.py:110}}
Aug 16 18:30:19.302191 np0000007391 devstack@neutron-api.service[90826]: DEBUG neutron.common.ovn.hash_ring_manager [None req-ff0242df-db6e-4c09-832d-3acac017fc5e None None] Hash Ring loaded. 4 active nodes. 0 offline nodes {{(pid=90826) _load_hash_ring /opt/stack/neutron/neutron/common/ovn/hash_ring_manager.py:110}}
Aug 16 18:30:19.302306 np0000007391 devstack@neutron-api.service[90824]: DEBUG neutron.plugins.ml2.drivers.ovn.mech_driver.ovsdb.ovsdb_monitor [None req-86fcef0a-8f6d-4dc3-a8fb-c2ac8105b505 None None] Hash Ring: Node 2c0d62d7eccb5d50960f5e4a86ed061f (host: np0000007391) handling event "update" for row e22c1c3a-52fe-4506-88fa-2564e3f305ff (table: NB_Global) {{(pid=90824) notify /opt/stack/neutron/neutron/plugins/ml2/drivers/ovn/mech_driver/ovsdb/ovsdb_monitor.py:1099}}
Aug 16 18:30:19.304296 np0000007391 devstack@neutron-api.service[90823]: DEBUG neutron.common.ovn.hash_ring_manager [None req-200f50e5-31e7-4dfc-9f0c-b077cc9a0b26 None None] Hash Ring loaded. 4 active nodes. 0 offline nodes {{(pid=90823) _load_hash_ring /opt/stack/neutron/neutron/common/ovn/hash_ring_manager.py:110}}
Aug 16 18:30:19.304424 np0000007391 devstack@neutron-api.service[90824]: DEBUG neutron.plugins.ml2.drivers.ovn.mech_driver.ovsdb.ovsdb_monitor [None req-86fcef0a-8f6d-4dc3-a8fb-c2ac8105b505 None None] Hash Ring: Node 2c0d62d7eccb5d50960f5e4a86ed061f (host: np0000007391) handling event "update" for row e22c1c3a-52fe-4506-88fa-2564e3f305ff (table: NB_Global) {{(pid=90824) notify /opt/stack/neutron/neutron/plugins/ml2/drivers/ovn/mech_driver/ovsdb/ovsdb_monitor.py:1099}}
Aug 16 18:30:19.304525 np0000007391 devstack@neutron-api.service[90825]: DEBUG neutron.common.ovn.hash_ring_manager [None req-1f5dfd91-32e7-4168-b67e-b372265713e2 None None] Hash Ring loaded. 4 active nodes. 0 offline nodes {{(pid=90825) _load_hash_ring /opt/stack/neutron/neutron/common/ovn/hash_ring_manager.py:110}}
Aug 16 18:30:19.304943 np0000007391 devstack@neutron-api.service[90824]: DEBUG neutron.plugins.ml2.drivers.ovn.mech_driver.ovsdb.ovsdb_monitor [None req-86fcef0a-8f6d-4dc3-a8fb-c2ac8105b505 None None] Hash Ring: Node 2c0d62d7eccb5d50960f5e4a86ed061f (host: np0000007391) handling event "update" for row e22c1c3a-52fe-4506-88fa-2564e3f305ff (table: NB_Global) {{(pid=90824) notify /opt/stack/neutron/neutron/plugins/ml2/drivers/ovn/mech_driver/ovsdb/ovsdb_monitor.py:1099}}
Aug 16 18:30:19.305570 np0000007391 devstack@neutron-api.service[90825]: DEBUG neutron.common.ovn.hash_ring_manager [None req-07f7cfc3-7896-43e9-90ac-67e9979eded6 None None] Hash Ring loaded. 4 active nodes. 0 offline nodes {{(pid=90825) _load_hash_ring /opt/stack/neutron/neutron/common/ovn/hash_ring_manager.py:110}}
Aug 16 18:30:19.305689 np0000007391 devstack@neutron-api.service[90823]: DEBUG neutron.common.ovn.hash_ring_manager [None req-bda60ba8-dcd8-4783-bdc5-618022d51614 None None] Hash Ring loaded. 4 active nodes. 0 offline nodes {{(pid=90823) _load_hash_ring /opt/stack/neutron/neutron/common/ovn/hash_ring_manager.py:110}}
Aug 16 18:30:19.305903 np0000007391 devstack@neutron-api.service[90823]: DEBUG neutron.plugins.ml2.drivers.ovn.mech_driver.ovsdb.ovsdb_monitor [None req-bda60ba8-dcd8-4783-bdc5-618022d51614 None None] Hash Ring: Node 903bd0cb07715bb7816a555d283bb271 (host: np0000007391) handling event "update" for row 24935eb3-99fd-476d-95cf-3ec9c0c8b497 (table: Chassis_Private) {{(pid=90823) notify /opt/stack/neutron/neutron/plugins/ml2/drivers/ovn/mech_driver/ovsdb/ovsdb_monitor.py:1099}}
Aug 16 18:30:19.306092 np0000007391 devstack@neutron-api.service[90824]: DEBUG neutron.plugins.ml2.drivers.ovn.mech_driver.ovsdb.ovsdb_monitor [None req-86fcef0a-8f6d-4dc3-a8fb-c2ac8105b505 None None] Hash Ring: Node 2c0d62d7eccb5d50960f5e4a86ed061f (host: np0000007391) handling event "update" for row e22c1c3a-52fe-4506-88fa-2564e3f305ff (table: NB_Global) {{(pid=90824) notify /opt/stack/neutron/neutron/plugins/ml2/drivers/ovn/mech_driver/ovsdb/ovsdb_monitor.py:1099}}
Aug 16 18:30:19.307343 np0000007391 devstack@neutron-api.service[90826]: DEBUG neutron.api.rpc.callbacks.version_manager [None req-6aa1b5fc-6aaf-4b71-bfdf-b99e5a42131a admin admin] Tracked resource versions report:
Aug 16 18:30:19.307343 np0000007391 devstack@neutron-api.service[90826]: pushed versions:
Aug 16 18:30:19.307343 np0000007391 devstack@neutron-api.service[90826]: { 'AddressGroup': {'1.2'},
Aug 16 18:30:19.307343 np0000007391 devstack@neutron-api.service[90826]: 'Agent': {'1.1'},
Aug 16 18:30:19.307343 np0000007391 devstack@neutron-api.service[90826]: 'ConntrackHelper': {'1.0'},
Aug 16 18:30:19.307343 np0000007391 devstack@neutron-api.service[90826]: 'LocalIPAssociation': {'1.0'},
Aug 16 18:30:19.307343 np0000007391 devstack@neutron-api.service[90826]: 'Log': {'1.0'},
Aug 16 18:30:19.307343 np0000007391 devstack@neutron-api.service[90826]: 'NDPProxy': {'1.0'},
Aug 16 18:30:19.307343 np0000007391 devstack@neutron-api.service[90826]: 'Network': {'1.3'},
Aug 16 18:30:19.307343 np0000007391 devstack@neutron-api.service[90826]: 'Port': {'1.11'},
Aug 16 18:30:19.307343 np0000007391 devstack@neutron-api.service[90826]: 'PortForwarding': {'1.3'},
Aug 16 18:30:19.307343 np0000007391 devstack@neutron-api.service[90826]: 'QosPolicy': {'1.10'},
Aug 16 18:30:19.307343 np0000007391 devstack@neutron-api.service[90826]: 'SecurityGroup': {'1.6'},
Aug 16 18:30:19.307343 np0000007391 devstack@neutron-api.service[90826]: 'SecurityGroupRule': {'1.3'},
Aug 16 18:30:19.307343 np0000007391 devstack@neutron-api.service[90826]: 'SubPort': {'1.0'},
Aug 16 18:30:19.307343 np0000007391 devstack@neutron-api.service[90826]: 'Subnet': {'1.2'},
Aug 16 18:30:19.307343 np0000007391 devstack@neutron-api.service[90826]: 'Trunk': {'1.1'}}
Aug 16 18:30:19.307343 np0000007391 devstack@neutron-api.service[90826]: consumer versions:
Aug 16 18:30:19.307343 np0000007391 devstack@neutron-api.service[90826]: { OVN Neutron agent@np0000007391: {},
Aug 16 18:30:19.307343 np0000007391 devstack@neutron-api.service[90826]: OVN Controller Gateway agent@np0000007391: {}}
Aug 16 18:30:19.307343 np0000007391 devstack@neutron-api.service[90826]: {{(pid=90826) report /opt/stack/neutron/neutron/api/rpc/callbacks/version_manager.py:183}}
Aug 16 18:30:19.307771 np0000007391 devstack@neutron-api.service[90824]: DEBUG neutron.common.ovn.hash_ring_manager [None req-4bba2b20-8fbc-4e2a-a521-1770775e94c4 None None] Hash Ring loaded. 4 active nodes. 0 offline nodes {{(pid=90824) _load_hash_ring /opt/stack/neutron/neutron/common/ovn/hash_ring_manager.py:110}}
Aug 16 18:30:19.308977 np0000007391 devstack@neutron-api.service[90826]: DEBUG neutron.common.ovn.hash_ring_manager [None req-8880cfb6-5404-42ba-9bac-8b2ce0c0f103 None None] Hash Ring loaded. 4 active nodes. 0 offline nodes {{(pid=90826) _load_hash_ring /opt/stack/neutron/neutron/common/ovn/hash_ring_manager.py:110}}
Aug 16 18:30:19.316279 np0000007391 devstack@neutron-api.service[90826]: DEBUG ovsdbapp.backend.ovs_idl.transaction [None req-ff0242df-db6e-4c09-832d-3acac017fc5e None None] Running txn n=1 command(idx=0): AddNetworkCommand(_result=None, network_uuid=13d6fbcf-dd51-45c2-a939-e89dd1291c59, may_exist=True, columns={'external_ids': {'neutron:network_name': 'shared', 'neutron:mtu': '1372', 'neutron:revision_number': '1', 'neutron:availability_zone_hints': '', 'neutron:provnet-network-type': 'geneve'}, 'other_config': {'mcast_snoop': 'false', 'mcast_flood_unregistered': 'false', 'vlan-passthru': 'false'}}) {{(pid=90826) do_commit /opt/stack/data/venv/lib/python3.12/site-packages/ovsdbapp/backend/ovs_idl/transaction.py:89}}
Aug 16 18:30:19.318986 np0000007391 devstack@neutron-api.service[90823]: DEBUG neutron.plugins.ml2.drivers.ovn.mech_driver.ovsdb.ovsdb_monitor [None req-200f50e5-31e7-4dfc-9f0c-b077cc9a0b26 None None] Hash Ring: Node 903bd0cb07715bb7816a555d283bb271 (host: np0000007391) handling event "create" for row 13d6fbcf-dd51-45c2-a939-e89dd1291c59 (table: Logical_Switch) {{(pid=90823) notify /opt/stack/neutron/neutron/plugins/ml2/drivers/ovn/mech_driver/ovsdb/ovsdb_monitor.py:1099}}
Aug 16 18:30:19.321498 np0000007391 devstack@neutron-api.service[90823]: DEBUG neutron.plugins.ml2.drivers.ovn.mech_driver.ovsdb.ovsdb_monitor [None req-bda60ba8-dcd8-4783-bdc5-618022d51614 None None] Hash Ring: Node 903bd0cb07715bb7816a555d283bb271 (host: np0000007391) handling event "create" for row bdf629c2-db0a-4d6a-952d-6e48cd96773d (table: Datapath_Binding) {{(pid=90823) notify /opt/stack/neutron/neutron/plugins/ml2/drivers/ovn/mech_driver/ovsdb/ovsdb_monitor.py:1099}}
Aug 16 18:30:19.342217 np0000007391 devstack@neutron-api.service[90826]: INFO neutron.db.ovn_revision_numbers_db [None req-6aa1b5fc-6aaf-4b71-bfdf-b99e5a42131a admin admin] Successfully bumped revision number for resource 13d6fbcf-dd51-45c2-a939-e89dd1291c59 (type: networks) to 1
Aug 16 18:30:19.357517 np0000007391 devstack@neutron-api.service[90826]: DEBUG neutron_lib.callbacks.manager [None req-6aa1b5fc-6aaf-4b71-bfdf-b99e5a42131a admin admin] Publish callbacks ['neutron.plugins.ml2.plugin.SecurityGroupDbMixin._ensure_default_security_group_handler-250040'] for port (None), before_create {{(pid=90826) _notify_loop /opt/stack/data/venv/lib/python3.12/site-packages/neutron_lib/callbacks/manager.py:184}}
Aug 16 18:30:19.422123 np0000007391 devstack@neutron-api.service[90826]: DEBUG neutron_lib.callbacks.manager [None req-6aa1b5fc-6aaf-4b71-bfdf-b99e5a42131a admin admin] Publish callbacks ['neutron.plugins.ml2.drivers.ovn.mech_driver.mech_driver.OVNMechanismDriver._validate_allowed_address_pairs-360319'] for allowed_address_pair (4ed1efc0-d28b-4411-9f94-4e4a0e3303bc), before_create {{(pid=90826) _notify_loop /opt/stack/data/venv/lib/python3.12/site-packages/neutron_lib/callbacks/manager.py:184}}
Aug 16 18:30:19.422809 np0000007391 devstack@neutron-api.service[90826]: DEBUG neutron_lib.callbacks.manager [None req-6aa1b5fc-6aaf-4b71-bfdf-b99e5a42131a admin admin] Publish callbacks [] for port (4ed1efc0-d28b-4411-9f94-4e4a0e3303bc), precommit_create {{(pid=90826) _notify_loop /opt/stack/data/venv/lib/python3.12/site-packages/neutron_lib/callbacks/manager.py:184}}
Aug 16 18:30:19.422986 np0000007391 devstack@neutron-api.service[90826]: DEBUG neutron.plugins.ml2.drivers.ovn.mech_driver.mech_driver [None req-6aa1b5fc-6aaf-4b71-bfdf-b99e5a42131a admin admin] No provisioning block for port 4ed1efc0-d28b-4411-9f94-4e4a0e3303bc since it does not have a host {{(pid=90826) _is_port_provisioning_required /opt/stack/neutron/neutron/plugins/ml2/drivers/ovn/mech_driver/mech_driver.py:877}}
Aug 16 18:30:19.423141 np0000007391 devstack@neutron-api.service[90826]: DEBUG neutron.db.ovn_revision_numbers_db [None req-6aa1b5fc-6aaf-4b71-bfdf-b99e5a42131a admin admin] create_initial_revision uuid=4ed1efc0-d28b-4411-9f94-4e4a0e3303bc, type=ports, rev=-1 {{(pid=90826) create_initial_revision /opt/stack/neutron/neutron/db/ovn_revision_numbers_db.py:98}}
Aug 16 18:30:19.450917 np0000007391 devstack@neutron-api.service[90826]: DEBUG neutron_lib.callbacks.manager [None req-6aa1b5fc-6aaf-4b71-bfdf-b99e5a42131a admin admin] Publish callbacks ['neutron.plugins.ml2.ovo_rpc._ObjectChangeHandler.handle_event-1218836'] for port (4ed1efc0-d28b-4411-9f94-4e4a0e3303bc), after_create {{(pid=90826) _notify_loop /opt/stack/data/venv/lib/python3.12/site-packages/neutron_lib/callbacks/manager.py:184}}
Aug 16 18:30:19.481606 np0000007391 devstack@neutron-api.service[90826]: DEBUG neutron.api.rpc.handlers.resources_rpc [None req-6aa1b5fc-6aaf-4b71-bfdf-b99e5a42131a admin admin] Pushing event updated for resources: {'Port': ['ID=4ed1efc0-d28b-4411-9f94-4e4a0e3303bc,revision_number=1']} {{(pid=90826) push /opt/stack/neutron/neutron/api/rpc/handlers/resources_rpc.py:237}}
Aug 16 18:30:19.486857 np0000007391 devstack@neutron-api.service[90826]: DEBUG neutron.plugins.ml2.drivers.ovn.mech_driver.ovsdb.commands [None req-6aa1b5fc-6aaf-4b71-bfdf-b99e5a42131a admin admin] Converting tag [] to a tag_request {{(pid=90826) _tag_column_to_tag_request /opt/stack/neutron/neutron/plugins/ml2/drivers/ovn/mech_driver/ovsdb/commands.py:227}}
Aug 16 18:30:19.487389 np0000007391 devstack@neutron-api.service[90826]: DEBUG ovsdbapp.backend.ovs_idl.transaction [None req-ff0242df-db6e-4c09-832d-3acac017fc5e None None] Running txn n=1 command(idx=0): AddLSwitchPortCommand(_result=None, lport=4ed1efc0-d28b-4411-9f94-4e4a0e3303bc, lswitch=neutron-13d6fbcf-dd51-45c2-a939-e89dd1291c59, may_exist=True, network_uuid=13d6fbcf-dd51-45c2-a939-e89dd1291c59, columns={'addresses': ['fa:16:3e:66:14:ce'], 'external_ids': {'neutron:port_name': '', 'neutron:device_id': 'ovnmeta-13d6fbcf-dd51-45c2-a939-e89dd1291c59', 'neutron:project_id': 'a6eb98d3d2674629a28ec6e8707bdb0d', 'neutron:cidrs': '', 'neutron:device_owner': 'network:distributed', 'neutron:subnet_pool_addr_scope4': '', 'neutron:subnet_pool_addr_scope6': '', 'neutron:network_name': 'neutron-13d6fbcf-dd51-45c2-a939-e89dd1291c59', 'neutron:security_group_ids': '', 'neutron:revision_number': '1', 'neutron:vnic_type': 'normal', 'neutron:port_capabilities': '', 'neutron:mtu': '1372'}, 'parent_name': [], 'enabled': True, 'options': {}, 'type': 'localport', 'port_security': [], 'dhcpv4_options': [], 'dhcpv6_options': [], 'tag_request': []}) {{(pid=90826) do_commit /opt/stack/data/venv/lib/python3.12/site-packages/ovsdbapp/backend/ovs_idl/transaction.py:89}}
Aug 16 18:30:19.487854 np0000007391 devstack@neutron-api.service[90826]: DEBUG ovsdbapp.backend.ovs_idl.transaction [None req-ff0242df-db6e-4c09-832d-3acac017fc5e None None] Running txn n=1 command(idx=1): QoSDelCommand(_result=None, switch=neutron-13d6fbcf-dd51-45c2-a939-e89dd1291c59, conditions=[('direction', '=', 'to-lport'), ('priority', '=', 2002), ('match', '=', 'outport == "4ed1efc0-d28b-4411-9f94-4e4a0e3303bc"')], if_exists=True) {{(pid=90826) do_commit /opt/stack/data/venv/lib/python3.12/site-packages/ovsdbapp/backend/ovs_idl/transaction.py:89}}
Aug 16 18:30:19.488003 np0000007391 devstack@neutron-api.service[90826]: DEBUG ovsdbapp.backend.ovs_idl.transaction [None req-ff0242df-db6e-4c09-832d-3acac017fc5e None None] Running txn n=1 command(idx=2): QoSDelCommand(_result=None, switch=neutron-13d6fbcf-dd51-45c2-a939-e89dd1291c59, conditions=[('direction', '=', 'from-lport'), ('priority', '=', 2002), ('match', '=', 'inport == "4ed1efc0-d28b-4411-9f94-4e4a0e3303bc"')], if_exists=True) {{(pid=90826) do_commit /opt/stack/data/venv/lib/python3.12/site-packages/ovsdbapp/backend/ovs_idl/transaction.py:89}}
Aug 16 18:30:19.491277 np0000007391 devstack@neutron-api.service[90823]: DEBUG neutron.plugins.ml2.drivers.ovn.mech_driver.ovsdb.ovsdb_monitor [None req-200f50e5-31e7-4dfc-9f0c-b077cc9a0b26 None None] Hash Ring: Node 903bd0cb07715bb7816a555d283bb271 (host: np0000007391) handling event "update" for row 13d6fbcf-dd51-45c2-a939-e89dd1291c59 (table: Logical_Switch) {{(pid=90823) notify /opt/stack/neutron/neutron/plugins/ml2/drivers/ovn/mech_driver/ovsdb/ovsdb_monitor.py:1099}}
Aug 16 18:30:19.491497 np0000007391 devstack@neutron-api.service[90823]: DEBUG neutron.plugins.ml2.drivers.ovn.mech_driver.ovsdb.ovsdb_monitor [None req-200f50e5-31e7-4dfc-9f0c-b077cc9a0b26 None None] Hash Ring: Node 903bd0cb07715bb7816a555d283bb271 (host: np0000007391) handling event "create" for row a57c0010-13ea-4ecc-ac2b-9bee6b7bc500 (table: Logical_Switch_Port) {{(pid=90823) notify /opt/stack/neutron/neutron/plugins/ml2/drivers/ovn/mech_driver/ovsdb/ovsdb_monitor.py:1099}}
Aug 16 18:30:19.492911 np0000007391 devstack@neutron-api.service[90823]: DEBUG ovsdbapp.backend.ovs_idl.event [None req-200f50e5-31e7-4dfc-9f0c-b077cc9a0b26 None None] Matched CREATE: LogicalSwitchPortCreateEvent(events=('create',), table='Logical_Switch_Port', conditions=[], old_conditions=None), priority=20 to row=Logical_Switch_Port(uuid=a57c0010-13ea-4ecc-ac2b-9bee6b7bc500, addresses=['fa:16:3e:66:14:ce'], dhcpv4_options=[], dhcpv6_options=[], dynamic_addresses=[], enabled=True, external_ids={'neutron:cidrs': '', 'neutron:device_id': 'ovnmeta-13d6fbcf-dd51-45c2-a939-e89dd1291c59', 'neutron:device_owner': 'network:distributed', 'neutron:mtu': '1372', 'neutron:network_name': 'neutron-13d6fbcf-dd51-45c2-a939-e89dd1291c59', 'neutron:port_capabilities': '', 'neutron:port_name': '', 'neutron:project_id': 'a6eb98d3d2674629a28ec6e8707bdb0d', 'neutron:revision_number': '1', 'neutron:security_group_ids': '', 'neutron:subnet_pool_addr_scope4': '', 'neutron:subnet_pool_addr_scope6': '', 'neutron:vnic_type': 'normal'}, ha_chassis_group=[], mirror_rules=[], name='4ed1efc0-d28b-4411-9f94-4e4a0e3303bc', options={}, parent_name=[], port_security=[], tag=[], tag_request=[], type='localport', up=[]) old= {{(pid=90823) matches /opt/stack/data/venv/lib/python3.12/site-packages/ovsdbapp/backend/ovs_idl/event.py:55}}
Aug 16 18:30:19.495515 np0000007391 devstack@neutron-api.service[90823]: INFO neutron.plugins.ml2.drivers.ovn.mech_driver.mech_driver [None req-baf40083-3a90-4a56-894d-fccdef640395 None None] OVN reports status down for port: 4ed1efc0-d28b-4411-9f94-4e4a0e3303bc
Aug 16 18:30:19.496043 np0000007391 devstack@neutron-api.service[90823]: DEBUG neutron.plugins.ml2.drivers.ovn.mech_driver.ovsdb.ovsdb_monitor [None req-bda60ba8-dcd8-4783-bdc5-618022d51614 None None] Hash Ring: Node 903bd0cb07715bb7816a555d283bb271 (host: np0000007391) handling event "create" for row 343fd91c-2751-4a7f-83bb-f4858004baf5 (table: Port_Binding) {{(pid=90823) notify /opt/stack/neutron/neutron/plugins/ml2/drivers/ovn/mech_driver/ovsdb/ovsdb_monitor.py:1099}}
Aug 16 18:30:19.496459 np0000007391 devstack@neutron-api.service[90823]: DEBUG neutron.plugins.ml2.drivers.ovn.mech_driver.ovsdb.ovsdb_monitor [None req-200f50e5-31e7-4dfc-9f0c-b077cc9a0b26 None None] Hash Ring: Node 903bd0cb07715bb7816a555d283bb271 (host: np0000007391) handling event "update" for row a57c0010-13ea-4ecc-ac2b-9bee6b7bc500 (table: Logical_Switch_Port) {{(pid=90823) notify /opt/stack/neutron/neutron/plugins/ml2/drivers/ovn/mech_driver/ovsdb/ovsdb_monitor.py:1099}}
Aug 16 18:30:19.516298 np0000007391 devstack@neutron-api.service[90826]: INFO neutron.db.ovn_revision_numbers_db [None req-6aa1b5fc-6aaf-4b71-bfdf-b99e5a42131a admin admin] Successfully bumped revision number for resource 4ed1efc0-d28b-4411-9f94-4e4a0e3303bc (type: ports) to 1
Aug 16 18:30:19.517559 np0000007391 devstack@neutron-api.service[90823]: DEBUG neutron.db.provisioning_blocks [None req-baf40083-3a90-4a56-894d-fccdef640395 None None] Transition to ACTIVE for port object 4ed1efc0-d28b-4411-9f94-4e4a0e3303bc will not be triggered until provisioned by entity L2. {{(pid=90823) add_provisioning_component /opt/stack/neutron/neutron/db/provisioning_blocks.py:74}}
Aug 16 18:30:19.521354 np0000007391 devstack@neutron-api.service[90826]: DEBUG neutron.pecan_wsgi.hooks.policy_enforcement [None req-6aa1b5fc-6aaf-4b71-bfdf-b99e5a42131a admin admin] Attributes excluded by policy engine: ['standard_attr_id'] {{(pid=90826) _exclude_attributes_by_policy /opt/stack/neutron/neutron/pecan_wsgi/hooks/policy_enforcement.py:259}}
Aug 16 18:30:19.521576 np0000007391 devstack@neutron-api.service[90826]: DEBUG neutron_lib.callbacks.manager [None req-6aa1b5fc-6aaf-4b71-bfdf-b99e5a42131a admin admin] Publish callbacks [] for network (None), before_response {{(pid=90826) _notify_loop /opt/stack/data/venv/lib/python3.12/site-packages/neutron_lib/callbacks/manager.py:184}}
Aug 16 18:30:19.529821 np0000007391 devstack@neutron-api.service[90826]: [pid: 90826|app: 0|req: 9/37] 10.4.3.167 () {68 vars in 1326 bytes} [Sun Aug 16 18:30:19 2026] POST /networking/v2.0/networks => generated 679 bytes in 372 msecs (HTTP/1.1 201) 4 headers in 162 bytes (1 switches on core 0)
Aug 16 18:30:19.536146 np0000007391 devstack@neutron-api.service[90823]: DEBUG neutron.plugins.ml2.plugin [None req-baf40083-3a90-4a56-894d-fccdef640395 None None] Current status of the port 4ed1efc0-d28b-4411-9f94-4e4a0e3303bc is: DOWN; New status is: DOWN {{(pid=90823) _update_individual_port_db_status /opt/stack/neutron/neutron/plugins/ml2/plugin.py:2473}}
Aug 16 18:30:19.537152 np0000007391 devstack@neutron-api.service[90823]: DEBUG ovsdbapp.backend.ovs_idl.transaction [None req-200f50e5-31e7-4dfc-9f0c-b077cc9a0b26 None None] Running txn n=1 command(idx=0): DbRemoveCommand(_result=None, table=Logical_Switch_Port, record=4ed1efc0-d28b-4411-9f94-4e4a0e3303bc, column=external_ids, values=('neutron:host_id',), keyvalues={}, if_exists=True) {{(pid=90823) do_commit /opt/stack/data/venv/lib/python3.12/site-packages/ovsdbapp/backend/ovs_idl/transaction.py:89}}
Aug 16 18:30:19.708493 np0000007391 devstack@neutron-api.service[90823]: INFO neutron.pecan_wsgi.hooks.translation [None req-24e1f256-8bb5-4f68-96fe-029837e1fd82 admin admin] GET failed (client error): The resource could not be found.
Aug 16 18:30:19.709116 np0000007391 devstack@neutron-api.service[90823]: [pid: 90823|app: 0|req: 11/38] 10.4.3.167 () {64 vars in 1294 bytes} [Sun Aug 16 18:30:19 2026] GET /networking/v2.0/networks/shared => generated 108 bytes in 7 msecs (HTTP/1.1 404) 4 headers in 164 bytes (1 switches on core 0)
Aug 16 18:30:19.743911 np0000007391 devstack@neutron-api.service[90825]: DEBUG neutron.pecan_wsgi.hooks.policy_enforcement [None req-f75728ad-d0ae-4ac2-afe4-532510b3d492 admin admin] Attributes excluded by policy engine: ['standard_attr_id'] {{(pid=90825) _exclude_attributes_by_policy /opt/stack/neutron/neutron/pecan_wsgi/hooks/policy_enforcement.py:259}}
Aug 16 18:30:19.745030 np0000007391 devstack@neutron-api.service[90825]: [pid: 90825|app: 0|req: 10/39] 10.4.3.167 () {64 vars in 1309 bytes} [Sun Aug 16 18:30:19 2026] GET /networking/v2.0/networks?name=shared => generated 663 bytes in 28 msecs (HTTP/1.1 200) 4 headers in 157 bytes (1 switches on core 0)
Aug 16 18:30:19.756230 np0000007391 devstack@neutron-api.service[90824]: DEBUG neutron.api.v2.base [None req-ec45f655-64f6-47fb-a291-b980be501634 admin admin] Request body: {'subnet': {'name': 'shared-subnet', 'network_id': '13d6fbcf-dd51-45c2-a939-e89dd1291c59', 'description': 'shared-subnet', 'ip_version': 4, 'cidr': '192.168.233.0/24'}} {{(pid=90824) prepare_request_body /opt/stack/neutron/neutron/api/v2/base.py:727}}
Aug 16 18:30:19.767225 np0000007391 devstack@neutron-api.service[90824]: DEBUG neutron.pecan_wsgi.hooks.quota_enforcement [None req-ec45f655-64f6-47fb-a291-b980be501634 admin admin] Made reservation on behalf of a6eb98d3d2674629a28ec6e8707bdb0d for: {'subnet': 1} {{(pid=90824) before /opt/stack/neutron/neutron/pecan_wsgi/hooks/quota_enforcement.py:66}}
Aug 16 18:30:19.769441 np0000007391 devstack@neutron-api.service[90824]: DEBUG neutron_lib.callbacks.manager [None req-ec45f655-64f6-47fb-a291-b980be501634 admin admin] Publish callbacks [] for subnet (None), before_create {{(pid=90824) _notify_loop /opt/stack/data/venv/lib/python3.12/site-packages/neutron_lib/callbacks/manager.py:184}}
Aug 16 18:30:19.818736 np0000007391 devstack@neutron-api.service[90824]: DEBUG neutron.db.ovn_revision_numbers_db [None req-ec45f655-64f6-47fb-a291-b980be501634 admin admin] create_initial_revision uuid=373945ee-0fab-45a7-b00a-0c34c47391e2, type=subnets, rev=-1 {{(pid=90824) create_initial_revision /opt/stack/neutron/neutron/db/ovn_revision_numbers_db.py:98}}
Aug 16 18:30:19.821827 np0000007391 devstack@neutron-api.service[90824]: DEBUG neutron_lib.callbacks.manager [None req-ec45f655-64f6-47fb-a291-b980be501634 admin admin] Publish callbacks ['neutron.plugins.ml2.ovo_rpc._ObjectChangeHandler.handle_event-6672107'] for subnet (373945ee-0fab-45a7-b00a-0c34c47391e2), after_create {{(pid=90824) _notify_loop /opt/stack/data/venv/lib/python3.12/site-packages/neutron_lib/callbacks/manager.py:184}}
Aug 16 18:30:19.832254 np0000007391 devstack@neutron-api.service[90824]: DEBUG neutron.api.rpc.handlers.resources_rpc [None req-ec45f655-64f6-47fb-a291-b980be501634 admin admin] Pushing event updated for resources: {'Subnet': ['ID=373945ee-0fab-45a7-b00a-0c34c47391e2,revision_number=0']} {{(pid=90824) push /opt/stack/neutron/neutron/api/rpc/handlers/resources_rpc.py:237}}
Aug 16 18:30:19.871411 np0000007391 devstack@neutron-api.service[90824]: DEBUG neutron_lib.callbacks.manager [None req-ec45f655-64f6-47fb-a291-b980be501634 admin admin] Publish callbacks ['neutron.plugins.ml2.plugin.SecurityGroupDbMixin._ensure_default_security_group_handler-812029', 'neutron.services.ovn_l3.plugin.OVNL3RouterPlugin._port_update-8246392049354', 'neutron.db.l3_db.L3_NAT_dbonly_mixin._prevent_internal_ip_change_for_fip-8246393173606'] for port (4ed1efc0-d28b-4411-9f94-4e4a0e3303bc), before_update {{(pid=90824) _notify_loop /opt/stack/data/venv/lib/python3.12/site-packages/neutron_lib/callbacks/manager.py:184}}
Aug 16 18:30:19.945071 np0000007391 devstack@neutron-api.service[90824]: DEBUG neutron.db.db_base_plugin_common [None req-ec45f655-64f6-47fb-a291-b980be501634 admin admin] Allocated IP 192.168.233.2 (13d6fbcf-dd51-45c2-a939-e89dd1291c59/373945ee-0fab-45a7-b00a-0c34c47391e2/4ed1efc0-d28b-4411-9f94-4e4a0e3303bc) {{(pid=90824) _store_ip_allocation /opt/stack/neutron/neutron/db/db_base_plugin_common.py:131}}
Aug 16 18:30:19.998603 np0000007391 devstack@neutron-api.service[90824]: DEBUG neutron_lib.callbacks.manager [None req-ec45f655-64f6-47fb-a291-b980be501634 admin admin] Publish callbacks [] for port (4ed1efc0-d28b-4411-9f94-4e4a0e3303bc), precommit_update {{(pid=90824) _notify_loop /opt/stack/data/venv/lib/python3.12/site-packages/neutron_lib/callbacks/manager.py:184}}
Aug 16 18:30:19.999066 np0000007391 devstack@neutron-api.service[90824]: DEBUG neutron.plugins.ml2.drivers.ovn.mech_driver.mech_driver [None req-ec45f655-64f6-47fb-a291-b980be501634 admin admin] No provisioning block for port 4ed1efc0-d28b-4411-9f94-4e4a0e3303bc since it does not have a host {{(pid=90824) _is_port_provisioning_required /opt/stack/neutron/neutron/plugins/ml2/drivers/ovn/mech_driver/mech_driver.py:877}}
Aug 16 18:30:20.005062 np0000007391 devstack@neutron-api.service[90824]: DEBUG neutron_lib.callbacks.manager [None req-ec45f655-64f6-47fb-a291-b980be501634 admin admin] Publish callbacks ['neutron.plugins.ml2.ovo_rpc._ObjectChangeHandler.handle_event-6672087', 'neutron.services.ovn_l3.plugin.OVNL3RouterPlugin._port_update-8246392049354'] for port (4ed1efc0-d28b-4411-9f94-4e4a0e3303bc), after_update {{(pid=90824) _notify_loop /opt/stack/data/venv/lib/python3.12/site-packages/neutron_lib/callbacks/manager.py:184}}
Aug 16 18:30:20.029860 np0000007391 devstack@neutron-api.service[90824]: DEBUG neutron.api.rpc.handlers.resources_rpc [None req-ec45f655-64f6-47fb-a291-b980be501634 admin admin] Pushing event updated for resources: {'Port': ['ID=4ed1efc0-d28b-4411-9f94-4e4a0e3303bc,revision_number=2']} {{(pid=90824) push /opt/stack/neutron/neutron/api/rpc/handlers/resources_rpc.py:237}}
Aug 16 18:30:20.104929 np0000007391 devstack@neutron-api.service[90824]: DEBUG neutron.plugins.ml2.drivers.ovn.mech_driver.ovsdb.commands [None req-ec45f655-64f6-47fb-a291-b980be501634 admin admin] Converting tag [] to a tag_request {{(pid=90824) _tag_column_to_tag_request /opt/stack/neutron/neutron/plugins/ml2/drivers/ovn/mech_driver/ovsdb/commands.py:227}}
Aug 16 18:30:20.105710 np0000007391 devstack@neutron-api.service[90824]: DEBUG ovsdbapp.backend.ovs_idl.transaction [None req-86fcef0a-8f6d-4dc3-a8fb-c2ac8105b505 None None] Running txn n=1 command(idx=0): CheckRevisionNumberCommand(_result=None, name=4ed1efc0-d28b-4411-9f94-4e4a0e3303bc, resource={'id': '4ed1efc0-d28b-4411-9f94-4e4a0e3303bc', 'name': '', 'network_id': '13d6fbcf-dd51-45c2-a939-e89dd1291c59', 'project_id': 'a6eb98d3d2674629a28ec6e8707bdb0d', 'mac_address': 'fa:16:3e:66:14:ce', 'admin_state_up': True, 'status': 'DOWN', 'device_id': 'ovnmeta-13d6fbcf-dd51-45c2-a939-e89dd1291c59', 'device_owner': 'network:distributed', 'standard_attr_id': 28, 'fixed_ips': [{'subnet_id': '373945ee-0fab-45a7-b00a-0c34c47391e2', 'ip_address': '192.168.233.2'}], 'allowed_address_pairs': [], 'extra_dhcp_opts': [], 'security_groups': [], 'description': '', 'binding:vnic_type': 'normal', 'binding:profile': {}, 'binding:host_id': '', 'binding:vif_type': 'unbound', 'binding:vif_details': {}, 'port_security_enabled': False, 'tags': [], 'created_at': '2026-08-16T18:30:19Z', 'updated_at': '2026-08-16T18:30:19Z', 'revision_number': 2, 'tenant_id': 'a6eb98d3d2674629a28ec6e8707bdb0d', 'network': {'id': '13d6fbcf-dd51-45c2-a939-e89dd1291c59', 'name': 'shared', 'tenant_id': 'a6eb98d3d2674629a28ec6e8707bdb0d', 'project_id': 'a6eb98d3d2674629a28ec6e8707bdb0d', 'admin_state_up': True, 'mtu': 1372, 'status': 'ACTIVE', 'subnets': ['373945ee-0fab-45a7-b00a-0c34c47391e2'], 'standard_attr_id': 26, 'shared': True, 'availability_zone_hints': [], 'availability_zones': [], 'ipv4_address_scope': None, 'ipv6_address_scope': None, 'router:external': False, 'qinq': False, 'vlan_transparent': False, 'description': '', 'port_security_enabled': True, 'tags': [], 'created_at': '2026-08-16T18:30:19Z', 'updated_at': '2026-08-16T18:30:19Z', 'revision_number': 2, 'provider:network_type': 'geneve', 'provider:physical_network': None, 'provider:segmentation_id': 60651}}, resource_type=ports, if_exists=True) {{(pid=90824) do_commit /opt/stack/data/venv/lib/python3.12/site-packages/ovsdbapp/backend/ovs_idl/transaction.py:89}}
Aug 16 18:30:20.106096 np0000007391 devstack@neutron-api.service[90824]: DEBUG ovsdbapp.backend.ovs_idl.transaction [None req-86fcef0a-8f6d-4dc3-a8fb-c2ac8105b505 None None] Running txn n=1 command(idx=1): AddDHCPOptionsCommand(_result=None, columns={'cidr': '192.168.233.0/24', 'options': {'server_id': '192.168.233.1', 'lease_time': '43200', 'mtu': '1372', 'router': '192.168.233.1', 'server_mac': 'fa:16:3e:cc:93:04', 'dns_server': '{127.0.0.53}', 'classless_static_route': '{169.254.169.254/32,192.168.233.2, 0.0.0.0/0,192.168.233.1}'}, 'external_ids': {'subnet_id': '373945ee-0fab-45a7-b00a-0c34c47391e2', 'neutron:network_id': '13d6fbcf-dd51-45c2-a939-e89dd1291c59', 'neutron:revision_number': '0'}}, may_exist=True, subnet_id=373945ee-0fab-45a7-b00a-0c34c47391e2, port_id=None, new_insert=False) {{(pid=90824) do_commit /opt/stack/data/venv/lib/python3.12/site-packages/ovsdbapp/backend/ovs_idl/transaction.py:89}}
Aug 16 18:30:20.106380 np0000007391 devstack@neutron-api.service[90824]: DEBUG ovsdbapp.backend.ovs_idl.transaction [None req-86fcef0a-8f6d-4dc3-a8fb-c2ac8105b505 None None] Running txn n=1 command(idx=2): SetLSwitchPortCommand(_result=None, lport=4ed1efc0-d28b-4411-9f94-4e4a0e3303bc, external_ids_update=None, columns={'external_ids': {'neutron:port_name': '', 'neutron:device_id': 'ovnmeta-13d6fbcf-dd51-45c2-a939-e89dd1291c59', 'neutron:project_id': 'a6eb98d3d2674629a28ec6e8707bdb0d', 'neutron:cidrs': '192.168.233.2/24', 'neutron:device_owner': 'network:distributed', 'neutron:subnet_pool_addr_scope4': '', 'neutron:subnet_pool_addr_scope6': '', 'neutron:network_name': 'neutron-13d6fbcf-dd51-45c2-a939-e89dd1291c59', 'neutron:security_group_ids': '', 'neutron:revision_number': '2', 'neutron:vnic_type': 'normal', 'neutron:port_capabilities': '', 'neutron:mtu': '1372'}, 'parent_name': [], 'options': {}, 'enabled': True, 'port_security': [], 'dhcpv4_options': [], 'dhcpv6_options': [], 'type': 'localport', 'addresses': ['fa:16:3e:66:14:ce 192.168.233.2'], 'ha_chassis_group': [], 'tag_request': []}, if_exists=False) {{(pid=90824) do_commit /opt/stack/data/venv/lib/python3.12/site-packages/ovsdbapp/backend/ovs_idl/transaction.py:89}}
Aug 16 18:30:20.106929 np0000007391 devstack@neutron-api.service[90824]: DEBUG ovsdbapp.backend.ovs_idl.transaction [None req-86fcef0a-8f6d-4dc3-a8fb-c2ac8105b505 None None] Running txn n=1 command(idx=3): PgDelPortCommand(_result=None, port_group=neutron_pg_drop, lsp=['4ed1efc0-d28b-4411-9f94-4e4a0e3303bc'], if_exists=False) {{(pid=90824) do_commit /opt/stack/data/venv/lib/python3.12/site-packages/ovsdbapp/backend/ovs_idl/transaction.py:89}}
Aug 16 18:30:20.111032 np0000007391 devstack@neutron-api.service[90823]: DEBUG neutron.plugins.ml2.drivers.ovn.mech_driver.ovsdb.ovsdb_monitor [None req-200f50e5-31e7-4dfc-9f0c-b077cc9a0b26 None None] Hash Ring: Node 903bd0cb07715bb7816a555d283bb271 (host: np0000007391) handling event "update" for row a57c0010-13ea-4ecc-ac2b-9bee6b7bc500 (table: Logical_Switch_Port) {{(pid=90823) notify /opt/stack/neutron/neutron/plugins/ml2/drivers/ovn/mech_driver/ovsdb/ovsdb_monitor.py:1099}}
Aug 16 18:30:20.111184 np0000007391 devstack@neutron-api.service[90825]: DEBUG neutron.plugins.ml2.drivers.ovn.mech_driver.ovsdb.ovsdb_monitor [None req-1f5dfd91-32e7-4168-b67e-b372265713e2 None None] Hash Ring: Node 658eebbf1dfb5e789ccb95be112f3fa3 (host: np0000007391) handling event "create" for row 3bb1aacf-250d-4fb4-aff2-ab80f7301da8 (table: DHCP_Options) {{(pid=90825) notify /opt/stack/neutron/neutron/plugins/ml2/drivers/ovn/mech_driver/ovsdb/ovsdb_monitor.py:1099}}
Aug 16 18:30:20.112298 np0000007391 devstack@neutron-api.service[90823]: DEBUG neutron.plugins.ml2.drivers.ovn.mech_driver.ovsdb.ovsdb_monitor [None req-bda60ba8-dcd8-4783-bdc5-618022d51614 None None] Hash Ring: Node 903bd0cb07715bb7816a555d283bb271 (host: np0000007391) handling event "update" for row 343fd91c-2751-4a7f-83bb-f4858004baf5 (table: Port_Binding) {{(pid=90823) notify /opt/stack/neutron/neutron/plugins/ml2/drivers/ovn/mech_driver/ovsdb/ovsdb_monitor.py:1099}}
Aug 16 18:30:20.132854 np0000007391 devstack@neutron-api.service[90824]: INFO neutron.db.ovn_revision_numbers_db [None req-ec45f655-64f6-47fb-a291-b980be501634 admin admin] Successfully bumped revision number for resource 4ed1efc0-d28b-4411-9f94-4e4a0e3303bc (type: ports) to 2
Aug 16 18:30:20.140539 np0000007391 devstack@neutron-api.service[90824]: DEBUG neutron.plugins.ml2.plugin [None req-ec45f655-64f6-47fb-a291-b980be501634 admin admin] In _notify_port_updated(), no bound segment for port 4ed1efc0-d28b-4411-9f94-4e4a0e3303bc on network 13d6fbcf-dd51-45c2-a939-e89dd1291c59 {{(pid=90824) _notify_port_updated /opt/stack/neutron/neutron/plugins/ml2/plugin.py:1041}}
Aug 16 18:30:20.153864 np0000007391 devstack@neutron-api.service[90824]: INFO neutron.db.ovn_revision_numbers_db [None req-ec45f655-64f6-47fb-a291-b980be501634 admin admin] Successfully bumped revision number for resource 373945ee-0fab-45a7-b00a-0c34c47391e2 (type: subnets) to 0
Aug 16 18:30:20.154875 np0000007391 devstack@neutron-api.service[90824]: DEBUG neutron.pecan_wsgi.hooks.policy_enforcement [None req-ec45f655-64f6-47fb-a291-b980be501634 admin admin] Attributes excluded by policy engine: ['standard_attr_id', 'shared', 'network'] {{(pid=90824) _exclude_attributes_by_policy /opt/stack/neutron/neutron/pecan_wsgi/hooks/policy_enforcement.py:259}}
Aug 16 18:30:20.155117 np0000007391 devstack@neutron-api.service[90824]: DEBUG neutron_lib.callbacks.manager [None req-ec45f655-64f6-47fb-a291-b980be501634 admin admin] Publish callbacks [] for subnet (None), before_response {{(pid=90824) _notify_loop /opt/stack/data/venv/lib/python3.12/site-packages/neutron_lib/callbacks/manager.py:184}}
Aug 16 18:30:20.163572 np0000007391 devstack@neutron-api.service[90824]: [pid: 90824|app: 0|req: 10/40] 10.4.3.167 () {68 vars in 1324 bytes} [Sun Aug 16 18:30:19 2026] POST /networking/v2.0/subnets => generated 665 bytes in 410 msecs (HTTP/1.1 201) 4 headers in 162 bytes (1 switches on core 0)
Aug 16 18:30:24.311852 np0000007391 devstack@neutron-api.service[90824]: DEBUG ovsdbapp.backend.ovs_idl.event [None req-4bba2b20-8fbc-4e2a-a521-1770775e94c4 None None] Matched UPDATE: ChassisOVNAgentWriteEvent(events=('create', 'update'), table='Chassis_Private', conditions=None, old_conditions=None), priority=20 to row=Chassis_Private(uuid=24935eb3-99fd-476d-95cf-3ec9c0c8b497, chassis=edaaafe1-f9d2-4791-915f-a271d476663e, external_ids={'neutron:ovn-bridge': 'br-int', 'neutron:ovn-neutron-agent-id': 'dcec95c1-b177-5e65-8942-b855b1fd6a37', 'neutron:ovn-neutron-agent-sb-cfg': '2'}, name='f3227fc9-d08b-496d-9509-77d99cfeb95b', nb_cfg=2, nb_cfg_timestamp=1786905019290) old=Chassis_Private(uuid=24935eb3-99fd-476d-95cf-3ec9c0c8b497, external_ids={'neutron:ovn-bridge': 'br-int', 'neutron:ovn-neutron-agent-id': 'dcec95c1-b177-5e65-8942-b855b1fd6a37', 'neutron:ovn-neutron-agent-sb-cfg': '1'}) {{(pid=90824) matches /opt/stack/data/venv/lib/python3.12/site-packages/ovsdbapp/backend/ovs_idl/event.py:55}}
Aug 16 18:30:24.312306 np0000007391 devstack@neutron-api.service[90823]: DEBUG ovsdbapp.backend.ovs_idl.event [None req-bda60ba8-dcd8-4783-bdc5-618022d51614 None None] Matched UPDATE: ChassisOVNAgentWriteEvent(events=('create', 'update'), table='Chassis_Private', conditions=None, old_conditions=None), priority=20 to row=Chassis_Private(uuid=24935eb3-99fd-476d-95cf-3ec9c0c8b497, chassis=edaaafe1-f9d2-4791-915f-a271d476663e, external_ids={'neutron:ovn-bridge': 'br-int', 'neutron:ovn-neutron-agent-id': 'dcec95c1-b177-5e65-8942-b855b1fd6a37', 'neutron:ovn-neutron-agent-sb-cfg': '2'}, name='f3227fc9-d08b-496d-9509-77d99cfeb95b', nb_cfg=2, nb_cfg_timestamp=1786905019290) old=Chassis_Private(uuid=24935eb3-99fd-476d-95cf-3ec9c0c8b497, external_ids={'neutron:ovn-bridge': 'br-int', 'neutron:ovn-neutron-agent-id': 'dcec95c1-b177-5e65-8942-b855b1fd6a37', 'neutron:ovn-neutron-agent-sb-cfg': '1'}) {{(pid=90823) matches /opt/stack/data/venv/lib/python3.12/site-packages/ovsdbapp/backend/ovs_idl/event.py:55}}
Aug 16 18:30:24.313384 np0000007391 devstack@neutron-api.service[90825]: DEBUG ovsdbapp.backend.ovs_idl.event [None req-07f7cfc3-7896-43e9-90ac-67e9979eded6 None None] Matched UPDATE: ChassisOVNAgentWriteEvent(events=('create', 'update'), table='Chassis_Private', conditions=None, old_conditions=None), priority=20 to row=Chassis_Private(uuid=24935eb3-99fd-476d-95cf-3ec9c0c8b497, chassis=edaaafe1-f9d2-4791-915f-a271d476663e, external_ids={'neutron:ovn-bridge': 'br-int', 'neutron:ovn-neutron-agent-id': 'dcec95c1-b177-5e65-8942-b855b1fd6a37', 'neutron:ovn-neutron-agent-sb-cfg': '2'}, name='f3227fc9-d08b-496d-9509-77d99cfeb95b', nb_cfg=2, nb_cfg_timestamp=1786905019290) old=Chassis_Private(uuid=24935eb3-99fd-476d-95cf-3ec9c0c8b497, external_ids={'neutron:ovn-bridge': 'br-int', 'neutron:ovn-neutron-agent-id': 'dcec95c1-b177-5e65-8942-b855b1fd6a37', 'neutron:ovn-neutron-agent-sb-cfg': '1'}) {{(pid=90825) matches /opt/stack/data/venv/lib/python3.12/site-packages/ovsdbapp/backend/ovs_idl/event.py:55}}
Aug 16 18:30:24.313714 np0000007391 devstack@neutron-api.service[90823]: DEBUG neutron.plugins.ml2.drivers.ovn.mech_driver.ovsdb.ovsdb_monitor [None req-bda60ba8-dcd8-4783-bdc5-618022d51614 None None] Hash Ring: Node 903bd0cb07715bb7816a555d283bb271 (host: np0000007391) handling event "update" for row 24935eb3-99fd-476d-95cf-3ec9c0c8b497 (table: Chassis_Private) {{(pid=90823) notify /opt/stack/neutron/neutron/plugins/ml2/drivers/ovn/mech_driver/ovsdb/ovsdb_monitor.py:1099}}
