Jun 19 19:52:17.571286 np0000003311 devstack@g-api.service[98830]: [pid: 98830|app: 0|req: 193/397] 127.0.0.1 () {44 vars in 1115 bytes} [Fri Jun 19 19:52:17 2026] GET /v2/images/b4e4d1a4-98ee-4b0f-aedb-7e0e9be1f95b => generated 1619 bytes in 25 msecs (HTTP/1.1 200) 4 headers in 158 bytes (1 switches on core 0)
Jun 19 19:52:17.606822 np0000003311 devstack@g-api.service[98829]: DEBUG glance.api.middleware.version_negotiation [None req-763ef6ae-eca6-43f8-ae7b-3989cfe16932 tempest-AttachVolumeShelveTestJSON-2117152606 tempest-AttachVolumeShelveTestJSON-2117152606-project-member] Determining version of request: GET /v2/schemas/image Accept: */* {{(pid=98829) process_request /opt/stack/glance/glance/api/middleware/version_negotiation.py:44}}
Jun 19 19:52:17.606822 np0000003311 devstack@g-api.service[98829]: DEBUG glance.api.middleware.version_negotiation [None req-763ef6ae-eca6-43f8-ae7b-3989cfe16932 tempest-AttachVolumeShelveTestJSON-2117152606 tempest-AttachVolumeShelveTestJSON-2117152606-project-member] Using url versioning {{(pid=98829) process_request /opt/stack/glance/glance/api/middleware/version_negotiation.py:57}}
Jun 19 19:52:17.606822 np0000003311 devstack@g-api.service[98829]: DEBUG glance.api.middleware.version_negotiation [None req-763ef6ae-eca6-43f8-ae7b-3989cfe16932 tempest-AttachVolumeShelveTestJSON-2117152606 tempest-AttachVolumeShelveTestJSON-2117152606-project-member] Matched version: v2 {{(pid=98829) process_request /opt/stack/glance/glance/api/middleware/version_negotiation.py:69}}
Jun 19 19:52:17.606822 np0000003311 devstack@g-api.service[98829]: DEBUG glance.api.middleware.version_negotiation [None req-763ef6ae-eca6-43f8-ae7b-3989cfe16932 tempest-AttachVolumeShelveTestJSON-2117152606 tempest-AttachVolumeShelveTestJSON-2117152606-project-member] new path /v2/schemas/image {{(pid=98829) process_request /opt/stack/glance/glance/api/middleware/version_negotiation.py:70}}
Jun 19 19:52:17.610204 np0000003311 devstack@g-api.service[98829]: [pid: 98829|app: 0|req: 205/398] 127.0.0.1 () {44 vars in 1055 bytes} [Fri Jun 19 19:52:17 2026] GET /v2/schemas/image => generated 6083 bytes in 4 msecs (HTTP/1.1 200) 4 headers in 158 bytes (1 switches on core 0)
Jun 19 19:52:27.110381 np0000003311 devstack@g-api.service[98829]: DEBUG dbcounter [-] [98829] Writing DB stats glance:SELECT=58,glance:UPDATE=28,glance:INSERT=4,glance:DELETE=1 {{(pid=98829) stat_writer /opt/stack/data/venv/lib/python3.12/site-packages/dbcounter.py:115}}
Jun 19 19:52:27.568973 np0000003311 devstack@g-api.service[98830]: DEBUG dbcounter [-] [98830] Writing DB stats glance:SELECT=6 {{(pid=98830) stat_writer /opt/stack/data/venv/lib/python3.12/site-packages/dbcounter.py:115}}
Jun 19 19:52:29.551889 np0000003311 devstack@g-api.service[98830]: DEBUG glance.api.middleware.version_negotiation [None req-763ef6ae-eca6-43f8-ae7b-3989cfe16932 tempest-AttachVolumeShelveTestJSON-2117152606 tempest-AttachVolumeShelveTestJSON-2117152606-project-member] Determining version of request: GET /v2/images/69cd7aa5-c286-4b88-ba27-242361097459 Accept: */* {{(pid=98830) process_request /opt/stack/glance/glance/api/middleware/version_negotiation.py:44}}
Jun 19 19:52:29.551889 np0000003311 devstack@g-api.service[98830]: DEBUG glance.api.middleware.version_negotiation [None req-763ef6ae-eca6-43f8-ae7b-3989cfe16932 tempest-AttachVolumeShelveTestJSON-2117152606 tempest-AttachVolumeShelveTestJSON-2117152606-project-member] Using url versioning {{(pid=98830) process_request /opt/stack/glance/glance/api/middleware/version_negotiation.py:57}}
Jun 19 19:52:29.553942 np0000003311 devstack@g-api.service[98830]: DEBUG glance.api.middleware.version_negotiation [None req-763ef6ae-eca6-43f8-ae7b-3989cfe16932 tempest-AttachVolumeShelveTestJSON-2117152606 tempest-AttachVolumeShelveTestJSON-2117152606-project-member] Matched version: v2 {{(pid=98830) process_request /opt/stack/glance/glance/api/middleware/version_negotiation.py:69}}
Jun 19 19:52:29.553942 np0000003311 devstack@g-api.service[98830]: DEBUG glance.api.middleware.version_negotiation [None req-763ef6ae-eca6-43f8-ae7b-3989cfe16932 tempest-AttachVolumeShelveTestJSON-2117152606 tempest-AttachVolumeShelveTestJSON-2117152606-project-member] new path /v2/images/69cd7aa5-c286-4b88-ba27-242361097459 {{(pid=98830) process_request /opt/stack/glance/glance/api/middleware/version_negotiation.py:70}}
Jun 19 19:52:29.557396 np0000003311 devstack@g-api.service[98829]: DEBUG glance.api.middleware.version_negotiation [None req-763ef6ae-eca6-43f8-ae7b-3989cfe16932 tempest-AttachVolumeShelveTestJSON-2117152606 tempest-AttachVolumeShelveTestJSON-2117152606-project-member] Determining version of request: DELETE /v2/images/b4e4d1a4-98ee-4b0f-aedb-7e0e9be1f95b Accept: */* {{(pid=98829) process_request /opt/stack/glance/glance/api/middleware/version_negotiation.py:44}}
Jun 19 19:52:29.557738 np0000003311 devstack@g-api.service[98829]: DEBUG glance.api.middleware.version_negotiation [None req-763ef6ae-eca6-43f8-ae7b-3989cfe16932 tempest-AttachVolumeShelveTestJSON-2117152606 tempest-AttachVolumeShelveTestJSON-2117152606-project-member] Using url versioning {{(pid=98829) process_request /opt/stack/glance/glance/api/middleware/version_negotiation.py:57}}
Jun 19 19:52:29.557828 np0000003311 devstack@g-api.service[98829]: DEBUG glance.api.middleware.version_negotiation [None req-763ef6ae-eca6-43f8-ae7b-3989cfe16932 tempest-AttachVolumeShelveTestJSON-2117152606 tempest-AttachVolumeShelveTestJSON-2117152606-project-member] Matched version: v2 {{(pid=98829) process_request /opt/stack/glance/glance/api/middleware/version_negotiation.py:69}}
Jun 19 19:52:29.557977 np0000003311 devstack@g-api.service[98829]: DEBUG glance.api.middleware.version_negotiation [None req-763ef6ae-eca6-43f8-ae7b-3989cfe16932 tempest-AttachVolumeShelveTestJSON-2117152606 tempest-AttachVolumeShelveTestJSON-2117152606-project-member] new path /v2/images/b4e4d1a4-98ee-4b0f-aedb-7e0e9be1f95b {{(pid=98829) process_request /opt/stack/glance/glance/api/middleware/version_negotiation.py:70}}
Jun 19 19:52:29.583212 np0000003311 devstack@g-api.service[98830]: [pid: 98830|app: 0|req: 194/399] 127.0.0.1 () {44 vars in 1115 bytes} [Fri Jun 19 19:52:29 2026] GET /v2/images/69cd7aa5-c286-4b88-ba27-242361097459 => generated 1044 bytes in 32 msecs (HTTP/1.1 200) 4 headers in 158 bytes (1 switches on core 0)
Jun 19 19:52:29.591435 np0000003311 devstack@g-api.service[98829]: WARNING glance.api.v2.images [None req-763ef6ae-eca6-43f8-ae7b-3989cfe16932 tempest-AttachVolumeShelveTestJSON-2117152606 tempest-AttachVolumeShelveTestJSON-2117152606-project-member] After upload to backend, deletion of staged image data has failed because it cannot be found at /tmp/staging//b4e4d1a4-98ee-4b0f-aedb-7e0e9be1f95b
Jun 19 19:52:29.592475 np0000003311 devstack@g-api.service[98829]: DEBUG glance_store.backend [None req-763ef6ae-eca6-43f8-ae7b-3989cfe16932 tempest-AttachVolumeShelveTestJSON-2117152606 tempest-AttachVolumeShelveTestJSON-2117152606-project-member] Attempting to import store swift {{(pid=98829) _load_store /opt/stack/data/venv/lib/python3.12/site-packages/glance_store/backend.py:215}}
Jun 19 19:52:29.594671 np0000003311 devstack@g-api.service[98829]: DEBUG glance_store.capabilities [None req-763ef6ae-eca6-43f8-ae7b-3989cfe16932 tempest-AttachVolumeShelveTestJSON-2117152606 tempest-AttachVolumeShelveTestJSON-2117152606-project-member] Store glance_store._drivers.swift.store.SingleTenantStore doesn't support updating dynamic storage capabilities. Please overwrite 'update_capabilities' method of the store to implement updating logics if needed. {{(pid=98829) update_capabilities /opt/stack/data/venv/lib/python3.12/site-packages/glance_store/capabilities.py:91}}
Jun 19 19:52:29.594976 np0000003311 devstack@g-api.service[98829]: DEBUG glance_store.driver [None req-763ef6ae-eca6-43f8-ae7b-3989cfe16932 tempest-AttachVolumeShelveTestJSON-2117152606 tempest-AttachVolumeShelveTestJSON-2117152606-project-member] Late loading location class glance_store._drivers.swift.store.StoreLocation {{(pid=98829) get_store_location_class /opt/stack/data/venv/lib/python3.12/site-packages/glance_store/driver.py:134}}
Jun 19 19:52:29.595227 np0000003311 devstack@g-api.service[98829]: DEBUG glance_store.location [None req-763ef6ae-eca6-43f8-ae7b-3989cfe16932 tempest-AttachVolumeShelveTestJSON-2117152606 tempest-AttachVolumeShelveTestJSON-2117152606-project-member] Registering scheme swift+https with {'store': , 'location_class': , 'store_entry': 'swift'} {{(pid=98829) register_scheme_map /opt/stack/data/venv/lib/python3.12/site-packages/glance_store/location.py:146}}
Jun 19 19:52:29.595495 np0000003311 devstack@g-api.service[98829]: DEBUG glance_store.location [None req-763ef6ae-eca6-43f8-ae7b-3989cfe16932 tempest-AttachVolumeShelveTestJSON-2117152606 tempest-AttachVolumeShelveTestJSON-2117152606-project-member] Registering scheme swift+https with {'store': , 'location_class': , 'store_entry': 'swift'} {{(pid=98829) register_scheme_map /opt/stack/data/venv/lib/python3.12/site-packages/glance_store/location.py:146}}
Jun 19 19:52:29.595700 np0000003311 devstack@g-api.service[98829]: DEBUG glance_store.location [None req-763ef6ae-eca6-43f8-ae7b-3989cfe16932 tempest-AttachVolumeShelveTestJSON-2117152606 tempest-AttachVolumeShelveTestJSON-2117152606-project-member] Registering scheme swift with {'store': , 'location_class': , 'store_entry': 'swift'} {{(pid=98829) register_scheme_map /opt/stack/data/venv/lib/python3.12/site-packages/glance_store/location.py:146}}
Jun 19 19:52:29.595916 np0000003311 devstack@g-api.service[98829]: DEBUG glance_store.location [None req-763ef6ae-eca6-43f8-ae7b-3989cfe16932 tempest-AttachVolumeShelveTestJSON-2117152606 tempest-AttachVolumeShelveTestJSON-2117152606-project-member] Registering scheme swift+https with {'store': , 'location_class': , 'store_entry': 'swift'} {{(pid=98829) register_scheme_map /opt/stack/data/venv/lib/python3.12/site-packages/glance_store/location.py:146}}
Jun 19 19:52:29.596117 np0000003311 devstack@g-api.service[98829]: DEBUG glance_store.location [None req-763ef6ae-eca6-43f8-ae7b-3989cfe16932 tempest-AttachVolumeShelveTestJSON-2117152606 tempest-AttachVolumeShelveTestJSON-2117152606-project-member] Registering scheme swift with {'store': , 'location_class': , 'store_entry': 'swift'} {{(pid=98829) register_scheme_map /opt/stack/data/venv/lib/python3.12/site-packages/glance_store/location.py:146}}
Jun 19 19:52:29.596271 np0000003311 devstack@g-api.service[98829]: DEBUG glance_store.location [None req-763ef6ae-eca6-43f8-ae7b-3989cfe16932 tempest-AttachVolumeShelveTestJSON-2117152606 tempest-AttachVolumeShelveTestJSON-2117152606-project-member] Registering scheme swift+http with {'store': , 'location_class': , 'store_entry': 'swift'} {{(pid=98829) register_scheme_map /opt/stack/data/venv/lib/python3.12/site-packages/glance_store/location.py:146}}
Jun 19 19:52:29.596497 np0000003311 devstack@g-api.service[98829]: DEBUG glance_store.location [None req-763ef6ae-eca6-43f8-ae7b-3989cfe16932 tempest-AttachVolumeShelveTestJSON-2117152606 tempest-AttachVolumeShelveTestJSON-2117152606-project-member] Registering scheme swift+https with {'store': , 'location_class': , 'store_entry': 'swift'} {{(pid=98829) register_scheme_map /opt/stack/data/venv/lib/python3.12/site-packages/glance_store/location.py:146}}
Jun 19 19:52:29.596715 np0000003311 devstack@g-api.service[98829]: DEBUG glance_store.location [None req-763ef6ae-eca6-43f8-ae7b-3989cfe16932 tempest-AttachVolumeShelveTestJSON-2117152606 tempest-AttachVolumeShelveTestJSON-2117152606-project-member] Registering scheme swift with {'store': , 'location_class': , 'store_entry': 'swift'} {{(pid=98829) register_scheme_map /opt/stack/data/venv/lib/python3.12/site-packages/glance_store/location.py:146}}
Jun 19 19:52:29.596878 np0000003311 devstack@g-api.service[98829]: DEBUG glance_store.location [None req-763ef6ae-eca6-43f8-ae7b-3989cfe16932 tempest-AttachVolumeShelveTestJSON-2117152606 tempest-AttachVolumeShelveTestJSON-2117152606-project-member] Registering scheme swift+http with {'store': , 'location_class': , 'store_entry': 'swift'} {{(pid=98829) register_scheme_map /opt/stack/data/venv/lib/python3.12/site-packages/glance_store/location.py:146}}
Jun 19 19:52:29.597071 np0000003311 devstack@g-api.service[98829]: DEBUG glance_store.location [None req-763ef6ae-eca6-43f8-ae7b-3989cfe16932 tempest-AttachVolumeShelveTestJSON-2117152606 tempest-AttachVolumeShelveTestJSON-2117152606-project-member] Registering scheme swift+config with {'store': , 'location_class': , 'store_entry': 'swift'} {{(pid=98829) register_scheme_map /opt/stack/data/venv/lib/python3.12/site-packages/glance_store/location.py:146}}
Jun 19 19:52:29.597732 np0000003311 devstack@g-api.service[98829]: DEBUG keystoneclient.auth.identity.v3.base [None req-763ef6ae-eca6-43f8-ae7b-3989cfe16932 tempest-AttachVolumeShelveTestJSON-2117152606 tempest-AttachVolumeShelveTestJSON-2117152606-project-member] Making authentication request to https://10.4.3.227/identity/v3/auth/tokens {{(pid=98829) get_auth_ref /opt/stack/data/venv/lib/python3.12/site-packages/keystoneclient/auth/identity/v3/base.py:185}}
Jun 19 19:52:29.635719 np0000003311 devstack@g-api.service[98830]: DEBUG glance.api.middleware.version_negotiation [None req-0c52f23c-eeef-4b25-9754-0467b655559c tempest-AttachVolumeTestJSON-1878122685 tempest-AttachVolumeTestJSON-1878122685-project-member] Determining version of request: GET /v2/schemas/image Accept: */* {{(pid=98830) process_request /opt/stack/glance/glance/api/middleware/version_negotiation.py:44}}
Jun 19 19:52:29.635719 np0000003311 devstack@g-api.service[98830]: DEBUG glance.api.middleware.version_negotiation [None req-0c52f23c-eeef-4b25-9754-0467b655559c tempest-AttachVolumeTestJSON-1878122685 tempest-AttachVolumeTestJSON-1878122685-project-member] Using url versioning {{(pid=98830) process_request /opt/stack/glance/glance/api/middleware/version_negotiation.py:57}}
Jun 19 19:52:29.635719 np0000003311 devstack@g-api.service[98830]: DEBUG glance.api.middleware.version_negotiation [None req-0c52f23c-eeef-4b25-9754-0467b655559c tempest-AttachVolumeTestJSON-1878122685 tempest-AttachVolumeTestJSON-1878122685-project-member] Matched version: v2 {{(pid=98830) process_request /opt/stack/glance/glance/api/middleware/version_negotiation.py:69}}
Jun 19 19:52:29.635719 np0000003311 devstack@g-api.service[98830]: DEBUG glance.api.middleware.version_negotiation [None req-0c52f23c-eeef-4b25-9754-0467b655559c tempest-AttachVolumeTestJSON-1878122685 tempest-AttachVolumeTestJSON-1878122685-project-member] new path /v2/schemas/image {{(pid=98830) process_request /opt/stack/glance/glance/api/middleware/version_negotiation.py:70}}
Jun 19 19:52:29.640087 np0000003311 devstack@g-api.service[98830]: [pid: 98830|app: 0|req: 195/400] 127.0.0.1 () {44 vars in 1055 bytes} [Fri Jun 19 19:52:29 2026] GET /v2/schemas/image => generated 6083 bytes in 5 msecs (HTTP/1.1 200) 4 headers in 158 bytes (1 switches on core 0)
Jun 19 19:52:29.731290 np0000003311 devstack@g-api.service[98829]: DEBUG keystoneclient.auth.identity.v3.base [None req-763ef6ae-eca6-43f8-ae7b-3989cfe16932 tempest-AttachVolumeShelveTestJSON-2117152606 tempest-AttachVolumeShelveTestJSON-2117152606-project-member] {"token": {"methods": ["password"], "user": {"domain": {"id": "default", "name": "Default"}, "id": "42012bd771d54379865b10f9189c7e66", "name": "glance-swift", "password_expires_at": null}, "audit_ids": ["bp3zOLIKQ0Ozw4GDpvDV2Q"], "expires_at": "2026-06-19T20:52:29.000000Z", "issued_at": "2026-06-19T19:52:29.000000Z", "project": {"domain": {"id": "default", "name": "Default"}, "id": "f76cdfd984a34450ac5b459e647e9b6b", "name": "service"}, "is_domain": false, "roles": [{"id": "606decdfb7284273ab9df5029fde9aac", "name": "ResellerAdmin"}, {"id": "7ebd389982a243ffbf6819872e38f817", "name": "service"}], "catalog": [{"endpoints": [{"id": "8bdba36ec95c486fa9914eb3a85b2aba", "interface": "public", "region_id": "RegionOne", "url": "https://10.4.3.227/image", "region": "RegionOne"}], "id": "1b2b29a311d14069b209570b424dfe99", "type": "image", "name": "glance"}, {"endpoints": [{"id": "0f0ad1342cc94934a74646a0ff0d8cce", "interface": "public", "region_id": "RegionOne", "url": "https://10.4.3.227:8080/v1/AUTH_f76cdfd984a34450ac5b459e647e9b6b", "region": "RegionOne"}, {"id": "a0e4c1d77e8e4d79b35f80cacb33a7c3", "interface": "admin", "region_id": "RegionOne", "url": "https://10.4.3.227:8080", "region": "RegionOne"}], "id": "2ae6d7b41cb443d4a9241193e0bf5c0c", "type": "object-store", "name": "swift"}, {"endpoints": [{"id": "f6ce0bb050884582b441689ceae8f8b9", "interface": "public", "region_id": "RegionOne", "url": "https://10.4.3.227/compute/v2/f76cdfd984a34450ac5b459e647e9b6b", "region": "RegionOne"}], "id": "32ad65062a464923a335202aa1bc49a3", "type": "compute_legacy", "name": "nova_legacy"}, {"endpoints": [{"id": "ca836a77eb824532ba43783ab6c4f1a8", "interface": "public", "region_id": "RegionOne", "url": "https://10.4.3.227/compute/v2.1", "region": "RegionOne"}], "id": "a96fedabe2814a4e9d60a431bd183def", "type": "compute", "name": "nova"}, {"endpoints": [{"id": "41928710f2d348049a557aed07998f4b", "interface": "public", "region_id": "RegionOne", "url": "https://10.4.3.227/volume/v3", "region": "RegionOne"}], "id": "bd7cabcea358414a8e0871a9ffbd0d19", "type": "block-storage", "name": "cinder"}, {"endpoints": [{"id": "e1b3eb2788244a669a7fd5009954de6c", "interface": "public", "region_id": "RegionOne", "url": "https://10.4.3.227/placement", "region": "RegionOne"}], "id": "bffc036816764a1da511db5911a7a9d0", "type": "placement", "name": "placement"}, {"endpoints": [{"id": "a037fc4811384d4e8c099354107f5e24", "interface": "public", "region_id": "RegionOne", "url": "https://10.4.3.227/identity", "region": "RegionOne"}], "id": "c6e9737a89304147a30b0f535bc00bf4", "type": "identity", "name": "keystone"}, {"endpoints": [{"id": "c5a4017de71648a5ac441ae73c68fce1", "interface": "public", "region_id": "RegionOne", "url": "https://10.4.3.227/networking", "region": "RegionOne"}], "id": "d9ae0a91e8cc41ba90c25bda816b5ae6", "type": "network", "name": "neutron"}]}} {{(pid=98829) get_auth_ref /opt/stack/data/venv/lib/python3.12/site-packages/keystoneclient/auth/identity/v3/base.py:190}}
Jun 19 19:52:29.731732 np0000003311 devstack@g-api.service[98829]: DEBUG keystoneclient.httpclient [None req-763ef6ae-eca6-43f8-ae7b-3989cfe16932 tempest-AttachVolumeShelveTestJSON-2117152606 tempest-AttachVolumeShelveTestJSON-2117152606-project-member] Failed to find endpoint for management url admin endpoint for identity service not found {{(pid=98829) _process_management_url /opt/stack/data/venv/lib/python3.12/site-packages/keystoneclient/httpclient.py:670}}
Jun 19 19:52:29.891770 np0000003311 devstack@g-api.service[98829]: DEBUG swiftclient [None req-763ef6ae-eca6-43f8-ae7b-3989cfe16932 tempest-AttachVolumeShelveTestJSON-2117152606 tempest-AttachVolumeShelveTestJSON-2117152606-project-member] REQ: curl -i https://10.4.3.227:8080/v1/AUTH_f76cdfd984a34450ac5b459e647e9b6b/glance/b4e4d1a4-98ee-4b0f-aedb-7e0e9be1f95b -I -H "X-Auth-Token: gAAAAABqNZ39-MLO..." {{(pid=98829) http_log /opt/stack/data/venv/lib/python3.12/site-packages/swiftclient/client.py:160}}
Jun 19 19:52:29.891932 np0000003311 devstack@g-api.service[98829]: DEBUG swiftclient [None req-763ef6ae-eca6-43f8-ae7b-3989cfe16932 tempest-AttachVolumeShelveTestJSON-2117152606 tempest-AttachVolumeShelveTestJSON-2117152606-project-member] RESP STATUS: 200 OK {{(pid=98829) http_log /opt/stack/data/venv/lib/python3.12/site-packages/swiftclient/client.py:161}}
Jun 19 19:52:29.892197 np0000003311 devstack@g-api.service[98829]: DEBUG swiftclient [None req-763ef6ae-eca6-43f8-ae7b-3989cfe16932 tempest-AttachVolumeShelveTestJSON-2117152606 tempest-AttachVolumeShelveTestJSON-2117152606-project-member] RESP HEADERS: {'Date': 'Fri, 19 Jun 2026 19:52:29 GMT', 'Server': 'Apache/2.4.58 (Ubuntu)', 'Content-Type': 'application/octet-stream', 'Content-Length': '53608448', 'X-Object-Manifest': 'glance/b4e4d1a4-98ee-4b0f-aedb-7e0e9be1f95b-', 'Last-Modified': 'Fri, 19 Jun 2026 19:51:58 GMT', 'X-Timestamp': '1781898717.86526', 'Accept-Ranges': 'bytes', 'Etag': '"94e6d9285aca33ac644f7d15dc24cbdb"', 'X-Trans-Id': 'txdcd572729ad74c6ea3cc9-006a359dfd', 'X-Openstack-Request-Id': 'txdcd572729ad74c6ea3cc9-006a359dfd', 'Connection': 'close'} {{(pid=98829) http_log /opt/stack/data/venv/lib/python3.12/site-packages/swiftclient/client.py:162}}
Jun 19 19:52:29.921754 np0000003311 devstack@g-api.service[98829]: DEBUG swiftclient [None req-763ef6ae-eca6-43f8-ae7b-3989cfe16932 tempest-AttachVolumeShelveTestJSON-2117152606 tempest-AttachVolumeShelveTestJSON-2117152606-project-member] REQ: curl -i https://10.4.3.227:8080/v1/AUTH_f76cdfd984a34450ac5b459e647e9b6b/glance?format=json&prefix=b4e4d1a4-98ee-4b0f-aedb-7e0e9be1f95b- -X GET -H "X-Auth-Token: gAAAAABqNZ39-MLO..." -H "Accept-Encoding: gzip" {{(pid=98829) http_log /opt/stack/data/venv/lib/python3.12/site-packages/swiftclient/client.py:160}}
Jun 19 19:52:29.921904 np0000003311 devstack@g-api.service[98829]: DEBUG swiftclient [None req-763ef6ae-eca6-43f8-ae7b-3989cfe16932 tempest-AttachVolumeShelveTestJSON-2117152606 tempest-AttachVolumeShelveTestJSON-2117152606-project-member] RESP STATUS: 200 OK {{(pid=98829) http_log /opt/stack/data/venv/lib/python3.12/site-packages/swiftclient/client.py:161}}
Jun 19 19:52:29.922004 np0000003311 devstack@g-api.service[98829]: DEBUG swiftclient [None req-763ef6ae-eca6-43f8-ae7b-3989cfe16932 tempest-AttachVolumeShelveTestJSON-2117152606 tempest-AttachVolumeShelveTestJSON-2117152606-project-member] RESP HEADERS: {'Date': 'Fri, 19 Jun 2026 19:52:29 GMT', 'Server': 'Apache/2.4.58 (Ubuntu)', 'Content-Type': 'application/json; charset=utf-8', 'Content-Length': '210', 'X-Container-Object-Count': '5', 'X-Container-Bytes-Used': '117964800', 'X-Timestamp': '1781898269.79533', 'Last-Modified': 'Fri, 19 Jun 2026 19:44:30 GMT', 'Accept-Ranges': 'bytes', 'X-Storage-Policy': 'Policy-0', 'X-Container-Sharding': 'False', 'X-Trans-Id': 'tx6baec2653d96454fb47e7-006a359dfd', 'X-Openstack-Request-Id': 'tx6baec2653d96454fb47e7-006a359dfd', 'Connection': 'close'} {{(pid=98829) http_log /opt/stack/data/venv/lib/python3.12/site-packages/swiftclient/client.py:162}}
Jun 19 19:52:29.922179 np0000003311 devstack@g-api.service[98829]: DEBUG swiftclient [None req-763ef6ae-eca6-43f8-ae7b-3989cfe16932 tempest-AttachVolumeShelveTestJSON-2117152606 tempest-AttachVolumeShelveTestJSON-2117152606-project-member] RESP BODY: b'[{"bytes": 53608448, "hash": "d421f02250c46e62acb1cf53eeef1bca", "name": "b4e4d1a4-98ee-4b0f-aedb-7e0e9be1f95b-00001", "content_type": "application/octet-stream", "last_modified": "2026-06-19T19:51:57.246430"}]' {{(pid=98829) http_log /opt/stack/data/venv/lib/python3.12/site-packages/swiftclient/client.py:166}}
Jun 19 19:52:29.948796 np0000003311 devstack@g-api.service[98829]: DEBUG swiftclient [None req-763ef6ae-eca6-43f8-ae7b-3989cfe16932 tempest-AttachVolumeShelveTestJSON-2117152606 tempest-AttachVolumeShelveTestJSON-2117152606-project-member] REQ: curl -i https://10.4.3.227:8080/v1/AUTH_f76cdfd984a34450ac5b459e647e9b6b/glance/b4e4d1a4-98ee-4b0f-aedb-7e0e9be1f95b-00001 DELETE -H "X-Auth-Token: gAAAAABqNZ39-MLO..." {{(pid=98829) http_log /opt/stack/data/venv/lib/python3.12/site-packages/swiftclient/client.py:160}}
Jun 19 19:52:29.948796 np0000003311 devstack@g-api.service[98829]: DEBUG swiftclient [None req-763ef6ae-eca6-43f8-ae7b-3989cfe16932 tempest-AttachVolumeShelveTestJSON-2117152606 tempest-AttachVolumeShelveTestJSON-2117152606-project-member] RESP STATUS: 204 No Content {{(pid=98829) http_log /opt/stack/data/venv/lib/python3.12/site-packages/swiftclient/client.py:161}}
Jun 19 19:52:29.948796 np0000003311 devstack@g-api.service[98829]: DEBUG swiftclient [None req-763ef6ae-eca6-43f8-ae7b-3989cfe16932 tempest-AttachVolumeShelveTestJSON-2117152606 tempest-AttachVolumeShelveTestJSON-2117152606-project-member] RESP HEADERS: {'Date': 'Fri, 19 Jun 2026 19:52:29 GMT', 'Server': 'Apache/2.4.58 (Ubuntu)', 'Content-Type': 'text/html; charset=UTF-8', 'X-Trans-Id': 'tx45a6059084844554940ae-006a359dfd', 'X-Openstack-Request-Id': 'tx45a6059084844554940ae-006a359dfd', 'Connection': 'close'} {{(pid=98829) http_log /opt/stack/data/venv/lib/python3.12/site-packages/swiftclient/client.py:162}}
Jun 19 19:52:29.982673 np0000003311 devstack@g-api.service[98829]: DEBUG swiftclient [None req-763ef6ae-eca6-43f8-ae7b-3989cfe16932 tempest-AttachVolumeShelveTestJSON-2117152606 tempest-AttachVolumeShelveTestJSON-2117152606-project-member] REQ: curl -i https://10.4.3.227:8080/v1/AUTH_f76cdfd984a34450ac5b459e647e9b6b/glance/b4e4d1a4-98ee-4b0f-aedb-7e0e9be1f95b DELETE -H "X-Auth-Token: gAAAAABqNZ39-MLO..." {{(pid=98829) http_log /opt/stack/data/venv/lib/python3.12/site-packages/swiftclient/client.py:160}}
Jun 19 19:52:29.982781 np0000003311 devstack@g-api.service[98829]: DEBUG swiftclient [None req-763ef6ae-eca6-43f8-ae7b-3989cfe16932 tempest-AttachVolumeShelveTestJSON-2117152606 tempest-AttachVolumeShelveTestJSON-2117152606-project-member] RESP STATUS: 204 No Content {{(pid=98829) http_log /opt/stack/data/venv/lib/python3.12/site-packages/swiftclient/client.py:161}}
Jun 19 19:52:29.983115 np0000003311 devstack@g-api.service[98829]: DEBUG swiftclient [None req-763ef6ae-eca6-43f8-ae7b-3989cfe16932 tempest-AttachVolumeShelveTestJSON-2117152606 tempest-AttachVolumeShelveTestJSON-2117152606-project-member] RESP HEADERS: {'Date': 'Fri, 19 Jun 2026 19:52:29 GMT', 'Server': 'Apache/2.4.58 (Ubuntu)', 'Content-Type': 'text/html; charset=UTF-8', 'X-Trans-Id': 'txcb4c760356c44998bbdf1-006a359dfd', 'X-Openstack-Request-Id': 'txcb4c760356c44998bbdf1-006a359dfd', 'Connection': 'close'} {{(pid=98829) http_log /opt/stack/data/venv/lib/python3.12/site-packages/swiftclient/client.py:162}}
Jun 19 19:52:30.120519 np0000003311 devstack@g-api.service[98829]: DEBUG glance.api.middleware.cache [None req-763ef6ae-eca6-43f8-ae7b-3989cfe16932 tempest-AttachVolumeShelveTestJSON-2117152606 tempest-AttachVolumeShelveTestJSON-2117152606-project-member] Removing image b4e4d1a4-98ee-4b0f-aedb-7e0e9be1f95b from cache {{(pid=98829) _process_DELETE_response /opt/stack/glance/glance/api/middleware/cache.py:264}}
Jun 19 19:52:30.120807 np0000003311 devstack@g-api.service[98829]: DEBUG glance.image_cache.drivers.centralized_db [None req-763ef6ae-eca6-43f8-ae7b-3989cfe16932 tempest-AttachVolumeShelveTestJSON-2117152606 tempest-AttachVolumeShelveTestJSON-2117152606-project-member] Deleting image cache file '/opt/stack/data/glance/cache/b4e4d1a4-98ee-4b0f-aedb-7e0e9be1f95b' {{(pid=98829) delete_cached_file /opt/stack/glance/glance/image_cache/drivers/centralized_db.py:400}}
Jun 19 19:52:30.148245 np0000003311 devstack@g-api.service[98829]: [pid: 98829|app: 0|req: 206/401] 127.0.0.1 () {46 vars in 1137 bytes} [Fri Jun 19 19:52:29 2026] DELETE /v2/images/b4e4d1a4-98ee-4b0f-aedb-7e0e9be1f95b => generated 0 bytes in 591 msecs (HTTP/1.1 204) 4 headers in 171 bytes (1 switches on core 0)
Jun 19 19:52:36.117281 np0000003311 devstack@g-api.service[98830]: DEBUG glance.api.middleware.version_negotiation [None req-0c52f23c-eeef-4b25-9754-0467b655559c tempest-AttachVolumeTestJSON-1878122685 tempest-AttachVolumeTestJSON-1878122685-project-member] Determining version of request: GET /v2/images/69cd7aa5-c286-4b88-ba27-242361097459 Accept: */* {{(pid=98830) process_request /opt/stack/glance/glance/api/middleware/version_negotiation.py:44}}
Jun 19 19:52:36.117776 np0000003311 devstack@g-api.service[98830]: DEBUG glance.api.middleware.version_negotiation [None req-0c52f23c-eeef-4b25-9754-0467b655559c tempest-AttachVolumeTestJSON-1878122685 tempest-AttachVolumeTestJSON-1878122685-project-member] Using url versioning {{(pid=98830) process_request /opt/stack/glance/glance/api/middleware/version_negotiation.py:57}}
Jun 19 19:52:36.117776 np0000003311 devstack@g-api.service[98830]: DEBUG glance.api.middleware.version_negotiation [None req-0c52f23c-eeef-4b25-9754-0467b655559c tempest-AttachVolumeTestJSON-1878122685 tempest-AttachVolumeTestJSON-1878122685-project-member] Matched version: v2 {{(pid=98830) process_request /opt/stack/glance/glance/api/middleware/version_negotiation.py:69}}
Jun 19 19:52:36.117776 np0000003311 devstack@g-api.service[98830]: DEBUG glance.api.middleware.version_negotiation [None req-0c52f23c-eeef-4b25-9754-0467b655559c tempest-AttachVolumeTestJSON-1878122685 tempest-AttachVolumeTestJSON-1878122685-project-member] new path /v2/images/69cd7aa5-c286-4b88-ba27-242361097459 {{(pid=98830) process_request /opt/stack/glance/glance/api/middleware/version_negotiation.py:70}}
Jun 19 19:52:36.127515 np0000003311 devstack@g-api.service[98830]: [pid: 98830|app: 0|req: 196/402] 127.0.0.1 () {44 vars in 1115 bytes} [Fri Jun 19 19:52:36 2026] GET /v2/images/69cd7aa5-c286-4b88-ba27-242361097459 => generated 1044 bytes in 10 msecs (HTTP/1.1 200) 4 headers in 158 bytes (1 switches on core 0)
Jun 19 19:52:36.163806 np0000003311 devstack@g-api.service[98829]: DEBUG glance.api.middleware.version_negotiation [None req-763ef6ae-eca6-43f8-ae7b-3989cfe16932 tempest-AttachVolumeShelveTestJSON-2117152606 tempest-AttachVolumeShelveTestJSON-2117152606-project-member] Determining version of request: GET /v2/schemas/image Accept: */* {{(pid=98829) process_request /opt/stack/glance/glance/api/middleware/version_negotiation.py:44}}
Jun 19 19:52:36.164287 np0000003311 devstack@g-api.service[98829]: DEBUG glance.api.middleware.version_negotiation [None req-763ef6ae-eca6-43f8-ae7b-3989cfe16932 tempest-AttachVolumeShelveTestJSON-2117152606 tempest-AttachVolumeShelveTestJSON-2117152606-project-member] Using url versioning {{(pid=98829) process_request /opt/stack/glance/glance/api/middleware/version_negotiation.py:57}}
Jun 19 19:52:36.164287 np0000003311 devstack@g-api.service[98829]: DEBUG glance.api.middleware.version_negotiation [None req-763ef6ae-eca6-43f8-ae7b-3989cfe16932 tempest-AttachVolumeShelveTestJSON-2117152606 tempest-AttachVolumeShelveTestJSON-2117152606-project-member] Matched version: v2 {{(pid=98829) process_request /opt/stack/glance/glance/api/middleware/version_negotiation.py:69}}
Jun 19 19:52:36.164287 np0000003311 devstack@g-api.service[98829]: DEBUG glance.api.middleware.version_negotiation [None req-763ef6ae-eca6-43f8-ae7b-3989cfe16932 tempest-AttachVolumeShelveTestJSON-2117152606 tempest-AttachVolumeShelveTestJSON-2117152606-project-member] new path /v2/schemas/image {{(pid=98829) process_request /opt/stack/glance/glance/api/middleware/version_negotiation.py:70}}
Jun 19 19:52:36.167444 np0000003311 devstack@g-api.service[98829]: [pid: 98829|app: 0|req: 207/403] 127.0.0.1 () {44 vars in 1055 bytes} [Fri Jun 19 19:52:36 2026] GET /v2/schemas/image => generated 6083 bytes in 4 msecs (HTTP/1.1 200) 4 headers in 158 bytes (1 switches on core 0)
Jun 19 19:52:40.138994 np0000003311 devstack@g-api.service[98829]: DEBUG dbcounter [-] [98829] Writing DB stats glance:SELECT=28,glance:UPDATE=25,glance:DELETE=1 {{(pid=98829) stat_writer /opt/stack/data/venv/lib/python3.12/site-packages/dbcounter.py:115}}
Jun 19 19:52:46.125017 np0000003311 devstack@g-api.service[98830]: DEBUG dbcounter [-] [98830] Writing DB stats glance:SELECT=4 {{(pid=98830) stat_writer /opt/stack/data/venv/lib/python3.12/site-packages/dbcounter.py:115}}
Jun 19 19:52:54.315478 np0000003311 devstack@g-api.service[98830]: DEBUG glance.api.middleware.version_negotiation [None req-98e8e796-d71b-41a9-9695-a329e49d527e tempest-ServerRescueNegativeTestJSON-2040042021 tempest-ServerRescueNegativeTestJSON-2040042021-project-member] Determining version of request: GET /v2/images/a85a6928-52ea-48ca-86cf-ce2ff4ae1622 Accept: */* {{(pid=98830) process_request /opt/stack/glance/glance/api/middleware/version_negotiation.py:44}}
Jun 19 19:52:54.316082 np0000003311 devstack@g-api.service[98830]: DEBUG glance.api.middleware.version_negotiation [None req-98e8e796-d71b-41a9-9695-a329e49d527e tempest-ServerRescueNegativeTestJSON-2040042021 tempest-ServerRescueNegativeTestJSON-2040042021-project-member] Using url versioning {{(pid=98830) process_request /opt/stack/glance/glance/api/middleware/version_negotiation.py:57}}
Jun 19 19:52:54.316082 np0000003311 devstack@g-api.service[98830]: DEBUG glance.api.middleware.version_negotiation [None req-98e8e796-d71b-41a9-9695-a329e49d527e tempest-ServerRescueNegativeTestJSON-2040042021 tempest-ServerRescueNegativeTestJSON-2040042021-project-member] Matched version: v2 {{(pid=98830) process_request /opt/stack/glance/glance/api/middleware/version_negotiation.py:69}}
Jun 19 19:52:54.316082 np0000003311 devstack@g-api.service[98830]: DEBUG glance.api.middleware.version_negotiation [None req-98e8e796-d71b-41a9-9695-a329e49d527e tempest-ServerRescueNegativeTestJSON-2040042021 tempest-ServerRescueNegativeTestJSON-2040042021-project-member] new path /v2/images/a85a6928-52ea-48ca-86cf-ce2ff4ae1622 {{(pid=98830) process_request /opt/stack/glance/glance/api/middleware/version_negotiation.py:70}}
Jun 19 19:52:54.331148 np0000003311 devstack@g-api.service[98830]: [pid: 98830|app: 0|req: 197/404] 127.0.0.1 () {44 vars in 1115 bytes} [Fri Jun 19 19:52:54 2026] GET /v2/images/a85a6928-52ea-48ca-86cf-ce2ff4ae1622 => generated 1044 bytes in 16 msecs (HTTP/1.1 200) 4 headers in 158 bytes (1 switches on core 0)
Jun 19 19:52:54.370179 np0000003311 devstack@g-api.service[98829]: DEBUG glance.api.middleware.version_negotiation [None req-98e8e796-d71b-41a9-9695-a329e49d527e tempest-ServerRescueNegativeTestJSON-2040042021 tempest-ServerRescueNegativeTestJSON-2040042021-project-member] Determining version of request: GET /v2/schemas/image Accept: */* {{(pid=98829) process_request /opt/stack/glance/glance/api/middleware/version_negotiation.py:44}}
Jun 19 19:52:54.370873 np0000003311 devstack@g-api.service[98829]: DEBUG glance.api.middleware.version_negotiation [None req-98e8e796-d71b-41a9-9695-a329e49d527e tempest-ServerRescueNegativeTestJSON-2040042021 tempest-ServerRescueNegativeTestJSON-2040042021-project-member] Using url versioning {{(pid=98829) process_request /opt/stack/glance/glance/api/middleware/version_negotiation.py:57}}
Jun 19 19:52:54.371232 np0000003311 devstack@g-api.service[98829]: DEBUG glance.api.middleware.version_negotiation [None req-98e8e796-d71b-41a9-9695-a329e49d527e tempest-ServerRescueNegativeTestJSON-2040042021 tempest-ServerRescueNegativeTestJSON-2040042021-project-member] Matched version: v2 {{(pid=98829) process_request /opt/stack/glance/glance/api/middleware/version_negotiation.py:69}}
Jun 19 19:52:54.371384 np0000003311 devstack@g-api.service[98829]: DEBUG glance.api.middleware.version_negotiation [None req-98e8e796-d71b-41a9-9695-a329e49d527e tempest-ServerRescueNegativeTestJSON-2040042021 tempest-ServerRescueNegativeTestJSON-2040042021-project-member] new path /v2/schemas/image {{(pid=98829) process_request /opt/stack/glance/glance/api/middleware/version_negotiation.py:70}}
Jun 19 19:52:54.376295 np0000003311 devstack@g-api.service[98829]: [pid: 98829|app: 0|req: 208/405] 127.0.0.1 () {44 vars in 1055 bytes} [Fri Jun 19 19:52:54 2026] GET /v2/schemas/image => generated 6083 bytes in 6 msecs (HTTP/1.1 200) 4 headers in 158 bytes (1 switches on core 0)
Jun 19 19:52:54.998358 np0000003311 devstack@g-api.service[98830]: DEBUG glance.api.middleware.version_negotiation [None req-e50d1a6f-a349-4073-9bb8-ea55a0f7267c tempest-ServerActionsTestOtherA-1139831456 tempest-ServerActionsTestOtherA-1139831456-project-member] Determining version of request: GET /v2/images/a85a6928-52ea-48ca-86cf-ce2ff4ae1622 Accept: */* {{(pid=98830) process_request /opt/stack/glance/glance/api/middleware/version_negotiation.py:44}}
Jun 19 19:52:54.998618 np0000003311 devstack@g-api.service[98830]: DEBUG glance.api.middleware.version_negotiation [None req-e50d1a6f-a349-4073-9bb8-ea55a0f7267c tempest-ServerActionsTestOtherA-1139831456 tempest-ServerActionsTestOtherA-1139831456-project-member] Using url versioning {{(pid=98830) process_request /opt/stack/glance/glance/api/middleware/version_negotiation.py:57}}
Jun 19 19:52:54.998805 np0000003311 devstack@g-api.service[98830]: DEBUG glance.api.middleware.version_negotiation [None req-e50d1a6f-a349-4073-9bb8-ea55a0f7267c tempest-ServerActionsTestOtherA-1139831456 tempest-ServerActionsTestOtherA-1139831456-project-member] Matched version: v2 {{(pid=98830) process_request /opt/stack/glance/glance/api/middleware/version_negotiation.py:69}}
Jun 19 19:52:54.998941 np0000003311 devstack@g-api.service[98830]: DEBUG glance.api.middleware.version_negotiation [None req-e50d1a6f-a349-4073-9bb8-ea55a0f7267c tempest-ServerActionsTestOtherA-1139831456 tempest-ServerActionsTestOtherA-1139831456-project-member] new path /v2/images/a85a6928-52ea-48ca-86cf-ce2ff4ae1622 {{(pid=98830) process_request /opt/stack/glance/glance/api/middleware/version_negotiation.py:70}}
Jun 19 19:52:55.017462 np0000003311 devstack@g-api.service[98830]: [pid: 98830|app: 0|req: 198/406] 127.0.0.1 () {44 vars in 1115 bytes} [Fri Jun 19 19:52:54 2026] GET /v2/images/a85a6928-52ea-48ca-86cf-ce2ff4ae1622 => generated 1044 bytes in 18 msecs (HTTP/1.1 200) 4 headers in 158 bytes (1 switches on core 0)
Jun 19 19:52:55.050548 np0000003311 devstack@g-api.service[98829]: DEBUG glance.api.middleware.version_negotiation [None req-e50d1a6f-a349-4073-9bb8-ea55a0f7267c tempest-ServerActionsTestOtherA-1139831456 tempest-ServerActionsTestOtherA-1139831456-project-member] Determining version of request: GET /v2/schemas/image Accept: */* {{(pid=98829) process_request /opt/stack/glance/glance/api/middleware/version_negotiation.py:44}}
Jun 19 19:52:55.050696 np0000003311 devstack@g-api.service[98829]: DEBUG glance.api.middleware.version_negotiation [None req-e50d1a6f-a349-4073-9bb8-ea55a0f7267c tempest-ServerActionsTestOtherA-1139831456 tempest-ServerActionsTestOtherA-1139831456-project-member] Using url versioning {{(pid=98829) process_request /opt/stack/glance/glance/api/middleware/version_negotiation.py:57}}
Jun 19 19:52:55.050838 np0000003311 devstack@g-api.service[98829]: DEBUG glance.api.middleware.version_negotiation [None req-e50d1a6f-a349-4073-9bb8-ea55a0f7267c tempest-ServerActionsTestOtherA-1139831456 tempest-ServerActionsTestOtherA-1139831456-project-member] Matched version: v2 {{(pid=98829) process_request /opt/stack/glance/glance/api/middleware/version_negotiation.py:69}}
Jun 19 19:52:55.050982 np0000003311 devstack@g-api.service[98829]: DEBUG glance.api.middleware.version_negotiation [None req-e50d1a6f-a349-4073-9bb8-ea55a0f7267c tempest-ServerActionsTestOtherA-1139831456 tempest-ServerActionsTestOtherA-1139831456-project-member] new path /v2/schemas/image {{(pid=98829) process_request /opt/stack/glance/glance/api/middleware/version_negotiation.py:70}}
Jun 19 19:52:55.054159 np0000003311 devstack@g-api.service[98829]: [pid: 98829|app: 0|req: 209/407] 127.0.0.1 () {44 vars in 1055 bytes} [Fri Jun 19 19:52:55 2026] GET /v2/schemas/image => generated 6083 bytes in 4 msecs (HTTP/1.1 200) 4 headers in 158 bytes (1 switches on core 0)
Jun 19 19:52:56.156672 np0000003311 devstack@g-api.service[98830]: DEBUG glance.api.middleware.version_negotiation [None req-e50d1a6f-a349-4073-9bb8-ea55a0f7267c tempest-ServerActionsTestOtherA-1139831456 tempest-ServerActionsTestOtherA-1139831456-project-member] Determining version of request: GET /v2/images/a85a6928-52ea-48ca-86cf-ce2ff4ae1622 Accept: */* {{(pid=98830) process_request /opt/stack/glance/glance/api/middleware/version_negotiation.py:44}}
Jun 19 19:52:56.157247 np0000003311 devstack@g-api.service[98830]: DEBUG glance.api.middleware.version_negotiation [None req-e50d1a6f-a349-4073-9bb8-ea55a0f7267c tempest-ServerActionsTestOtherA-1139831456 tempest-ServerActionsTestOtherA-1139831456-project-member] Using url versioning {{(pid=98830) process_request /opt/stack/glance/glance/api/middleware/version_negotiation.py:57}}
Jun 19 19:52:56.157247 np0000003311 devstack@g-api.service[98830]: DEBUG glance.api.middleware.version_negotiation [None req-e50d1a6f-a349-4073-9bb8-ea55a0f7267c tempest-ServerActionsTestOtherA-1139831456 tempest-ServerActionsTestOtherA-1139831456-project-member] Matched version: v2 {{(pid=98830) process_request /opt/stack/glance/glance/api/middleware/version_negotiation.py:69}}
Jun 19 19:52:56.157427 np0000003311 devstack@g-api.service[98830]: DEBUG glance.api.middleware.version_negotiation [None req-e50d1a6f-a349-4073-9bb8-ea55a0f7267c tempest-ServerActionsTestOtherA-1139831456 tempest-ServerActionsTestOtherA-1139831456-project-member] new path /v2/images/a85a6928-52ea-48ca-86cf-ce2ff4ae1622 {{(pid=98830) process_request /opt/stack/glance/glance/api/middleware/version_negotiation.py:70}}
Jun 19 19:52:56.169867 np0000003311 devstack@g-api.service[98830]: [pid: 98830|app: 0|req: 199/408] 127.0.0.1 () {44 vars in 1115 bytes} [Fri Jun 19 19:52:56 2026] GET /v2/images/a85a6928-52ea-48ca-86cf-ce2ff4ae1622 => generated 1044 bytes in 13 msecs (HTTP/1.1 200) 4 headers in 158 bytes (1 switches on core 0)
Jun 19 19:52:56.197657 np0000003311 devstack@g-api.service[98829]: DEBUG glance.api.middleware.version_negotiation [None req-e50d1a6f-a349-4073-9bb8-ea55a0f7267c tempest-ServerActionsTestOtherA-1139831456 tempest-ServerActionsTestOtherA-1139831456-project-member] Determining version of request: GET /v2/schemas/image Accept: */* {{(pid=98829) process_request /opt/stack/glance/glance/api/middleware/version_negotiation.py:44}}
Jun 19 19:52:56.198067 np0000003311 devstack@g-api.service[98829]: DEBUG glance.api.middleware.version_negotiation [None req-e50d1a6f-a349-4073-9bb8-ea55a0f7267c tempest-ServerActionsTestOtherA-1139831456 tempest-ServerActionsTestOtherA-1139831456-project-member] Using url versioning {{(pid=98829) process_request /opt/stack/glance/glance/api/middleware/version_negotiation.py:57}}
Jun 19 19:52:56.198214 np0000003311 devstack@g-api.service[98829]: DEBUG glance.api.middleware.version_negotiation [None req-e50d1a6f-a349-4073-9bb8-ea55a0f7267c tempest-ServerActionsTestOtherA-1139831456 tempest-ServerActionsTestOtherA-1139831456-project-member] Matched version: v2 {{(pid=98829) process_request /opt/stack/glance/glance/api/middleware/version_negotiation.py:69}}
Jun 19 19:52:56.198318 np0000003311 devstack@g-api.service[98829]: DEBUG glance.api.middleware.version_negotiation [None req-e50d1a6f-a349-4073-9bb8-ea55a0f7267c tempest-ServerActionsTestOtherA-1139831456 tempest-ServerActionsTestOtherA-1139831456-project-member] new path /v2/schemas/image {{(pid=98829) process_request /opt/stack/glance/glance/api/middleware/version_negotiation.py:70}}
Jun 19 19:52:56.200605 np0000003311 devstack@g-api.service[98829]: [pid: 98829|app: 0|req: 210/409] 127.0.0.1 () {44 vars in 1055 bytes} [Fri Jun 19 19:52:56 2026] GET /v2/schemas/image => generated 6083 bytes in 3 msecs (HTTP/1.1 200) 4 headers in 158 bytes (1 switches on core 0)
Jun 19 19:53:02.456607 np0000003311 devstack@g-api.service[98830]: DEBUG glance.api.middleware.version_negotiation [None req-e50d1a6f-a349-4073-9bb8-ea55a0f7267c tempest-ServerActionsTestOtherA-1139831456 tempest-ServerActionsTestOtherA-1139831456-project-member] Determining version of request: GET /v2/images/a85a6928-52ea-48ca-86cf-ce2ff4ae1622 Accept: */* {{(pid=98830) process_request /opt/stack/glance/glance/api/middleware/version_negotiation.py:44}}
Jun 19 19:53:02.457128 np0000003311 devstack@g-api.service[98830]: DEBUG glance.api.middleware.version_negotiation [None req-e50d1a6f-a349-4073-9bb8-ea55a0f7267c tempest-ServerActionsTestOtherA-1139831456 tempest-ServerActionsTestOtherA-1139831456-project-member] Using url versioning {{(pid=98830) process_request /opt/stack/glance/glance/api/middleware/version_negotiation.py:57}}
Jun 19 19:53:02.457128 np0000003311 devstack@g-api.service[98830]: DEBUG glance.api.middleware.version_negotiation [None req-e50d1a6f-a349-4073-9bb8-ea55a0f7267c tempest-ServerActionsTestOtherA-1139831456 tempest-ServerActionsTestOtherA-1139831456-project-member] Matched version: v2 {{(pid=98830) process_request /opt/stack/glance/glance/api/middleware/version_negotiation.py:69}}
Jun 19 19:53:02.457128 np0000003311 devstack@g-api.service[98830]: DEBUG glance.api.middleware.version_negotiation [None req-e50d1a6f-a349-4073-9bb8-ea55a0f7267c tempest-ServerActionsTestOtherA-1139831456 tempest-ServerActionsTestOtherA-1139831456-project-member] new path /v2/images/a85a6928-52ea-48ca-86cf-ce2ff4ae1622 {{(pid=98830) process_request /opt/stack/glance/glance/api/middleware/version_negotiation.py:70}}
Jun 19 19:53:02.472898 np0000003311 devstack@g-api.service[98830]: [pid: 98830|app: 0|req: 200/410] 127.0.0.1 () {44 vars in 1115 bytes} [Fri Jun 19 19:53:02 2026] GET /v2/images/a85a6928-52ea-48ca-86cf-ce2ff4ae1622 => generated 1044 bytes in 16 msecs (HTTP/1.1 200) 4 headers in 158 bytes (1 switches on core 0)
Jun 19 19:53:02.502227 np0000003311 devstack@g-api.service[98829]: DEBUG glance.api.middleware.version_negotiation [None req-e50d1a6f-a349-4073-9bb8-ea55a0f7267c tempest-ServerActionsTestOtherA-1139831456 tempest-ServerActionsTestOtherA-1139831456-project-member] Determining version of request: GET /v2/images/a85a6928-52ea-48ca-86cf-ce2ff4ae1622/file Accept: */* {{(pid=98829) process_request /opt/stack/glance/glance/api/middleware/version_negotiation.py:44}}
Jun 19 19:53:02.502745 np0000003311 devstack@g-api.service[98829]: DEBUG glance.api.middleware.version_negotiation [None req-e50d1a6f-a349-4073-9bb8-ea55a0f7267c tempest-ServerActionsTestOtherA-1139831456 tempest-ServerActionsTestOtherA-1139831456-project-member] Using url versioning {{(pid=98829) process_request /opt/stack/glance/glance/api/middleware/version_negotiation.py:57}}
Jun 19 19:53:02.502745 np0000003311 devstack@g-api.service[98829]: DEBUG glance.api.middleware.version_negotiation [None req-e50d1a6f-a349-4073-9bb8-ea55a0f7267c tempest-ServerActionsTestOtherA-1139831456 tempest-ServerActionsTestOtherA-1139831456-project-member] Matched version: v2 {{(pid=98829) process_request /opt/stack/glance/glance/api/middleware/version_negotiation.py:69}}
Jun 19 19:53:02.502745 np0000003311 devstack@g-api.service[98829]: DEBUG glance.api.middleware.version_negotiation [None req-e50d1a6f-a349-4073-9bb8-ea55a0f7267c tempest-ServerActionsTestOtherA-1139831456 tempest-ServerActionsTestOtherA-1139831456-project-member] new path /v2/images/a85a6928-52ea-48ca-86cf-ce2ff4ae1622/file {{(pid=98829) process_request /opt/stack/glance/glance/api/middleware/version_negotiation.py:70}}
Jun 19 19:53:02.510621 np0000003311 devstack@g-api.service[98829]: DEBUG glance.api.middleware.cache [None req-e50d1a6f-a349-4073-9bb8-ea55a0f7267c tempest-ServerActionsTestOtherA-1139831456 tempest-ServerActionsTestOtherA-1139831456-project-member] Cache hit for image 'a85a6928-52ea-48ca-86cf-ce2ff4ae1622' {{(pid=98829) process_request /opt/stack/glance/glance/api/middleware/cache.py:160}}
Jun 19 19:53:02.603442 np0000003311 devstack@g-api.service[98829]: [pid: 98829|app: 0|req: 211/411] 127.0.0.1 () {44 vars in 1125 bytes} [Fri Jun 19 19:53:02 2026] GET /v2/images/a85a6928-52ea-48ca-86cf-ce2ff4ae1622/file => generated 21233664 bytes in 101 msecs (HTTP/1.1 200) 5 headers in 217 bytes (324 switches on core 0)
Jun 19 19:53:02.679964 np0000003311 devstack@g-api.service[98830]: DEBUG glance.api.middleware.version_negotiation [None req-e50d1a6f-a349-4073-9bb8-ea55a0f7267c tempest-ServerActionsTestOtherA-1139831456 tempest-ServerActionsTestOtherA-1139831456-project-member] Determining version of request: GET /v2/images/a85a6928-52ea-48ca-86cf-ce2ff4ae1622 Accept: */* {{(pid=98830) process_request /opt/stack/glance/glance/api/middleware/version_negotiation.py:44}}
Jun 19 19:53:02.680274 np0000003311 devstack@g-api.service[98830]: DEBUG glance.api.middleware.version_negotiation [None req-e50d1a6f-a349-4073-9bb8-ea55a0f7267c tempest-ServerActionsTestOtherA-1139831456 tempest-ServerActionsTestOtherA-1139831456-project-member] Using url versioning {{(pid=98830) process_request /opt/stack/glance/glance/api/middleware/version_negotiation.py:57}}
Jun 19 19:53:02.680445 np0000003311 devstack@g-api.service[98830]: DEBUG glance.api.middleware.version_negotiation [None req-e50d1a6f-a349-4073-9bb8-ea55a0f7267c tempest-ServerActionsTestOtherA-1139831456 tempest-ServerActionsTestOtherA-1139831456-project-member] Matched version: v2 {{(pid=98830) process_request /opt/stack/glance/glance/api/middleware/version_negotiation.py:69}}
Jun 19 19:53:02.680552 np0000003311 devstack@g-api.service[98830]: DEBUG glance.api.middleware.version_negotiation [None req-e50d1a6f-a349-4073-9bb8-ea55a0f7267c tempest-ServerActionsTestOtherA-1139831456 tempest-ServerActionsTestOtherA-1139831456-project-member] new path /v2/images/a85a6928-52ea-48ca-86cf-ce2ff4ae1622 {{(pid=98830) process_request /opt/stack/glance/glance/api/middleware/version_negotiation.py:70}}
Jun 19 19:53:02.692699 np0000003311 devstack@g-api.service[98830]: [pid: 98830|app: 0|req: 201/412] 127.0.0.1 () {44 vars in 1115 bytes} [Fri Jun 19 19:53:02 2026] GET /v2/images/a85a6928-52ea-48ca-86cf-ce2ff4ae1622 => generated 1044 bytes in 13 msecs (HTTP/1.1 200) 4 headers in 158 bytes (1 switches on core 0)
Jun 19 19:53:02.718382 np0000003311 devstack@g-api.service[98829]: DEBUG glance.api.middleware.version_negotiation [None req-e50d1a6f-a349-4073-9bb8-ea55a0f7267c tempest-ServerActionsTestOtherA-1139831456 tempest-ServerActionsTestOtherA-1139831456-project-member] Determining version of request: GET /v2/schemas/image Accept: */* {{(pid=98829) process_request /opt/stack/glance/glance/api/middleware/version_negotiation.py:44}}
Jun 19 19:53:02.718528 np0000003311 devstack@g-api.service[98829]: DEBUG glance.api.middleware.version_negotiation [None req-e50d1a6f-a349-4073-9bb8-ea55a0f7267c tempest-ServerActionsTestOtherA-1139831456 tempest-ServerActionsTestOtherA-1139831456-project-member] Using url versioning {{(pid=98829) process_request /opt/stack/glance/glance/api/middleware/version_negotiation.py:57}}
