Jun 19 19:43:50.273460 np0000003311 devstack@neutron-api.service[86791]: DEBUG neutron.plugins.ml2.drivers.ovn.mech_driver.ovsdb.ovsdb_monitor [None req-6fe28ac6-1644-4246-813e-494577fa10f0 None None] Hash Ring: Node 6158189c58045b2ebbcf022ba4d69d4e (host: np0000003311) handling event "update" for row db352310-0adb-42e0-949b-2ce8e06fed7c (table: Logical_Switch_Port) {{(pid=86791) notify /opt/stack/neutron/neutron/plugins/ml2/drivers/ovn/mech_driver/ovsdb/ovsdb_monitor.py:1015}}
Jun 19 19:43:50.273460 np0000003311 devstack@neutron-api.service[86791]: DEBUG neutron.plugins.ml2.drivers.ovn.mech_driver.ovsdb.ovsdb_monitor [-] Hash Ring: Node 6158189c58045b2ebbcf022ba4d69d4e (host: np0000003311) handling event "create" for row 66309d12-7ad5-47d4-a67c-a1bd84a13830 (table: Port_Binding) {{(pid=86791) notify /opt/stack/neutron/neutron/plugins/ml2/drivers/ovn/mech_driver/ovsdb/ovsdb_monitor.py:1015}}
Jun 19 19:43:50.300981 np0000003311 devstack@neutron-api.service[86792]: INFO neutron.db.ovn_revision_numbers_db [None req-0cf67478-f7b4-4310-a6d0-a0c1e38e4c86 admin admin] Successfully bumped revision number for resource b99c9858-15b5-456f-b6db-49e295ad9cac (type: ports) to 1
Jun 19 19:43:50.415739 np0000003311 devstack@neutron-api.service[86792]: DEBUG neutron_lib.callbacks.manager [None req-0cf67478-f7b4-4310-a6d0-a0c1e38e4c86 admin admin] Publish callbacks [] for router_gateway (3d9405de-77ca-498d-bbb5-2c2d6af5b377), after_create {{(pid=86792) _notify_loop /opt/stack/data/venv/lib/python3.12/site-packages/neutron_lib/callbacks/manager.py:184}}
Jun 19 19:43:50.588174 np0000003311 devstack@neutron-api.service[86792]: DEBUG neutron_lib.callbacks.manager [None req-0cf67478-f7b4-4310-a6d0-a0c1e38e4c86 admin admin] Publish callbacks ['neutron.services.ovn_l3.plugin.ExtraGatewaysDbOnlyMixin._process_bfd_ecmp_update-1552446', 'neutron.services.ovn_l3.service_providers.driver_controller.DriverController._update_router_provider-52727'] for router (3d9405de-77ca-498d-bbb5-2c2d6af5b377), precommit_update {{(pid=86792) _notify_loop /opt/stack/data/venv/lib/python3.12/site-packages/neutron_lib/callbacks/manager.py:184}}
Jun 19 19:43:50.590942 np0000003311 devstack@neutron-api.service[86792]: DEBUG neutron_lib.callbacks.manager [None req-0cf67478-f7b4-4310-a6d0-a0c1e38e4c86 admin admin] Publish callbacks ['neutron.services.ovn_l3.service_providers.ovn.OvnDriver._process_router_update-720661'] for router (3d9405de-77ca-498d-bbb5-2c2d6af5b377), after_update {{(pid=86792) _notify_loop /opt/stack/data/venv/lib/python3.12/site-packages/neutron_lib/callbacks/manager.py:184}}
Jun 19 19:43:50.608571 np0000003311 devstack@neutron-api.service[86791]: DEBUG futurist.periodics [-] Submitting periodic callback 'neutron.plugins.ml2.drivers.ovn.mech_driver.ovsdb.maintenance.HashRingHealthCheckPeriodics.touch_hash_ring_node' {{(pid=86791) _process_scheduled /opt/stack/data/venv/lib/python3.12/site-packages/futurist/periodics.py:784}}
Jun 19 19:43:50.609175 np0000003311 devstack@neutron-api.service[86791]: DEBUG neutron.plugins.ml2.drivers.ovn.mech_driver.ovsdb.maintenance [-] Touching Hash Ring node "6158189c58045b2ebbcf022ba4d69d4e" from periodic health check thread {{(pid=86791) touch_hash_ring_node /opt/stack/neutron/neutron/plugins/ml2/drivers/ovn/mech_driver/ovsdb/maintenance.py:1419}}
Jun 19 19:43:50.999720 np0000003311 devstack@neutron-api.service[86792]: DEBUG ovsdbapp.backend.ovs_idl.transaction [-] Running txn n=1 command(idx=0): CheckRevisionNumberCommand(_result=None, name=neutron-3d9405de-77ca-498d-bbb5-2c2d6af5b377, resource={'id': '3d9405de-77ca-498d-bbb5-2c2d6af5b377', 'name': 'router1', 'project_id': 'b3e148670f87451ca23df87fbdd3469e', 'admin_state_up': True, 'status': 'ACTIVE', 'enable_snat': True, 'external_gateway_info': {'network_id': '389507b0-afd4-4cf8-808d-1924b918b5a1', 'external_fixed_ips': [{'subnet_id': '7e2fa5d6-9783-46fb-80a9-74fa7467a4fb', 'ip_address': '172.24.5.8'}], 'enable_snat': True}, 'gw_port_id': 'b99c9858-15b5-456f-b6db-49e295ad9cac', 'description': '', 'availability_zones': [], 'distributed': False, 'ha': True, 'ha_vr_id': 0, 'availability_zone_hints': [], 'enable_default_route_ecmp': False, 'enable_default_route_bfd': False, 'external_gateways': [{'network_id': '389507b0-afd4-4cf8-808d-1924b918b5a1', 'external_fixed_ips': [{'ip_address': '172.24.5.8', 'subnet_id': '7e2fa5d6-9783-46fb-80a9-74fa7467a4fb'}]}], 'routes': [], 'flavor_id': None, 'tags': [], 'created_at': '2026-06-19T19:43:46Z', 'updated_at': '2026-06-19T19:43:50Z', 'revision_number': 3, 'tenant_id': 'b3e148670f87451ca23df87fbdd3469e'}, resource_type=routers, if_exists=True) {{(pid=86792) do_commit /opt/stack/data/venv/lib/python3.12/site-packages/ovsdbapp/backend/ovs_idl/transaction.py:89}}
Jun 19 19:43:50.999935 np0000003311 devstack@neutron-api.service[86792]: DEBUG ovsdbapp.backend.ovs_idl.transaction [-] Running txn n=1 command(idx=1): DeleteLRouterExtGwCommand(_result=None, lrouter=neutron-3d9405de-77ca-498d-bbb5-2c2d6af5b377, if_exists=True, maintain_bfd=True) {{(pid=86792) do_commit /opt/stack/data/venv/lib/python3.12/site-packages/ovsdbapp/backend/ovs_idl/transaction.py:89}}
Jun 19 19:43:51.000261 np0000003311 devstack@neutron-api.service[86792]: DEBUG ovsdbapp.backend.ovs_idl.transaction [-] Running txn n=1 command(idx=2): DeleteNATRuleInLRouterCommand(_result=None, lrouter=neutron-3d9405de-77ca-498d-bbb5-2c2d6af5b377, type=snat, logical_ip=10.1.0.0/26, external_ip=172.24.5.8, if_exists=True) {{(pid=86792) do_commit /opt/stack/data/venv/lib/python3.12/site-packages/ovsdbapp/backend/ovs_idl/transaction.py:89}}
Jun 19 19:43:51.000371 np0000003311 devstack@neutron-api.service[86792]: DEBUG ovsdbapp.backend.ovs_idl.transaction [-] Running txn n=1 command(idx=3): DelStaticRoutesCommand(_result=None, lrouter=neutron-3d9405de-77ca-498d-bbb5-2c2d6af5b377, routes=[('0.0.0.0/0', '172.24.5.1')], if_exists=True) {{(pid=86792) do_commit /opt/stack/data/venv/lib/python3.12/site-packages/ovsdbapp/backend/ovs_idl/transaction.py:89}}
Jun 19 19:43:51.000486 np0000003311 devstack@neutron-api.service[86792]: DEBUG ovsdbapp.backend.ovs_idl.transaction [-] Running txn n=1 command(idx=4): DelLRouterPortCommand(_result=None, name=lrp-b99c9858-15b5-456f-b6db-49e295ad9cac, lrouter=neutron-3d9405de-77ca-498d-bbb5-2c2d6af5b377, if_exists=True) {{(pid=86792) do_commit /opt/stack/data/venv/lib/python3.12/site-packages/ovsdbapp/backend/ovs_idl/transaction.py:89}}
Jun 19 19:43:51.000594 np0000003311 devstack@neutron-api.service[86792]: DEBUG ovsdbapp.backend.ovs_idl.transaction [-] Running txn n=1 command(idx=5): AddLRouterPortCommand(_result=None, name=lrp-b99c9858-15b5-456f-b6db-49e295ad9cac, lrouter=neutron-3d9405de-77ca-498d-bbb5-2c2d6af5b377, may_exist=True, columns={'mac': 'fa:16:3e:59:eb:ff', 'networks': ['172.24.5.8/24'], 'external_ids': {'neutron:revision_number': '1', 'neutron:subnet_ids': '7e2fa5d6-9783-46fb-80a9-74fa7467a4fb', 'neutron:network_name': 'neutron-389507b0-afd4-4cf8-808d-1924b918b5a1', 'neutron:is_ext_gw': 'True', 'neutron:router_name': 'neutron-3d9405de-77ca-498d-bbb5-2c2d6af5b377'}, 'options': {'reside-on-redirect-chassis': 'true', 'gateway_mtu': '1372'}}) {{(pid=86792) do_commit /opt/stack/data/venv/lib/python3.12/site-packages/ovsdbapp/backend/ovs_idl/transaction.py:89}}
Jun 19 19:43:51.000898 np0000003311 devstack@neutron-api.service[86792]: DEBUG ovsdbapp.backend.ovs_idl.transaction [-] Running txn n=1 command(idx=6): ScheduleNewGatewayCommand(_result=None, g_name=lrp-b99c9858-15b5-456f-b6db-49e295ad9cac, sb_api=, lrouter_name=neutron-3d9405de-77ca-498d-bbb5-2c2d6af5b377, ovn_client=, scheduler=, physnet=public, az_hints=[]) {{(pid=86792) do_commit /opt/stack/data/venv/lib/python3.12/site-packages/ovsdbapp/backend/ovs_idl/transaction.py:89}}
Jun 19 19:43:51.001387 np0000003311 devstack@neutron-api.service[86792]: DEBUG neutron.plugins.ml2.drivers.ovn.mech_driver.ovsdb.ovn_client [-] Chassis candidates for scheduling gateway router ports for "public" physical network: ['a2bc4c9f-5114-4db9-bc43-8bd03358f825'] {{(pid=86792) get_candidates_for_scheduling /opt/stack/neutron/neutron/plugins/ml2/drivers/ovn/mech_driver/ovsdb/ovn_client.py:1753}}
Jun 19 19:43:51.001720 np0000003311 devstack@neutron-api.service[86792]: DEBUG neutron.scheduler.l3_ovn_scheduler [-] Gateway lrp-b99c9858-15b5-456f-b6db-49e295ad9cac scheduled on chassis ['a2bc4c9f-5114-4db9-bc43-8bd03358f825'] {{(pid=86792) _schedule_gateway /opt/stack/neutron/neutron/scheduler/l3_ovn_scheduler.py:88}}
Jun 19 19:43:51.002005 np0000003311 devstack@neutron-api.service[86792]: DEBUG ovsdbapp.backend.ovs_idl.transaction [-] Running txn n=1 command(idx=7): SetLRouterPortInLSwitchPortCommand(_result=None, lswitch_port=b99c9858-15b5-456f-b6db-49e295ad9cac, lrouter_port=lrp-b99c9858-15b5-456f-b6db-49e295ad9cac, is_gw_port=True, if_exists=True, lsp_address=router) {{(pid=86792) do_commit /opt/stack/data/venv/lib/python3.12/site-packages/ovsdbapp/backend/ovs_idl/transaction.py:89}}
Jun 19 19:43:51.002186 np0000003311 devstack@neutron-api.service[86792]: DEBUG ovsdbapp.backend.ovs_idl.transaction [-] Running txn n=1 command(idx=8): AddStaticRouteCommand(_result=None, lrouter=neutron-3d9405de-77ca-498d-bbb5-2c2d6af5b377, maintain_bfd=False, columns={'ip_prefix': '0.0.0.0/0', 'nexthop': '172.24.5.1', 'external_ids': {'neutron:is_ext_gw': 'true', 'neutron:subnet_id': '7e2fa5d6-9783-46fb-80a9-74fa7467a4fb', 'neutron:is_static_route': 'true'}}) {{(pid=86792) do_commit /opt/stack/data/venv/lib/python3.12/site-packages/ovsdbapp/backend/ovs_idl/transaction.py:89}}
Jun 19 19:43:51.002353 np0000003311 devstack@neutron-api.service[86792]: DEBUG ovsdbapp.backend.ovs_idl.transaction [-] Running txn n=1 command(idx=9): AddNATRuleInLRouterCommand(_result=None, lrouter=neutron-3d9405de-77ca-498d-bbb5-2c2d6af5b377, nat_uuid=None, columns={'type': 'snat', 'logical_ip': '10.1.0.0/26', 'external_ip': '172.24.5.8'}) {{(pid=86792) do_commit /opt/stack/data/venv/lib/python3.12/site-packages/ovsdbapp/backend/ovs_idl/transaction.py:89}}
Jun 19 19:43:51.002534 np0000003311 devstack@neutron-api.service[86792]: DEBUG ovsdbapp.backend.ovs_idl.transaction [-] Running txn n=1 command(idx=10): UpdateLRouterCommand(_result=None, name=neutron-3d9405de-77ca-498d-bbb5-2c2d6af5b377, columns={'external_ids': {'neutron:router_name': 'router1', 'neutron:revision_number': '3', 'neutron:availability_zone_hints': ''}, 'enabled': True}, if_exists=True) {{(pid=86792) do_commit /opt/stack/data/venv/lib/python3.12/site-packages/ovsdbapp/backend/ovs_idl/transaction.py:89}}
Jun 19 19:43:51.002725 np0000003311 devstack@neutron-api.service[86792]: DEBUG ovsdbapp.backend.ovs_idl.transaction [-] Running txn n=1 command(idx=11): QoSDelCommand(_result=None, switch=neutron-389507b0-afd4-4cf8-808d-1924b918b5a1, conditions=[('direction', '=', 'from-lport'), ('priority', '=', 2002), ('match', '=', 'inport == "b99c9858-15b5-456f-b6db-49e295ad9cac"')], if_exists=True) {{(pid=86792) do_commit /opt/stack/data/venv/lib/python3.12/site-packages/ovsdbapp/backend/ovs_idl/transaction.py:89}}
Jun 19 19:43:51.002842 np0000003311 devstack@neutron-api.service[86792]: DEBUG ovsdbapp.backend.ovs_idl.transaction [-] Running txn n=1 command(idx=12): QoSDelCommand(_result=None, switch=neutron-389507b0-afd4-4cf8-808d-1924b918b5a1, conditions=[('direction', '=', 'to-lport'), ('priority', '=', 2002), ('match', '=', 'outport == "b99c9858-15b5-456f-b6db-49e295ad9cac"')], if_exists=True) {{(pid=86792) do_commit /opt/stack/data/venv/lib/python3.12/site-packages/ovsdbapp/backend/ovs_idl/transaction.py:89}}
Jun 19 19:43:51.007354 np0000003311 devstack@neutron-api.service[86792]: DEBUG neutron.plugins.ml2.drivers.ovn.mech_driver.ovsdb.ovsdb_monitor [None req-963b0540-2721-4f22-94ed-83e0799cbda4 None None] Touching Hash Ring node "c00fd0e51cd25bf79ee89af61fa6cf05" from IDL notify handler {{(pid=86792) notify /opt/stack/neutron/neutron/plugins/ml2/drivers/ovn/mech_driver/ovsdb/ovsdb_monitor.py:1007}}
Jun 19 19:43:51.008034 np0000003311 devstack@neutron-api.service[86791]: DEBUG neutron.plugins.ml2.drivers.ovn.mech_driver.ovsdb.ovsdb_monitor [None req-6fe28ac6-1644-4246-813e-494577fa10f0 None None] Touching Hash Ring node "6158189c58045b2ebbcf022ba4d69d4e" from IDL notify handler {{(pid=86791) notify /opt/stack/neutron/neutron/plugins/ml2/drivers/ovn/mech_driver/ovsdb/ovsdb_monitor.py:1007}}
Jun 19 19:43:51.011133 np0000003311 devstack@neutron-api.service[86791]: DEBUG neutron.plugins.ml2.drivers.ovn.mech_driver.ovsdb.ovsdb_monitor [None req-6fe28ac6-1644-4246-813e-494577fa10f0 None None] Hash Ring: Node 6158189c58045b2ebbcf022ba4d69d4e (host: np0000003311) handling event "create" for row f74eb8c6-c12e-4eaa-af6f-ba1c3feb2d06 (table: HA_Chassis) {{(pid=86791) notify /opt/stack/neutron/neutron/plugins/ml2/drivers/ovn/mech_driver/ovsdb/ovsdb_monitor.py:1015}}
Jun 19 19:43:51.012096 np0000003311 devstack@neutron-api.service[86791]: DEBUG neutron.plugins.ml2.drivers.ovn.mech_driver.ovsdb.ovsdb_monitor [None req-6fe28ac6-1644-4246-813e-494577fa10f0 None None] Touching Hash Ring node "6158189c58045b2ebbcf022ba4d69d4e" from IDL notify handler {{(pid=86791) notify /opt/stack/neutron/neutron/plugins/ml2/drivers/ovn/mech_driver/ovsdb/ovsdb_monitor.py:1007}}
Jun 19 19:43:51.017156 np0000003311 devstack@neutron-api.service[86791]: DEBUG neutron.plugins.ml2.drivers.ovn.mech_driver.ovsdb.ovsdb_monitor [None req-6fe28ac6-1644-4246-813e-494577fa10f0 None None] Hash Ring: Node 6158189c58045b2ebbcf022ba4d69d4e (host: np0000003311) handling event "create" for row d3ce976b-ede6-4dd5-9dc5-53930a839113 (table: HA_Chassis_Group) {{(pid=86791) notify /opt/stack/neutron/neutron/plugins/ml2/drivers/ovn/mech_driver/ovsdb/ovsdb_monitor.py:1015}}
Jun 19 19:43:51.017679 np0000003311 devstack@neutron-api.service[86791]: DEBUG neutron.plugins.ml2.drivers.ovn.mech_driver.ovsdb.ovsdb_monitor [None req-6fe28ac6-1644-4246-813e-494577fa10f0 None None] Touching Hash Ring node "6158189c58045b2ebbcf022ba4d69d4e" from IDL notify handler {{(pid=86791) notify /opt/stack/neutron/neutron/plugins/ml2/drivers/ovn/mech_driver/ovsdb/ovsdb_monitor.py:1007}}
Jun 19 19:43:51.022476 np0000003311 devstack@neutron-api.service[86791]: DEBUG neutron.plugins.ml2.drivers.ovn.mech_driver.ovsdb.ovsdb_monitor [None req-f92af2cf-4209-407b-94d1-d677bdca5c07 None None] Touching Hash Ring node "6158189c58045b2ebbcf022ba4d69d4e" from IDL notify handler {{(pid=86791) notify /opt/stack/neutron/neutron/plugins/ml2/drivers/ovn/mech_driver/ovsdb/ovsdb_monitor.py:1007}}
Jun 19 19:43:51.023949 np0000003311 devstack@neutron-api.service[86791]: DEBUG neutron.plugins.ml2.drivers.ovn.mech_driver.ovsdb.ovsdb_monitor [None req-6fe28ac6-1644-4246-813e-494577fa10f0 None None] Hash Ring: Node 6158189c58045b2ebbcf022ba4d69d4e (host: np0000003311) handling event "update" for row 7ea154fd-130e-4243-a04b-3d023d325b44 (table: Logical_Router) {{(pid=86791) notify /opt/stack/neutron/neutron/plugins/ml2/drivers/ovn/mech_driver/ovsdb/ovsdb_monitor.py:1015}}
Jun 19 19:43:51.024767 np0000003311 devstack@neutron-api.service[86791]: DEBUG neutron.plugins.ml2.drivers.ovn.mech_driver.ovsdb.ovsdb_monitor [None req-6fe28ac6-1644-4246-813e-494577fa10f0 None None] Touching Hash Ring node "6158189c58045b2ebbcf022ba4d69d4e" from IDL notify handler {{(pid=86791) notify /opt/stack/neutron/neutron/plugins/ml2/drivers/ovn/mech_driver/ovsdb/ovsdb_monitor.py:1007}}
Jun 19 19:43:51.027190 np0000003311 devstack@neutron-api.service[86792]: DEBUG neutron.plugins.ml2.drivers.ovn.mech_driver.ovsdb.ovsdb_monitor [None req-f1d74f72-b015-4c74-8193-90b6dedc521f None None] Touching Hash Ring node "c00fd0e51cd25bf79ee89af61fa6cf05" from IDL notify handler {{(pid=86792) notify /opt/stack/neutron/neutron/plugins/ml2/drivers/ovn/mech_driver/ovsdb/ovsdb_monitor.py:1007}}
Jun 19 19:43:51.028952 np0000003311 devstack@neutron-api.service[86791]: DEBUG neutron.plugins.ml2.drivers.ovn.mech_driver.ovsdb.ovsdb_monitor [None req-6fe28ac6-1644-4246-813e-494577fa10f0 None None] Hash Ring: Node 6158189c58045b2ebbcf022ba4d69d4e (host: np0000003311) handling event "create" for row faeba105-4d2c-4fbd-ad2e-fd7552ba52f6 (table: Logical_Router_Port) {{(pid=86791) notify /opt/stack/neutron/neutron/plugins/ml2/drivers/ovn/mech_driver/ovsdb/ovsdb_monitor.py:1015}}
Jun 19 19:43:51.030365 np0000003311 devstack@neutron-api.service[86791]: DEBUG ovsdbapp.backend.ovs_idl.event [None req-6fe28ac6-1644-4246-813e-494577fa10f0 None None] Matched CREATE: LogicalRouterPortEvent(events=('create', 'delete'), table='Logical_Router_Port', conditions=None, old_conditions=None), priority=20 to row=Logical_Router_Port(uuid=faeba105-4d2c-4fbd-ad2e-fd7552ba52f6, enabled=[], external_ids={'neutron:is_ext_gw': 'True', 'neutron:network_name': 'neutron-389507b0-afd4-4cf8-808d-1924b918b5a1', 'neutron:revision_number': '1', 'neutron:router_name': 'neutron-3d9405de-77ca-498d-bbb5-2c2d6af5b377', 'neutron:subnet_ids': '7e2fa5d6-9783-46fb-80a9-74fa7467a4fb'}, gateway_chassis=[], ha_chassis_group=d3ce976b-ede6-4dd5-9dc5-53930a839113, ipv6_prefix=[], ipv6_ra_configs={}, mac='fa:16:3e:59:eb:ff', name='lrp-b99c9858-15b5-456f-b6db-49e295ad9cac', networks=['172.24.5.8/24'], options={'gateway_mtu': '1372', 'reside-on-redirect-chassis': 'true'}, peer=[], status={}) old= {{(pid=86791) matches /opt/stack/data/venv/lib/python3.12/site-packages/ovsdbapp/backend/ovs_idl/event.py:55}}
Jun 19 19:43:51.032520 np0000003311 devstack@neutron-api.service[86791]: DEBUG neutron.plugins.ml2.drivers.ovn.mech_driver.ovsdb.ovsdb_monitor [None req-f92af2cf-4209-407b-94d1-d677bdca5c07 None None] Hash Ring: Node 6158189c58045b2ebbcf022ba4d69d4e (host: np0000003311) handling event "update" for row 66309d12-7ad5-47d4-a67c-a1bd84a13830 (table: Port_Binding) {{(pid=86791) notify /opt/stack/neutron/neutron/plugins/ml2/drivers/ovn/mech_driver/ovsdb/ovsdb_monitor.py:1015}}
Jun 19 19:43:51.033267 np0000003311 devstack@neutron-api.service[86791]: DEBUG neutron.plugins.ml2.drivers.ovn.mech_driver.ovsdb.ovsdb_monitor [None req-6fe28ac6-1644-4246-813e-494577fa10f0 None None] Touching Hash Ring node "6158189c58045b2ebbcf022ba4d69d4e" from IDL notify handler {{(pid=86791) notify /opt/stack/neutron/neutron/plugins/ml2/drivers/ovn/mech_driver/ovsdb/ovsdb_monitor.py:1007}}
Jun 19 19:43:51.035172 np0000003311 devstack@neutron-api.service[86791]: DEBUG neutron.plugins.ml2.drivers.ovn.mech_driver.ovsdb.ovsdb_monitor [None req-f92af2cf-4209-407b-94d1-d677bdca5c07 None None] Touching Hash Ring node "6158189c58045b2ebbcf022ba4d69d4e" from IDL notify handler {{(pid=86791) notify /opt/stack/neutron/neutron/plugins/ml2/drivers/ovn/mech_driver/ovsdb/ovsdb_monitor.py:1007}}
Jun 19 19:43:51.037577 np0000003311 devstack@neutron-api.service[86791]: DEBUG neutron.plugins.ml2.drivers.ovn.mech_driver.ovsdb.ovsdb_monitor [None req-6fe28ac6-1644-4246-813e-494577fa10f0 None None] Hash Ring: Node 6158189c58045b2ebbcf022ba4d69d4e (host: np0000003311) handling event "create" for row 5d0fdb47-4a29-4cd0-9857-a6bd4d494514 (table: Logical_Router_Static_Route) {{(pid=86791) notify /opt/stack/neutron/neutron/plugins/ml2/drivers/ovn/mech_driver/ovsdb/ovsdb_monitor.py:1015}}
Jun 19 19:43:51.039043 np0000003311 devstack@neutron-api.service[86791]: DEBUG neutron.plugins.ml2.drivers.ovn.mech_driver.ovsdb.ovsdb_monitor [None req-f92af2cf-4209-407b-94d1-d677bdca5c07 None None] Hash Ring: Node 6158189c58045b2ebbcf022ba4d69d4e (host: np0000003311) handling event "create" for row c20f9681-3805-4889-8c6f-3810bc972d2a (table: Port_Binding) {{(pid=86791) notify /opt/stack/neutron/neutron/plugins/ml2/drivers/ovn/mech_driver/ovsdb/ovsdb_monitor.py:1015}}
Jun 19 19:43:51.039596 np0000003311 devstack@neutron-api.service[86791]: DEBUG neutron.plugins.ml2.drivers.ovn.mech_driver.ovsdb.ovsdb_monitor [None req-6fe28ac6-1644-4246-813e-494577fa10f0 None None] Touching Hash Ring node "6158189c58045b2ebbcf022ba4d69d4e" from IDL notify handler {{(pid=86791) notify /opt/stack/neutron/neutron/plugins/ml2/drivers/ovn/mech_driver/ovsdb/ovsdb_monitor.py:1007}}
Jun 19 19:43:51.041330 np0000003311 devstack@neutron-api.service[86791]: DEBUG neutron.plugins.ml2.drivers.ovn.mech_driver.ovsdb.ovsdb_monitor [None req-f92af2cf-4209-407b-94d1-d677bdca5c07 None None] Touching Hash Ring node "6158189c58045b2ebbcf022ba4d69d4e" from IDL notify handler {{(pid=86791) notify /opt/stack/neutron/neutron/plugins/ml2/drivers/ovn/mech_driver/ovsdb/ovsdb_monitor.py:1007}}
Jun 19 19:43:51.043456 np0000003311 devstack@neutron-api.service[86791]: DEBUG neutron.plugins.ml2.drivers.ovn.mech_driver.ovsdb.ovsdb_monitor [None req-6fe28ac6-1644-4246-813e-494577fa10f0 None None] Hash Ring: Node 6158189c58045b2ebbcf022ba4d69d4e (host: np0000003311) handling event "update" for row db352310-0adb-42e0-949b-2ce8e06fed7c (table: Logical_Switch_Port) {{(pid=86791) notify /opt/stack/neutron/neutron/plugins/ml2/drivers/ovn/mech_driver/ovsdb/ovsdb_monitor.py:1015}}
Jun 19 19:43:51.045246 np0000003311 devstack@neutron-api.service[86791]: DEBUG neutron.plugins.ml2.drivers.ovn.mech_driver.ovsdb.ovsdb_monitor [None req-6fe28ac6-1644-4246-813e-494577fa10f0 None None] Touching Hash Ring node "6158189c58045b2ebbcf022ba4d69d4e" from IDL notify handler {{(pid=86791) notify /opt/stack/neutron/neutron/plugins/ml2/drivers/ovn/mech_driver/ovsdb/ovsdb_monitor.py:1007}}
Jun 19 19:43:51.046242 np0000003311 devstack@neutron-api.service[86791]: DEBUG neutron.plugins.ml2.drivers.ovn.mech_driver.ovsdb.ovsdb_monitor [None req-f92af2cf-4209-407b-94d1-d677bdca5c07 None None] Hash Ring: Node 6158189c58045b2ebbcf022ba4d69d4e (host: np0000003311) handling event "create" for row cf1055f8-e419-4e02-9c1d-d9386c3a9ce7 (table: Port_Binding) {{(pid=86791) notify /opt/stack/neutron/neutron/plugins/ml2/drivers/ovn/mech_driver/ovsdb/ovsdb_monitor.py:1015}}
Jun 19 19:43:51.048233 np0000003311 devstack@neutron-api.service[86791]: DEBUG neutron.plugins.ml2.drivers.ovn.mech_driver.ovsdb.ovsdb_monitor [None req-6fe28ac6-1644-4246-813e-494577fa10f0 None None] Hash Ring: Node 6158189c58045b2ebbcf022ba4d69d4e (host: np0000003311) handling event "create" for row a0785552-30ef-416c-af7b-f0372b24e787 (table: NAT) {{(pid=86791) notify /opt/stack/neutron/neutron/plugins/ml2/drivers/ovn/mech_driver/ovsdb/ovsdb_monitor.py:1015}}
Jun 19 19:43:51.049490 np0000003311 devstack@neutron-api.service[86791]: DEBUG neutron.plugins.ml2.drivers.ovn.mech_driver.ovsdb.ovsdb_monitor [None req-6fe28ac6-1644-4246-813e-494577fa10f0 None None] Touching Hash Ring node "6158189c58045b2ebbcf022ba4d69d4e" from IDL notify handler {{(pid=86791) notify /opt/stack/neutron/neutron/plugins/ml2/drivers/ovn/mech_driver/ovsdb/ovsdb_monitor.py:1007}}
Jun 19 19:43:51.051543 np0000003311 devstack@neutron-api.service[86791]: DEBUG neutron.plugins.ml2.drivers.ovn.mech_driver.ovsdb.ovsdb_monitor [None req-6fe28ac6-1644-4246-813e-494577fa10f0 None None] Hash Ring: Node 6158189c58045b2ebbcf022ba4d69d4e (host: np0000003311) handling event "update" for row db352310-0adb-42e0-949b-2ce8e06fed7c (table: Logical_Switch_Port) {{(pid=86791) notify /opt/stack/neutron/neutron/plugins/ml2/drivers/ovn/mech_driver/ovsdb/ovsdb_monitor.py:1015}}
Jun 19 19:43:51.052766 np0000003311 devstack@neutron-api.service[86791]: DEBUG ovsdbapp.backend.ovs_idl.event [None req-6fe28ac6-1644-4246-813e-494577fa10f0 None None] Matched UPDATE: LogicalSwitchPortUpdateUpEvent(events=('update',), table='Logical_Switch_Port', conditions=None, old_conditions=None), priority=20 to row=Logical_Switch_Port(uuid=db352310-0adb-42e0-949b-2ce8e06fed7c, addresses=['router'], dhcpv4_options=[], dhcpv6_options=[], dynamic_addresses=[], enabled=True, external_ids={'neutron:cidrs': '172.24.5.8/24', 'neutron:device_id': '3d9405de-77ca-498d-bbb5-2c2d6af5b377', 'neutron:device_owner': 'network:router_gateway', 'neutron:mtu': '', 'neutron:network_name': 'neutron-389507b0-afd4-4cf8-808d-1924b918b5a1', 'neutron:port_capabilities': '', 'neutron:port_name': '', 'neutron:project_id': '', 'neutron:revision_number': '1', 'neutron:security_group_ids': '', 'neutron:subnet_pool_addr_scope4': '', 'neutron:subnet_pool_addr_scope6': '', 'neutron:vnic_type': 'normal'}, ha_chassis_group=[], mirror_rules=[], name='b99c9858-15b5-456f-b6db-49e295ad9cac', options={'exclude-lb-vips-from-garp': 'true', 'nat-addresses': 'router', 'router-port': 'lrp-b99c9858-15b5-456f-b6db-49e295ad9cac'}, parent_name=[], port_security=[], tag=[], tag_request=[], type='router', up=True) old=Logical_Switch_Port(uuid=db352310-0adb-42e0-949b-2ce8e06fed7c, up=False) {{(pid=86791) matches /opt/stack/data/venv/lib/python3.12/site-packages/ovsdbapp/backend/ovs_idl/event.py:55}}
Jun 19 19:43:51.053485 np0000003311 devstack@neutron-api.service[86792]: DEBUG neutron.plugins.ml2.drivers.ovn.mech_driver.ovsdb.ovsdb_monitor [None req-963b0540-2721-4f22-94ed-83e0799cbda4 None None] Hash Ring: Node c00fd0e51cd25bf79ee89af61fa6cf05 (host: np0000003311) handling event "create" for row f74eb8c6-c12e-4eaa-af6f-ba1c3feb2d06 (table: HA_Chassis) {{(pid=86792) notify /opt/stack/neutron/neutron/plugins/ml2/drivers/ovn/mech_driver/ovsdb/ovsdb_monitor.py:1015}}
Jun 19 19:43:51.054118 np0000003311 devstack@neutron-api.service[86791]: DEBUG neutron.plugins.ml2.drivers.ovn.mech_driver.ovsdb.ovsdb_monitor [None req-6fe28ac6-1644-4246-813e-494577fa10f0 None None] Touching Hash Ring node "6158189c58045b2ebbcf022ba4d69d4e" from IDL notify handler {{(pid=86791) notify /opt/stack/neutron/neutron/plugins/ml2/drivers/ovn/mech_driver/ovsdb/ovsdb_monitor.py:1007}}
Jun 19 19:43:51.054417 np0000003311 devstack@neutron-api.service[86792]: DEBUG neutron.plugins.ml2.drivers.ovn.mech_driver.ovsdb.ovsdb_monitor [None req-963b0540-2721-4f22-94ed-83e0799cbda4 None None] Touching Hash Ring node "c00fd0e51cd25bf79ee89af61fa6cf05" from IDL notify handler {{(pid=86792) notify /opt/stack/neutron/neutron/plugins/ml2/drivers/ovn/mech_driver/ovsdb/ovsdb_monitor.py:1007}}
Jun 19 19:43:51.056288 np0000003311 devstack@neutron-api.service[86791]: DEBUG neutron.plugins.ml2.drivers.ovn.mech_driver.ovsdb.ovsdb_monitor [None req-6fe28ac6-1644-4246-813e-494577fa10f0 None None] Hash Ring: Node 6158189c58045b2ebbcf022ba4d69d4e (host: np0000003311) handling event "update" for row faeba105-4d2c-4fbd-ad2e-fd7552ba52f6 (table: Logical_Router_Port) {{(pid=86791) notify /opt/stack/neutron/neutron/plugins/ml2/drivers/ovn/mech_driver/ovsdb/ovsdb_monitor.py:1015}}
Jun 19 19:43:51.057198 np0000003311 devstack@neutron-api.service[86792]: DEBUG neutron.plugins.ml2.drivers.ovn.mech_driver.ovsdb.ovsdb_monitor [None req-963b0540-2721-4f22-94ed-83e0799cbda4 None None] Hash Ring: Node c00fd0e51cd25bf79ee89af61fa6cf05 (host: np0000003311) handling event "create" for row d3ce976b-ede6-4dd5-9dc5-53930a839113 (table: HA_Chassis_Group) {{(pid=86792) notify /opt/stack/neutron/neutron/plugins/ml2/drivers/ovn/mech_driver/ovsdb/ovsdb_monitor.py:1015}}
Jun 19 19:43:51.057916 np0000003311 devstack@neutron-api.service[86792]: DEBUG neutron.plugins.ml2.drivers.ovn.mech_driver.ovsdb.ovsdb_monitor [None req-963b0540-2721-4f22-94ed-83e0799cbda4 None None] Touching Hash Ring node "c00fd0e51cd25bf79ee89af61fa6cf05" from IDL notify handler {{(pid=86792) notify /opt/stack/neutron/neutron/plugins/ml2/drivers/ovn/mech_driver/ovsdb/ovsdb_monitor.py:1007}}
Jun 19 19:43:51.060063 np0000003311 devstack@neutron-api.service[86792]: DEBUG neutron.plugins.ml2.drivers.ovn.mech_driver.ovsdb.ovsdb_monitor [None req-963b0540-2721-4f22-94ed-83e0799cbda4 None None] Hash Ring: Node c00fd0e51cd25bf79ee89af61fa6cf05 (host: np0000003311) handling event "update" for row 7ea154fd-130e-4243-a04b-3d023d325b44 (table: Logical_Router) {{(pid=86792) notify /opt/stack/neutron/neutron/plugins/ml2/drivers/ovn/mech_driver/ovsdb/ovsdb_monitor.py:1015}}
Jun 19 19:43:51.061131 np0000003311 devstack@neutron-api.service[86792]: DEBUG neutron.plugins.ml2.drivers.ovn.mech_driver.ovsdb.ovsdb_monitor [None req-963b0540-2721-4f22-94ed-83e0799cbda4 None None] Touching Hash Ring node "c00fd0e51cd25bf79ee89af61fa6cf05" from IDL notify handler {{(pid=86792) notify /opt/stack/neutron/neutron/plugins/ml2/drivers/ovn/mech_driver/ovsdb/ovsdb_monitor.py:1007}}
Jun 19 19:43:51.063695 np0000003311 devstack@neutron-api.service[86792]: DEBUG neutron.plugins.ml2.drivers.ovn.mech_driver.ovsdb.ovsdb_monitor [None req-963b0540-2721-4f22-94ed-83e0799cbda4 None None] Hash Ring: Node c00fd0e51cd25bf79ee89af61fa6cf05 (host: np0000003311) handling event "create" for row 5d0fdb47-4a29-4cd0-9857-a6bd4d494514 (table: Logical_Router_Static_Route) {{(pid=86792) notify /opt/stack/neutron/neutron/plugins/ml2/drivers/ovn/mech_driver/ovsdb/ovsdb_monitor.py:1015}}
Jun 19 19:43:51.065181 np0000003311 devstack@neutron-api.service[86792]: DEBUG neutron.plugins.ml2.drivers.ovn.mech_driver.ovsdb.ovsdb_monitor [None req-f1d74f72-b015-4c74-8193-90b6dedc521f None None] Hash Ring: Node c00fd0e51cd25bf79ee89af61fa6cf05 (host: np0000003311) handling event "create" for row c20f9681-3805-4889-8c6f-3810bc972d2a (table: Port_Binding) {{(pid=86792) notify /opt/stack/neutron/neutron/plugins/ml2/drivers/ovn/mech_driver/ovsdb/ovsdb_monitor.py:1015}}
Jun 19 19:43:51.065905 np0000003311 devstack@neutron-api.service[86792]: DEBUG neutron.plugins.ml2.drivers.ovn.mech_driver.ovsdb.ovsdb_monitor [None req-963b0540-2721-4f22-94ed-83e0799cbda4 None None] Touching Hash Ring node "c00fd0e51cd25bf79ee89af61fa6cf05" from IDL notify handler {{(pid=86792) notify /opt/stack/neutron/neutron/plugins/ml2/drivers/ovn/mech_driver/ovsdb/ovsdb_monitor.py:1007}}
Jun 19 19:43:51.067326 np0000003311 devstack@neutron-api.service[86792]: DEBUG neutron.plugins.ml2.drivers.ovn.mech_driver.ovsdb.ovsdb_monitor [None req-f1d74f72-b015-4c74-8193-90b6dedc521f None None] Touching Hash Ring node "c00fd0e51cd25bf79ee89af61fa6cf05" from IDL notify handler {{(pid=86792) notify /opt/stack/neutron/neutron/plugins/ml2/drivers/ovn/mech_driver/ovsdb/ovsdb_monitor.py:1007}}
Jun 19 19:43:51.070984 np0000003311 devstack@neutron-api.service[86792]: DEBUG neutron.plugins.ml2.drivers.ovn.mech_driver.ovsdb.ovsdb_monitor [None req-963b0540-2721-4f22-94ed-83e0799cbda4 None None] Hash Ring: Node c00fd0e51cd25bf79ee89af61fa6cf05 (host: np0000003311) handling event "create" for row a0785552-30ef-416c-af7b-f0372b24e787 (table: NAT) {{(pid=86792) notify /opt/stack/neutron/neutron/plugins/ml2/drivers/ovn/mech_driver/ovsdb/ovsdb_monitor.py:1015}}
Jun 19 19:43:51.072871 np0000003311 devstack@neutron-api.service[86792]: DEBUG neutron.plugins.ml2.drivers.ovn.mech_driver.ovsdb.ovsdb_monitor [None req-f1d74f72-b015-4c74-8193-90b6dedc521f None None] Hash Ring: Node c00fd0e51cd25bf79ee89af61fa6cf05 (host: np0000003311) handling event "create" for row cf1055f8-e419-4e02-9c1d-d9386c3a9ce7 (table: Port_Binding) {{(pid=86792) notify /opt/stack/neutron/neutron/plugins/ml2/drivers/ovn/mech_driver/ovsdb/ovsdb_monitor.py:1015}}
Jun 19 19:43:51.136089 np0000003311 devstack@neutron-api.service[86792]: INFO neutron.db.ovn_revision_numbers_db [None req-0cf67478-f7b4-4310-a6d0-a0c1e38e4c86 admin admin] Successfully bumped revision number for resource 3d9405de-77ca-498d-bbb5-2c2d6af5b377 (type: routers) to 3
Jun 19 19:43:51.157043 np0000003311 devstack@neutron-api.service[86792]: INFO neutron.db.ovn_revision_numbers_db [None req-0cf67478-f7b4-4310-a6d0-a0c1e38e4c86 admin admin] Successfully bumped revision number for resource b99c9858-15b5-456f-b6db-49e295ad9cac (type: router_ports) to 1
Jun 19 19:43:51.157226 np0000003311 devstack@neutron-api.service[86792]: DEBUG neutron.db.ovn_revision_numbers_db [None req-0cf67478-f7b4-4310-a6d0-a0c1e38e4c86 admin admin] delete_revision(b99c9858-15b5-456f-b6db-49e295ad9cac) {{(pid=86792) delete_revision /opt/stack/neutron/neutron/db/ovn_revision_numbers_db.py:112}}
Jun 19 19:43:51.166955 np0000003311 devstack@neutron-api.service[86792]: [pid: 86792|app: 0|req: 12/25] 10.4.3.227 () {68 vars in 1508 bytes} [Fri Jun 19 19:43:49 2026] PUT /networking/v2.0/routers/3d9405de-77ca-498d-bbb5-2c2d6af5b377/update_external_gateways => generated 1029 bytes in 1391 msecs (HTTP/1.1 200) 4 headers in 158 bytes (1 switches on core 0)
Jun 19 19:43:51.446424 np0000003311 devstack@neutron-api.service[86792]: DEBUG futurist.periodics [-] Submitting periodic callback 'neutron.plugins.ml2.drivers.ovn.mech_driver.ovsdb.maintenance.HashRingHealthCheckPeriodics.touch_hash_ring_node' {{(pid=86792) _process_scheduled /opt/stack/data/venv/lib/python3.12/site-packages/futurist/periodics.py:784}}
Jun 19 19:43:51.447511 np0000003311 devstack@neutron-api.service[86792]: DEBUG neutron.plugins.ml2.drivers.ovn.mech_driver.ovsdb.maintenance [-] Touching Hash Ring node "c00fd0e51cd25bf79ee89af61fa6cf05" from periodic health check thread {{(pid=86792) touch_hash_ring_node /opt/stack/neutron/neutron/plugins/ml2/drivers/ovn/mech_driver/ovsdb/maintenance.py:1419}}
Jun 19 19:43:51.609694 np0000003311 devstack@neutron-api.service[86791]: [pid: 86791|app: 0|req: 14/26] 10.4.3.227 () {64 vars in 1496 bytes} [Fri Jun 19 19:43:51 2026] GET /networking/v2.0/ports?device_owner=network%3Arouter_gateway&fields=id&fields=name&fields=mac_address&fields=fixed_ips&fields=status => generated 210 bytes in 40 msecs (HTTP/1.1 200) 4 headers in 157 bytes (1 switches on core 0)
Jun 19 19:43:51.834911 np0000003311 devstack@neutron-api.service[86792]: DEBUG neutron.pecan_wsgi.hooks.policy_enforcement [None req-ae0e36c5-830a-4033-8950-763cc5dbaaf9 admin admin] Attributes excluded by policy engine: ['standard_attr_id', 'shared'] {{(pid=86792) _exclude_attributes_by_policy /opt/stack/neutron/neutron/pecan_wsgi/hooks/policy_enforcement.py:259}}
Jun 19 19:43:51.835873 np0000003311 devstack@neutron-api.service[86792]: [pid: 86792|app: 0|req: 13/27] 10.4.3.227 () {64 vars in 1381 bytes} [Fri Jun 19 19:43:51 2026] GET /networking/v2.0/subnets/ff812f90-508e-4e64-87dc-7506637c4c30 => generated 730 bytes in 19 msecs (HTTP/1.1 200) 4 headers in 157 bytes (1 switches on core 0)
Jun 19 19:43:51.845111 np0000003311 devstack@neutron-api.service[86791]: DEBUG neutron.api.wsgi [None req-b64578ec-1719-467e-8e68-65c43d4dc477 admin admin] Missing Content-Type {{(pid=86791) get_content_type /opt/stack/neutron/neutron/api/wsgi.py:80}}
Jun 19 19:43:51.894937 np0000003311 devstack@neutron-api.service[86791]: [pid: 86791|app: 0|req: 15/28] 10.4.3.227 () {64 vars in 1381 bytes} [Fri Jun 19 19:43:51 2026] GET /networking/v2.0/routers/3d9405de-77ca-498d-bbb5-2c2d6af5b377 => generated 938 bytes in 51 msecs (HTTP/1.1 200) 4 headers in 157 bytes (1 switches on core 0)
Jun 19 19:43:52.037175 np0000003311 devstack@neutron-api.service[86792]: DEBUG neutron_lib.callbacks.manager [None req-e16c14db-6620-4dc4-b3c5-496eb81b2c8b admin admin] Publish callbacks ['neutron.plugins.ml2.plugin.SecurityGroupDbMixin._ensure_default_security_group_handler-147696'] for port (None), before_create {{(pid=86792) _notify_loop /opt/stack/data/venv/lib/python3.12/site-packages/neutron_lib/callbacks/manager.py:184}}
Jun 19 19:43:52.119648 np0000003311 devstack@neutron-api.service[86792]: DEBUG neutron.db.db_base_plugin_common [None req-e16c14db-6620-4dc4-b3c5-496eb81b2c8b admin admin] Allocated IP fdad:6ed1:5d33::1 (66ecd89f-71f4-4f3f-b89f-b0378017defb/ff812f90-508e-4e64-87dc-7506637c4c30/3bb05a39-ae82-41b9-afce-14e38337bd64) {{(pid=86792) _store_ip_allocation /opt/stack/neutron/neutron/db/db_base_plugin_common.py:131}}
Jun 19 19:43:52.168263 np0000003311 devstack@neutron-api.service[86792]: DEBUG neutron_lib.callbacks.manager [None req-e16c14db-6620-4dc4-b3c5-496eb81b2c8b admin admin] Publish callbacks ['neutron.plugins.ml2.drivers.ovn.mech_driver.mech_driver.OVNMechanismDriver._validate_allowed_address_pairs-2778325'] for allowed_address_pair (3bb05a39-ae82-41b9-afce-14e38337bd64), before_create {{(pid=86792) _notify_loop /opt/stack/data/venv/lib/python3.12/site-packages/neutron_lib/callbacks/manager.py:184}}
Jun 19 19:43:52.168833 np0000003311 devstack@neutron-api.service[86792]: DEBUG neutron_lib.callbacks.manager [None req-e16c14db-6620-4dc4-b3c5-496eb81b2c8b admin admin] Publish callbacks [] for port (3bb05a39-ae82-41b9-afce-14e38337bd64), precommit_create {{(pid=86792) _notify_loop /opt/stack/data/venv/lib/python3.12/site-packages/neutron_lib/callbacks/manager.py:184}}
Jun 19 19:43:52.168997 np0000003311 devstack@neutron-api.service[86792]: DEBUG neutron.plugins.ml2.drivers.ovn.mech_driver.mech_driver [None req-e16c14db-6620-4dc4-b3c5-496eb81b2c8b admin admin] No provisioning block for port 3bb05a39-ae82-41b9-afce-14e38337bd64 since it does not have a host {{(pid=86792) _is_port_provisioning_required /opt/stack/neutron/neutron/plugins/ml2/drivers/ovn/mech_driver/mech_driver.py:899}}
Jun 19 19:43:52.169108 np0000003311 devstack@neutron-api.service[86792]: DEBUG neutron.db.ovn_revision_numbers_db [None req-e16c14db-6620-4dc4-b3c5-496eb81b2c8b admin admin] create_initial_revision uuid=3bb05a39-ae82-41b9-afce-14e38337bd64, type=ports, rev=-1 {{(pid=86792) create_initial_revision /opt/stack/neutron/neutron/db/ovn_revision_numbers_db.py:98}}
Jun 19 19:43:52.231743 np0000003311 devstack@neutron-api.service[86792]: DEBUG neutron.db.ovn_revision_numbers_db [None req-e16c14db-6620-4dc4-b3c5-496eb81b2c8b admin admin] create_initial_revision uuid=3bb05a39-ae82-41b9-afce-14e38337bd64, type=router_ports, rev=-1 {{(pid=86792) create_initial_revision /opt/stack/neutron/neutron/db/ovn_revision_numbers_db.py:98}}
Jun 19 19:43:52.256762 np0000003311 devstack@neutron-api.service[86792]: DEBUG neutron_lib.callbacks.manager [None req-e16c14db-6620-4dc4-b3c5-496eb81b2c8b admin admin] Publish callbacks ['neutron.plugins.ml2.ovo_rpc._ObjectChangeHandler.handle_event-2518654'] for port (3bb05a39-ae82-41b9-afce-14e38337bd64), after_create {{(pid=86792) _notify_loop /opt/stack/data/venv/lib/python3.12/site-packages/neutron_lib/callbacks/manager.py:184}}
Jun 19 19:43:52.281314 np0000003311 devstack@neutron-api.service[86792]: DEBUG neutron.api.rpc.handlers.resources_rpc [None req-e16c14db-6620-4dc4-b3c5-496eb81b2c8b admin admin] Pushing event updated for resources: {'Port': ['ID=3bb05a39-ae82-41b9-afce-14e38337bd64,revision_number=1']} {{(pid=86792) push /opt/stack/neutron/neutron/api/rpc/handlers/resources_rpc.py:237}}
Jun 19 19:43:52.320427 np0000003311 devstack@neutron-api.service[86792]: DEBUG neutron.plugins.ml2.drivers.ovn.mech_driver.ovsdb.commands [None req-e16c14db-6620-4dc4-b3c5-496eb81b2c8b admin admin] Converting tag [] to a tag_request {{(pid=86792) _tag_column_to_tag_request /opt/stack/neutron/neutron/plugins/ml2/drivers/ovn/mech_driver/ovsdb/commands.py:205}}
Jun 19 19:43:52.321158 np0000003311 devstack@neutron-api.service[86792]: DEBUG ovsdbapp.backend.ovs_idl.transaction [None req-963b0540-2721-4f22-94ed-83e0799cbda4 None None] Running txn n=1 command(idx=0): AddLSwitchPortCommand(_result=None, lport=3bb05a39-ae82-41b9-afce-14e38337bd64, lswitch=neutron-66ecd89f-71f4-4f3f-b89f-b0378017defb, may_exist=True, network_uuid=66ecd89f-71f4-4f3f-b89f-b0378017defb, columns={'addresses': ['unknown'], 'external_ids': {'neutron:port_name': '', 'neutron:device_id': '3d9405de-77ca-498d-bbb5-2c2d6af5b377', 'neutron:project_id': 'b3e148670f87451ca23df87fbdd3469e', 'neutron:cidrs': 'fdad:6ed1:5d33::1/64', 'neutron:device_owner': 'network:router_interface', 'neutron:subnet_pool_addr_scope4': '', 'neutron:subnet_pool_addr_scope6': '', 'neutron:network_name': 'neutron-66ecd89f-71f4-4f3f-b89f-b0378017defb', 'neutron:security_group_ids': '', 'neutron:revision_number': '1', 'neutron:vnic_type': 'normal', 'neutron:port_capabilities': '', 'neutron:mtu': ''}, 'parent_name': [], 'enabled': True, 'options': {}, 'type': '', 'port_security': [], 'dhcpv4_options': [], 'dhcpv6_options': [], 'tag_request': []}) {{(pid=86792) do_commit /opt/stack/data/venv/lib/python3.12/site-packages/ovsdbapp/backend/ovs_idl/transaction.py:89}}
Jun 19 19:43:52.321600 np0000003311 devstack@neutron-api.service[86792]: DEBUG ovsdbapp.backend.ovs_idl.transaction [None req-963b0540-2721-4f22-94ed-83e0799cbda4 None None] Running txn n=1 command(idx=1): QoSDelCommand(_result=None, switch=neutron-66ecd89f-71f4-4f3f-b89f-b0378017defb, conditions=[('direction', '=', 'to-lport'), ('priority', '=', 2002), ('match', '=', 'outport == "3bb05a39-ae82-41b9-afce-14e38337bd64"')], if_exists=True) {{(pid=86792) do_commit /opt/stack/data/venv/lib/python3.12/site-packages/ovsdbapp/backend/ovs_idl/transaction.py:89}}
Jun 19 19:43:52.321785 np0000003311 devstack@neutron-api.service[86792]: DEBUG ovsdbapp.backend.ovs_idl.transaction [None req-963b0540-2721-4f22-94ed-83e0799cbda4 None None] Running txn n=1 command(idx=2): QoSDelCommand(_result=None, switch=neutron-66ecd89f-71f4-4f3f-b89f-b0378017defb, conditions=[('direction', '=', 'from-lport'), ('priority', '=', 2002), ('match', '=', 'inport == "3bb05a39-ae82-41b9-afce-14e38337bd64"')], if_exists=True) {{(pid=86792) do_commit /opt/stack/data/venv/lib/python3.12/site-packages/ovsdbapp/backend/ovs_idl/transaction.py:89}}
Jun 19 19:43:52.335262 np0000003311 devstack@neutron-api.service[86792]: DEBUG neutron.plugins.ml2.drivers.ovn.mech_driver.ovsdb.ovsdb_monitor [None req-963b0540-2721-4f22-94ed-83e0799cbda4 None None] Touching Hash Ring node "c00fd0e51cd25bf79ee89af61fa6cf05" from IDL notify handler {{(pid=86792) notify /opt/stack/neutron/neutron/plugins/ml2/drivers/ovn/mech_driver/ovsdb/ovsdb_monitor.py:1007}}
Jun 19 19:43:52.336572 np0000003311 devstack@neutron-api.service[86791]: DEBUG neutron.plugins.ml2.drivers.ovn.mech_driver.ovsdb.ovsdb_monitor [None req-6fe28ac6-1644-4246-813e-494577fa10f0 None None] Touching Hash Ring node "6158189c58045b2ebbcf022ba4d69d4e" from IDL notify handler {{(pid=86791) notify /opt/stack/neutron/neutron/plugins/ml2/drivers/ovn/mech_driver/ovsdb/ovsdb_monitor.py:1007}}
Jun 19 19:43:52.343049 np0000003311 devstack@neutron-api.service[86792]: DEBUG neutron.plugins.ml2.drivers.ovn.mech_driver.ovsdb.ovsdb_monitor [None req-963b0540-2721-4f22-94ed-83e0799cbda4 None None] Hash Ring: Node c00fd0e51cd25bf79ee89af61fa6cf05 (host: np0000003311) handling event "create" for row 3bda7c7b-3519-4b37-b6fa-04e302d07eac (table: Logical_Switch_Port) {{(pid=86792) notify /opt/stack/neutron/neutron/plugins/ml2/drivers/ovn/mech_driver/ovsdb/ovsdb_monitor.py:1015}}
Jun 19 19:43:52.343906 np0000003311 devstack@neutron-api.service[86792]: DEBUG ovsdbapp.backend.ovs_idl.event [None req-963b0540-2721-4f22-94ed-83e0799cbda4 None None] Matched CREATE: LogicalSwitchPortCreateEvent(events=('create',), table='Logical_Switch_Port', conditions=[], old_conditions=None), priority=20 to row=Logical_Switch_Port(uuid=3bda7c7b-3519-4b37-b6fa-04e302d07eac, addresses=['unknown'], dhcpv4_options=[], dhcpv6_options=[], dynamic_addresses=[], enabled=True, external_ids={'neutron:cidrs': 'fdad:6ed1:5d33::1/64', 'neutron:device_id': '3d9405de-77ca-498d-bbb5-2c2d6af5b377', 'neutron:device_owner': 'network:router_interface', 'neutron:mtu': '', 'neutron:network_name': 'neutron-66ecd89f-71f4-4f3f-b89f-b0378017defb', 'neutron:port_capabilities': '', 'neutron:port_name': '', 'neutron:project_id': 'b3e148670f87451ca23df87fbdd3469e', 'neutron:revision_number': '1', 'neutron:security_group_ids': '', 'neutron:subnet_pool_addr_scope4': '', 'neutron:subnet_pool_addr_scope6': '', 'neutron:vnic_type': 'normal'}, ha_chassis_group=[], mirror_rules=[], name='3bb05a39-ae82-41b9-afce-14e38337bd64', options={}, parent_name=[], port_security=[], tag=[], tag_request=[], type='', up=[]) old= {{(pid=86792) matches /opt/stack/data/venv/lib/python3.12/site-packages/ovsdbapp/backend/ovs_idl/event.py:55}}
Jun 19 19:43:52.345424 np0000003311 devstack@neutron-api.service[86792]: DEBUG neutron.plugins.ml2.drivers.ovn.mech_driver.ovsdb.ovsdb_monitor [None req-f1d74f72-b015-4c74-8193-90b6dedc521f None None] Touching Hash Ring node "c00fd0e51cd25bf79ee89af61fa6cf05" from IDL notify handler {{(pid=86792) notify /opt/stack/neutron/neutron/plugins/ml2/drivers/ovn/mech_driver/ovsdb/ovsdb_monitor.py:1007}}
Jun 19 19:43:52.345971 np0000003311 devstack@neutron-api.service[86791]: DEBUG neutron.plugins.ml2.drivers.ovn.mech_driver.ovsdb.ovsdb_monitor [None req-f92af2cf-4209-407b-94d1-d677bdca5c07 None None] Touching Hash Ring node "6158189c58045b2ebbcf022ba4d69d4e" from IDL notify handler {{(pid=86791) notify /opt/stack/neutron/neutron/plugins/ml2/drivers/ovn/mech_driver/ovsdb/ovsdb_monitor.py:1007}}
Jun 19 19:43:52.347391 np0000003311 devstack@neutron-api.service[86792]: INFO neutron.plugins.ml2.drivers.ovn.mech_driver.mech_driver [-] OVN reports status down for port: 3bb05a39-ae82-41b9-afce-14e38337bd64
Jun 19 19:43:52.349016 np0000003311 devstack@neutron-api.service[86791]: DEBUG neutron.plugins.ml2.drivers.ovn.mech_driver.ovsdb.ovsdb_monitor [None req-6fe28ac6-1644-4246-813e-494577fa10f0 None None] Hash Ring: Node 6158189c58045b2ebbcf022ba4d69d4e (host: np0000003311) handling event "update" for row 66ecd89f-71f4-4f3f-b89f-b0378017defb (table: Logical_Switch) {{(pid=86791) notify /opt/stack/neutron/neutron/plugins/ml2/drivers/ovn/mech_driver/ovsdb/ovsdb_monitor.py:1015}}
Jun 19 19:43:52.350011 np0000003311 devstack@neutron-api.service[86792]: DEBUG neutron.plugins.ml2.drivers.ovn.mech_driver.ovsdb.ovsdb_monitor [None req-963b0540-2721-4f22-94ed-83e0799cbda4 None None] Touching Hash Ring node "c00fd0e51cd25bf79ee89af61fa6cf05" from IDL notify handler {{(pid=86792) notify /opt/stack/neutron/neutron/plugins/ml2/drivers/ovn/mech_driver/ovsdb/ovsdb_monitor.py:1007}}
Jun 19 19:43:52.350246 np0000003311 devstack@neutron-api.service[86791]: DEBUG neutron.plugins.ml2.drivers.ovn.mech_driver.ovsdb.ovsdb_monitor [None req-6fe28ac6-1644-4246-813e-494577fa10f0 None None] Touching Hash Ring node "6158189c58045b2ebbcf022ba4d69d4e" from IDL notify handler {{(pid=86791) notify /opt/stack/neutron/neutron/plugins/ml2/drivers/ovn/mech_driver/ovsdb/ovsdb_monitor.py:1007}}
Jun 19 19:43:52.351295 np0000003311 devstack@neutron-api.service[86791]: DEBUG neutron.plugins.ml2.drivers.ovn.mech_driver.ovsdb.ovsdb_monitor [None req-f92af2cf-4209-407b-94d1-d677bdca5c07 None None] Hash Ring: Node 6158189c58045b2ebbcf022ba4d69d4e (host: np0000003311) handling event "create" for row c9fc681a-29b2-446e-b812-34c9a3516062 (table: Port_Binding) {{(pid=86791) notify /opt/stack/neutron/neutron/plugins/ml2/drivers/ovn/mech_driver/ovsdb/ovsdb_monitor.py:1015}}
Jun 19 19:43:52.352688 np0000003311 devstack@neutron-api.service[86792]: DEBUG neutron.plugins.ml2.drivers.ovn.mech_driver.ovsdb.ovsdb_monitor [None req-f1d74f72-b015-4c74-8193-90b6dedc521f None None] Hash Ring: Node c00fd0e51cd25bf79ee89af61fa6cf05 (host: np0000003311) handling event "create" for row c9fc681a-29b2-446e-b812-34c9a3516062 (table: Port_Binding) {{(pid=86792) notify /opt/stack/neutron/neutron/plugins/ml2/drivers/ovn/mech_driver/ovsdb/ovsdb_monitor.py:1015}}
Jun 19 19:43:52.353112 np0000003311 devstack@neutron-api.service[86792]: DEBUG neutron.plugins.ml2.drivers.ovn.mech_driver.ovsdb.ovsdb_monitor [None req-963b0540-2721-4f22-94ed-83e0799cbda4 None None] Hash Ring: Node c00fd0e51cd25bf79ee89af61fa6cf05 (host: np0000003311) handling event "update" for row 3bda7c7b-3519-4b37-b6fa-04e302d07eac (table: Logical_Switch_Port) {{(pid=86792) notify /opt/stack/neutron/neutron/plugins/ml2/drivers/ovn/mech_driver/ovsdb/ovsdb_monitor.py:1015}}
Jun 19 19:43:52.353300 np0000003311 devstack@neutron-api.service[86791]: DEBUG neutron.plugins.ml2.drivers.ovn.mech_driver.ovsdb.ovsdb_monitor [None req-6fe28ac6-1644-4246-813e-494577fa10f0 None None] Hash Ring: Node 6158189c58045b2ebbcf022ba4d69d4e (host: np0000003311) handling event "create" for row 3bda7c7b-3519-4b37-b6fa-04e302d07eac (table: Logical_Switch_Port) {{(pid=86791) notify /opt/stack/neutron/neutron/plugins/ml2/drivers/ovn/mech_driver/ovsdb/ovsdb_monitor.py:1015}}
Jun 19 19:43:52.354184 np0000003311 devstack@neutron-api.service[86791]: DEBUG ovsdbapp.backend.ovs_idl.event [None req-6fe28ac6-1644-4246-813e-494577fa10f0 None None] Matched CREATE: LogicalSwitchPortCreateEvent(events=('create',), table='Logical_Switch_Port', conditions=[], old_conditions=None), priority=20 to row=Logical_Switch_Port(uuid=3bda7c7b-3519-4b37-b6fa-04e302d07eac, addresses=['unknown'], dhcpv4_options=[], dhcpv6_options=[], dynamic_addresses=[], enabled=True, external_ids={'neutron:cidrs': 'fdad:6ed1:5d33::1/64', 'neutron:device_id': '3d9405de-77ca-498d-bbb5-2c2d6af5b377', 'neutron:device_owner': 'network:router_interface', 'neutron:mtu': '', 'neutron:network_name': 'neutron-66ecd89f-71f4-4f3f-b89f-b0378017defb', 'neutron:port_capabilities': '', 'neutron:port_name': '', 'neutron:project_id': 'b3e148670f87451ca23df87fbdd3469e', 'neutron:revision_number': '1', 'neutron:security_group_ids': '', 'neutron:subnet_pool_addr_scope4': '', 'neutron:subnet_pool_addr_scope6': '', 'neutron:vnic_type': 'normal'}, ha_chassis_group=[], mirror_rules=[], name='3bb05a39-ae82-41b9-afce-14e38337bd64', options={}, parent_name=[], port_security=[], tag=[], tag_request=[], type='', up=[]) old= {{(pid=86791) matches /opt/stack/data/venv/lib/python3.12/site-packages/ovsdbapp/backend/ovs_idl/event.py:55}}
Jun 19 19:43:52.355746 np0000003311 devstack@neutron-api.service[86791]: DEBUG neutron.plugins.ml2.drivers.ovn.mech_driver.ovsdb.ovsdb_monitor [None req-6fe28ac6-1644-4246-813e-494577fa10f0 None None] Touching Hash Ring node "6158189c58045b2ebbcf022ba4d69d4e" from IDL notify handler {{(pid=86791) notify /opt/stack/neutron/neutron/plugins/ml2/drivers/ovn/mech_driver/ovsdb/ovsdb_monitor.py:1007}}
Jun 19 19:43:52.358870 np0000003311 devstack@neutron-api.service[86791]: DEBUG neutron.plugins.ml2.drivers.ovn.mech_driver.ovsdb.ovsdb_monitor [None req-6fe28ac6-1644-4246-813e-494577fa10f0 None None] Hash Ring: Node 6158189c58045b2ebbcf022ba4d69d4e (host: np0000003311) handling event "update" for row 3bda7c7b-3519-4b37-b6fa-04e302d07eac (table: Logical_Switch_Port) {{(pid=86791) notify /opt/stack/neutron/neutron/plugins/ml2/drivers/ovn/mech_driver/ovsdb/ovsdb_monitor.py:1015}}
