May 28 09:54:11.843351 np0000001613 neutron-periodic-workers[91996]: DEBUG cotyledon.oslo_config_glue [-] database.connection_trace = False {{(pid=91996) log_opt_values /opt/stack/data/venv/lib/python3.12/site-packages/oslo_config/cfg.py:3256}}
May 28 09:54:11.843351 np0000001613 neutron-periodic-workers[91996]: DEBUG cotyledon.oslo_config_glue [-] database.db_inc_retry_interval = True {{(pid=91996) log_opt_values /opt/stack/data/venv/lib/python3.12/site-packages/oslo_config/cfg.py:3256}}
May 28 09:54:11.843351 np0000001613 neutron-periodic-workers[91996]: DEBUG cotyledon.oslo_config_glue [-] database.db_max_retries = 20 {{(pid=91996) log_opt_values /opt/stack/data/venv/lib/python3.12/site-packages/oslo_config/cfg.py:3256}}
May 28 09:54:11.843351 np0000001613 neutron-periodic-workers[91996]: DEBUG cotyledon.oslo_config_glue [-] database.db_max_retry_interval = 10 {{(pid=91996) log_opt_values /opt/stack/data/venv/lib/python3.12/site-packages/oslo_config/cfg.py:3256}}
May 28 09:54:11.843351 np0000001613 neutron-periodic-workers[91996]: DEBUG cotyledon.oslo_config_glue [-] database.db_retry_interval = 1 {{(pid=91996) log_opt_values /opt/stack/data/venv/lib/python3.12/site-packages/oslo_config/cfg.py:3256}}
May 28 09:54:11.843351 np0000001613 neutron-periodic-workers[91996]: DEBUG cotyledon.oslo_config_glue [-] database.max_overflow = 50 {{(pid=91996) log_opt_values /opt/stack/data/venv/lib/python3.12/site-packages/oslo_config/cfg.py:3256}}
May 28 09:54:11.843351 np0000001613 neutron-periodic-workers[91996]: DEBUG cotyledon.oslo_config_glue [-] database.max_pool_size = 5 {{(pid=91996) log_opt_values /opt/stack/data/venv/lib/python3.12/site-packages/oslo_config/cfg.py:3256}}
May 28 09:54:11.843351 np0000001613 neutron-periodic-workers[91996]: DEBUG cotyledon.oslo_config_glue [-] database.max_retries = 10 {{(pid=91996) log_opt_values /opt/stack/data/venv/lib/python3.12/site-packages/oslo_config/cfg.py:3256}}
May 28 09:54:11.843351 np0000001613 neutron-periodic-workers[91996]: DEBUG cotyledon.oslo_config_glue [-] database.mysql_sql_mode = TRADITIONAL {{(pid=91996) log_opt_values /opt/stack/data/venv/lib/python3.12/site-packages/oslo_config/cfg.py:3256}}
May 28 09:54:11.843555 np0000001613 neutron-periodic-workers[91996]: DEBUG cotyledon.oslo_config_glue [-] database.mysql_wsrep_sync_wait = None {{(pid=91996) log_opt_values /opt/stack/data/venv/lib/python3.12/site-packages/oslo_config/cfg.py:3256}}
May 28 09:54:11.843555 np0000001613 neutron-periodic-workers[91996]: DEBUG cotyledon.oslo_config_glue [-] database.pool_timeout = None {{(pid=91996) log_opt_values /opt/stack/data/venv/lib/python3.12/site-packages/oslo_config/cfg.py:3256}}
May 28 09:54:11.843555 np0000001613 neutron-periodic-workers[91996]: DEBUG cotyledon.oslo_config_glue [-] database.retry_interval = 10 {{(pid=91996) log_opt_values /opt/stack/data/venv/lib/python3.12/site-packages/oslo_config/cfg.py:3256}}
May 28 09:54:11.843555 np0000001613 neutron-periodic-workers[91996]: DEBUG cotyledon.oslo_config_glue [-] database.slave_connection = **** {{(pid=91996) log_opt_values /opt/stack/data/venv/lib/python3.12/site-packages/oslo_config/cfg.py:3256}}
May 28 09:54:11.843555 np0000001613 neutron-periodic-workers[91996]: DEBUG cotyledon.oslo_config_glue [-] database.sqlite_synchronous = True {{(pid=91996) log_opt_values /opt/stack/data/venv/lib/python3.12/site-packages/oslo_config/cfg.py:3256}}
May 28 09:54:11.843555 np0000001613 neutron-periodic-workers[91996]: DEBUG cotyledon.oslo_config_glue [-] database.synchronous_reader = True {{(pid=91996) log_opt_values /opt/stack/data/venv/lib/python3.12/site-packages/oslo_config/cfg.py:3256}}
May 28 09:54:11.843555 np0000001613 neutron-periodic-workers[91996]: DEBUG cotyledon.oslo_config_glue [-] database.use_db_reconnect = False {{(pid=91996) log_opt_values /opt/stack/data/venv/lib/python3.12/site-packages/oslo_config/cfg.py:3256}}
May 28 09:54:11.843555 np0000001613 neutron-periodic-workers[91996]: DEBUG cotyledon.oslo_config_glue [-] ovn.bfd_min_rx = 1000 {{(pid=91996) log_opt_values /opt/stack/data/venv/lib/python3.12/site-packages/oslo_config/cfg.py:3256}}
May 28 09:54:11.843555 np0000001613 neutron-periodic-workers[91996]: DEBUG cotyledon.oslo_config_glue [-] ovn.bfd_min_tx = 100 {{(pid=91996) log_opt_values /opt/stack/data/venv/lib/python3.12/site-packages/oslo_config/cfg.py:3256}}
May 28 09:54:11.843777 np0000001613 neutron-periodic-workers[91996]: DEBUG cotyledon.oslo_config_glue [-] ovn.bfd_mult = 3 {{(pid=91996) log_opt_values /opt/stack/data/venv/lib/python3.12/site-packages/oslo_config/cfg.py:3256}}
May 28 09:54:11.843777 np0000001613 neutron-periodic-workers[91996]: DEBUG cotyledon.oslo_config_glue [-] ovn.broadcast_arps_to_all_routers = True {{(pid=91996) log_opt_values /opt/stack/data/venv/lib/python3.12/site-packages/oslo_config/cfg.py:3256}}
May 28 09:54:11.843777 np0000001613 neutron-periodic-workers[91996]: DEBUG cotyledon.oslo_config_glue [-] ovn.dhcp_default_lease_time = 43200 {{(pid=91996) log_opt_values /opt/stack/data/venv/lib/python3.12/site-packages/oslo_config/cfg.py:3256}}
May 28 09:54:11.843777 np0000001613 neutron-periodic-workers[91996]: DEBUG cotyledon.oslo_config_glue [-] ovn.disable_ovn_dhcp_for_baremetal_ports = False {{(pid=91996) log_opt_values /opt/stack/data/venv/lib/python3.12/site-packages/oslo_config/cfg.py:3256}}
May 28 09:54:11.843777 np0000001613 neutron-periodic-workers[91996]: DEBUG cotyledon.oslo_config_glue [-] ovn.dns_records_ovn_owned = False {{(pid=91996) log_opt_values /opt/stack/data/venv/lib/python3.12/site-packages/oslo_config/cfg.py:3256}}
May 28 09:54:11.843777 np0000001613 neutron-periodic-workers[91996]: DEBUG cotyledon.oslo_config_glue [-] ovn.dns_servers = [] {{(pid=91996) log_opt_values /opt/stack/data/venv/lib/python3.12/site-packages/oslo_config/cfg.py:3256}}
May 28 09:54:11.843777 np0000001613 neutron-periodic-workers[91996]: DEBUG cotyledon.oslo_config_glue [-] ovn.enable_distributed_floating_ip = False {{(pid=91996) log_opt_values /opt/stack/data/venv/lib/python3.12/site-packages/oslo_config/cfg.py:3256}}
May 28 09:54:11.843777 np0000001613 neutron-periodic-workers[91996]: DEBUG cotyledon.oslo_config_glue [-] ovn.fdb_age_threshold = 300 {{(pid=91996) log_opt_values /opt/stack/data/venv/lib/python3.12/site-packages/oslo_config/cfg.py:3256}}
May 28 09:54:11.843777 np0000001613 neutron-periodic-workers[91996]: DEBUG cotyledon.oslo_config_glue [-] ovn.ha_failover_strategy = normal {{(pid=91996) log_opt_values /opt/stack/data/venv/lib/python3.12/site-packages/oslo_config/cfg.py:3256}}
May 28 09:54:11.844124 np0000001613 neutron-periodic-workers[91996]: DEBUG cotyledon.oslo_config_glue [-] ovn.live_migration_activation_strategy = rarp {{(pid=91996) log_opt_values /opt/stack/data/venv/lib/python3.12/site-packages/oslo_config/cfg.py:3256}}
May 28 09:54:11.844124 np0000001613 neutron-periodic-workers[91996]: DEBUG cotyledon.oslo_config_glue [-] ovn.localnet_learn_fdb = False {{(pid=91996) log_opt_values /opt/stack/data/venv/lib/python3.12/site-packages/oslo_config/cfg.py:3256}}
May 28 09:54:11.844124 np0000001613 neutron-periodic-workers[91996]: DEBUG cotyledon.oslo_config_glue [-] ovn.mac_binding_age_threshold = 300 {{(pid=91996) log_opt_values /opt/stack/data/venv/lib/python3.12/site-packages/oslo_config/cfg.py:3256}}
May 28 09:54:11.844124 np0000001613 neutron-periodic-workers[91996]: DEBUG cotyledon.oslo_config_glue [-] ovn.neutron_sync_mode = log {{(pid=91996) log_opt_values /opt/stack/data/venv/lib/python3.12/site-packages/oslo_config/cfg.py:3256}}
May 28 09:54:11.844124 np0000001613 neutron-periodic-workers[91996]: DEBUG cotyledon.oslo_config_glue [-] ovn.ovn_dhcp4_global_options = {} {{(pid=91996) log_opt_values /opt/stack/data/venv/lib/python3.12/site-packages/oslo_config/cfg.py:3256}}
May 28 09:54:11.844124 np0000001613 neutron-periodic-workers[91996]: DEBUG cotyledon.oslo_config_glue [-] ovn.ovn_dhcp6_global_options = {} {{(pid=91996) log_opt_values /opt/stack/data/venv/lib/python3.12/site-packages/oslo_config/cfg.py:3256}}
May 28 09:54:11.844124 np0000001613 neutron-periodic-workers[91996]: DEBUG cotyledon.oslo_config_glue [-] ovn.ovn_l3_scheduler = leastloaded {{(pid=91996) log_opt_values /opt/stack/data/venv/lib/python3.12/site-packages/oslo_config/cfg.py:3256}}
May 28 09:54:11.844124 np0000001613 neutron-periodic-workers[91996]: DEBUG cotyledon.oslo_config_glue [-] ovn.ovn_metadata_enabled = True {{(pid=91996) log_opt_values /opt/stack/data/venv/lib/python3.12/site-packages/oslo_config/cfg.py:3256}}
May 28 09:54:11.844124 np0000001613 neutron-periodic-workers[91996]: DEBUG cotyledon.oslo_config_glue [-] ovn.ovn_nb_ca_cert = /opt/stack/data/CA/int-ca/ca-chain.pem {{(pid=91996) log_opt_values /opt/stack/data/venv/lib/python3.12/site-packages/oslo_config/cfg.py:3256}}
May 28 09:54:11.844397 np0000001613 neutron-periodic-workers[91996]: DEBUG cotyledon.oslo_config_glue [-] ovn.ovn_nb_certificate = /opt/stack/data/CA/int-ca/devstack-cert.crt {{(pid=91996) log_opt_values /opt/stack/data/venv/lib/python3.12/site-packages/oslo_config/cfg.py:3256}}
May 28 09:54:11.844397 np0000001613 neutron-periodic-workers[91996]: DEBUG cotyledon.oslo_config_glue [-] ovn.ovn_nb_connection = ['ssl:10.4.3.111:6641'] {{(pid=91996) log_opt_values /opt/stack/data/venv/lib/python3.12/site-packages/oslo_config/cfg.py:3256}}
May 28 09:54:11.844397 np0000001613 neutron-periodic-workers[91996]: DEBUG cotyledon.oslo_config_glue [-] ovn.ovn_nb_private_key = /opt/stack/data/CA/int-ca/private/devstack-cert.key {{(pid=91996) log_opt_values /opt/stack/data/venv/lib/python3.12/site-packages/oslo_config/cfg.py:3256}}
May 28 09:54:11.844397 np0000001613 neutron-periodic-workers[91996]: DEBUG cotyledon.oslo_config_glue [-] ovn.ovn_router_indirect_snat = False {{(pid=91996) log_opt_values /opt/stack/data/venv/lib/python3.12/site-packages/oslo_config/cfg.py:3256}}
May 28 09:54:11.844397 np0000001613 neutron-periodic-workers[91996]: DEBUG cotyledon.oslo_config_glue [-] ovn.ovn_sb_ca_cert = /opt/stack/data/CA/int-ca/ca-chain.pem {{(pid=91996) log_opt_values /opt/stack/data/venv/lib/python3.12/site-packages/oslo_config/cfg.py:3256}}
May 28 09:54:11.844397 np0000001613 neutron-periodic-workers[91996]: DEBUG cotyledon.oslo_config_glue [-] ovn.ovn_sb_certificate = /opt/stack/data/CA/int-ca/devstack-cert.crt {{(pid=91996) log_opt_values /opt/stack/data/venv/lib/python3.12/site-packages/oslo_config/cfg.py:3256}}
May 28 09:54:11.844397 np0000001613 neutron-periodic-workers[91996]: DEBUG cotyledon.oslo_config_glue [-] ovn.ovn_sb_connection = ['ssl:10.4.3.111:6642'] {{(pid=91996) log_opt_values /opt/stack/data/venv/lib/python3.12/site-packages/oslo_config/cfg.py:3256}}
May 28 09:54:11.844397 np0000001613 neutron-periodic-workers[91996]: DEBUG cotyledon.oslo_config_glue [-] ovn.ovn_sb_private_key = /opt/stack/data/CA/int-ca/private/devstack-cert.key {{(pid=91996) log_opt_values /opt/stack/data/venv/lib/python3.12/site-packages/oslo_config/cfg.py:3256}}
May 28 09:54:11.844622 np0000001613 neutron-periodic-workers[91996]: DEBUG cotyledon.oslo_config_glue [-] ovn.ovs_create_tap = False {{(pid=91996) log_opt_values /opt/stack/data/venv/lib/python3.12/site-packages/oslo_config/cfg.py:3256}}
May 28 09:54:11.844622 np0000001613 neutron-periodic-workers[91996]: DEBUG cotyledon.oslo_config_glue [-] ovn.ovsdb_connection_timeout = 180 {{(pid=91996) log_opt_values /opt/stack/data/venv/lib/python3.12/site-packages/oslo_config/cfg.py:3256}}
May 28 09:54:11.844622 np0000001613 neutron-periodic-workers[91996]: DEBUG cotyledon.oslo_config_glue [-] ovn.ovsdb_log_level = INFO {{(pid=91996) log_opt_values /opt/stack/data/venv/lib/python3.12/site-packages/oslo_config/cfg.py:3256}}
May 28 09:54:11.844622 np0000001613 neutron-periodic-workers[91996]: DEBUG cotyledon.oslo_config_glue [-] ovn.ovsdb_probe_interval = 60000 {{(pid=91996) log_opt_values /opt/stack/data/venv/lib/python3.12/site-packages/oslo_config/cfg.py:3256}}
May 28 09:54:11.844622 np0000001613 neutron-periodic-workers[91996]: DEBUG cotyledon.oslo_config_glue [-] ovn.ovsdb_retry_max_interval = 180 {{(pid=91996) log_opt_values /opt/stack/data/venv/lib/python3.12/site-packages/oslo_config/cfg.py:3256}}
May 28 09:54:11.844622 np0000001613 neutron-periodic-workers[91996]: DEBUG cotyledon.oslo_config_glue [-] ovn.stateless_nat_enabled = False {{(pid=91996) log_opt_values /opt/stack/data/venv/lib/python3.12/site-packages/oslo_config/cfg.py:3256}}
May 28 09:54:11.844622 np0000001613 neutron-periodic-workers[91996]: DEBUG cotyledon.oslo_config_glue [-] ovn.vhost_sock_dir = /var/run/openvswitch {{(pid=91996) log_opt_values /opt/stack/data/venv/lib/python3.12/site-packages/oslo_config/cfg.py:3256}}
May 28 09:54:11.844622 np0000001613 neutron-periodic-workers[91996]: DEBUG cotyledon.oslo_config_glue [-] OVS.bridge_mac_table_size = 50000 {{(pid=91996) log_opt_values /opt/stack/data/venv/lib/python3.12/site-packages/oslo_config/cfg.py:3256}}
May 28 09:54:11.844622 np0000001613 neutron-periodic-workers[91996]: DEBUG cotyledon.oslo_config_glue [-] OVS.igmp_flood = False {{(pid=91996) log_opt_values /opt/stack/data/venv/lib/python3.12/site-packages/oslo_config/cfg.py:3256}}
May 28 09:54:11.844845 np0000001613 neutron-periodic-workers[91996]: DEBUG cotyledon.oslo_config_glue [-] OVS.igmp_flood_reports = True {{(pid=91996) log_opt_values /opt/stack/data/venv/lib/python3.12/site-packages/oslo_config/cfg.py:3256}}
May 28 09:54:11.844845 np0000001613 neutron-periodic-workers[91996]: DEBUG cotyledon.oslo_config_glue [-] OVS.igmp_flood_unregistered = False {{(pid=91996) log_opt_values /opt/stack/data/venv/lib/python3.12/site-packages/oslo_config/cfg.py:3256}}
May 28 09:54:11.844845 np0000001613 neutron-periodic-workers[91996]: DEBUG cotyledon.oslo_config_glue [-] OVS.igmp_snooping_enable = False {{(pid=91996) log_opt_values /opt/stack/data/venv/lib/python3.12/site-packages/oslo_config/cfg.py:3256}}
May 28 09:54:11.844845 np0000001613 neutron-periodic-workers[91996]: DEBUG cotyledon.oslo_config_glue [-] OVS.ovsdb_timeout = 10 {{(pid=91996) log_opt_values /opt/stack/data/venv/lib/python3.12/site-packages/oslo_config/cfg.py:3256}}
May 28 09:54:11.844845 np0000001613 neutron-periodic-workers[91996]: DEBUG cotyledon.oslo_config_glue [-] ovn_nb_global.fdb_removal_limit = 0 {{(pid=91996) log_opt_values /opt/stack/data/venv/lib/python3.12/site-packages/oslo_config/cfg.py:3256}}
May 28 09:54:11.844845 np0000001613 neutron-periodic-workers[91996]: DEBUG cotyledon.oslo_config_glue [-] ovn_nb_global.ignore_lsp_down = False {{(pid=91996) log_opt_values /opt/stack/data/venv/lib/python3.12/site-packages/oslo_config/cfg.py:3256}}
May 28 09:54:11.844845 np0000001613 neutron-periodic-workers[91996]: DEBUG cotyledon.oslo_config_glue [-] ovn_nb_global.mac_binding_removal_limit = 0 {{(pid=91996) log_opt_values /opt/stack/data/venv/lib/python3.12/site-packages/oslo_config/cfg.py:3256}}
May 28 09:54:11.844845 np0000001613 neutron-periodic-workers[91996]: DEBUG cotyledon.oslo_config_glue [-] ******************************************************************************** {{(pid=91996) log_opt_values /opt/stack/data/venv/lib/python3.12/site-packages/oslo_config/cfg.py:3263}}
May 28 09:54:11.844845 np0000001613 neutron-periodic-workers[91996]: DEBUG cotyledon._service_worker [-] Run service ServiceWrapper(0) [91996] {{(pid=91996) wait_forever /opt/stack/data/venv/lib/python3.12/site-packages/cotyledon/_service_worker.py:218}}
May 28 09:54:11.845043 np0000001613 neutron-periodic-workers[91996]: DEBUG neutron.worker [-] PeriodicWorker start called, description: Periodic worker for "L3_NAT_dbonly_mixin" {{(pid=91996) wrapper /opt/stack/neutron/neutron/common/utils.py:197}}
May 28 09:54:11.845043 np0000001613 neutron-periodic-workers[91996]: DEBUG neutron.worker [-] PeriodicWorker start finished, description: Periodic worker for "L3_NAT_dbonly_mixin" {{(pid=91996) wrapper /opt/stack/neutron/neutron/common/utils.py:200}}
May 28 09:54:11.845043 np0000001613 neutron-periodic-workers[91996]: DEBUG neutron.worker [-] PeriodicWorker wait called, description: Periodic worker for "L3_NAT_dbonly_mixin" {{(pid=91996) wrapper /opt/stack/neutron/neutron/common/utils.py:197}}
May 28 09:54:21.503076 np0000001613 neutron-periodic-workers[91002]: DEBUG dbcounter [-] [91002] Writing DB stats neutron:SELECT=4 {{(pid=91002) stat_writer /opt/stack/data/venv/lib/python3.12/site-packages/dbcounter.py:115}}
May 28 09:54:24.834536 np0000001613 neutron-periodic-workers[91996]: DEBUG oslo_db.sqlalchemy.engines [None req-e7992b9e-92ef-4ff3-be91-03afdf4e756a None None] Parent process 91002 forked (91996) with an open database connection, which is being discarded and recreated. {{(pid=91996) checkout /opt/stack/data/venv/lib/python3.12/site-packages/oslo_db/sqlalchemy/engines.py:402}}
May 28 09:54:24.893655 np0000001613 neutron-periodic-workers[91996]: DEBUG dbcounter [-] [91996] Writer thread running {{(pid=91996) stat_writer /opt/stack/data/venv/lib/python3.12/site-packages/dbcounter.py:102}}
May 28 09:54:24.904356 np0000001613 neutron-periodic-workers[91996]: DEBUG oslo.service.backend._threading.loopingcall [None req-e7992b9e-92ef-4ff3-be91-03afdf4e756a None None] Fixed interval looping call 'neutron.services.ovn_l3.plugin.L3_NAT_dbonly_mixin._clean_garbage' sleeping for 299.93 seconds {{(pid=91996) _run_loop /opt/stack/data/venv/lib/python3.12/site-packages/oslo_service/backend/_threading/loopingcall.py:125}}
May 28 09:54:34.897196 np0000001613 neutron-periodic-workers[91996]: DEBUG dbcounter [-] [91996] Writing DB stats neutron:SELECT=1 {{(pid=91996) stat_writer /opt/stack/data/venv/lib/python3.12/site-packages/dbcounter.py:115}}
May 28 09:55:11.853474 np0000001613 neutron-periodic-workers[91969]: DEBUG dbcounter [-] [91969] Writer thread running {{(pid=91969) stat_writer /opt/stack/data/venv/lib/python3.12/site-packages/dbcounter.py:102}}
May 28 09:55:11.857210 np0000001613 neutron-periodic-workers[91969]: DEBUG neutron.db.agents_db [None req-4f4dad8e-d6c5-4e03-b1e9-36cc0ed33fce None None] Agent healthcheck: found 0 active agents {{(pid=91969) agent_health_check /opt/stack/neutron/neutron/db/agents_db.py:322}}
May 28 09:55:11.857453 np0000001613 neutron-periodic-workers[91969]: DEBUG oslo.service.backend._threading.loopingcall [None req-4f4dad8e-d6c5-4e03-b1e9-36cc0ed33fce None None] Fixed interval looping call 'neutron.plugins.ml2.plugin.AgentDbMixin.agent_health_check' sleeping for 36.94 seconds {{(pid=91969) _run_loop /opt/stack/data/venv/lib/python3.12/site-packages/oslo_service/backend/_threading/loopingcall.py:125}}
May 28 09:55:20.837435 np0000001613 neutron-periodic-workers[91962]: DEBUG dbcounter [-] [91962] Writer thread running {{(pid=91962) stat_writer /opt/stack/data/venv/lib/python3.12/site-packages/dbcounter.py:102}}
May 28 09:55:20.848265 np0000001613 neutron-periodic-workers[91962]: DEBUG oslo.service.backend._threading.loopingcall [None req-c59e3a80-6745-4456-ae1b-509663d5bcef None None] Fixed interval looping call 'neutron.plugins.ml2.plugin.DhcpAgentSchedulerDbMixin.remove_networks_from_down_agents' sleeping for 36.94 seconds {{(pid=91962) _run_loop /opt/stack/data/venv/lib/python3.12/site-packages/oslo_service/backend/_threading/loopingcall.py:125}}
May 28 09:55:21.854248 np0000001613 neutron-periodic-workers[91969]: DEBUG dbcounter [-] [91969] Writing DB stats neutron:SELECT=1 {{(pid=91969) stat_writer /opt/stack/data/venv/lib/python3.12/site-packages/dbcounter.py:115}}
May 28 09:55:30.846887 np0000001613 neutron-periodic-workers[91962]: DEBUG dbcounter [-] [91962] Writing DB stats neutron:SELECT=3 {{(pid=91962) stat_writer /opt/stack/data/venv/lib/python3.12/site-packages/dbcounter.py:115}}
May 28 09:55:48.802732 np0000001613 neutron-periodic-workers[91969]: DEBUG neutron.db.agents_db [None req-4f4dad8e-d6c5-4e03-b1e9-36cc0ed33fce None None] Agent healthcheck: found 0 active agents {{(pid=91969) agent_health_check /opt/stack/neutron/neutron/db/agents_db.py:322}}
May 28 09:55:48.803191 np0000001613 neutron-periodic-workers[91969]: DEBUG oslo.service.backend._threading.loopingcall [None req-4f4dad8e-d6c5-4e03-b1e9-36cc0ed33fce None None] Fixed interval looping call 'neutron.plugins.ml2.plugin.AgentDbMixin.agent_health_check' sleeping for 36.99 seconds {{(pid=91969) _run_loop /opt/stack/data/venv/lib/python3.12/site-packages/oslo_service/backend/_threading/loopingcall.py:125}}
May 28 09:55:57.794973 np0000001613 neutron-periodic-workers[91962]: DEBUG oslo.service.backend._threading.loopingcall [None req-c59e3a80-6745-4456-ae1b-509663d5bcef None None] Fixed interval looping call 'neutron.plugins.ml2.plugin.DhcpAgentSchedulerDbMixin.remove_networks_from_down_agents' sleeping for 36.99 seconds {{(pid=91962) _run_loop /opt/stack/data/venv/lib/python3.12/site-packages/oslo_service/backend/_threading/loopingcall.py:125}}
May 28 09:55:58.800655 np0000001613 neutron-periodic-workers[91969]: DEBUG dbcounter [-] [91969] Writing DB stats neutron:SELECT=1 {{(pid=91969) stat_writer /opt/stack/data/venv/lib/python3.12/site-packages/dbcounter.py:115}}
May 28 09:56:07.794008 np0000001613 neutron-periodic-workers[91962]: DEBUG dbcounter [-] [91962] Writing DB stats neutron:SELECT=3 {{(pid=91962) stat_writer /opt/stack/data/venv/lib/python3.12/site-packages/dbcounter.py:115}}
May 28 09:56:11.851707 np0000001613 neutron-periodic-workers[91983]: DEBUG dbcounter [-] [91983] Writer thread running {{(pid=91983) stat_writer /opt/stack/data/venv/lib/python3.12/site-packages/dbcounter.py:102}}
May 28 09:56:11.853457 np0000001613 neutron-periodic-workers[91983]: DEBUG oslo.service.backend._threading.loopingcall [None req-a44910d4-03e0-4c94-814f-7396a1f526b2 None None] Fixed interval looping call 'neutron.db.quota.driver_nolock.DbQuotaNoLockDriver._remove_expired_reservations' sleeping for 119.96 seconds {{(pid=91983) _run_loop /opt/stack/data/venv/lib/python3.12/site-packages/oslo_service/backend/_threading/loopingcall.py:125}}
May 28 09:56:21.855261 np0000001613 neutron-periodic-workers[91983]: DEBUG dbcounter [-] [91983] Writing DB stats neutron:DELETE=1 {{(pid=91983) stat_writer /opt/stack/data/venv/lib/python3.12/site-packages/dbcounter.py:115}}
May 28 09:56:25.797332 np0000001613 neutron-periodic-workers[91969]: DEBUG neutron.db.agents_db [None req-4f4dad8e-d6c5-4e03-b1e9-36cc0ed33fce None None] Agent healthcheck: found 0 active agents {{(pid=91969) agent_health_check /opt/stack/neutron/neutron/db/agents_db.py:322}}
May 28 09:56:25.797765 np0000001613 neutron-periodic-workers[91969]: DEBUG oslo.service.backend._threading.loopingcall [None req-4f4dad8e-d6c5-4e03-b1e9-36cc0ed33fce None None] Fixed interval looping call 'neutron.plugins.ml2.plugin.AgentDbMixin.agent_health_check' sleeping for 37.00 seconds {{(pid=91969) _run_loop /opt/stack/data/venv/lib/python3.12/site-packages/oslo_service/backend/_threading/loopingcall.py:125}}
May 28 09:56:34.793106 np0000001613 neutron-periodic-workers[91962]: DEBUG oslo.service.backend._threading.loopingcall [None req-c59e3a80-6745-4456-ae1b-509663d5bcef None None] Fixed interval looping call 'neutron.plugins.ml2.plugin.DhcpAgentSchedulerDbMixin.remove_networks_from_down_agents' sleeping for 36.99 seconds {{(pid=91962) _run_loop /opt/stack/data/venv/lib/python3.12/site-packages/oslo_service/backend/_threading/loopingcall.py:125}}
May 28 09:56:35.795912 np0000001613 neutron-periodic-workers[91969]: DEBUG dbcounter [-] [91969] Writing DB stats neutron:SELECT=1 {{(pid=91969) stat_writer /opt/stack/data/venv/lib/python3.12/site-packages/dbcounter.py:115}}
May 28 09:56:44.789965 np0000001613 neutron-periodic-workers[91962]: DEBUG dbcounter [-] [91962] Writing DB stats neutron:SELECT=3 {{(pid=91962) stat_writer /opt/stack/data/venv/lib/python3.12/site-packages/dbcounter.py:115}}
May 28 09:57:02.801939 np0000001613 neutron-periodic-workers[91969]: DEBUG neutron.db.agents_db [None req-4f4dad8e-d6c5-4e03-b1e9-36cc0ed33fce None None] Agent healthcheck: found 0 active agents {{(pid=91969) agent_health_check /opt/stack/neutron/neutron/db/agents_db.py:322}}
May 28 09:57:02.802341 np0000001613 neutron-periodic-workers[91969]: DEBUG oslo.service.backend._threading.loopingcall [None req-4f4dad8e-d6c5-4e03-b1e9-36cc0ed33fce None None] Fixed interval looping call 'neutron.plugins.ml2.plugin.AgentDbMixin.agent_health_check' sleeping for 37.00 seconds {{(pid=91969) _run_loop /opt/stack/data/venv/lib/python3.12/site-packages/oslo_service/backend/_threading/loopingcall.py:125}}
May 28 09:57:11.792458 np0000001613 neutron-periodic-workers[91962]: DEBUG oslo.service.backend._threading.loopingcall [None req-c59e3a80-6745-4456-ae1b-509663d5bcef None None] Fixed interval looping call 'neutron.plugins.ml2.plugin.DhcpAgentSchedulerDbMixin.remove_networks_from_down_agents' sleeping for 36.99 seconds {{(pid=91962) _run_loop /opt/stack/data/venv/lib/python3.12/site-packages/oslo_service/backend/_threading/loopingcall.py:125}}
May 28 09:57:12.800449 np0000001613 neutron-periodic-workers[91969]: DEBUG dbcounter [-] [91969] Writing DB stats neutron:SELECT=1 {{(pid=91969) stat_writer /opt/stack/data/venv/lib/python3.12/site-packages/dbcounter.py:115}}
May 28 09:57:21.791237 np0000001613 neutron-periodic-workers[91962]: DEBUG dbcounter [-] [91962] Writing DB stats neutron:SELECT=3 {{(pid=91962) stat_writer /opt/stack/data/venv/lib/python3.12/site-packages/dbcounter.py:115}}
May 28 09:57:39.806514 np0000001613 neutron-periodic-workers[91969]: DEBUG neutron.db.agents_db [None req-4f4dad8e-d6c5-4e03-b1e9-36cc0ed33fce None None] Agent healthcheck: found 0 active agents {{(pid=91969) agent_health_check /opt/stack/neutron/neutron/db/agents_db.py:322}}
May 28 09:57:39.806978 np0000001613 neutron-periodic-workers[91969]: DEBUG oslo.service.backend._threading.loopingcall [None req-4f4dad8e-d6c5-4e03-b1e9-36cc0ed33fce None None] Fixed interval looping call 'neutron.plugins.ml2.plugin.AgentDbMixin.agent_health_check' sleeping for 37.00 seconds {{(pid=91969) _run_loop /opt/stack/data/venv/lib/python3.12/site-packages/oslo_service/backend/_threading/loopingcall.py:125}}
May 28 09:57:48.793034 np0000001613 neutron-periodic-workers[91962]: DEBUG oslo.service.backend._threading.loopingcall [None req-c59e3a80-6745-4456-ae1b-509663d5bcef None None] Fixed interval looping call 'neutron.plugins.ml2.plugin.DhcpAgentSchedulerDbMixin.remove_networks_from_down_agents' sleeping for 36.99 seconds {{(pid=91962) _run_loop /opt/stack/data/venv/lib/python3.12/site-packages/oslo_service/backend/_threading/loopingcall.py:125}}
May 28 09:57:49.805148 np0000001613 neutron-periodic-workers[91969]: DEBUG dbcounter [-] [91969] Writing DB stats neutron:SELECT=1 {{(pid=91969) stat_writer /opt/stack/data/venv/lib/python3.12/site-packages/dbcounter.py:115}}
May 28 09:57:58.791530 np0000001613 neutron-periodic-workers[91962]: DEBUG dbcounter [-] [91962] Writing DB stats neutron:SELECT=3 {{(pid=91962) stat_writer /opt/stack/data/venv/lib/python3.12/site-packages/dbcounter.py:115}}
May 28 09:58:11.825405 np0000001613 neutron-periodic-workers[91983]: DEBUG oslo.service.backend._threading.loopingcall [None req-a44910d4-03e0-4c94-814f-7396a1f526b2 None None] Fixed interval looping call 'neutron.db.quota.driver_nolock.DbQuotaNoLockDriver._remove_expired_reservations' sleeping for 119.99 seconds {{(pid=91983) _run_loop /opt/stack/data/venv/lib/python3.12/site-packages/oslo_service/backend/_threading/loopingcall.py:125}}
May 28 09:58:16.811383 np0000001613 neutron-periodic-workers[91969]: DEBUG neutron.db.agents_db [None req-4f4dad8e-d6c5-4e03-b1e9-36cc0ed33fce None None] Agent healthcheck: found 0 active agents {{(pid=91969) agent_health_check /opt/stack/neutron/neutron/db/agents_db.py:322}}
May 28 09:58:16.812097 np0000001613 neutron-periodic-workers[91969]: DEBUG oslo.service.backend._threading.loopingcall [None req-4f4dad8e-d6c5-4e03-b1e9-36cc0ed33fce None None] Fixed interval looping call 'neutron.plugins.ml2.plugin.AgentDbMixin.agent_health_check' sleeping for 37.00 seconds {{(pid=91969) _run_loop /opt/stack/data/venv/lib/python3.12/site-packages/oslo_service/backend/_threading/loopingcall.py:125}}
May 28 09:58:21.824269 np0000001613 neutron-periodic-workers[91983]: DEBUG dbcounter [-] [91983] Writing DB stats neutron:DELETE=1 {{(pid=91983) stat_writer /opt/stack/data/venv/lib/python3.12/site-packages/dbcounter.py:115}}
May 28 09:58:25.790220 np0000001613 neutron-periodic-workers[91962]: DEBUG oslo.service.backend._threading.loopingcall [None req-c59e3a80-6745-4456-ae1b-509663d5bcef None None] Fixed interval looping call 'neutron.plugins.ml2.plugin.DhcpAgentSchedulerDbMixin.remove_networks_from_down_agents' sleeping for 36.99 seconds {{(pid=91962) _run_loop /opt/stack/data/venv/lib/python3.12/site-packages/oslo_service/backend/_threading/loopingcall.py:125}}
May 28 09:58:26.809651 np0000001613 neutron-periodic-workers[91969]: DEBUG dbcounter [-] [91969] Writing DB stats neutron:SELECT=1 {{(pid=91969) stat_writer /opt/stack/data/venv/lib/python3.12/site-packages/dbcounter.py:115}}
May 28 09:58:35.788912 np0000001613 neutron-periodic-workers[91962]: DEBUG dbcounter [-] [91962] Writing DB stats neutron:SELECT=3 {{(pid=91962) stat_writer /opt/stack/data/venv/lib/python3.12/site-packages/dbcounter.py:115}}
May 28 09:58:53.815210 np0000001613 neutron-periodic-workers[91969]: DEBUG neutron.db.agents_db [None req-4f4dad8e-d6c5-4e03-b1e9-36cc0ed33fce None None] Agent healthcheck: found 0 active agents {{(pid=91969) agent_health_check /opt/stack/neutron/neutron/db/agents_db.py:322}}
May 28 09:58:53.815778 np0000001613 neutron-periodic-workers[91969]: DEBUG oslo.service.backend._threading.loopingcall [None req-4f4dad8e-d6c5-4e03-b1e9-36cc0ed33fce None None] Fixed interval looping call 'neutron.plugins.ml2.plugin.AgentDbMixin.agent_health_check' sleeping for 37.00 seconds {{(pid=91969) _run_loop /opt/stack/data/venv/lib/python3.12/site-packages/oslo_service/backend/_threading/loopingcall.py:125}}
May 28 09:59:02.794670 np0000001613 neutron-periodic-workers[91962]: DEBUG oslo.service.backend._threading.loopingcall [None req-c59e3a80-6745-4456-ae1b-509663d5bcef None None] Fixed interval looping call 'neutron.plugins.ml2.plugin.DhcpAgentSchedulerDbMixin.remove_networks_from_down_agents' sleeping for 36.99 seconds {{(pid=91962) _run_loop /opt/stack/data/venv/lib/python3.12/site-packages/oslo_service/backend/_threading/loopingcall.py:125}}
May 28 09:59:03.814086 np0000001613 neutron-periodic-workers[91969]: DEBUG dbcounter [-] [91969] Writing DB stats neutron:SELECT=1 {{(pid=91969) stat_writer /opt/stack/data/venv/lib/python3.12/site-packages/dbcounter.py:115}}
May 28 09:59:12.792457 np0000001613 neutron-periodic-workers[91962]: DEBUG dbcounter [-] [91962] Writing DB stats neutron:SELECT=3 {{(pid=91962) stat_writer /opt/stack/data/venv/lib/python3.12/site-packages/dbcounter.py:115}}
May 28 09:59:24.860680 np0000001613 neutron-periodic-workers[91996]: DEBUG oslo.service.backend._threading.loopingcall [None req-e7992b9e-92ef-4ff3-be91-03afdf4e756a None None] Fixed interval looping call 'neutron.services.ovn_l3.plugin.L3_NAT_dbonly_mixin._clean_garbage' sleeping for 299.97 seconds {{(pid=91996) _run_loop /opt/stack/data/venv/lib/python3.12/site-packages/oslo_service/backend/_threading/loopingcall.py:125}}
May 28 09:59:30.820691 np0000001613 neutron-periodic-workers[91969]: DEBUG neutron.db.agents_db [None req-4f4dad8e-d6c5-4e03-b1e9-36cc0ed33fce None None] Agent healthcheck: found 0 active agents {{(pid=91969) agent_health_check /opt/stack/neutron/neutron/db/agents_db.py:322}}
May 28 09:59:30.821187 np0000001613 neutron-periodic-workers[91969]: DEBUG oslo.service.backend._threading.loopingcall [None req-4f4dad8e-d6c5-4e03-b1e9-36cc0ed33fce None None] Fixed interval looping call 'neutron.plugins.ml2.plugin.AgentDbMixin.agent_health_check' sleeping for 37.00 seconds {{(pid=91969) _run_loop /opt/stack/data/venv/lib/python3.12/site-packages/oslo_service/backend/_threading/loopingcall.py:125}}
May 28 09:59:34.842367 np0000001613 neutron-periodic-workers[91996]: DEBUG dbcounter [-] [91996] Writing DB stats neutron:SELECT=1 {{(pid=91996) stat_writer /opt/stack/data/venv/lib/python3.12/site-packages/dbcounter.py:115}}
May 28 09:59:39.797900 np0000001613 neutron-periodic-workers[91962]: DEBUG oslo.service.backend._threading.loopingcall [None req-c59e3a80-6745-4456-ae1b-509663d5bcef None None] Fixed interval looping call 'neutron.plugins.ml2.plugin.DhcpAgentSchedulerDbMixin.remove_networks_from_down_agents' sleeping for 36.99 seconds {{(pid=91962) _run_loop /opt/stack/data/venv/lib/python3.12/site-packages/oslo_service/backend/_threading/loopingcall.py:125}}
May 28 09:59:40.820607 np0000001613 neutron-periodic-workers[91969]: DEBUG dbcounter [-] [91969] Writing DB stats neutron:SELECT=1 {{(pid=91969) stat_writer /opt/stack/data/venv/lib/python3.12/site-packages/dbcounter.py:115}}
May 28 09:59:49.794826 np0000001613 neutron-periodic-workers[91962]: DEBUG dbcounter [-] [91962] Writing DB stats neutron:SELECT=3 {{(pid=91962) stat_writer /opt/stack/data/venv/lib/python3.12/site-packages/dbcounter.py:115}}
May 28 10:00:07.833290 np0000001613 neutron-periodic-workers[91969]: DEBUG neutron.db.agents_db [None req-4f4dad8e-d6c5-4e03-b1e9-36cc0ed33fce None None] Agent healthcheck: found 0 active agents {{(pid=91969) agent_health_check /opt/stack/neutron/neutron/db/agents_db.py:322}}
May 28 10:00:07.833290 np0000001613 neutron-periodic-workers[91969]: DEBUG oslo.service.backend._threading.loopingcall [None req-4f4dad8e-d6c5-4e03-b1e9-36cc0ed33fce None None] Fixed interval looping call 'neutron.plugins.ml2.plugin.AgentDbMixin.agent_health_check' sleeping for 36.99 seconds {{(pid=91969) _run_loop /opt/stack/data/venv/lib/python3.12/site-packages/oslo_service/backend/_threading/loopingcall.py:125}}
May 28 10:00:11.821680 np0000001613 neutron-periodic-workers[91983]: DEBUG oslo.service.backend._threading.loopingcall [None req-a44910d4-03e0-4c94-814f-7396a1f526b2 None None] Fixed interval looping call 'neutron.db.quota.driver_nolock.DbQuotaNoLockDriver._remove_expired_reservations' sleeping for 119.99 seconds {{(pid=91983) _run_loop /opt/stack/data/venv/lib/python3.12/site-packages/oslo_service/backend/_threading/loopingcall.py:125}}
May 28 10:00:16.799343 np0000001613 neutron-periodic-workers[91962]: DEBUG oslo.service.backend._threading.loopingcall [None req-c59e3a80-6745-4456-ae1b-509663d5bcef None None] Fixed interval looping call 'neutron.plugins.ml2.plugin.DhcpAgentSchedulerDbMixin.remove_networks_from_down_agents' sleeping for 36.99 seconds {{(pid=91962) _run_loop /opt/stack/data/venv/lib/python3.12/site-packages/oslo_service/backend/_threading/loopingcall.py:125}}
May 28 10:00:17.829325 np0000001613 neutron-periodic-workers[91969]: DEBUG dbcounter [-] [91969] Writing DB stats neutron:SELECT=1 {{(pid=91969) stat_writer /opt/stack/data/venv/lib/python3.12/site-packages/dbcounter.py:115}}
May 28 10:00:21.822463 np0000001613 neutron-periodic-workers[91983]: DEBUG dbcounter [-] [91983] Writing DB stats neutron:DELETE=1 {{(pid=91983) stat_writer /opt/stack/data/venv/lib/python3.12/site-packages/dbcounter.py:115}}
May 28 10:00:26.798806 np0000001613 neutron-periodic-workers[91962]: DEBUG dbcounter [-] [91962] Writing DB stats neutron:SELECT=3 {{(pid=91962) stat_writer /opt/stack/data/venv/lib/python3.12/site-packages/dbcounter.py:115}}
May 28 10:00:44.829094 np0000001613 neutron-periodic-workers[91969]: DEBUG neutron.db.agents_db [None req-4f4dad8e-d6c5-4e03-b1e9-36cc0ed33fce None None] Agent healthcheck: found 0 active agents {{(pid=91969) agent_health_check /opt/stack/neutron/neutron/db/agents_db.py:322}}
May 28 10:00:44.829515 np0000001613 neutron-periodic-workers[91969]: DEBUG oslo.service.backend._threading.loopingcall [None req-4f4dad8e-d6c5-4e03-b1e9-36cc0ed33fce None None] Fixed interval looping call 'neutron.plugins.ml2.plugin.AgentDbMixin.agent_health_check' sleeping for 36.99 seconds {{(pid=91969) _run_loop /opt/stack/data/venv/lib/python3.12/site-packages/oslo_service/backend/_threading/loopingcall.py:125}}
May 28 10:00:53.816806 np0000001613 neutron-periodic-workers[91962]: DEBUG oslo.service.backend._threading.loopingcall [None req-c59e3a80-6745-4456-ae1b-509663d5bcef None None] Fixed interval looping call 'neutron.plugins.ml2.plugin.DhcpAgentSchedulerDbMixin.remove_networks_from_down_agents' sleeping for 36.97 seconds {{(pid=91962) _run_loop /opt/stack/data/venv/lib/python3.12/site-packages/oslo_service/backend/_threading/loopingcall.py:125}}
May 28 10:00:54.828083 np0000001613 neutron-periodic-workers[91969]: DEBUG dbcounter [-] [91969] Writing DB stats neutron:SELECT=1 {{(pid=91969) stat_writer /opt/stack/data/venv/lib/python3.12/site-packages/dbcounter.py:115}}
May 28 10:01:03.810433 np0000001613 neutron-periodic-workers[91962]: DEBUG dbcounter [-] [91962] Writing DB stats neutron:SELECT=3 {{(pid=91962) stat_writer /opt/stack/data/venv/lib/python3.12/site-packages/dbcounter.py:115}}
May 28 10:01:21.826887 np0000001613 neutron-periodic-workers[91969]: DEBUG neutron.db.agents_db [None req-4f4dad8e-d6c5-4e03-b1e9-36cc0ed33fce None None] Agent healthcheck: found 0 active agents {{(pid=91969) agent_health_check /opt/stack/neutron/neutron/db/agents_db.py:322}}
May 28 10:01:21.827539 np0000001613 neutron-periodic-workers[91969]: DEBUG oslo.service.backend._threading.loopingcall [None req-4f4dad8e-d6c5-4e03-b1e9-36cc0ed33fce None None] Fixed interval looping call 'neutron.plugins.ml2.plugin.AgentDbMixin.agent_health_check' sleeping for 36.99 seconds {{(pid=91969) _run_loop /opt/stack/data/venv/lib/python3.12/site-packages/oslo_service/backend/_threading/loopingcall.py:125}}
May 28 10:01:30.801132 np0000001613 neutron-periodic-workers[91962]: DEBUG oslo.service.backend._threading.loopingcall [None req-c59e3a80-6745-4456-ae1b-509663d5bcef None None] Fixed interval looping call 'neutron.plugins.ml2.plugin.DhcpAgentSchedulerDbMixin.remove_networks_from_down_agents' sleeping for 36.99 seconds {{(pid=91962) _run_loop /opt/stack/data/venv/lib/python3.12/site-packages/oslo_service/backend/_threading/loopingcall.py:125}}
May 28 10:01:31.823621 np0000001613 neutron-periodic-workers[91969]: DEBUG dbcounter [-] [91969] Writing DB stats neutron:SELECT=1 {{(pid=91969) stat_writer /opt/stack/data/venv/lib/python3.12/site-packages/dbcounter.py:115}}
May 28 10:01:40.796026 np0000001613 neutron-periodic-workers[91962]: DEBUG dbcounter [-] [91962] Writing DB stats neutron:SELECT=3 {{(pid=91962) stat_writer /opt/stack/data/venv/lib/python3.12/site-packages/dbcounter.py:115}}
May 28 10:01:58.824833 np0000001613 neutron-periodic-workers[91969]: DEBUG neutron.db.agents_db [None req-4f4dad8e-d6c5-4e03-b1e9-36cc0ed33fce None None] Agent healthcheck: found 0 active agents {{(pid=91969) agent_health_check /opt/stack/neutron/neutron/db/agents_db.py:322}}
May 28 10:01:58.825288 np0000001613 neutron-periodic-workers[91969]: DEBUG oslo.service.backend._threading.loopingcall [None req-4f4dad8e-d6c5-4e03-b1e9-36cc0ed33fce None None] Fixed interval looping call 'neutron.plugins.ml2.plugin.AgentDbMixin.agent_health_check' sleeping for 36.99 seconds {{(pid=91969) _run_loop /opt/stack/data/venv/lib/python3.12/site-packages/oslo_service/backend/_threading/loopingcall.py:125}}
May 28 10:02:07.800750 np0000001613 neutron-periodic-workers[91962]: DEBUG oslo.service.backend._threading.loopingcall [None req-c59e3a80-6745-4456-ae1b-509663d5bcef None None] Fixed interval looping call 'neutron.plugins.ml2.plugin.DhcpAgentSchedulerDbMixin.remove_networks_from_down_agents' sleeping for 36.99 seconds {{(pid=91962) _run_loop /opt/stack/data/venv/lib/python3.12/site-packages/oslo_service/backend/_threading/loopingcall.py:125}}
May 28 10:02:08.820063 np0000001613 neutron-periodic-workers[91969]: DEBUG dbcounter [-] [91969] Writing DB stats neutron:SELECT=1 {{(pid=91969) stat_writer /opt/stack/data/venv/lib/python3.12/site-packages/dbcounter.py:115}}
May 28 10:02:11.816929 np0000001613 neutron-periodic-workers[91983]: DEBUG oslo.service.backend._threading.loopingcall [None req-a44910d4-03e0-4c94-814f-7396a1f526b2 None None] Fixed interval looping call 'neutron.db.quota.driver_nolock.DbQuotaNoLockDriver._remove_expired_reservations' sleeping for 120.00 seconds {{(pid=91983) _run_loop /opt/stack/data/venv/lib/python3.12/site-packages/oslo_service/backend/_threading/loopingcall.py:125}}
May 28 10:02:17.800515 np0000001613 neutron-periodic-workers[91962]: DEBUG dbcounter [-] [91962] Writing DB stats neutron:SELECT=3 {{(pid=91962) stat_writer /opt/stack/data/venv/lib/python3.12/site-packages/dbcounter.py:115}}
May 28 10:02:21.815026 np0000001613 neutron-periodic-workers[91983]: DEBUG dbcounter [-] [91983] Writing DB stats neutron:DELETE=1 {{(pid=91983) stat_writer /opt/stack/data/venv/lib/python3.12/site-packages/dbcounter.py:115}}
May 28 10:02:35.819911 np0000001613 neutron-periodic-workers[91969]: DEBUG neutron.db.agents_db [None req-4f4dad8e-d6c5-4e03-b1e9-36cc0ed33fce None None] Agent healthcheck: found 0 active agents {{(pid=91969) agent_health_check /opt/stack/neutron/neutron/db/agents_db.py:322}}
May 28 10:02:35.820262 np0000001613 neutron-periodic-workers[91969]: DEBUG oslo.service.backend._threading.loopingcall [None req-4f4dad8e-d6c5-4e03-b1e9-36cc0ed33fce None None] Fixed interval looping call 'neutron.plugins.ml2.plugin.AgentDbMixin.agent_health_check' sleeping for 37.00 seconds {{(pid=91969) _run_loop /opt/stack/data/venv/lib/python3.12/site-packages/oslo_service/backend/_threading/loopingcall.py:125}}
May 28 10:02:44.800182 np0000001613 neutron-periodic-workers[91962]: DEBUG oslo.service.backend._threading.loopingcall [None req-c59e3a80-6745-4456-ae1b-509663d5bcef None None] Fixed interval looping call 'neutron.plugins.ml2.plugin.DhcpAgentSchedulerDbMixin.remove_networks_from_down_agents' sleeping for 36.99 seconds {{(pid=91962) _run_loop /opt/stack/data/venv/lib/python3.12/site-packages/oslo_service/backend/_threading/loopingcall.py:125}}
May 28 10:02:45.818643 np0000001613 neutron-periodic-workers[91969]: DEBUG dbcounter [-] [91969] Writing DB stats neutron:SELECT=1 {{(pid=91969) stat_writer /opt/stack/data/venv/lib/python3.12/site-packages/dbcounter.py:115}}
May 28 10:02:54.798858 np0000001613 neutron-periodic-workers[91962]: DEBUG dbcounter [-] [91962] Writing DB stats neutron:SELECT=3 {{(pid=91962) stat_writer /opt/stack/data/venv/lib/python3.12/site-packages/dbcounter.py:115}}
May 28 10:03:12.825821 np0000001613 neutron-periodic-workers[91969]: DEBUG neutron.db.agents_db [None req-4f4dad8e-d6c5-4e03-b1e9-36cc0ed33fce None None] Agent healthcheck: found 0 active agents {{(pid=91969) agent_health_check /opt/stack/neutron/neutron/db/agents_db.py:322}}
May 28 10:03:12.826246 np0000001613 neutron-periodic-workers[91969]: DEBUG oslo.service.backend._threading.loopingcall [None req-4f4dad8e-d6c5-4e03-b1e9-36cc0ed33fce None None] Fixed interval looping call 'neutron.plugins.ml2.plugin.AgentDbMixin.agent_health_check' sleeping for 36.99 seconds {{(pid=91969) _run_loop /opt/stack/data/venv/lib/python3.12/site-packages/oslo_service/backend/_threading/loopingcall.py:125}}
May 28 10:03:21.800952 np0000001613 neutron-periodic-workers[91962]: DEBUG oslo.service.backend._threading.loopingcall [None req-c59e3a80-6745-4456-ae1b-509663d5bcef None None] Fixed interval looping call 'neutron.plugins.ml2.plugin.DhcpAgentSchedulerDbMixin.remove_networks_from_down_agents' sleeping for 36.99 seconds {{(pid=91962) _run_loop /opt/stack/data/venv/lib/python3.12/site-packages/oslo_service/backend/_threading/loopingcall.py:125}}
May 28 10:03:22.829244 np0000001613 neutron-periodic-workers[91969]: DEBUG dbcounter [-] [91969] Writing DB stats neutron:SELECT=1 {{(pid=91969) stat_writer /opt/stack/data/venv/lib/python3.12/site-packages/dbcounter.py:115}}
May 28 10:03:31.798867 np0000001613 neutron-periodic-workers[91962]: DEBUG dbcounter [-] [91962] Writing DB stats neutron:SELECT=3 {{(pid=91962) stat_writer /opt/stack/data/venv/lib/python3.12/site-packages/dbcounter.py:115}}
May 28 10:03:49.819316 np0000001613 neutron-periodic-workers[91969]: DEBUG neutron.db.agents_db [None req-4f4dad8e-d6c5-4e03-b1e9-36cc0ed33fce None None] Agent healthcheck: found 0 active agents {{(pid=91969) agent_health_check /opt/stack/neutron/neutron/db/agents_db.py:322}}
May 28 10:03:49.819754 np0000001613 neutron-periodic-workers[91969]: DEBUG oslo.service.backend._threading.loopingcall [None req-4f4dad8e-d6c5-4e03-b1e9-36cc0ed33fce None None] Fixed interval looping call 'neutron.plugins.ml2.plugin.AgentDbMixin.agent_health_check' sleeping for 37.00 seconds {{(pid=91969) _run_loop /opt/stack/data/venv/lib/python3.12/site-packages/oslo_service/backend/_threading/loopingcall.py:125}}
May 28 10:03:58.801794 np0000001613 neutron-periodic-workers[91962]: DEBUG oslo.service.backend._threading.loopingcall [None req-c59e3a80-6745-4456-ae1b-509663d5bcef None None] Fixed interval looping call 'neutron.plugins.ml2.plugin.DhcpAgentSchedulerDbMixin.remove_networks_from_down_agents' sleeping for 36.99 seconds {{(pid=91962) _run_loop /opt/stack/data/venv/lib/python3.12/site-packages/oslo_service/backend/_threading/loopingcall.py:125}}
May 28 10:03:59.819040 np0000001613 neutron-periodic-workers[91969]: DEBUG dbcounter [-] [91969] Writing DB stats neutron:SELECT=1 {{(pid=91969) stat_writer /opt/stack/data/venv/lib/python3.12/site-packages/dbcounter.py:115}}
May 28 10:04:08.800240 np0000001613 neutron-periodic-workers[91962]: DEBUG dbcounter [-] [91962] Writing DB stats neutron:SELECT=3 {{(pid=91962) stat_writer /opt/stack/data/venv/lib/python3.12/site-packages/dbcounter.py:115}}
May 28 10:04:11.821049 np0000001613 neutron-periodic-workers[91983]: DEBUG oslo.service.backend._threading.loopingcall [None req-a44910d4-03e0-4c94-814f-7396a1f526b2 None None] Fixed interval looping call 'neutron.db.quota.driver_nolock.DbQuotaNoLockDriver._remove_expired_reservations' sleeping for 120.00 seconds {{(pid=91983) _run_loop /opt/stack/data/venv/lib/python3.12/site-packages/oslo_service/backend/_threading/loopingcall.py:125}}
May 28 10:04:21.821543 np0000001613 neutron-periodic-workers[91983]: DEBUG dbcounter [-] [91983] Writing DB stats neutron:DELETE=1 {{(pid=91983) stat_writer /opt/stack/data/venv/lib/python3.12/site-packages/dbcounter.py:115}}
May 28 10:04:24.841230 np0000001613 neutron-periodic-workers[91996]: DEBUG oslo.service.backend._threading.loopingcall [None req-e7992b9e-92ef-4ff3-be91-03afdf4e756a None None] Fixed interval looping call 'neutron.services.ovn_l3.plugin.L3_NAT_dbonly_mixin._clean_garbage' sleeping for 299.99 seconds {{(pid=91996) _run_loop /opt/stack/data/venv/lib/python3.12/site-packages/oslo_service/backend/_threading/loopingcall.py:125}}
May 28 10:04:26.825196 np0000001613 neutron-periodic-workers[91969]: DEBUG neutron.db.agents_db [None req-4f4dad8e-d6c5-4e03-b1e9-36cc0ed33fce None None] Agent healthcheck: found 0 active agents {{(pid=91969) agent_health_check /opt/stack/neutron/neutron/db/agents_db.py:322}}
May 28 10:04:26.825506 np0000001613 neutron-periodic-workers[91969]: DEBUG oslo.service.backend._threading.loopingcall [None req-4f4dad8e-d6c5-4e03-b1e9-36cc0ed33fce None None] Fixed interval looping call 'neutron.plugins.ml2.plugin.AgentDbMixin.agent_health_check' sleeping for 37.00 seconds {{(pid=91969) _run_loop /opt/stack/data/venv/lib/python3.12/site-packages/oslo_service/backend/_threading/loopingcall.py:125}}
May 28 10:04:34.833591 np0000001613 neutron-periodic-workers[91996]: DEBUG dbcounter [-] [91996] Writing DB stats neutron:SELECT=1 {{(pid=91996) stat_writer /opt/stack/data/venv/lib/python3.12/site-packages/dbcounter.py:115}}
May 28 10:04:35.799115 np0000001613 neutron-periodic-workers[91962]: DEBUG oslo.service.backend._threading.loopingcall [None req-c59e3a80-6745-4456-ae1b-509663d5bcef None None] Fixed interval looping call 'neutron.plugins.ml2.plugin.DhcpAgentSchedulerDbMixin.remove_networks_from_down_agents' sleeping for 36.99 seconds {{(pid=91962) _run_loop /opt/stack/data/venv/lib/python3.12/site-packages/oslo_service/backend/_threading/loopingcall.py:125}}
May 28 10:04:36.824717 np0000001613 neutron-periodic-workers[91969]: DEBUG dbcounter [-] [91969] Writing DB stats neutron:SELECT=1 {{(pid=91969) stat_writer /opt/stack/data/venv/lib/python3.12/site-packages/dbcounter.py:115}}
May 28 10:04:45.798199 np0000001613 neutron-periodic-workers[91962]: DEBUG dbcounter [-] [91962] Writing DB stats neutron:SELECT=3 {{(pid=91962) stat_writer /opt/stack/data/venv/lib/python3.12/site-packages/dbcounter.py:115}}
May 28 10:05:03.829506 np0000001613 neutron-periodic-workers[91969]: DEBUG neutron.db.agents_db [None req-4f4dad8e-d6c5-4e03-b1e9-36cc0ed33fce None None] Agent healthcheck: found 0 active agents {{(pid=91969) agent_health_check /opt/stack/neutron/neutron/db/agents_db.py:322}}
May 28 10:05:03.829903 np0000001613 neutron-periodic-workers[91969]: DEBUG oslo.service.backend._threading.loopingcall [None req-4f4dad8e-d6c5-4e03-b1e9-36cc0ed33fce None None] Fixed interval looping call 'neutron.plugins.ml2.plugin.AgentDbMixin.agent_health_check' sleeping for 37.00 seconds {{(pid=91969) _run_loop /opt/stack/data/venv/lib/python3.12/site-packages/oslo_service/backend/_threading/loopingcall.py:125}}
May 28 10:05:12.802191 np0000001613 neutron-periodic-workers[91962]: DEBUG oslo.service.backend._threading.loopingcall [None req-c59e3a80-6745-4456-ae1b-509663d5bcef None None] Fixed interval looping call 'neutron.plugins.ml2.plugin.DhcpAgentSchedulerDbMixin.remove_networks_from_down_agents' sleeping for 36.99 seconds {{(pid=91962) _run_loop /opt/stack/data/venv/lib/python3.12/site-packages/oslo_service/backend/_threading/loopingcall.py:125}}
May 28 10:05:13.828120 np0000001613 neutron-periodic-workers[91969]: DEBUG dbcounter [-] [91969] Writing DB stats neutron:SELECT=1 {{(pid=91969) stat_writer /opt/stack/data/venv/lib/python3.12/site-packages/dbcounter.py:115}}
