Jun 19 14:47:18.541877 np0000003296 nova-scheduler[95775]: DEBUG cotyledon.oslo_config_glue [-] oslo_limit.auth_section = None {{(pid=95775) log_opt_values /opt/stack/data/venv/lib/python3.12/site-packages/oslo_config/cfg.py:3253}}
Jun 19 14:47:18.541877 np0000003296 nova-scheduler[95775]: DEBUG cotyledon.oslo_config_glue [-] oslo_limit.auth_type = None {{(pid=95775) log_opt_values /opt/stack/data/venv/lib/python3.12/site-packages/oslo_config/cfg.py:3253}}
Jun 19 14:47:18.541877 np0000003296 nova-scheduler[95775]: DEBUG cotyledon.oslo_config_glue [-] oslo_limit.cafile = None {{(pid=95775) log_opt_values /opt/stack/data/venv/lib/python3.12/site-packages/oslo_config/cfg.py:3253}}
Jun 19 14:47:18.542055 np0000003296 nova-scheduler[95775]: DEBUG cotyledon.oslo_config_glue [-] oslo_limit.certfile = None {{(pid=95775) log_opt_values /opt/stack/data/venv/lib/python3.12/site-packages/oslo_config/cfg.py:3253}}
Jun 19 14:47:18.542055 np0000003296 nova-scheduler[95775]: DEBUG cotyledon.oslo_config_glue [-] oslo_limit.collect_timing = False {{(pid=95775) log_opt_values /opt/stack/data/venv/lib/python3.12/site-packages/oslo_config/cfg.py:3253}}
Jun 19 14:47:18.542055 np0000003296 nova-scheduler[95775]: DEBUG cotyledon.oslo_config_glue [-] oslo_limit.connect_retries = None {{(pid=95775) log_opt_values /opt/stack/data/venv/lib/python3.12/site-packages/oslo_config/cfg.py:3253}}
Jun 19 14:47:18.542055 np0000003296 nova-scheduler[95775]: DEBUG cotyledon.oslo_config_glue [-] oslo_limit.connect_retry_delay = None {{(pid=95775) log_opt_values /opt/stack/data/venv/lib/python3.12/site-packages/oslo_config/cfg.py:3253}}
Jun 19 14:47:18.542055 np0000003296 nova-scheduler[95775]: DEBUG cotyledon.oslo_config_glue [-] oslo_limit.endpoint_id = None {{(pid=95775) log_opt_values /opt/stack/data/venv/lib/python3.12/site-packages/oslo_config/cfg.py:3253}}
Jun 19 14:47:18.542055 np0000003296 nova-scheduler[95775]: DEBUG cotyledon.oslo_config_glue [-] oslo_limit.endpoint_interface = public {{(pid=95775) log_opt_values /opt/stack/data/venv/lib/python3.12/site-packages/oslo_config/cfg.py:3253}}
Jun 19 14:47:18.542055 np0000003296 nova-scheduler[95775]: DEBUG cotyledon.oslo_config_glue [-] oslo_limit.endpoint_override = None {{(pid=95775) log_opt_values /opt/stack/data/venv/lib/python3.12/site-packages/oslo_config/cfg.py:3253}}
Jun 19 14:47:18.542055 np0000003296 nova-scheduler[95775]: DEBUG cotyledon.oslo_config_glue [-] oslo_limit.endpoint_region_name = None {{(pid=95775) log_opt_values /opt/stack/data/venv/lib/python3.12/site-packages/oslo_config/cfg.py:3253}}
Jun 19 14:47:18.542055 np0000003296 nova-scheduler[95775]: DEBUG cotyledon.oslo_config_glue [-] oslo_limit.endpoint_service_name = None {{(pid=95775) log_opt_values /opt/stack/data/venv/lib/python3.12/site-packages/oslo_config/cfg.py:3253}}
Jun 19 14:47:18.542248 np0000003296 nova-scheduler[95775]: DEBUG cotyledon.oslo_config_glue [-] oslo_limit.endpoint_service_type = None {{(pid=95775) log_opt_values /opt/stack/data/venv/lib/python3.12/site-packages/oslo_config/cfg.py:3253}}
Jun 19 14:47:18.542248 np0000003296 nova-scheduler[95775]: DEBUG cotyledon.oslo_config_glue [-] oslo_limit.insecure = False {{(pid=95775) log_opt_values /opt/stack/data/venv/lib/python3.12/site-packages/oslo_config/cfg.py:3253}}
Jun 19 14:47:18.542248 np0000003296 nova-scheduler[95775]: DEBUG cotyledon.oslo_config_glue [-] oslo_limit.keyfile = None {{(pid=95775) log_opt_values /opt/stack/data/venv/lib/python3.12/site-packages/oslo_config/cfg.py:3253}}
Jun 19 14:47:18.542248 np0000003296 nova-scheduler[95775]: DEBUG cotyledon.oslo_config_glue [-] oslo_limit.max_version = None {{(pid=95775) log_opt_values /opt/stack/data/venv/lib/python3.12/site-packages/oslo_config/cfg.py:3253}}
Jun 19 14:47:18.542248 np0000003296 nova-scheduler[95775]: DEBUG cotyledon.oslo_config_glue [-] oslo_limit.min_version = None {{(pid=95775) log_opt_values /opt/stack/data/venv/lib/python3.12/site-packages/oslo_config/cfg.py:3253}}
Jun 19 14:47:18.542248 np0000003296 nova-scheduler[95775]: DEBUG cotyledon.oslo_config_glue [-] oslo_limit.region_name = None {{(pid=95775) log_opt_values /opt/stack/data/venv/lib/python3.12/site-packages/oslo_config/cfg.py:3253}}
Jun 19 14:47:18.542248 np0000003296 nova-scheduler[95775]: DEBUG cotyledon.oslo_config_glue [-] oslo_limit.retriable_status_codes = None {{(pid=95775) log_opt_values /opt/stack/data/venv/lib/python3.12/site-packages/oslo_config/cfg.py:3253}}
Jun 19 14:47:18.542248 np0000003296 nova-scheduler[95775]: DEBUG cotyledon.oslo_config_glue [-] oslo_limit.service_name = None {{(pid=95775) log_opt_values /opt/stack/data/venv/lib/python3.12/site-packages/oslo_config/cfg.py:3253}}
Jun 19 14:47:18.542248 np0000003296 nova-scheduler[95775]: DEBUG cotyledon.oslo_config_glue [-] oslo_limit.service_type = None {{(pid=95775) log_opt_values /opt/stack/data/venv/lib/python3.12/site-packages/oslo_config/cfg.py:3253}}
Jun 19 14:47:18.542424 np0000003296 nova-scheduler[95775]: DEBUG cotyledon.oslo_config_glue [-] oslo_limit.split_loggers = False {{(pid=95775) log_opt_values /opt/stack/data/venv/lib/python3.12/site-packages/oslo_config/cfg.py:3253}}
Jun 19 14:47:18.542424 np0000003296 nova-scheduler[95775]: DEBUG cotyledon.oslo_config_glue [-] oslo_limit.status_code_retries = None {{(pid=95775) log_opt_values /opt/stack/data/venv/lib/python3.12/site-packages/oslo_config/cfg.py:3253}}
Jun 19 14:47:18.542424 np0000003296 nova-scheduler[95775]: DEBUG cotyledon.oslo_config_glue [-] oslo_limit.status_code_retry_delay = None {{(pid=95775) log_opt_values /opt/stack/data/venv/lib/python3.12/site-packages/oslo_config/cfg.py:3253}}
Jun 19 14:47:18.542424 np0000003296 nova-scheduler[95775]: DEBUG cotyledon.oslo_config_glue [-] oslo_limit.timeout = None {{(pid=95775) log_opt_values /opt/stack/data/venv/lib/python3.12/site-packages/oslo_config/cfg.py:3253}}
Jun 19 14:47:18.542424 np0000003296 nova-scheduler[95775]: DEBUG cotyledon.oslo_config_glue [-] oslo_limit.valid_interfaces = None {{(pid=95775) log_opt_values /opt/stack/data/venv/lib/python3.12/site-packages/oslo_config/cfg.py:3253}}
Jun 19 14:47:18.542424 np0000003296 nova-scheduler[95775]: DEBUG cotyledon.oslo_config_glue [-] oslo_limit.version = None {{(pid=95775) log_opt_values /opt/stack/data/venv/lib/python3.12/site-packages/oslo_config/cfg.py:3253}}
Jun 19 14:47:18.542424 np0000003296 nova-scheduler[95775]: DEBUG cotyledon.oslo_config_glue [-] oslo_reports.file_event_handler = None {{(pid=95775) log_opt_values /opt/stack/data/venv/lib/python3.12/site-packages/oslo_config/cfg.py:3253}}
Jun 19 14:47:18.542424 np0000003296 nova-scheduler[95775]: DEBUG cotyledon.oslo_config_glue [-] oslo_reports.file_event_handler_interval = 1 {{(pid=95775) log_opt_values /opt/stack/data/venv/lib/python3.12/site-packages/oslo_config/cfg.py:3253}}
Jun 19 14:47:18.542424 np0000003296 nova-scheduler[95775]: DEBUG cotyledon.oslo_config_glue [-] oslo_reports.log_dir = None {{(pid=95775) log_opt_values /opt/stack/data/venv/lib/python3.12/site-packages/oslo_config/cfg.py:3253}}
Jun 19 14:47:18.542613 np0000003296 nova-scheduler[95775]: DEBUG cotyledon.oslo_config_glue [-] ******************************************************************************** {{(pid=95775) log_opt_values /opt/stack/data/venv/lib/python3.12/site-packages/oslo_config/cfg.py:3260}}
Jun 19 14:47:18.542613 np0000003296 nova-scheduler[95775]: DEBUG cotyledon._service_worker [-] Run service ServiceWrapper(2) [95775] {{(pid=95775) wait_forever /opt/stack/data/venv/lib/python3.12/site-packages/cotyledon/_service_worker.py:218}}
Jun 19 14:47:18.542613 np0000003296 nova-scheduler[95775]: INFO nova.service [-] Starting scheduler node (version 33.1.0)
Jun 19 14:47:18.542613 np0000003296 nova-scheduler[95775]: INFO dbcounter [None req-e6f61d79-805d-48f7-ae89-fbdc26d06ccd None None] Registered counter for database nova_cell0
Jun 19 14:47:18.555117 np0000003296 nova-scheduler[95773]: DEBUG oslo_db.sqlalchemy.engines [None req-21c8ec82-c0a9-4048-92b9-5b60103b0f11 None None] MySQL server mode set to STRICT_TRANS_TABLES,STRICT_ALL_TABLES,NO_ZERO_IN_DATE,NO_ZERO_DATE,ERROR_FOR_DIVISION_BY_ZERO,TRADITIONAL,NO_ENGINE_SUBSTITUTION {{(pid=95773) _check_effective_sql_mode /opt/stack/data/venv/lib/python3.12/site-packages/oslo_db/sqlalchemy/engines.py:325}}
Jun 19 14:47:18.564307 np0000003296 nova-scheduler[95773]: DEBUG dbcounter [-] [95773] Writer thread running {{(pid=95773) stat_writer /opt/stack/data/venv/lib/python3.12/site-packages/dbcounter.py:102}}
Jun 19 14:47:18.564702 np0000003296 nova-scheduler[95771]: DEBUG oslo_db.sqlalchemy.engines [None req-46421755-52a6-4242-8b41-0749c130f3fd None None] MySQL server mode set to STRICT_TRANS_TABLES,STRICT_ALL_TABLES,NO_ZERO_IN_DATE,NO_ZERO_DATE,ERROR_FOR_DIVISION_BY_ZERO,TRADITIONAL,NO_ENGINE_SUBSTITUTION {{(pid=95771) _check_effective_sql_mode /opt/stack/data/venv/lib/python3.12/site-packages/oslo_db/sqlalchemy/engines.py:325}}
Jun 19 14:47:18.573683 np0000003296 nova-scheduler[95771]: DEBUG dbcounter [-] [95771] Writer thread running {{(pid=95771) stat_writer /opt/stack/data/venv/lib/python3.12/site-packages/dbcounter.py:102}}
Jun 19 14:47:18.576604 np0000003296 nova-scheduler[95775]: DEBUG oslo_db.sqlalchemy.engines [None req-e6f61d79-805d-48f7-ae89-fbdc26d06ccd None None] MySQL server mode set to STRICT_TRANS_TABLES,STRICT_ALL_TABLES,NO_ZERO_IN_DATE,NO_ZERO_DATE,ERROR_FOR_DIVISION_BY_ZERO,TRADITIONAL,NO_ENGINE_SUBSTITUTION {{(pid=95775) _check_effective_sql_mode /opt/stack/data/venv/lib/python3.12/site-packages/oslo_db/sqlalchemy/engines.py:325}}
Jun 19 14:47:18.579300 np0000003296 nova-scheduler[95773]: DEBUG nova.service [None req-21c8ec82-c0a9-4048-92b9-5b60103b0f11 None None] Creating RPC server for service: nova-scheduler on topic: scheduler {{(pid=95773) start /opt/stack/nova/nova/service.py:196}}
Jun 19 14:47:18.586822 np0000003296 nova-scheduler[95775]: DEBUG dbcounter [-] [95775] Writer thread running {{(pid=95775) stat_writer /opt/stack/data/venv/lib/python3.12/site-packages/dbcounter.py:102}}
Jun 19 14:47:18.589301 np0000003296 nova-scheduler[95775]: DEBUG nova.service [None req-e6f61d79-805d-48f7-ae89-fbdc26d06ccd None None] Creating RPC server for service: nova-scheduler on topic: scheduler {{(pid=95775) start /opt/stack/nova/nova/service.py:196}}
Jun 19 14:47:18.592319 np0000003296 nova-scheduler[95771]: DEBUG nova.service [None req-46421755-52a6-4242-8b41-0749c130f3fd None None] Creating RPC server for service: nova-scheduler on topic: scheduler {{(pid=95771) start /opt/stack/nova/nova/service.py:196}}
Jun 19 14:47:18.599902 np0000003296 nova-scheduler[95773]: DEBUG nova.service [None req-21c8ec82-c0a9-4048-92b9-5b60103b0f11 None None] Join ServiceGroup membership for this service scheduler {{(pid=95773) start /opt/stack/nova/nova/service.py:222}}
Jun 19 14:47:18.600061 np0000003296 nova-scheduler[95773]: DEBUG nova.servicegroup.drivers.db [None req-21c8ec82-c0a9-4048-92b9-5b60103b0f11 None None] DB_Driver: join new ServiceGroup member np0000003296 to the scheduler group, service = {{(pid=95773) join /opt/stack/nova/nova/servicegroup/drivers/db.py:44}}
Jun 19 14:47:18.604808 np0000003296 nova-scheduler[95775]: DEBUG nova.service [None req-e6f61d79-805d-48f7-ae89-fbdc26d06ccd None None] Join ServiceGroup membership for this service scheduler {{(pid=95775) start /opt/stack/nova/nova/service.py:222}}
Jun 19 14:47:18.605053 np0000003296 nova-scheduler[95775]: DEBUG nova.servicegroup.drivers.db [None req-e6f61d79-805d-48f7-ae89-fbdc26d06ccd None None] DB_Driver: join new ServiceGroup member np0000003296 to the scheduler group, service = {{(pid=95775) join /opt/stack/nova/nova/servicegroup/drivers/db.py:44}}
Jun 19 14:47:18.616652 np0000003296 nova-scheduler[95771]: DEBUG nova.service [None req-46421755-52a6-4242-8b41-0749c130f3fd None None] Join ServiceGroup membership for this service scheduler {{(pid=95771) start /opt/stack/nova/nova/service.py:222}}
Jun 19 14:47:18.617025 np0000003296 nova-scheduler[95771]: DEBUG nova.servicegroup.drivers.db [None req-46421755-52a6-4242-8b41-0749c130f3fd None None] DB_Driver: join new ServiceGroup member np0000003296 to the scheduler group, service = {{(pid=95771) join /opt/stack/nova/nova/servicegroup/drivers/db.py:44}}
Jun 19 14:47:23.623047 np0000003296 nova-scheduler[95773]: DEBUG oslo.service.backend._threading.loopingcall [-] Fixed interval looping call 'nova.servicegroup.drivers.db.DbDriver._report_state' sleeping for 119.98 seconds {{(pid=95773) _run_loop /opt/stack/data/venv/lib/python3.12/site-packages/oslo_service/backend/_threading/loopingcall.py:125}}
Jun 19 14:47:23.624304 np0000003296 nova-scheduler[95775]: DEBUG oslo.service.backend._threading.loopingcall [-] Fixed interval looping call 'nova.servicegroup.drivers.db.DbDriver._report_state' sleeping for 119.98 seconds {{(pid=95775) _run_loop /opt/stack/data/venv/lib/python3.12/site-packages/oslo_service/backend/_threading/loopingcall.py:125}}
Jun 19 14:47:23.627588 np0000003296 nova-scheduler[95771]: DEBUG oslo.service.backend._threading.loopingcall [-] Fixed interval looping call 'nova.servicegroup.drivers.db.DbDriver._report_state' sleeping for 119.99 seconds {{(pid=95771) _run_loop /opt/stack/data/venv/lib/python3.12/site-packages/oslo_service/backend/_threading/loopingcall.py:125}}
Jun 19 14:47:27.170190 np0000003296 nova-scheduler[94505]: DEBUG dbcounter [-] [94505] Writing DB stats nova_api:SELECT=3 {{(pid=94505) stat_writer /opt/stack/data/venv/lib/python3.12/site-packages/dbcounter.py:115}}
Jun 19 14:47:27.305714 np0000003296 nova-scheduler[94505]: DEBUG dbcounter [-] [94505] Writing DB stats nova_cell0:SELECT=1 {{(pid=94505) stat_writer /opt/stack/data/venv/lib/python3.12/site-packages/dbcounter.py:115}}
Jun 19 14:47:27.312618 np0000003296 nova-scheduler[94505]: DEBUG dbcounter [-] [94505] Writing DB stats nova_cell1:SELECT=1 {{(pid=94505) stat_writer /opt/stack/data/venv/lib/python3.12/site-packages/dbcounter.py:115}}
Jun 19 14:47:33.617302 np0000003296 nova-scheduler[95773]: DEBUG dbcounter [-] [95773] Writing DB stats nova_cell0:SELECT=4,nova_cell0:INSERT=1,nova_cell0:UPDATE=1 {{(pid=95773) stat_writer /opt/stack/data/venv/lib/python3.12/site-packages/dbcounter.py:115}}
Jun 19 14:47:33.622385 np0000003296 nova-scheduler[95775]: DEBUG dbcounter [-] [95775] Writing DB stats nova_cell0:SELECT=3,nova_cell0:UPDATE=1 {{(pid=95775) stat_writer /opt/stack/data/venv/lib/python3.12/site-packages/dbcounter.py:115}}
Jun 19 14:47:33.628445 np0000003296 nova-scheduler[95771]: DEBUG dbcounter [-] [95771] Writing DB stats nova_cell0:SELECT=4,nova_cell0:INSERT=1 {{(pid=95771) stat_writer /opt/stack/data/venv/lib/python3.12/site-packages/dbcounter.py:115}}
Jun 19 14:47:35.622095 np0000003296 nova-scheduler[95771]: DEBUG oslo.service.backend._threading.loopingcall [None req-d9ac9db5-b252-4dc3-bf44-0701bd93e942 None None] Dynamic interval looping call 'nova.service.Service.periodic_tasks' sleeping for 60.00 seconds {{(pid=95771) _run_loop /opt/stack/data/venv/lib/python3.12/site-packages/oslo_service/backend/_threading/loopingcall.py:125}}
Jun 19 14:47:47.606933 np0000003296 nova-scheduler[95775]: DEBUG oslo.service.backend._threading.loopingcall [None req-9e1cedd4-9234-4d80-b3db-5120cfc5d151 None None] Dynamic interval looping call 'nova.service.Service.periodic_tasks' sleeping for 60.00 seconds {{(pid=95775) _run_loop /opt/stack/data/venv/lib/python3.12/site-packages/oslo_service/backend/_threading/loopingcall.py:125}}
Jun 19 14:48:05.602040 np0000003296 nova-scheduler[95773]: DEBUG oslo.service.backend._threading.loopingcall [None req-221cfdf4-59fb-4d35-8221-fd6c157e2a91 None None] Dynamic interval looping call 'nova.service.Service.periodic_tasks' sleeping for 60.00 seconds {{(pid=95773) _run_loop /opt/stack/data/venv/lib/python3.12/site-packages/oslo_service/backend/_threading/loopingcall.py:125}}
Jun 19 14:48:35.622723 np0000003296 nova-scheduler[95771]: DEBUG oslo.service.backend._threading.loopingcall [None req-d9ac9db5-b252-4dc3-bf44-0701bd93e942 None None] Dynamic interval looping call 'nova.service.Service.periodic_tasks' sleeping for 60.00 seconds {{(pid=95771) _run_loop /opt/stack/data/venv/lib/python3.12/site-packages/oslo_service/backend/_threading/loopingcall.py:125}}
Jun 19 14:48:47.607826 np0000003296 nova-scheduler[95775]: DEBUG oslo.service.backend._threading.loopingcall [None req-9e1cedd4-9234-4d80-b3db-5120cfc5d151 None None] Dynamic interval looping call 'nova.service.Service.periodic_tasks' sleeping for 60.00 seconds {{(pid=95775) _run_loop /opt/stack/data/venv/lib/python3.12/site-packages/oslo_service/backend/_threading/loopingcall.py:125}}
Jun 19 14:49:05.602587 np0000003296 nova-scheduler[95773]: DEBUG oslo.service.backend._threading.loopingcall [None req-221cfdf4-59fb-4d35-8221-fd6c157e2a91 None None] Dynamic interval looping call 'nova.service.Service.periodic_tasks' sleeping for 60.00 seconds {{(pid=95773) _run_loop /opt/stack/data/venv/lib/python3.12/site-packages/oslo_service/backend/_threading/loopingcall.py:125}}
Jun 19 14:49:23.614285 np0000003296 nova-scheduler[95773]: DEBUG oslo.service.backend._threading.loopingcall [-] Fixed interval looping call 'nova.servicegroup.drivers.db.DbDriver._report_state' sleeping for 119.99 seconds {{(pid=95773) _run_loop /opt/stack/data/venv/lib/python3.12/site-packages/oslo_service/backend/_threading/loopingcall.py:125}}
Jun 19 14:49:23.615541 np0000003296 nova-scheduler[95775]: DEBUG oslo.service.backend._threading.loopingcall [-] Fixed interval looping call 'nova.servicegroup.drivers.db.DbDriver._report_state' sleeping for 119.99 seconds {{(pid=95775) _run_loop /opt/stack/data/venv/lib/python3.12/site-packages/oslo_service/backend/_threading/loopingcall.py:125}}
Jun 19 14:49:23.621662 np0000003296 nova-scheduler[95771]: DEBUG oslo.service.backend._threading.loopingcall [-] Fixed interval looping call 'nova.servicegroup.drivers.db.DbDriver._report_state' sleeping for 120.00 seconds {{(pid=95771) _run_loop /opt/stack/data/venv/lib/python3.12/site-packages/oslo_service/backend/_threading/loopingcall.py:125}}
Jun 19 14:49:33.608476 np0000003296 nova-scheduler[95773]: DEBUG dbcounter [-] [95773] Writing DB stats nova_cell0:SELECT=1,nova_cell0:UPDATE=1 {{(pid=95773) stat_writer /opt/stack/data/venv/lib/python3.12/site-packages/dbcounter.py:115}}
Jun 19 14:49:33.609109 np0000003296 nova-scheduler[95775]: DEBUG dbcounter [-] [95775] Writing DB stats nova_cell0:SELECT=1,nova_cell0:UPDATE=1 {{(pid=95775) stat_writer /opt/stack/data/venv/lib/python3.12/site-packages/dbcounter.py:115}}
Jun 19 14:49:33.620052 np0000003296 nova-scheduler[95771]: DEBUG dbcounter [-] [95771] Writing DB stats nova_cell0:SELECT=1 {{(pid=95771) stat_writer /opt/stack/data/venv/lib/python3.12/site-packages/dbcounter.py:115}}
Jun 19 14:49:35.623239 np0000003296 nova-scheduler[95771]: DEBUG oslo.service.backend._threading.loopingcall [None req-d9ac9db5-b252-4dc3-bf44-0701bd93e942 None None] Dynamic interval looping call 'nova.service.Service.periodic_tasks' sleeping for 60.00 seconds {{(pid=95771) _run_loop /opt/stack/data/venv/lib/python3.12/site-packages/oslo_service/backend/_threading/loopingcall.py:125}}
Jun 19 14:49:47.608815 np0000003296 nova-scheduler[95775]: DEBUG oslo.service.backend._threading.loopingcall [None req-9e1cedd4-9234-4d80-b3db-5120cfc5d151 None None] Dynamic interval looping call 'nova.service.Service.periodic_tasks' sleeping for 60.00 seconds {{(pid=95775) _run_loop /opt/stack/data/venv/lib/python3.12/site-packages/oslo_service/backend/_threading/loopingcall.py:125}}
Jun 19 14:49:57.353870 np0000003296 nova-scheduler[95773]: DEBUG nova.scheduler.manager [None req-ed993418-8c90-4625-acf1-c3cbf3b8c928 tempest-ServerStableDeviceRescueTest-1811260191 tempest-ServerStableDeviceRescueTest-1811260191-project-member] Starting to schedule for instances: ['9c91dd70-8f39-4b80-b3ad-2ca6a5a7f0a4'] {{(pid=95773) select_destinations /opt/stack/nova/nova/scheduler/manager.py:210}}
Jun 19 14:49:57.354648 np0000003296 nova-scheduler[95773]: DEBUG nova.scheduler.request_filter [None req-ed993418-8c90-4625-acf1-c3cbf3b8c928 tempest-ServerStableDeviceRescueTest-1811260191 tempest-ServerStableDeviceRescueTest-1811260191-project-member] compute_status_filter request filter added forbidden trait COMPUTE_STATUS_DISABLED {{(pid=95773) compute_status_filter /opt/stack/nova/nova/scheduler/request_filter.py:253}}
Jun 19 14:49:57.354839 np0000003296 nova-scheduler[95773]: DEBUG nova.scheduler.request_filter [None req-ed993418-8c90-4625-acf1-c3cbf3b8c928 tempest-ServerStableDeviceRescueTest-1811260191 tempest-ServerStableDeviceRescueTest-1811260191-project-member] Request filter 'compute_status_filter' took 0.0 seconds {{(pid=95773) wrapper /opt/stack/nova/nova/scheduler/request_filter.py:46}}
Jun 19 14:49:57.355215 np0000003296 nova-scheduler[95773]: DEBUG nova.scheduler.request_filter [None req-ed993418-8c90-4625-acf1-c3cbf3b8c928 tempest-ServerStableDeviceRescueTest-1811260191 tempest-ServerStableDeviceRescueTest-1811260191-project-member] Request filter 'accelerators_filter' took 0.0 seconds {{(pid=95773) wrapper /opt/stack/nova/nova/scheduler/request_filter.py:46}}
Jun 19 14:49:57.355453 np0000003296 nova-scheduler[95773]: DEBUG nova.scheduler.request_filter [None req-ed993418-8c90-4625-acf1-c3cbf3b8c928 tempest-ServerStableDeviceRescueTest-1811260191 tempest-ServerStableDeviceRescueTest-1811260191-project-member] Request filter 'packed_virtqueue_filter' took 0.0 seconds {{(pid=95773) wrapper /opt/stack/nova/nova/scheduler/request_filter.py:46}}
Jun 19 14:49:57.355787 np0000003296 nova-scheduler[95773]: DEBUG nova.scheduler.request_filter [None req-ed993418-8c90-4625-acf1-c3cbf3b8c928 tempest-ServerStableDeviceRescueTest-1811260191 tempest-ServerStableDeviceRescueTest-1811260191-project-member] Request filter 'remote_managed_ports_filter' took 0.0 seconds {{(pid=95773) wrapper /opt/stack/nova/nova/scheduler/request_filter.py:46}}
Jun 19 14:49:57.355964 np0000003296 nova-scheduler[95773]: DEBUG nova.scheduler.request_filter [None req-ed993418-8c90-4625-acf1-c3cbf3b8c928 tempest-ServerStableDeviceRescueTest-1811260191 tempest-ServerStableDeviceRescueTest-1811260191-project-member] ephemeral_encryption_filter skipped {{(pid=95773) ephemeral_encryption_filter /opt/stack/nova/nova/scheduler/request_filter.py:426}}
Jun 19 14:49:57.356280 np0000003296 nova-scheduler[95773]: DEBUG nova.scheduler.request_filter [None req-ed993418-8c90-4625-acf1-c3cbf3b8c928 tempest-ServerStableDeviceRescueTest-1811260191 tempest-ServerStableDeviceRescueTest-1811260191-project-member] virtio_sound_filter skipped {{(pid=95773) virtio_sound_filter /opt/stack/nova/nova/scheduler/request_filter.py:460}}
Jun 19 14:49:57.356456 np0000003296 nova-scheduler[95773]: DEBUG nova.scheduler.request_filter [None req-ed993418-8c90-4625-acf1-c3cbf3b8c928 tempest-ServerStableDeviceRescueTest-1811260191 tempest-ServerStableDeviceRescueTest-1811260191-project-member] tpm_secret_security_filter skipped {{(pid=95773) tpm_secret_security_filter /opt/stack/nova/nova/scheduler/request_filter.py:477}}
Jun 19 14:49:58.053891 np0000003296 nova-scheduler[95773]: INFO nova.utils [None req-ed993418-8c90-4625-acf1-c3cbf3b8c928 tempest-ServerStableDeviceRescueTest-1811260191 tempest-ServerStableDeviceRescueTest-1811260191-project-member] The cell worker thread pool ForkProcess-2.cell_worker is initialized
Jun 19 14:49:58.056204 np0000003296 nova-scheduler[95773]: DEBUG oslo_concurrency.lockutils [None req-ed993418-8c90-4625-acf1-c3cbf3b8c928 tempest-ServerStableDeviceRescueTest-1811260191 tempest-ServerStableDeviceRescueTest-1811260191-project-member] Acquiring lock "482b86ba-0259-4cf1-b22d-06f2c832667b" by "nova.context.set_target_cell..get_or_set_cached_cell_and_set_connections" {{(pid=95773) inner /opt/stack/data/venv/lib/python3.12/site-packages/oslo_concurrency/lockutils.py:511}}
Jun 19 14:49:58.056204 np0000003296 nova-scheduler[95773]: DEBUG oslo_concurrency.lockutils [None req-ed993418-8c90-4625-acf1-c3cbf3b8c928 tempest-ServerStableDeviceRescueTest-1811260191 tempest-ServerStableDeviceRescueTest-1811260191-project-member] Lock "482b86ba-0259-4cf1-b22d-06f2c832667b" acquired by "nova.context.set_target_cell..get_or_set_cached_cell_and_set_connections" :: waited 0.000s {{(pid=95773) inner /opt/stack/data/venv/lib/python3.12/site-packages/oslo_concurrency/lockutils.py:524}}
Jun 19 14:49:58.057429 np0000003296 nova-scheduler[95773]: DEBUG oslo_concurrency.lockutils [None req-ed993418-8c90-4625-acf1-c3cbf3b8c928 tempest-ServerStableDeviceRescueTest-1811260191 tempest-ServerStableDeviceRescueTest-1811260191-project-member] Lock "482b86ba-0259-4cf1-b22d-06f2c832667b" "released" by "nova.context.set_target_cell..get_or_set_cached_cell_and_set_connections" :: held 0.002s {{(pid=95773) inner /opt/stack/data/venv/lib/python3.12/site-packages/oslo_concurrency/lockutils.py:543}}
Jun 19 14:49:58.060752 np0000003296 nova-scheduler[95773]: INFO dbcounter [None req-ed993418-8c90-4625-acf1-c3cbf3b8c928 tempest-ServerStableDeviceRescueTest-1811260191 tempest-ServerStableDeviceRescueTest-1811260191-project-member] Registered counter for database nova_cell1
Jun 19 14:49:58.112159 np0000003296 nova-scheduler[95773]: DEBUG oslo_db.sqlalchemy.engines [None req-ed993418-8c90-4625-acf1-c3cbf3b8c928 tempest-ServerStableDeviceRescueTest-1811260191 tempest-ServerStableDeviceRescueTest-1811260191-project-member] MySQL server mode set to STRICT_TRANS_TABLES,STRICT_ALL_TABLES,NO_ZERO_IN_DATE,NO_ZERO_DATE,ERROR_FOR_DIVISION_BY_ZERO,TRADITIONAL,NO_ENGINE_SUBSTITUTION {{(pid=95773) _check_effective_sql_mode /opt/stack/data/venv/lib/python3.12/site-packages/oslo_db/sqlalchemy/engines.py:325}}
Jun 19 14:49:58.123305 np0000003296 nova-scheduler[95773]: DEBUG dbcounter [-] [95773] Writer thread running {{(pid=95773) stat_writer /opt/stack/data/venv/lib/python3.12/site-packages/dbcounter.py:102}}
Jun 19 14:49:58.137281 np0000003296 nova-scheduler[95773]: DEBUG oslo_db.sqlalchemy.engines [None req-ed993418-8c90-4625-acf1-c3cbf3b8c928 tempest-ServerStableDeviceRescueTest-1811260191 tempest-ServerStableDeviceRescueTest-1811260191-project-member] Parent process 94505 forked (95773) with an open database connection, which is being discarded and recreated. {{(pid=95773) checkout /opt/stack/data/venv/lib/python3.12/site-packages/oslo_db/sqlalchemy/engines.py:402}}
Jun 19 14:49:58.179240 np0000003296 nova-scheduler[95773]: DEBUG dbcounter [-] [95773] Writer thread running {{(pid=95773) stat_writer /opt/stack/data/venv/lib/python3.12/site-packages/dbcounter.py:102}}
Jun 19 14:49:58.182231 np0000003296 nova-scheduler[95773]: DEBUG oslo_concurrency.lockutils [None req-ed993418-8c90-4625-acf1-c3cbf3b8c928 tempest-ServerStableDeviceRescueTest-1811260191 tempest-ServerStableDeviceRescueTest-1811260191-project-member] Acquiring lock "482b86ba-0259-4cf1-b22d-06f2c832667b" by "nova.context.set_target_cell..get_or_set_cached_cell_and_set_connections" {{(pid=95773) inner /opt/stack/data/venv/lib/python3.12/site-packages/oslo_concurrency/lockutils.py:511}}
Jun 19 14:49:58.182540 np0000003296 nova-scheduler[95773]: DEBUG oslo_concurrency.lockutils [None req-ed993418-8c90-4625-acf1-c3cbf3b8c928 tempest-ServerStableDeviceRescueTest-1811260191 tempest-ServerStableDeviceRescueTest-1811260191-project-member] Lock "482b86ba-0259-4cf1-b22d-06f2c832667b" acquired by "nova.context.set_target_cell..get_or_set_cached_cell_and_set_connections" :: waited 0.000s {{(pid=95773) inner /opt/stack/data/venv/lib/python3.12/site-packages/oslo_concurrency/lockutils.py:524}}
Jun 19 14:49:58.182674 np0000003296 nova-scheduler[95773]: DEBUG oslo_concurrency.lockutils [None req-ed993418-8c90-4625-acf1-c3cbf3b8c928 tempest-ServerStableDeviceRescueTest-1811260191 tempest-ServerStableDeviceRescueTest-1811260191-project-member] Lock "482b86ba-0259-4cf1-b22d-06f2c832667b" "released" by "nova.context.set_target_cell..get_or_set_cached_cell_and_set_connections" :: held 0.000s {{(pid=95773) inner /opt/stack/data/venv/lib/python3.12/site-packages/oslo_concurrency/lockutils.py:543}}
Jun 19 14:49:58.188595 np0000003296 nova-scheduler[95773]: DEBUG oslo_concurrency.lockutils [None req-ed993418-8c90-4625-acf1-c3cbf3b8c928 tempest-ServerStableDeviceRescueTest-1811260191 tempest-ServerStableDeviceRescueTest-1811260191-project-member] Acquiring lock "('np0000003296', 'np0000003296')" by "nova.scheduler.host_manager.HostState.update.._locked_update" {{(pid=95773) inner /opt/stack/data/venv/lib/python3.12/site-packages/oslo_concurrency/lockutils.py:511}}
Jun 19 14:49:58.188780 np0000003296 nova-scheduler[95773]: DEBUG oslo_concurrency.lockutils [None req-ed993418-8c90-4625-acf1-c3cbf3b8c928 tempest-ServerStableDeviceRescueTest-1811260191 tempest-ServerStableDeviceRescueTest-1811260191-project-member] Lock "('np0000003296', 'np0000003296')" acquired by "nova.scheduler.host_manager.HostState.update.._locked_update" :: waited 0.000s {{(pid=95773) inner /opt/stack/data/venv/lib/python3.12/site-packages/oslo_concurrency/lockutils.py:524}}
Jun 19 14:49:58.190019 np0000003296 nova-scheduler[95773]: DEBUG nova.scheduler.host_manager [None req-ed993418-8c90-4625-acf1-c3cbf3b8c928 tempest-ServerStableDeviceRescueTest-1811260191 tempest-ServerStableDeviceRescueTest-1811260191-project-member] Update host state from compute node: ComputeNode(cpu_allocation_ratio=4.0,cpu_info='{"arch": "x86_64", "model": "EPYC-Milan", "vendor": "AMD", "topology": {"cells": 1, "sockets": 12, "cores": 1, "threads": 1}, "maxphysaddr": {"mode": "emulate", "bits": 40}, "features": ["vmcb-clean", "fxsr", "pae", "xgetbv1", "pni", "sse4a", "wbnoinvd", "abm", "clzero", "sse4.2", "mtrr", "xsaveopt", "lm", "smep", "stibp", "umip", "vme", "ibrs", "bmi2", "fpu", "svm", "cx16", "popcnt", "xsavec", "pse36", "pcid", "null-sel-clr-base", "osvw", "mca", "fma", "flushbyasid", "syscall", "rdseed", "pku", "cx8", "apic", "de", "sse4.1", "virt-ssbd", "arch-capabilities", "npt", "xsave", "avx", "no-nested-data-bp", "ssse3", "vgif", "3dnowprefetch", "xsaveerptr", "mmx", "clflushopt", "arat", "cmov", "pfthreshold", "bmi1", "smap", "spec-ctrl", "amd-ssbd", "stibp-always-on", "pat", "aes", "perfctr_core", "nx", "pschange-mc-no", "tsc_adjust", "hypervisor", "sse", "cr8legacy", "sse2", "tsc", "pdpe1gb", "vaes", "amd-stibp", "pause-filter", "pge", "mce", "skip-l1dfl-vmentry", "vpclmulqdq", "fsrm", "nrip-save", "x2apic", "clwb", "msr", "rdtscp", "lahf_lm", "adx", "tsc-deadline", "cmp_legacy", "rdrand", "fxsr_opt", "ibpb", "mmxext", "sha-ni", "fsgsbase", "mds-no", "rdpid", "rdctl-no", "gds-no", "pclmuldq", "amd-psfd", "xsaves", "invpcid", "svme-addr-chk", "topoext", "lbrv", "avx2", "misalignsse", "erms", "lfence-always-serializing", "movbe", "ssbd", "f16c", "clflush", "v-vmsave-vmload", "sep", "pse", "tsc-scale"]}',created_at=2026-06-19T14:47:43Z,current_workload=0,deleted=False,deleted_at=None,disk_allocation_ratio=1.0,disk_available_least=74,free_disk_gb=95,free_ram_mb=23518,host='np0000003296',host_ip=10.4.3.145,hypervisor_hostname='np0000003296',hypervisor_type='QEMU',hypervisor_version=8002002,id=1,local_gb=95,local_gb_used=0,mapped=1,memory_mb=24030,memory_mb_used=512,metrics='[]',numa_topology='{"nova_object.name": "NUMATopology", "nova_object.namespace": "nova", "nova_object.version": "1.2", "nova_object.data": {"cells": [{"nova_object.name": "NUMACell", "nova_object.namespace": "nova", "nova_object.version": "1.5", "nova_object.data": {"id": 0, "cpuset": [0, 1, 2, 3, 4, 5, 6, 7, 8, 9, 10, 11], "pcpuset": [0, 1, 2, 3, 4, 5, 6, 7, 8, 9, 10, 11], "memory": 24030, "cpu_usage": 0, "memory_usage": 0, "pinned_cpus": [], "siblings": [[6], [2], [5], [11], [8], [4], [1], [7], [10], [0], [3], [9]], "mempages": [{"nova_object.name": "NUMAPagesTopology", "nova_object.namespace": "nova", "nova_object.version": "1.1", "nova_object.data": {"size_kb": 4, "total": 6151798, "used": 0, "reserved": 0}, "nova_object.changes": ["total", "used", "reserved", "size_kb"]}, {"nova_object.name": "NUMAPagesTopology", "nova_object.namespace": "nova", "nova_object.version": "1.1", "nova_object.data": {"size_kb": 2048, "total": 0, "used": 0, "reserved": 0}, "nova_object.changes": ["total", "used", "reserved", "size_kb"]}, {"nova_object.name": "NUMAPagesTopology", "nova_object.namespace": "nova", "nova_object.version": "1.1", "nova_object.data": {"size_kb": 1048576, "total": 0, "used": 0, "reserved": 0}, "nova_object.changes": ["total", "used", "reserved", "size_kb"]}], "network_metadata": {"nova_object.name": "NetworkMetadata", "nova_object.namespace": "nova", "nova_object.version": "1.0", "nova_object.data": {"physnets": [], "tunneled": false}, "nova_object.changes": ["physnets", "tunneled"]}, "socket": null}, "nova_object.changes": ["pcpuset", "mempages", "pinned_cpus", "cpu_usage", "cpuset", "id", "socket", "memory_usage", "memory", "network_metadata", "siblings"]}]}, "nova_object.changes": ["cells"]}',pci_device_pools=PciDevicePoolList,ram_allocation_ratio=1.0,running_vms=0,service_id=3,stats={failed_builds='0',uptime=' 14:49:29 up 25 min, 2 users, load average: 1.74, 1.57, 0.92
Jun 19 14:49:58.190019 np0000003296 nova-scheduler[95773]: '},supported_hv_specs=[HVSpec,HVSpec,HVSpec,HVSpec,HVSpec,HVSpec,HVSpec,HVSpec,HVSpec,HVSpec,HVSpec,HVSpec,HVSpec,HVSpec,HVSpec,HVSpec,HVSpec,HVSpec,HVSpec,HVSpec,HVSpec,HVSpec,HVSpec,HVSpec,HVSpec],updated_at=2026-06-19T14:49:31Z,uuid=1ff33eeb-3158-49ca-90df-87b617c3bbf0,vcpus=12,vcpus_used=0) {{(pid=95773) _locked_update /opt/stack/nova/nova/scheduler/host_manager.py:168}}
Jun 19 14:49:58.190849 np0000003296 nova-scheduler[95773]: DEBUG nova.scheduler.host_manager [None req-ed993418-8c90-4625-acf1-c3cbf3b8c928 tempest-ServerStableDeviceRescueTest-1811260191 tempest-ServerStableDeviceRescueTest-1811260191-project-member] Update host state with aggregates: [] {{(pid=95773) _locked_update /opt/stack/nova/nova/scheduler/host_manager.py:171}}
Jun 19 14:49:58.190955 np0000003296 nova-scheduler[95773]: DEBUG nova.scheduler.host_manager [None req-ed993418-8c90-4625-acf1-c3cbf3b8c928 tempest-ServerStableDeviceRescueTest-1811260191 tempest-ServerStableDeviceRescueTest-1811260191-project-member] Update host state with service dict: {'id': 3, 'uuid': '0311e0a2-bd75-4580-a6ce-29916f05f9dc', 'host': 'np0000003296', 'binary': 'nova-compute', 'topic': 'compute', 'report_count': 2, 'disabled': False, 'disabled_reason': None, 'last_seen_up': datetime.datetime(2026, 6, 19, 14, 49, 52, tzinfo=datetime.timezone.utc), 'forced_down': False, 'version': 72, 'created_at': datetime.datetime(2026, 6, 19, 14, 47, 42, tzinfo=datetime.timezone.utc), 'updated_at': datetime.datetime(2026, 6, 19, 14, 49, 52, tzinfo=datetime.timezone.utc), 'deleted_at': None, 'deleted': False} {{(pid=95773) _locked_update /opt/stack/nova/nova/scheduler/host_manager.py:174}}
Jun 19 14:49:58.191126 np0000003296 nova-scheduler[95773]: DEBUG nova.scheduler.host_manager [None req-ed993418-8c90-4625-acf1-c3cbf3b8c928 tempest-ServerStableDeviceRescueTest-1811260191 tempest-ServerStableDeviceRescueTest-1811260191-project-member] Update host state with instances: [] {{(pid=95773) _locked_update /opt/stack/nova/nova/scheduler/host_manager.py:177}}
Jun 19 14:49:58.191288 np0000003296 nova-scheduler[95773]: DEBUG oslo_concurrency.lockutils [None req-ed993418-8c90-4625-acf1-c3cbf3b8c928 tempest-ServerStableDeviceRescueTest-1811260191 tempest-ServerStableDeviceRescueTest-1811260191-project-member] Lock "('np0000003296', 'np0000003296')" "released" by "nova.scheduler.host_manager.HostState.update.._locked_update" :: held 0.003s {{(pid=95773) inner /opt/stack/data/venv/lib/python3.12/site-packages/oslo_concurrency/lockutils.py:543}}
Jun 19 14:49:58.192179 np0000003296 nova-scheduler[95773]: DEBUG nova.filters [None req-ed993418-8c90-4625-acf1-c3cbf3b8c928 tempest-ServerStableDeviceRescueTest-1811260191 tempest-ServerStableDeviceRescueTest-1811260191-project-member] Starting with 1 host(s) {{(pid=95773) get_filtered_objects /opt/stack/nova/nova/filters.py:70}}
Jun 19 14:49:58.192883 np0000003296 nova-scheduler[95773]: DEBUG nova.filters [None req-ed993418-8c90-4625-acf1-c3cbf3b8c928 tempest-ServerStableDeviceRescueTest-1811260191 tempest-ServerStableDeviceRescueTest-1811260191-project-member] Filter ComputeFilter returned 1 host(s) {{(pid=95773) get_filtered_objects /opt/stack/nova/nova/filters.py:102}}
Jun 19 14:49:58.192883 np0000003296 nova-scheduler[95773]: DEBUG nova.filters [None req-ed993418-8c90-4625-acf1-c3cbf3b8c928 tempest-ServerStableDeviceRescueTest-1811260191 tempest-ServerStableDeviceRescueTest-1811260191-project-member] Filter ComputeCapabilitiesFilter returned 1 host(s) {{(pid=95773) get_filtered_objects /opt/stack/nova/nova/filters.py:102}}
Jun 19 14:49:58.193037 np0000003296 nova-scheduler[95773]: DEBUG nova.filters [None req-ed993418-8c90-4625-acf1-c3cbf3b8c928 tempest-ServerStableDeviceRescueTest-1811260191 tempest-ServerStableDeviceRescueTest-1811260191-project-member] Filter ImagePropertiesFilter returned 1 host(s) {{(pid=95773) get_filtered_objects /opt/stack/nova/nova/filters.py:102}}
Jun 19 14:49:58.193622 np0000003296 nova-scheduler[95773]: DEBUG nova.filters [None req-ed993418-8c90-4625-acf1-c3cbf3b8c928 tempest-ServerStableDeviceRescueTest-1811260191 tempest-ServerStableDeviceRescueTest-1811260191-project-member] Filter ServerGroupAntiAffinityFilter returned 1 host(s) {{(pid=95773) get_filtered_objects /opt/stack/nova/nova/filters.py:102}}
Jun 19 14:49:58.193622 np0000003296 nova-scheduler[95773]: DEBUG nova.filters [None req-ed993418-8c90-4625-acf1-c3cbf3b8c928 tempest-ServerStableDeviceRescueTest-1811260191 tempest-ServerStableDeviceRescueTest-1811260191-project-member] Filter ServerGroupAffinityFilter returned 1 host(s) {{(pid=95773) get_filtered_objects /opt/stack/nova/nova/filters.py:102}}
Jun 19 14:49:58.193622 np0000003296 nova-scheduler[95773]: DEBUG nova.filters [None req-ed993418-8c90-4625-acf1-c3cbf3b8c928 tempest-ServerStableDeviceRescueTest-1811260191 tempest-ServerStableDeviceRescueTest-1811260191-project-member] Filter SameHostFilter returned 1 host(s) {{(pid=95773) get_filtered_objects /opt/stack/nova/nova/filters.py:102}}
Jun 19 14:49:58.193808 np0000003296 nova-scheduler[95773]: DEBUG nova.filters [None req-ed993418-8c90-4625-acf1-c3cbf3b8c928 tempest-ServerStableDeviceRescueTest-1811260191 tempest-ServerStableDeviceRescueTest-1811260191-project-member] Filter DifferentHostFilter returned 1 host(s) {{(pid=95773) get_filtered_objects /opt/stack/nova/nova/filters.py:102}}
Jun 19 14:49:58.193808 np0000003296 nova-scheduler[95773]: DEBUG nova.scheduler.manager [None req-ed993418-8c90-4625-acf1-c3cbf3b8c928 tempest-ServerStableDeviceRescueTest-1811260191 tempest-ServerStableDeviceRescueTest-1811260191-project-member] Filtered [(np0000003296, np0000003296) ram: 23518MB disk: 75776MB io_ops: 0 instances: 0, allocation_candidates: 1] {{(pid=95773) _get_sorted_hosts /opt/stack/nova/nova/scheduler/manager.py:743}}
Jun 19 14:49:58.193995 np0000003296 nova-scheduler[95773]: DEBUG nova.scheduler.manager [None req-ed993418-8c90-4625-acf1-c3cbf3b8c928 tempest-ServerStableDeviceRescueTest-1811260191 tempest-ServerStableDeviceRescueTest-1811260191-project-member] Weighed [WeighedHost [host: (np0000003296, np0000003296) ram: 23518MB disk: 75776MB io_ops: 0 instances: 0, allocation_candidates: 1, weight: 0.0]] {{(pid=95773) _get_sorted_hosts /opt/stack/nova/nova/scheduler/manager.py:765}}
Jun 19 14:49:58.194246 np0000003296 nova-scheduler[95773]: DEBUG nova.scheduler.utils [None req-ed993418-8c90-4625-acf1-c3cbf3b8c928 tempest-ServerStableDeviceRescueTest-1811260191 tempest-ServerStableDeviceRescueTest-1811260191-project-member] Attempting to claim resources in the placement API for instance 9c91dd70-8f39-4b80-b3ad-2ca6a5a7f0a4 {{(pid=95773) claim_resources /opt/stack/nova/nova/scheduler/utils.py:1345}}
Jun 19 14:49:58.381184 np0000003296 nova-scheduler[95773]: DEBUG nova.scheduler.manager [None req-ed993418-8c90-4625-acf1-c3cbf3b8c928 tempest-ServerStableDeviceRescueTest-1811260191 tempest-ServerStableDeviceRescueTest-1811260191-project-member] [instance: 9c91dd70-8f39-4b80-b3ad-2ca6a5a7f0a4] Selected host: (np0000003296, np0000003296) ram: 23518MB disk: 75776MB io_ops: 0 instances: 0, allocation_candidates: 1 {{(pid=95773) _consume_selected_host /opt/stack/nova/nova/scheduler/manager.py:625}}
Jun 19 14:49:58.381583 np0000003296 nova-scheduler[95773]: DEBUG oslo_concurrency.lockutils [None req-ed993418-8c90-4625-acf1-c3cbf3b8c928 tempest-ServerStableDeviceRescueTest-1811260191 tempest-ServerStableDeviceRescueTest-1811260191-project-member] Acquiring lock "('np0000003296', 'np0000003296')" by "nova.scheduler.host_manager.HostState.consume_from_request.._locked" {{(pid=95773) inner /opt/stack/data/venv/lib/python3.12/site-packages/oslo_concurrency/lockutils.py:511}}
Jun 19 14:49:58.381811 np0000003296 nova-scheduler[95773]: DEBUG oslo_concurrency.lockutils [None req-ed993418-8c90-4625-acf1-c3cbf3b8c928 tempest-ServerStableDeviceRescueTest-1811260191 tempest-ServerStableDeviceRescueTest-1811260191-project-member] Lock "('np0000003296', 'np0000003296')" acquired by "nova.scheduler.host_manager.HostState.consume_from_request.._locked" :: waited 0.000s {{(pid=95773) inner /opt/stack/data/venv/lib/python3.12/site-packages/oslo_concurrency/lockutils.py:524}}
Jun 19 14:49:58.382066 np0000003296 nova-scheduler[95773]: DEBUG oslo_concurrency.lockutils [None req-ed993418-8c90-4625-acf1-c3cbf3b8c928 tempest-ServerStableDeviceRescueTest-1811260191 tempest-ServerStableDeviceRescueTest-1811260191-project-member] Lock "('np0000003296', 'np0000003296')" "released" by "nova.scheduler.host_manager.HostState.consume_from_request.._locked" :: held 0.000s {{(pid=95773) inner /opt/stack/data/venv/lib/python3.12/site-packages/oslo_concurrency/lockutils.py:543}}
Jun 19 14:50:05.603679 np0000003296 nova-scheduler[95773]: DEBUG oslo.service.backend._threading.loopingcall [None req-221cfdf4-59fb-4d35-8221-fd6c157e2a91 None None] Dynamic interval looping call 'nova.service.Service.periodic_tasks' sleeping for 60.00 seconds {{(pid=95773) _run_loop /opt/stack/data/venv/lib/python3.12/site-packages/oslo_service/backend/_threading/loopingcall.py:125}}
Jun 19 14:50:05.643709 np0000003296 nova-scheduler[95775]: DEBUG nova.scheduler.manager [None req-2cb8cbe1-b016-4d8f-a08a-f46800ba4b33 tempest-AttachSCSIVolumeTestJSON-136604778 tempest-AttachSCSIVolumeTestJSON-136604778-project-member] Starting to schedule for instances: ['7b06db44-223d-4a15-9753-fbc7ab29c51d'] {{(pid=95775) select_destinations /opt/stack/nova/nova/scheduler/manager.py:210}}
Jun 19 14:50:05.644245 np0000003296 nova-scheduler[95775]: DEBUG nova.scheduler.request_filter [None req-2cb8cbe1-b016-4d8f-a08a-f46800ba4b33 tempest-AttachSCSIVolumeTestJSON-136604778 tempest-AttachSCSIVolumeTestJSON-136604778-project-member] compute_status_filter request filter added forbidden trait COMPUTE_STATUS_DISABLED {{(pid=95775) compute_status_filter /opt/stack/nova/nova/scheduler/request_filter.py:253}}
Jun 19 14:50:05.644903 np0000003296 nova-scheduler[95775]: DEBUG nova.scheduler.request_filter [None req-2cb8cbe1-b016-4d8f-a08a-f46800ba4b33 tempest-AttachSCSIVolumeTestJSON-136604778 tempest-AttachSCSIVolumeTestJSON-136604778-project-member] Request filter 'compute_status_filter' took 0.0 seconds {{(pid=95775) wrapper /opt/stack/nova/nova/scheduler/request_filter.py:46}}
Jun 19 14:50:05.645123 np0000003296 nova-scheduler[95775]: DEBUG nova.scheduler.request_filter [None req-2cb8cbe1-b016-4d8f-a08a-f46800ba4b33 tempest-AttachSCSIVolumeTestJSON-136604778 tempest-AttachSCSIVolumeTestJSON-136604778-project-member] Request filter 'accelerators_filter' took 0.0 seconds {{(pid=95775) wrapper /opt/stack/nova/nova/scheduler/request_filter.py:46}}
Jun 19 14:50:05.645415 np0000003296 nova-scheduler[95775]: DEBUG nova.scheduler.request_filter [None req-2cb8cbe1-b016-4d8f-a08a-f46800ba4b33 tempest-AttachSCSIVolumeTestJSON-136604778 tempest-AttachSCSIVolumeTestJSON-136604778-project-member] Request filter 'packed_virtqueue_filter' took 0.0 seconds {{(pid=95775) wrapper /opt/stack/nova/nova/scheduler/request_filter.py:46}}
Jun 19 14:50:05.645833 np0000003296 nova-scheduler[95775]: DEBUG nova.scheduler.request_filter [None req-2cb8cbe1-b016-4d8f-a08a-f46800ba4b33 tempest-AttachSCSIVolumeTestJSON-136604778 tempest-AttachSCSIVolumeTestJSON-136604778-project-member] Request filter 'remote_managed_ports_filter' took 0.0 seconds {{(pid=95775) wrapper /opt/stack/nova/nova/scheduler/request_filter.py:46}}
Jun 19 14:50:05.646003 np0000003296 nova-scheduler[95775]: DEBUG nova.scheduler.request_filter [None req-2cb8cbe1-b016-4d8f-a08a-f46800ba4b33 tempest-AttachSCSIVolumeTestJSON-136604778 tempest-AttachSCSIVolumeTestJSON-136604778-project-member] ephemeral_encryption_filter skipped {{(pid=95775) ephemeral_encryption_filter /opt/stack/nova/nova/scheduler/request_filter.py:426}}
Jun 19 14:50:05.646950 np0000003296 nova-scheduler[95775]: DEBUG nova.scheduler.request_filter [None req-2cb8cbe1-b016-4d8f-a08a-f46800ba4b33 tempest-AttachSCSIVolumeTestJSON-136604778 tempest-AttachSCSIVolumeTestJSON-136604778-project-member] virtio_sound_filter skipped {{(pid=95775) virtio_sound_filter /opt/stack/nova/nova/scheduler/request_filter.py:460}}
Jun 19 14:50:05.647230 np0000003296 nova-scheduler[95775]: DEBUG nova.scheduler.request_filter [None req-2cb8cbe1-b016-4d8f-a08a-f46800ba4b33 tempest-AttachSCSIVolumeTestJSON-136604778 tempest-AttachSCSIVolumeTestJSON-136604778-project-member] tpm_secret_security_filter skipped {{(pid=95775) tpm_secret_security_filter /opt/stack/nova/nova/scheduler/request_filter.py:477}}
Jun 19 14:50:05.756716 np0000003296 nova-scheduler[95775]: INFO nova.utils [None req-2cb8cbe1-b016-4d8f-a08a-f46800ba4b33 tempest-AttachSCSIVolumeTestJSON-136604778 tempest-AttachSCSIVolumeTestJSON-136604778-project-member] The cell worker thread pool ForkProcess-3.cell_worker is initialized
Jun 19 14:50:05.757143 np0000003296 nova-scheduler[95775]: DEBUG oslo_concurrency.lockutils [None req-2cb8cbe1-b016-4d8f-a08a-f46800ba4b33 tempest-AttachSCSIVolumeTestJSON-136604778 tempest-AttachSCSIVolumeTestJSON-136604778-project-member] Acquiring lock "482b86ba-0259-4cf1-b22d-06f2c832667b" by "nova.context.set_target_cell..get_or_set_cached_cell_and_set_connections" {{(pid=95775) inner /opt/stack/data/venv/lib/python3.12/site-packages/oslo_concurrency/lockutils.py:511}}
Jun 19 14:50:05.757451 np0000003296 nova-scheduler[95775]: DEBUG oslo_concurrency.lockutils [None req-2cb8cbe1-b016-4d8f-a08a-f46800ba4b33 tempest-AttachSCSIVolumeTestJSON-136604778 tempest-AttachSCSIVolumeTestJSON-136604778-project-member] Lock "482b86ba-0259-4cf1-b22d-06f2c832667b" acquired by "nova.context.set_target_cell..get_or_set_cached_cell_and_set_connections" :: waited 0.000s {{(pid=95775) inner /opt/stack/data/venv/lib/python3.12/site-packages/oslo_concurrency/lockutils.py:524}}
Jun 19 14:50:05.759764 np0000003296 nova-scheduler[95775]: DEBUG oslo_concurrency.lockutils [None req-2cb8cbe1-b016-4d8f-a08a-f46800ba4b33 tempest-AttachSCSIVolumeTestJSON-136604778 tempest-AttachSCSIVolumeTestJSON-136604778-project-member] Lock "482b86ba-0259-4cf1-b22d-06f2c832667b" "released" by "nova.context.set_target_cell..get_or_set_cached_cell_and_set_connections" :: held 0.002s {{(pid=95775) inner /opt/stack/data/venv/lib/python3.12/site-packages/oslo_concurrency/lockutils.py:543}}
Jun 19 14:50:05.763826 np0000003296 nova-scheduler[95775]: INFO dbcounter [None req-2cb8cbe1-b016-4d8f-a08a-f46800ba4b33 tempest-AttachSCSIVolumeTestJSON-136604778 tempest-AttachSCSIVolumeTestJSON-136604778-project-member] Registered counter for database nova_cell1
Jun 19 14:50:05.816453 np0000003296 nova-scheduler[95775]: DEBUG oslo_db.sqlalchemy.engines [None req-2cb8cbe1-b016-4d8f-a08a-f46800ba4b33 tempest-AttachSCSIVolumeTestJSON-136604778 tempest-AttachSCSIVolumeTestJSON-136604778-project-member] MySQL server mode set to STRICT_TRANS_TABLES,STRICT_ALL_TABLES,NO_ZERO_IN_DATE,NO_ZERO_DATE,ERROR_FOR_DIVISION_BY_ZERO,TRADITIONAL,NO_ENGINE_SUBSTITUTION {{(pid=95775) _check_effective_sql_mode /opt/stack/data/venv/lib/python3.12/site-packages/oslo_db/sqlalchemy/engines.py:325}}
Jun 19 14:50:05.832626 np0000003296 nova-scheduler[95775]: DEBUG dbcounter [-] [95775] Writer thread running {{(pid=95775) stat_writer /opt/stack/data/venv/lib/python3.12/site-packages/dbcounter.py:102}}
Jun 19 14:50:05.934963 np0000003296 nova-scheduler[95775]: DEBUG dbcounter [-] [95775] Writer thread running {{(pid=95775) stat_writer /opt/stack/data/venv/lib/python3.12/site-packages/dbcounter.py:102}}
Jun 19 14:50:05.945063 np0000003296 nova-scheduler[95775]: DEBUG oslo_concurrency.lockutils [None req-2cb8cbe1-b016-4d8f-a08a-f46800ba4b33 tempest-AttachSCSIVolumeTestJSON-136604778 tempest-AttachSCSIVolumeTestJSON-136604778-project-member] Acquiring lock "482b86ba-0259-4cf1-b22d-06f2c832667b" by "nova.context.set_target_cell..get_or_set_cached_cell_and_set_connections" {{(pid=95775) inner /opt/stack/data/venv/lib/python3.12/site-packages/oslo_concurrency/lockutils.py:511}}
Jun 19 14:50:05.945852 np0000003296 nova-scheduler[95775]: DEBUG oslo_concurrency.lockutils [None req-2cb8cbe1-b016-4d8f-a08a-f46800ba4b33 tempest-AttachSCSIVolumeTestJSON-136604778 tempest-AttachSCSIVolumeTestJSON-136604778-project-member] Lock "482b86ba-0259-4cf1-b22d-06f2c832667b" acquired by "nova.context.set_target_cell..get_or_set_cached_cell_and_set_connections" :: waited 0.001s {{(pid=95775) inner /opt/stack/data/venv/lib/python3.12/site-packages/oslo_concurrency/lockutils.py:524}}
