Jul 22 18:43:12.994791 np0000005654 devstack@g-api.service[103105]: DEBUG glance.api.middleware.version_negotiation [None req-38e858b6-48f8-44ef-8aa0-837360bb5978 tempest-TestShelveInstance-1262585144 tempest-TestShelveInstance-1262585144-project-member] Using url versioning {{(pid=103105) process_request /opt/stack/glance/glance/api/middleware/version_negotiation.py:57}}
Jul 22 18:43:12.994845 np0000005654 devstack@g-api.service[103105]: DEBUG glance.api.middleware.version_negotiation [None req-38e858b6-48f8-44ef-8aa0-837360bb5978 tempest-TestShelveInstance-1262585144 tempest-TestShelveInstance-1262585144-project-member] Matched version: v2 {{(pid=103105) process_request /opt/stack/glance/glance/api/middleware/version_negotiation.py:69}}
Jul 22 18:43:12.994992 np0000005654 devstack@g-api.service[103105]: DEBUG glance.api.middleware.version_negotiation [None req-38e858b6-48f8-44ef-8aa0-837360bb5978 tempest-TestShelveInstance-1262585144 tempest-TestShelveInstance-1262585144-project-member] new path /v2/images/218082f5-edb6-4cc6-9ba5-739a5d32f72b {{(pid=103105) process_request /opt/stack/glance/glance/api/middleware/version_negotiation.py:70}}
Jul 22 18:43:12.997516 np0000005654 devstack@g-api.service[103104]: [pid: 103104|app: 0|req: 93/411] 127.0.0.1 () {44 vars in 1115 bytes} [Wed Jul 22 18:43:12 2026] GET /v2/images/60cb19e0-3bc0-4687-9081-0c295d152622 => generated 1044 bytes in 19 msecs (HTTP/1.1 200) 4 headers in 158 bytes (1 switches on core 0)
Jul 22 18:43:13.009012 np0000005654 devstack@g-api.service[103107]: DEBUG glance.api.middleware.version_negotiation [None req-38e858b6-48f8-44ef-8aa0-837360bb5978 tempest-TestShelveInstance-1262585144 tempest-TestShelveInstance-1262585144-project-member] Determining version of request: GET /v2/schemas/image Accept: */* {{(pid=103107) process_request /opt/stack/glance/glance/api/middleware/version_negotiation.py:44}}
Jul 22 18:43:13.009448 np0000005654 devstack@g-api.service[103107]: DEBUG glance.api.middleware.version_negotiation [None req-38e858b6-48f8-44ef-8aa0-837360bb5978 tempest-TestShelveInstance-1262585144 tempest-TestShelveInstance-1262585144-project-member] Using url versioning {{(pid=103107) process_request /opt/stack/glance/glance/api/middleware/version_negotiation.py:57}}
Jul 22 18:43:13.009448 np0000005654 devstack@g-api.service[103107]: DEBUG glance.api.middleware.version_negotiation [None req-38e858b6-48f8-44ef-8aa0-837360bb5978 tempest-TestShelveInstance-1262585144 tempest-TestShelveInstance-1262585144-project-member] Matched version: v2 {{(pid=103107) process_request /opt/stack/glance/glance/api/middleware/version_negotiation.py:69}}
Jul 22 18:43:13.009515 np0000005654 devstack@g-api.service[103107]: DEBUG glance.api.middleware.version_negotiation [None req-38e858b6-48f8-44ef-8aa0-837360bb5978 tempest-TestShelveInstance-1262585144 tempest-TestShelveInstance-1262585144-project-member] new path /v2/schemas/image {{(pid=103107) process_request /opt/stack/glance/glance/api/middleware/version_negotiation.py:70}}
Jul 22 18:43:13.014827 np0000005654 devstack@g-api.service[103107]: [pid: 103107|app: 0|req: 108/412] 127.0.0.1 () {44 vars in 1055 bytes} [Wed Jul 22 18:43:13 2026] GET /v2/schemas/image => generated 6083 bytes in 5 msecs (HTTP/1.1 200) 4 headers in 158 bytes (1 switches on core 0)
Jul 22 18:43:13.015446 np0000005654 devstack@g-api.service[103105]: WARNING glance.api.v2.images [None req-122f6aef-083c-4232-9174-3424525e7393 tempest-ServerStableDeviceRescueTest-1907038324 tempest-ServerStableDeviceRescueTest-1907038324-project-member] After upload to backend, deletion of staged image data has failed because it cannot be found at /tmp/staging//218082f5-edb6-4cc6-9ba5-739a5d32f72b
Jul 22 18:43:13.016230 np0000005654 devstack@g-api.service[103105]: DEBUG glance_store.backend [None req-122f6aef-083c-4232-9174-3424525e7393 tempest-ServerStableDeviceRescueTest-1907038324 tempest-ServerStableDeviceRescueTest-1907038324-project-member] Attempting to import store swift {{(pid=103105) _load_store /opt/stack/data/venv/lib/python3.12/site-packages/glance_store/backend.py:215}}
Jul 22 18:43:13.018819 np0000005654 devstack@g-api.service[103105]: DEBUG glance_store.capabilities [None req-122f6aef-083c-4232-9174-3424525e7393 tempest-ServerStableDeviceRescueTest-1907038324 tempest-ServerStableDeviceRescueTest-1907038324-project-member] Store glance_store._drivers.swift.store.SingleTenantStore doesn't support updating dynamic storage capabilities. Please overwrite 'update_capabilities' method of the store to implement updating logics if needed. {{(pid=103105) update_capabilities /opt/stack/data/venv/lib/python3.12/site-packages/glance_store/capabilities.py:91}}
Jul 22 18:43:13.019047 np0000005654 devstack@g-api.service[103105]: DEBUG glance_store.driver [None req-122f6aef-083c-4232-9174-3424525e7393 tempest-ServerStableDeviceRescueTest-1907038324 tempest-ServerStableDeviceRescueTest-1907038324-project-member] Late loading location class glance_store._drivers.swift.store.StoreLocation {{(pid=103105) get_store_location_class /opt/stack/data/venv/lib/python3.12/site-packages/glance_store/driver.py:134}}
Jul 22 18:43:13.019222 np0000005654 devstack@g-api.service[103105]: DEBUG glance_store.location [None req-122f6aef-083c-4232-9174-3424525e7393 tempest-ServerStableDeviceRescueTest-1907038324 tempest-ServerStableDeviceRescueTest-1907038324-project-member] Registering scheme swift+https with {'store': , 'location_class': , 'store_entry': 'swift'} {{(pid=103105) register_scheme_map /opt/stack/data/venv/lib/python3.12/site-packages/glance_store/location.py:146}}
Jul 22 18:43:13.019324 np0000005654 devstack@g-api.service[103105]: DEBUG glance_store.location [None req-122f6aef-083c-4232-9174-3424525e7393 tempest-ServerStableDeviceRescueTest-1907038324 tempest-ServerStableDeviceRescueTest-1907038324-project-member] Registering scheme swift+https with {'store': , 'location_class': , 'store_entry': 'swift'} {{(pid=103105) register_scheme_map /opt/stack/data/venv/lib/python3.12/site-packages/glance_store/location.py:146}}
Jul 22 18:43:13.019414 np0000005654 devstack@g-api.service[103105]: DEBUG glance_store.location [None req-122f6aef-083c-4232-9174-3424525e7393 tempest-ServerStableDeviceRescueTest-1907038324 tempest-ServerStableDeviceRescueTest-1907038324-project-member] Registering scheme swift with {'store': , 'location_class': , 'store_entry': 'swift'} {{(pid=103105) register_scheme_map /opt/stack/data/venv/lib/python3.12/site-packages/glance_store/location.py:146}}
Jul 22 18:43:13.020691 np0000005654 devstack@g-api.service[103105]: DEBUG glance_store.location [None req-122f6aef-083c-4232-9174-3424525e7393 tempest-ServerStableDeviceRescueTest-1907038324 tempest-ServerStableDeviceRescueTest-1907038324-project-member] Registering scheme swift+https with {'store': , 'location_class': , 'store_entry': 'swift'} {{(pid=103105) register_scheme_map /opt/stack/data/venv/lib/python3.12/site-packages/glance_store/location.py:146}}
Jul 22 18:43:13.020691 np0000005654 devstack@g-api.service[103105]: DEBUG glance_store.location [None req-122f6aef-083c-4232-9174-3424525e7393 tempest-ServerStableDeviceRescueTest-1907038324 tempest-ServerStableDeviceRescueTest-1907038324-project-member] Registering scheme swift with {'store': , 'location_class': , 'store_entry': 'swift'} {{(pid=103105) register_scheme_map /opt/stack/data/venv/lib/python3.12/site-packages/glance_store/location.py:146}}
Jul 22 18:43:13.020691 np0000005654 devstack@g-api.service[103105]: DEBUG glance_store.location [None req-122f6aef-083c-4232-9174-3424525e7393 tempest-ServerStableDeviceRescueTest-1907038324 tempest-ServerStableDeviceRescueTest-1907038324-project-member] Registering scheme swift+http with {'store': , 'location_class': , 'store_entry': 'swift'} {{(pid=103105) register_scheme_map /opt/stack/data/venv/lib/python3.12/site-packages/glance_store/location.py:146}}
Jul 22 18:43:13.020691 np0000005654 devstack@g-api.service[103105]: DEBUG glance_store.location [None req-122f6aef-083c-4232-9174-3424525e7393 tempest-ServerStableDeviceRescueTest-1907038324 tempest-ServerStableDeviceRescueTest-1907038324-project-member] Registering scheme swift+https with {'store': , 'location_class': , 'store_entry': 'swift'} {{(pid=103105) register_scheme_map /opt/stack/data/venv/lib/python3.12/site-packages/glance_store/location.py:146}}
Jul 22 18:43:13.020691 np0000005654 devstack@g-api.service[103105]: DEBUG glance_store.location [None req-122f6aef-083c-4232-9174-3424525e7393 tempest-ServerStableDeviceRescueTest-1907038324 tempest-ServerStableDeviceRescueTest-1907038324-project-member] Registering scheme swift with {'store': , 'location_class': , 'store_entry': 'swift'} {{(pid=103105) register_scheme_map /opt/stack/data/venv/lib/python3.12/site-packages/glance_store/location.py:146}}
Jul 22 18:43:13.020691 np0000005654 devstack@g-api.service[103105]: DEBUG glance_store.location [None req-122f6aef-083c-4232-9174-3424525e7393 tempest-ServerStableDeviceRescueTest-1907038324 tempest-ServerStableDeviceRescueTest-1907038324-project-member] Registering scheme swift+http with {'store': , 'location_class': , 'store_entry': 'swift'} {{(pid=103105) register_scheme_map /opt/stack/data/venv/lib/python3.12/site-packages/glance_store/location.py:146}}
Jul 22 18:43:13.020691 np0000005654 devstack@g-api.service[103105]: DEBUG glance_store.location [None req-122f6aef-083c-4232-9174-3424525e7393 tempest-ServerStableDeviceRescueTest-1907038324 tempest-ServerStableDeviceRescueTest-1907038324-project-member] Registering scheme swift+config with {'store': , 'location_class': , 'store_entry': 'swift'} {{(pid=103105) register_scheme_map /opt/stack/data/venv/lib/python3.12/site-packages/glance_store/location.py:146}}
Jul 22 18:43:13.021535 np0000005654 devstack@g-api.service[103105]: DEBUG keystoneclient.auth.identity.v3.base [None req-122f6aef-083c-4232-9174-3424525e7393 tempest-ServerStableDeviceRescueTest-1907038324 tempest-ServerStableDeviceRescueTest-1907038324-project-member] Making authentication request to https://10.4.3.102/identity/v3/auth/tokens {{(pid=103105) get_auth_ref /opt/stack/data/venv/lib/python3.12/site-packages/keystoneclient/auth/identity/v3/base.py:185}}
Jul 22 18:43:13.106689 np0000005654 devstack@g-api.service[103105]: DEBUG keystoneclient.auth.identity.v3.base [None req-122f6aef-083c-4232-9174-3424525e7393 tempest-ServerStableDeviceRescueTest-1907038324 tempest-ServerStableDeviceRescueTest-1907038324-project-member] {"token": {"methods": ["password"], "user": {"domain": {"id": "default", "name": "Default"}, "id": "48d2663bd75148f68aadfe715934859a", "name": "glance-swift", "password_expires_at": null}, "audit_ids": ["RqD3X0FjSBaByLiJUfQKMw"], "expires_at": "2026-07-22T19:43:13.000000Z", "issued_at": "2026-07-22T18:43:13.000000Z", "project": {"domain": {"id": "default", "name": "Default"}, "id": "c587dfe7e10a46caaffef8daea265d6e", "name": "service"}, "is_domain": false, "roles": [{"id": "eb167d60f2ca4a71a653b445f803845e", "name": "service"}, {"id": "41c97b0b5d0140b0882d9c211f250ea5", "name": "ResellerAdmin"}], "catalog": [{"endpoints": [{"id": "8159fd1a28db446a89a47fae39ce547f", "interface": "public", "region_id": "RegionOne", "url": "https://10.4.3.102/identity", "region": "RegionOne"}], "id": "1a3cc13da4c146a99b2a1e0f2f563e76", "type": "identity", "name": "keystone"}, {"endpoints": [{"id": "b06e31b6f50445dd9a1a80ea9a1c94b8", "interface": "public", "region_id": "RegionOne", "url": "https://10.4.3.102/compute/v2.1", "region": "RegionOne"}], "id": "2e05aad84d3941e1a9ff0cd5bd6485e1", "type": "compute", "name": "nova"}, {"endpoints": [{"id": "b2c8047572fc4381ba43bb9e94300443", "interface": "public", "region_id": "RegionOne", "url": "https://10.4.3.102/compute/v2/c587dfe7e10a46caaffef8daea265d6e", "region": "RegionOne"}], "id": "420d2ba9ce4e4532b8c1b29b279871b0", "type": "compute_legacy", "name": "nova_legacy"}, {"endpoints": [{"id": "d33b42afa98f484e9e011e44b85c6660", "interface": "public", "region_id": "RegionOne", "url": "https://10.4.3.102/networking", "region": "RegionOne"}], "id": "633d7deacc174b9d862eafdce7769317", "type": "network", "name": "neutron"}, {"endpoints": [{"id": "95a05faa4ad64a9ba5e06642498226c1", "interface": "public", "region_id": "RegionOne", "url": "https://10.4.3.102/volume/v3", "region": "RegionOne"}], "id": "67084cb252364fceb68e26cb20098c32", "type": "block-storage", "name": "cinder"}, {"endpoints": [{"id": "3af580dae19d4232ad1f3f086a63db65", "interface": "admin", "region_id": "RegionOne", "url": "https://10.4.3.102:8080", "region": "RegionOne"}, {"id": "6886c8ab449a4dfe8d28762e2fe382f4", "interface": "public", "region_id": "RegionOne", "url": "https://10.4.3.102:8080/v1/AUTH_c587dfe7e10a46caaffef8daea265d6e", "region": "RegionOne"}], "id": "b60ea4d00cc64a6bb7f79d80da3f96a8", "type": "object-store", "name": "swift"}, {"endpoints": [{"id": "23d561aab8524f85b19c04ef425dae95", "interface": "public", "region_id": "RegionOne", "url": "https://10.4.3.102/image", "region": "RegionOne"}], "id": "d790cc82e1a34324b23d6385c0b5d83c", "type": "image", "name": "glance"}, {"endpoints": [{"id": "c03b17eff0eb4bb48fdbc8d963b55bb4", "interface": "public", "region_id": "RegionOne", "url": "https://10.4.3.102/placement", "region": "RegionOne"}], "id": "f65792e8689849dba06da0bbb96b4b6d", "type": "placement", "name": "placement"}]}} {{(pid=103105) get_auth_ref /opt/stack/data/venv/lib/python3.12/site-packages/keystoneclient/auth/identity/v3/base.py:190}}
Jul 22 18:43:13.108816 np0000005654 devstack@g-api.service[103105]: DEBUG keystoneclient.httpclient [None req-122f6aef-083c-4232-9174-3424525e7393 tempest-ServerStableDeviceRescueTest-1907038324 tempest-ServerStableDeviceRescueTest-1907038324-project-member] Failed to find endpoint for management url admin endpoint for identity service not found {{(pid=103105) _process_management_url /opt/stack/data/venv/lib/python3.12/site-packages/keystoneclient/httpclient.py:670}}
Jul 22 18:43:13.272039 np0000005654 devstack@g-api.service[103105]: DEBUG swiftclient [None req-122f6aef-083c-4232-9174-3424525e7393 tempest-ServerStableDeviceRescueTest-1907038324 tempest-ServerStableDeviceRescueTest-1907038324-project-member] REQ: curl -i https://10.4.3.102:8080/v1/AUTH_c587dfe7e10a46caaffef8daea265d6e/glance/218082f5-edb6-4cc6-9ba5-739a5d32f72b -I -H "X-Auth-Token: gAAAAABqYQ9BTP7y..." {{(pid=103105) http_log /opt/stack/data/venv/lib/python3.12/site-packages/swiftclient/client.py:160}}
Jul 22 18:43:13.272039 np0000005654 devstack@g-api.service[103105]: DEBUG swiftclient [None req-122f6aef-083c-4232-9174-3424525e7393 tempest-ServerStableDeviceRescueTest-1907038324 tempest-ServerStableDeviceRescueTest-1907038324-project-member] RESP STATUS: 200 OK {{(pid=103105) http_log /opt/stack/data/venv/lib/python3.12/site-packages/swiftclient/client.py:161}}
Jul 22 18:43:13.272039 np0000005654 devstack@g-api.service[103105]: DEBUG swiftclient [None req-122f6aef-083c-4232-9174-3424525e7393 tempest-ServerStableDeviceRescueTest-1907038324 tempest-ServerStableDeviceRescueTest-1907038324-project-member] RESP HEADERS: {'Date': 'Wed, 22 Jul 2026 18:43:13 GMT', 'Server': 'Apache/2.4.58 (Ubuntu)', 'Content-Type': 'application/octet-stream', 'Content-Length': '53608448', 'X-Object-Manifest': 'glance/218082f5-edb6-4cc6-9ba5-739a5d32f72b-', 'Last-Modified': 'Wed, 22 Jul 2026 18:42:18 GMT', 'X-Timestamp': '1784745737.40103', 'Accept-Ranges': 'bytes', 'Etag': '"659647426d62c6bbd7d3c5ffa42fe6fb"', 'X-Trans-Id': 'tx3666e80fd77f4251a2cad-006a610f41', 'X-Openstack-Request-Id': 'tx3666e80fd77f4251a2cad-006a610f41', 'Connection': 'close'} {{(pid=103105) http_log /opt/stack/data/venv/lib/python3.12/site-packages/swiftclient/client.py:162}}
Jul 22 18:43:13.301945 np0000005654 devstack@g-api.service[103105]: DEBUG swiftclient [None req-122f6aef-083c-4232-9174-3424525e7393 tempest-ServerStableDeviceRescueTest-1907038324 tempest-ServerStableDeviceRescueTest-1907038324-project-member] REQ: curl -i https://10.4.3.102:8080/v1/AUTH_c587dfe7e10a46caaffef8daea265d6e/glance?format=json&prefix=218082f5-edb6-4cc6-9ba5-739a5d32f72b- -X GET -H "X-Auth-Token: gAAAAABqYQ9BTP7y..." -H "Accept-Encoding: gzip" {{(pid=103105) http_log /opt/stack/data/venv/lib/python3.12/site-packages/swiftclient/client.py:160}}
Jul 22 18:43:13.302349 np0000005654 devstack@g-api.service[103105]: DEBUG swiftclient [None req-122f6aef-083c-4232-9174-3424525e7393 tempest-ServerStableDeviceRescueTest-1907038324 tempest-ServerStableDeviceRescueTest-1907038324-project-member] RESP STATUS: 200 OK {{(pid=103105) http_log /opt/stack/data/venv/lib/python3.12/site-packages/swiftclient/client.py:161}}
Jul 22 18:43:13.302349 np0000005654 devstack@g-api.service[103105]: DEBUG swiftclient [None req-122f6aef-083c-4232-9174-3424525e7393 tempest-ServerStableDeviceRescueTest-1907038324 tempest-ServerStableDeviceRescueTest-1907038324-project-member] RESP HEADERS: {'Date': 'Wed, 22 Jul 2026 18:43:13 GMT', 'Server': 'Apache/2.4.58 (Ubuntu)', 'Content-Type': 'application/json; charset=utf-8', 'Content-Length': '210', 'X-Container-Object-Count': '5', 'X-Container-Bytes-Used': '117964800', 'X-Timestamp': '1784745317.65766', 'Last-Modified': 'Wed, 22 Jul 2026 18:35:18 GMT', 'Accept-Ranges': 'bytes', 'X-Storage-Policy': 'Policy-0', 'X-Container-Sharding': 'False', 'X-Trans-Id': 'txf365b63fc8cc4f1aae29b-006a610f41', 'X-Openstack-Request-Id': 'txf365b63fc8cc4f1aae29b-006a610f41', 'Connection': 'close'} {{(pid=103105) http_log /opt/stack/data/venv/lib/python3.12/site-packages/swiftclient/client.py:162}}
Jul 22 18:43:13.302349 np0000005654 devstack@g-api.service[103105]: DEBUG swiftclient [None req-122f6aef-083c-4232-9174-3424525e7393 tempest-ServerStableDeviceRescueTest-1907038324 tempest-ServerStableDeviceRescueTest-1907038324-project-member] RESP BODY: b'[{"bytes": 53608448, "hash": "8b721ec75ed03ae4315130d7811e2c97", "name": "218082f5-edb6-4cc6-9ba5-739a5d32f72b-00001", "content_type": "application/octet-stream", "last_modified": "2026-07-22T18:42:16.735310"}]' {{(pid=103105) http_log /opt/stack/data/venv/lib/python3.12/site-packages/swiftclient/client.py:166}}
Jul 22 18:43:13.329723 np0000005654 devstack@g-api.service[103105]: DEBUG swiftclient [None req-122f6aef-083c-4232-9174-3424525e7393 tempest-ServerStableDeviceRescueTest-1907038324 tempest-ServerStableDeviceRescueTest-1907038324-project-member] REQ: curl -i https://10.4.3.102:8080/v1/AUTH_c587dfe7e10a46caaffef8daea265d6e/glance/218082f5-edb6-4cc6-9ba5-739a5d32f72b-00001 DELETE -H "X-Auth-Token: gAAAAABqYQ9BTP7y..." {{(pid=103105) http_log /opt/stack/data/venv/lib/python3.12/site-packages/swiftclient/client.py:160}}
Jul 22 18:43:13.329723 np0000005654 devstack@g-api.service[103105]: DEBUG swiftclient [None req-122f6aef-083c-4232-9174-3424525e7393 tempest-ServerStableDeviceRescueTest-1907038324 tempest-ServerStableDeviceRescueTest-1907038324-project-member] RESP STATUS: 204 No Content {{(pid=103105) http_log /opt/stack/data/venv/lib/python3.12/site-packages/swiftclient/client.py:161}}
Jul 22 18:43:13.329723 np0000005654 devstack@g-api.service[103105]: DEBUG swiftclient [None req-122f6aef-083c-4232-9174-3424525e7393 tempest-ServerStableDeviceRescueTest-1907038324 tempest-ServerStableDeviceRescueTest-1907038324-project-member] RESP HEADERS: {'Date': 'Wed, 22 Jul 2026 18:43:13 GMT', 'Server': 'Apache/2.4.58 (Ubuntu)', 'Content-Type': 'text/html; charset=UTF-8', 'X-Trans-Id': 'txeab014b50b684a11ad1ad-006a610f41', 'X-Openstack-Request-Id': 'txeab014b50b684a11ad1ad-006a610f41', 'Connection': 'close'} {{(pid=103105) http_log /opt/stack/data/venv/lib/python3.12/site-packages/swiftclient/client.py:162}}
Jul 22 18:43:13.353977 np0000005654 devstack@g-api.service[103105]: DEBUG swiftclient [None req-122f6aef-083c-4232-9174-3424525e7393 tempest-ServerStableDeviceRescueTest-1907038324 tempest-ServerStableDeviceRescueTest-1907038324-project-member] REQ: curl -i https://10.4.3.102:8080/v1/AUTH_c587dfe7e10a46caaffef8daea265d6e/glance/218082f5-edb6-4cc6-9ba5-739a5d32f72b DELETE -H "X-Auth-Token: gAAAAABqYQ9BTP7y..." {{(pid=103105) http_log /opt/stack/data/venv/lib/python3.12/site-packages/swiftclient/client.py:160}}
Jul 22 18:43:13.354079 np0000005654 devstack@g-api.service[103105]: DEBUG swiftclient [None req-122f6aef-083c-4232-9174-3424525e7393 tempest-ServerStableDeviceRescueTest-1907038324 tempest-ServerStableDeviceRescueTest-1907038324-project-member] RESP STATUS: 204 No Content {{(pid=103105) http_log /opt/stack/data/venv/lib/python3.12/site-packages/swiftclient/client.py:161}}
Jul 22 18:43:13.354207 np0000005654 devstack@g-api.service[103105]: DEBUG swiftclient [None req-122f6aef-083c-4232-9174-3424525e7393 tempest-ServerStableDeviceRescueTest-1907038324 tempest-ServerStableDeviceRescueTest-1907038324-project-member] RESP HEADERS: {'Date': 'Wed, 22 Jul 2026 18:43:13 GMT', 'Server': 'Apache/2.4.58 (Ubuntu)', 'Content-Type': 'text/html; charset=UTF-8', 'X-Trans-Id': 'tx131586dcf6914d08b4a4d-006a610f41', 'X-Openstack-Request-Id': 'tx131586dcf6914d08b4a4d-006a610f41', 'Connection': 'close'} {{(pid=103105) http_log /opt/stack/data/venv/lib/python3.12/site-packages/swiftclient/client.py:162}}
Jul 22 18:43:13.447540 np0000005654 devstack@g-api.service[103105]: DEBUG glance.api.middleware.cache [None req-122f6aef-083c-4232-9174-3424525e7393 tempest-ServerStableDeviceRescueTest-1907038324 tempest-ServerStableDeviceRescueTest-1907038324-project-member] Removing image 218082f5-edb6-4cc6-9ba5-739a5d32f72b from cache {{(pid=103105) _process_DELETE_response /opt/stack/glance/glance/api/middleware/cache.py:264}}
Jul 22 18:43:13.447814 np0000005654 devstack@g-api.service[103105]: DEBUG glance.image_cache.drivers.centralized_db [None req-122f6aef-083c-4232-9174-3424525e7393 tempest-ServerStableDeviceRescueTest-1907038324 tempest-ServerStableDeviceRescueTest-1907038324-project-member] Deleting image cache file '/opt/stack/data/glance/cache/218082f5-edb6-4cc6-9ba5-739a5d32f72b' {{(pid=103105) delete_cached_file /opt/stack/glance/glance/image_cache/drivers/centralized_db.py:400}}
Jul 22 18:43:13.468895 np0000005654 devstack@g-api.service[103105]: [pid: 103105|app: 0|req: 108/413] 127.0.0.1 () {46 vars in 1137 bytes} [Wed Jul 22 18:43:12 2026] DELETE /v2/images/218082f5-edb6-4cc6-9ba5-739a5d32f72b => generated 0 bytes in 475 msecs (HTTP/1.1 204) 4 headers in 171 bytes (1 switches on core 0)
Jul 22 18:43:13.564339 np0000005654 devstack@g-api.service[103106]: DEBUG glance.api.middleware.version_negotiation [None req-38e858b6-48f8-44ef-8aa0-837360bb5978 tempest-TestShelveInstance-1262585144 tempest-TestShelveInstance-1262585144-project-member] Determining version of request: GET /versions Accept: */* {{(pid=103106) process_request /opt/stack/glance/glance/api/middleware/version_negotiation.py:44}}
Jul 22 18:43:13.564935 np0000005654 devstack@g-api.service[103106]: [pid: 103106|app: 0|req: 105/414] 127.0.0.1 () {44 vars in 1039 bytes} [Wed Jul 22 18:43:13 2026] GET /versions => generated 1515 bytes in 1 msecs (HTTP/1.1 200) 3 headers in 92 bytes (1 switches on core 0)
Jul 22 18:43:13.574038 np0000005654 devstack@g-api.service[103104]: DEBUG glance.api.middleware.version_negotiation [None req-38e858b6-48f8-44ef-8aa0-837360bb5978 tempest-TestShelveInstance-1262585144 tempest-TestShelveInstance-1262585144-project-member] Determining version of request: GET /v2/images/60cb19e0-3bc0-4687-9081-0c295d152622/locations Accept: */* {{(pid=103104) process_request /opt/stack/glance/glance/api/middleware/version_negotiation.py:44}}
Jul 22 18:43:13.574230 np0000005654 devstack@g-api.service[103104]: DEBUG glance.api.middleware.version_negotiation [None req-38e858b6-48f8-44ef-8aa0-837360bb5978 tempest-TestShelveInstance-1262585144 tempest-TestShelveInstance-1262585144-project-member] Using url versioning {{(pid=103104) process_request /opt/stack/glance/glance/api/middleware/version_negotiation.py:57}}
Jul 22 18:43:13.574340 np0000005654 devstack@g-api.service[103104]: DEBUG glance.api.middleware.version_negotiation [None req-38e858b6-48f8-44ef-8aa0-837360bb5978 tempest-TestShelveInstance-1262585144 tempest-TestShelveInstance-1262585144-project-member] Matched version: v2 {{(pid=103104) process_request /opt/stack/glance/glance/api/middleware/version_negotiation.py:69}}
Jul 22 18:43:13.574421 np0000005654 devstack@g-api.service[103104]: DEBUG glance.api.middleware.version_negotiation [None req-38e858b6-48f8-44ef-8aa0-837360bb5978 tempest-TestShelveInstance-1262585144 tempest-TestShelveInstance-1262585144-project-member] new path /v2/images/60cb19e0-3bc0-4687-9081-0c295d152622/locations {{(pid=103104) process_request /opt/stack/glance/glance/api/middleware/version_negotiation.py:70}}
Jul 22 18:43:13.641392 np0000005654 devstack@g-api.service[103104]: [pid: 103104|app: 0|req: 94/415] 127.0.0.1 () {44 vars in 1135 bytes} [Wed Jul 22 18:43:13 2026] GET /v2/images/60cb19e0-3bc0-4687-9081-0c295d152622/locations => generated 92 bytes in 67 msecs (HTTP/1.1 200) 4 headers in 156 bytes (1 switches on core 0)
Jul 22 18:43:13.650401 np0000005654 devstack@g-api.service[103107]: DEBUG glance.api.middleware.version_negotiation [None req-38e858b6-48f8-44ef-8aa0-837360bb5978 tempest-TestShelveInstance-1262585144 tempest-TestShelveInstance-1262585144-project-member] Determining version of request: GET /v2/images/60cb19e0-3bc0-4687-9081-0c295d152622 Accept: */* {{(pid=103107) process_request /opt/stack/glance/glance/api/middleware/version_negotiation.py:44}}
Jul 22 18:43:13.650628 np0000005654 devstack@g-api.service[103107]: DEBUG glance.api.middleware.version_negotiation [None req-38e858b6-48f8-44ef-8aa0-837360bb5978 tempest-TestShelveInstance-1262585144 tempest-TestShelveInstance-1262585144-project-member] Using url versioning {{(pid=103107) process_request /opt/stack/glance/glance/api/middleware/version_negotiation.py:57}}
Jul 22 18:43:13.650844 np0000005654 devstack@g-api.service[103107]: DEBUG glance.api.middleware.version_negotiation [None req-38e858b6-48f8-44ef-8aa0-837360bb5978 tempest-TestShelveInstance-1262585144 tempest-TestShelveInstance-1262585144-project-member] Matched version: v2 {{(pid=103107) process_request /opt/stack/glance/glance/api/middleware/version_negotiation.py:69}}
Jul 22 18:43:13.650989 np0000005654 devstack@g-api.service[103107]: DEBUG glance.api.middleware.version_negotiation [None req-38e858b6-48f8-44ef-8aa0-837360bb5978 tempest-TestShelveInstance-1262585144 tempest-TestShelveInstance-1262585144-project-member] new path /v2/images/60cb19e0-3bc0-4687-9081-0c295d152622 {{(pid=103107) process_request /opt/stack/glance/glance/api/middleware/version_negotiation.py:70}}
Jul 22 18:43:13.665194 np0000005654 devstack@g-api.service[103107]: [pid: 103107|app: 0|req: 109/416] 127.0.0.1 () {44 vars in 1115 bytes} [Wed Jul 22 18:43:13 2026] GET /v2/images/60cb19e0-3bc0-4687-9081-0c295d152622 => generated 1044 bytes in 15 msecs (HTTP/1.1 200) 4 headers in 158 bytes (1 switches on core 0)
Jul 22 18:43:13.674175 np0000005654 devstack@g-api.service[103105]: DEBUG glance.api.middleware.version_negotiation [None req-122f6aef-083c-4232-9174-3424525e7393 tempest-ServerStableDeviceRescueTest-1907038324 tempest-ServerStableDeviceRescueTest-1907038324-project-member] Determining version of request: GET /v2/schemas/image Accept: */* {{(pid=103105) process_request /opt/stack/glance/glance/api/middleware/version_negotiation.py:44}}
Jul 22 18:43:13.674342 np0000005654 devstack@g-api.service[103105]: DEBUG glance.api.middleware.version_negotiation [None req-122f6aef-083c-4232-9174-3424525e7393 tempest-ServerStableDeviceRescueTest-1907038324 tempest-ServerStableDeviceRescueTest-1907038324-project-member] Using url versioning {{(pid=103105) process_request /opt/stack/glance/glance/api/middleware/version_negotiation.py:57}}
Jul 22 18:43:13.674465 np0000005654 devstack@g-api.service[103105]: DEBUG glance.api.middleware.version_negotiation [None req-122f6aef-083c-4232-9174-3424525e7393 tempest-ServerStableDeviceRescueTest-1907038324 tempest-ServerStableDeviceRescueTest-1907038324-project-member] Matched version: v2 {{(pid=103105) process_request /opt/stack/glance/glance/api/middleware/version_negotiation.py:69}}
Jul 22 18:43:13.674605 np0000005654 devstack@g-api.service[103105]: DEBUG glance.api.middleware.version_negotiation [None req-122f6aef-083c-4232-9174-3424525e7393 tempest-ServerStableDeviceRescueTest-1907038324 tempest-ServerStableDeviceRescueTest-1907038324-project-member] new path /v2/schemas/image {{(pid=103105) process_request /opt/stack/glance/glance/api/middleware/version_negotiation.py:70}}
Jul 22 18:43:13.677163 np0000005654 devstack@g-api.service[103105]: [pid: 103105|app: 0|req: 109/417] 127.0.0.1 () {44 vars in 1055 bytes} [Wed Jul 22 18:43:13 2026] GET /v2/schemas/image => generated 6083 bytes in 3 msecs (HTTP/1.1 200) 4 headers in 158 bytes (1 switches on core 0)
Jul 22 18:43:13.684515 np0000005654 devstack@g-api.service[103106]: DEBUG glance.api.middleware.version_negotiation [None req-38e858b6-48f8-44ef-8aa0-837360bb5978 tempest-TestShelveInstance-1262585144 tempest-TestShelveInstance-1262585144-project-member] Determining version of request: GET /v2/schemas/image Accept: */* {{(pid=103106) process_request /opt/stack/glance/glance/api/middleware/version_negotiation.py:44}}
Jul 22 18:43:13.684717 np0000005654 devstack@g-api.service[103106]: DEBUG glance.api.middleware.version_negotiation [None req-38e858b6-48f8-44ef-8aa0-837360bb5978 tempest-TestShelveInstance-1262585144 tempest-TestShelveInstance-1262585144-project-member] Using url versioning {{(pid=103106) process_request /opt/stack/glance/glance/api/middleware/version_negotiation.py:57}}
Jul 22 18:43:13.684851 np0000005654 devstack@g-api.service[103106]: DEBUG glance.api.middleware.version_negotiation [None req-38e858b6-48f8-44ef-8aa0-837360bb5978 tempest-TestShelveInstance-1262585144 tempest-TestShelveInstance-1262585144-project-member] Matched version: v2 {{(pid=103106) process_request /opt/stack/glance/glance/api/middleware/version_negotiation.py:69}}
Jul 22 18:43:13.684943 np0000005654 devstack@g-api.service[103106]: DEBUG glance.api.middleware.version_negotiation [None req-38e858b6-48f8-44ef-8aa0-837360bb5978 tempest-TestShelveInstance-1262585144 tempest-TestShelveInstance-1262585144-project-member] new path /v2/schemas/image {{(pid=103106) process_request /opt/stack/glance/glance/api/middleware/version_negotiation.py:70}}
Jul 22 18:43:13.687358 np0000005654 devstack@g-api.service[103106]: [pid: 103106|app: 0|req: 106/418] 127.0.0.1 () {44 vars in 1055 bytes} [Wed Jul 22 18:43:13 2026] GET /v2/schemas/image => generated 6083 bytes in 3 msecs (HTTP/1.1 200) 4 headers in 158 bytes (1 switches on core 0)
Jul 22 18:43:17.031306 np0000005654 devstack@g-api.service[103104]: DEBUG glance.api.middleware.version_negotiation [None req-38e858b6-48f8-44ef-8aa0-837360bb5978 service glance] Determining version of request: GET /v2/images/60cb19e0-3bc0-4687-9081-0c295d152622 Accept: */* {{(pid=103104) process_request /opt/stack/glance/glance/api/middleware/version_negotiation.py:44}}
Jul 22 18:43:17.031812 np0000005654 devstack@g-api.service[103104]: DEBUG glance.api.middleware.version_negotiation [None req-38e858b6-48f8-44ef-8aa0-837360bb5978 service glance] Using url versioning {{(pid=103104) process_request /opt/stack/glance/glance/api/middleware/version_negotiation.py:57}}
Jul 22 18:43:17.031812 np0000005654 devstack@g-api.service[103104]: DEBUG glance.api.middleware.version_negotiation [None req-38e858b6-48f8-44ef-8aa0-837360bb5978 service glance] Matched version: v2 {{(pid=103104) process_request /opt/stack/glance/glance/api/middleware/version_negotiation.py:69}}
Jul 22 18:43:17.031948 np0000005654 devstack@g-api.service[103104]: DEBUG glance.api.middleware.version_negotiation [None req-38e858b6-48f8-44ef-8aa0-837360bb5978 service glance] new path /v2/images/60cb19e0-3bc0-4687-9081-0c295d152622 {{(pid=103104) process_request /opt/stack/glance/glance/api/middleware/version_negotiation.py:70}}
Jul 22 18:43:17.045462 np0000005654 devstack@g-api.service[103104]: [pid: 103104|app: 0|req: 95/419] 127.0.0.1 () {44 vars in 1115 bytes} [Wed Jul 22 18:43:17 2026] GET /v2/images/60cb19e0-3bc0-4687-9081-0c295d152622 => generated 1044 bytes in 14 msecs (HTTP/1.1 200) 4 headers in 158 bytes (1 switches on core 0)
Jul 22 18:43:17.079771 np0000005654 devstack@g-api.service[103107]: DEBUG glance.api.middleware.version_negotiation [None req-38e858b6-48f8-44ef-8aa0-837360bb5978 tempest-TestShelveInstance-1262585144 tempest-TestShelveInstance-1262585144-project-member] Determining version of request: GET /v2/schemas/image Accept: */* {{(pid=103107) process_request /opt/stack/glance/glance/api/middleware/version_negotiation.py:44}}
Jul 22 18:43:17.080185 np0000005654 devstack@g-api.service[103107]: DEBUG glance.api.middleware.version_negotiation [None req-38e858b6-48f8-44ef-8aa0-837360bb5978 tempest-TestShelveInstance-1262585144 tempest-TestShelveInstance-1262585144-project-member] Using url versioning {{(pid=103107) process_request /opt/stack/glance/glance/api/middleware/version_negotiation.py:57}}
Jul 22 18:43:17.080185 np0000005654 devstack@g-api.service[103107]: DEBUG glance.api.middleware.version_negotiation [None req-38e858b6-48f8-44ef-8aa0-837360bb5978 tempest-TestShelveInstance-1262585144 tempest-TestShelveInstance-1262585144-project-member] Matched version: v2 {{(pid=103107) process_request /opt/stack/glance/glance/api/middleware/version_negotiation.py:69}}
Jul 22 18:43:17.080185 np0000005654 devstack@g-api.service[103107]: DEBUG glance.api.middleware.version_negotiation [None req-38e858b6-48f8-44ef-8aa0-837360bb5978 tempest-TestShelveInstance-1262585144 tempest-TestShelveInstance-1262585144-project-member] new path /v2/schemas/image {{(pid=103107) process_request /opt/stack/glance/glance/api/middleware/version_negotiation.py:70}}
Jul 22 18:43:17.082612 np0000005654 devstack@g-api.service[103107]: [pid: 103107|app: 0|req: 110/420] 127.0.0.1 () {44 vars in 1055 bytes} [Wed Jul 22 18:43:17 2026] GET /v2/schemas/image => generated 6083 bytes in 3 msecs (HTTP/1.1 200) 4 headers in 158 bytes (1 switches on core 0)
Jul 22 18:43:17.269188 np0000005654 devstack@g-api.service[103106]: DEBUG dbcounter [-] [103106] Writing DB stats glance:SELECT=2 {{(pid=103106) stat_writer /opt/stack/data/venv/lib/python3.12/site-packages/dbcounter.py:115}}
Jul 22 18:43:23.467170 np0000005654 devstack@g-api.service[103105]: DEBUG dbcounter [-] [103105] Writing DB stats glance:SELECT=32,glance:UPDATE=27,glance:DELETE=1 {{(pid=103105) stat_writer /opt/stack/data/venv/lib/python3.12/site-packages/dbcounter.py:115}}
Jul 22 18:43:23.662898 np0000005654 devstack@g-api.service[103107]: DEBUG dbcounter [-] [103107] Writing DB stats glance:SELECT=10 {{(pid=103107) stat_writer /opt/stack/data/venv/lib/python3.12/site-packages/dbcounter.py:115}}
Jul 22 18:43:27.042634 np0000005654 devstack@g-api.service[103104]: DEBUG dbcounter [-] [103104] Writing DB stats glance:SELECT=12 {{(pid=103104) stat_writer /opt/stack/data/venv/lib/python3.12/site-packages/dbcounter.py:115}}
Jul 22 18:43:29.197866 np0000005654 devstack@g-api.service[103105]: DEBUG glance.api.middleware.version_negotiation [None req-38e858b6-48f8-44ef-8aa0-837360bb5978 tempest-TestShelveInstance-1262585144 tempest-TestShelveInstance-1262585144-project-member] Determining version of request: GET /v2/images/60cb19e0-3bc0-4687-9081-0c295d152622 Accept: */* {{(pid=103105) process_request /opt/stack/glance/glance/api/middleware/version_negotiation.py:44}}
Jul 22 18:43:29.197866 np0000005654 devstack@g-api.service[103105]: DEBUG glance.api.middleware.version_negotiation [None req-38e858b6-48f8-44ef-8aa0-837360bb5978 tempest-TestShelveInstance-1262585144 tempest-TestShelveInstance-1262585144-project-member] Using url versioning {{(pid=103105) process_request /opt/stack/glance/glance/api/middleware/version_negotiation.py:57}}
Jul 22 18:43:29.197866 np0000005654 devstack@g-api.service[103105]: DEBUG glance.api.middleware.version_negotiation [None req-38e858b6-48f8-44ef-8aa0-837360bb5978 tempest-TestShelveInstance-1262585144 tempest-TestShelveInstance-1262585144-project-member] Matched version: v2 {{(pid=103105) process_request /opt/stack/glance/glance/api/middleware/version_negotiation.py:69}}
Jul 22 18:43:29.197866 np0000005654 devstack@g-api.service[103105]: DEBUG glance.api.middleware.version_negotiation [None req-38e858b6-48f8-44ef-8aa0-837360bb5978 tempest-TestShelveInstance-1262585144 tempest-TestShelveInstance-1262585144-project-member] new path /v2/images/60cb19e0-3bc0-4687-9081-0c295d152622 {{(pid=103105) process_request /opt/stack/glance/glance/api/middleware/version_negotiation.py:70}}
Jul 22 18:43:29.205049 np0000005654 devstack@g-api.service[103105]: [pid: 103105|app: 0|req: 110/421] 127.0.0.1 () {44 vars in 1115 bytes} [Wed Jul 22 18:43:29 2026] GET /v2/images/60cb19e0-3bc0-4687-9081-0c295d152622 => generated 1044 bytes in 10 msecs (HTTP/1.1 200) 4 headers in 158 bytes (1 switches on core 0)
Jul 22 18:43:29.254032 np0000005654 devstack@g-api.service[103106]: DEBUG glance.api.middleware.version_negotiation [None req-38e858b6-48f8-44ef-8aa0-837360bb5978 tempest-TestShelveInstance-1262585144 tempest-TestShelveInstance-1262585144-project-member] Determining version of request: GET /v2/schemas/image Accept: */* {{(pid=103106) process_request /opt/stack/glance/glance/api/middleware/version_negotiation.py:44}}
Jul 22 18:43:29.254032 np0000005654 devstack@g-api.service[103106]: DEBUG glance.api.middleware.version_negotiation [None req-38e858b6-48f8-44ef-8aa0-837360bb5978 tempest-TestShelveInstance-1262585144 tempest-TestShelveInstance-1262585144-project-member] Using url versioning {{(pid=103106) process_request /opt/stack/glance/glance/api/middleware/version_negotiation.py:57}}
Jul 22 18:43:29.254032 np0000005654 devstack@g-api.service[103106]: DEBUG glance.api.middleware.version_negotiation [None req-38e858b6-48f8-44ef-8aa0-837360bb5978 tempest-TestShelveInstance-1262585144 tempest-TestShelveInstance-1262585144-project-member] Matched version: v2 {{(pid=103106) process_request /opt/stack/glance/glance/api/middleware/version_negotiation.py:69}}
Jul 22 18:43:29.254032 np0000005654 devstack@g-api.service[103106]: DEBUG glance.api.middleware.version_negotiation [None req-38e858b6-48f8-44ef-8aa0-837360bb5978 tempest-TestShelveInstance-1262585144 tempest-TestShelveInstance-1262585144-project-member] new path /v2/schemas/image {{(pid=103106) process_request /opt/stack/glance/glance/api/middleware/version_negotiation.py:70}}
Jul 22 18:43:29.257023 np0000005654 devstack@g-api.service[103106]: [pid: 103106|app: 0|req: 107/422] 127.0.0.1 () {44 vars in 1055 bytes} [Wed Jul 22 18:43:29 2026] GET /v2/schemas/image => generated 6083 bytes in 4 msecs (HTTP/1.1 200) 4 headers in 158 bytes (1 switches on core 0)
Jul 22 18:43:39.203172 np0000005654 devstack@g-api.service[103105]: DEBUG dbcounter [-] [103105] Writing DB stats glance:SELECT=2 {{(pid=103105) stat_writer /opt/stack/data/venv/lib/python3.12/site-packages/dbcounter.py:115}}
Jul 22 18:43:44.565155 np0000005654 devstack@g-api.service[103104]: DEBUG glance.api.middleware.version_negotiation [None req-496856a6-c649-4014-8208-e060ea45c18f tempest-AttachVolumeMultiAttachTest-437912047 tempest-AttachVolumeMultiAttachTest-437912047-project-member] Determining version of request: GET /v2/images/60cb19e0-3bc0-4687-9081-0c295d152622 Accept: */* {{(pid=103104) process_request /opt/stack/glance/glance/api/middleware/version_negotiation.py:44}}
Jul 22 18:43:44.565553 np0000005654 devstack@g-api.service[103104]: DEBUG glance.api.middleware.version_negotiation [None req-496856a6-c649-4014-8208-e060ea45c18f tempest-AttachVolumeMultiAttachTest-437912047 tempest-AttachVolumeMultiAttachTest-437912047-project-member] Using url versioning {{(pid=103104) process_request /opt/stack/glance/glance/api/middleware/version_negotiation.py:57}}
Jul 22 18:43:44.566253 np0000005654 devstack@g-api.service[103104]: DEBUG glance.api.middleware.version_negotiation [None req-496856a6-c649-4014-8208-e060ea45c18f tempest-AttachVolumeMultiAttachTest-437912047 tempest-AttachVolumeMultiAttachTest-437912047-project-member] Matched version: v2 {{(pid=103104) process_request /opt/stack/glance/glance/api/middleware/version_negotiation.py:69}}
Jul 22 18:43:44.566396 np0000005654 devstack@g-api.service[103104]: DEBUG glance.api.middleware.version_negotiation [None req-496856a6-c649-4014-8208-e060ea45c18f tempest-AttachVolumeMultiAttachTest-437912047 tempest-AttachVolumeMultiAttachTest-437912047-project-member] new path /v2/images/60cb19e0-3bc0-4687-9081-0c295d152622 {{(pid=103104) process_request /opt/stack/glance/glance/api/middleware/version_negotiation.py:70}}
Jul 22 18:43:44.584812 np0000005654 devstack@g-api.service[103104]: [pid: 103104|app: 0|req: 96/423] 127.0.0.1 () {44 vars in 1115 bytes} [Wed Jul 22 18:43:44 2026] GET /v2/images/60cb19e0-3bc0-4687-9081-0c295d152622 => generated 1044 bytes in 20 msecs (HTTP/1.1 200) 4 headers in 158 bytes (1 switches on core 0)
Jul 22 18:43:44.622134 np0000005654 devstack@g-api.service[103107]: DEBUG glance.api.middleware.version_negotiation [None req-496856a6-c649-4014-8208-e060ea45c18f tempest-AttachVolumeMultiAttachTest-437912047 tempest-AttachVolumeMultiAttachTest-437912047-project-member] Determining version of request: GET /v2/schemas/image Accept: */* {{(pid=103107) process_request /opt/stack/glance/glance/api/middleware/version_negotiation.py:44}}
Jul 22 18:43:44.622134 np0000005654 devstack@g-api.service[103107]: DEBUG glance.api.middleware.version_negotiation [None req-496856a6-c649-4014-8208-e060ea45c18f tempest-AttachVolumeMultiAttachTest-437912047 tempest-AttachVolumeMultiAttachTest-437912047-project-member] Using url versioning {{(pid=103107) process_request /opt/stack/glance/glance/api/middleware/version_negotiation.py:57}}
Jul 22 18:43:44.622134 np0000005654 devstack@g-api.service[103107]: DEBUG glance.api.middleware.version_negotiation [None req-496856a6-c649-4014-8208-e060ea45c18f tempest-AttachVolumeMultiAttachTest-437912047 tempest-AttachVolumeMultiAttachTest-437912047-project-member] Matched version: v2 {{(pid=103107) process_request /opt/stack/glance/glance/api/middleware/version_negotiation.py:69}}
Jul 22 18:43:44.622134 np0000005654 devstack@g-api.service[103107]: DEBUG glance.api.middleware.version_negotiation [None req-496856a6-c649-4014-8208-e060ea45c18f tempest-AttachVolumeMultiAttachTest-437912047 tempest-AttachVolumeMultiAttachTest-437912047-project-member] new path /v2/schemas/image {{(pid=103107) process_request /opt/stack/glance/glance/api/middleware/version_negotiation.py:70}}
Jul 22 18:43:44.624606 np0000005654 devstack@g-api.service[103107]: [pid: 103107|app: 0|req: 111/424] 127.0.0.1 () {44 vars in 1055 bytes} [Wed Jul 22 18:43:44 2026] GET /v2/schemas/image => generated 6083 bytes in 3 msecs (HTTP/1.1 200) 4 headers in 158 bytes (1 switches on core 0)
Jul 22 18:43:48.811379 np0000005654 devstack@g-api.service[103105]: DEBUG glance.api.middleware.version_negotiation [None req-83bfca8b-3bb1-409d-a7ed-ef6ac6ab69f0 tempest-AttachVolumeShelveTestJSON-1714977255 tempest-AttachVolumeShelveTestJSON-1714977255-project-member] Determining version of request: GET /v2/images/60cb19e0-3bc0-4687-9081-0c295d152622 Accept: */* {{(pid=103105) process_request /opt/stack/glance/glance/api/middleware/version_negotiation.py:44}}
Jul 22 18:43:48.811795 np0000005654 devstack@g-api.service[103105]: DEBUG glance.api.middleware.version_negotiation [None req-83bfca8b-3bb1-409d-a7ed-ef6ac6ab69f0 tempest-AttachVolumeShelveTestJSON-1714977255 tempest-AttachVolumeShelveTestJSON-1714977255-project-member] Using url versioning {{(pid=103105) process_request /opt/stack/glance/glance/api/middleware/version_negotiation.py:57}}
Jul 22 18:43:48.811795 np0000005654 devstack@g-api.service[103105]: DEBUG glance.api.middleware.version_negotiation [None req-83bfca8b-3bb1-409d-a7ed-ef6ac6ab69f0 tempest-AttachVolumeShelveTestJSON-1714977255 tempest-AttachVolumeShelveTestJSON-1714977255-project-member] Matched version: v2 {{(pid=103105) process_request /opt/stack/glance/glance/api/middleware/version_negotiation.py:69}}
Jul 22 18:43:48.811881 np0000005654 devstack@g-api.service[103105]: DEBUG glance.api.middleware.version_negotiation [None req-83bfca8b-3bb1-409d-a7ed-ef6ac6ab69f0 tempest-AttachVolumeShelveTestJSON-1714977255 tempest-AttachVolumeShelveTestJSON-1714977255-project-member] new path /v2/images/60cb19e0-3bc0-4687-9081-0c295d152622 {{(pid=103105) process_request /opt/stack/glance/glance/api/middleware/version_negotiation.py:70}}
Jul 22 18:43:48.827264 np0000005654 devstack@g-api.service[103105]: [pid: 103105|app: 0|req: 111/425] 127.0.0.1 () {44 vars in 1115 bytes} [Wed Jul 22 18:43:48 2026] GET /v2/images/60cb19e0-3bc0-4687-9081-0c295d152622 => generated 1044 bytes in 16 msecs (HTTP/1.1 200) 4 headers in 158 bytes (1 switches on core 0)
Jul 22 18:43:48.893185 np0000005654 devstack@g-api.service[103106]: DEBUG glance.api.middleware.version_negotiation [None req-83bfca8b-3bb1-409d-a7ed-ef6ac6ab69f0 tempest-AttachVolumeShelveTestJSON-1714977255 tempest-AttachVolumeShelveTestJSON-1714977255-project-member] Determining version of request: GET /v2/schemas/image Accept: */* {{(pid=103106) process_request /opt/stack/glance/glance/api/middleware/version_negotiation.py:44}}
Jul 22 18:43:48.893185 np0000005654 devstack@g-api.service[103106]: DEBUG glance.api.middleware.version_negotiation [None req-83bfca8b-3bb1-409d-a7ed-ef6ac6ab69f0 tempest-AttachVolumeShelveTestJSON-1714977255 tempest-AttachVolumeShelveTestJSON-1714977255-project-member] Using url versioning {{(pid=103106) process_request /opt/stack/glance/glance/api/middleware/version_negotiation.py:57}}
Jul 22 18:43:48.893185 np0000005654 devstack@g-api.service[103106]: DEBUG glance.api.middleware.version_negotiation [None req-83bfca8b-3bb1-409d-a7ed-ef6ac6ab69f0 tempest-AttachVolumeShelveTestJSON-1714977255 tempest-AttachVolumeShelveTestJSON-1714977255-project-member] Matched version: v2 {{(pid=103106) process_request /opt/stack/glance/glance/api/middleware/version_negotiation.py:69}}
Jul 22 18:43:48.893185 np0000005654 devstack@g-api.service[103106]: DEBUG glance.api.middleware.version_negotiation [None req-83bfca8b-3bb1-409d-a7ed-ef6ac6ab69f0 tempest-AttachVolumeShelveTestJSON-1714977255 tempest-AttachVolumeShelveTestJSON-1714977255-project-member] new path /v2/schemas/image {{(pid=103106) process_request /opt/stack/glance/glance/api/middleware/version_negotiation.py:70}}
Jul 22 18:43:48.900484 np0000005654 devstack@g-api.service[103106]: [pid: 103106|app: 0|req: 108/426] 127.0.0.1 () {44 vars in 1055 bytes} [Wed Jul 22 18:43:48 2026] GET /v2/schemas/image => generated 6083 bytes in 8 msecs (HTTP/1.1 200) 4 headers in 158 bytes (1 switches on core 0)
Jul 22 18:43:52.622066 np0000005654 devstack@g-api.service[103104]: DEBUG glance.api.middleware.version_negotiation [None req-e73c49ac-411a-4fe5-bfcf-ad31d51a426b tempest-AttachVolumeMultiAttachTest-437912047 tempest-AttachVolumeMultiAttachTest-437912047-project-member] Determining version of request: GET /v2/images/60cb19e0-3bc0-4687-9081-0c295d152622 Accept: */* {{(pid=103104) process_request /opt/stack/glance/glance/api/middleware/version_negotiation.py:44}}
Jul 22 18:43:52.622437 np0000005654 devstack@g-api.service[103104]: DEBUG glance.api.middleware.version_negotiation [None req-e73c49ac-411a-4fe5-bfcf-ad31d51a426b tempest-AttachVolumeMultiAttachTest-437912047 tempest-AttachVolumeMultiAttachTest-437912047-project-member] Using url versioning {{(pid=103104) process_request /opt/stack/glance/glance/api/middleware/version_negotiation.py:57}}
Jul 22 18:43:52.622437 np0000005654 devstack@g-api.service[103104]: DEBUG glance.api.middleware.version_negotiation [None req-e73c49ac-411a-4fe5-bfcf-ad31d51a426b tempest-AttachVolumeMultiAttachTest-437912047 tempest-AttachVolumeMultiAttachTest-437912047-project-member] Matched version: v2 {{(pid=103104) process_request /opt/stack/glance/glance/api/middleware/version_negotiation.py:69}}
Jul 22 18:43:52.622606 np0000005654 devstack@g-api.service[103104]: DEBUG glance.api.middleware.version_negotiation [None req-e73c49ac-411a-4fe5-bfcf-ad31d51a426b tempest-AttachVolumeMultiAttachTest-437912047 tempest-AttachVolumeMultiAttachTest-437912047-project-member] new path /v2/images/60cb19e0-3bc0-4687-9081-0c295d152622 {{(pid=103104) process_request /opt/stack/glance/glance/api/middleware/version_negotiation.py:70}}
Jul 22 18:43:52.635367 np0000005654 devstack@g-api.service[103104]: [pid: 103104|app: 0|req: 97/427] 127.0.0.1 () {44 vars in 1115 bytes} [Wed Jul 22 18:43:52 2026] GET /v2/images/60cb19e0-3bc0-4687-9081-0c295d152622 => generated 1044 bytes in 13 msecs (HTTP/1.1 200) 4 headers in 158 bytes (1 switches on core 0)
Jul 22 18:43:52.692077 np0000005654 devstack@g-api.service[103107]: DEBUG glance.api.middleware.version_negotiation [None req-e73c49ac-411a-4fe5-bfcf-ad31d51a426b tempest-AttachVolumeMultiAttachTest-437912047 tempest-AttachVolumeMultiAttachTest-437912047-project-member] Determining version of request: GET /v2/schemas/image Accept: */* {{(pid=103107) process_request /opt/stack/glance/glance/api/middleware/version_negotiation.py:44}}
Jul 22 18:43:52.692077 np0000005654 devstack@g-api.service[103107]: DEBUG glance.api.middleware.version_negotiation [None req-e73c49ac-411a-4fe5-bfcf-ad31d51a426b tempest-AttachVolumeMultiAttachTest-437912047 tempest-AttachVolumeMultiAttachTest-437912047-project-member] Using url versioning {{(pid=103107) process_request /opt/stack/glance/glance/api/middleware/version_negotiation.py:57}}
