Jun 29 07:04:19.528566 np0000003887 devstack@g-api.service[99494]: DEBUG glance.api.middleware.version_negotiation [None req-4b21d3a2-7824-40f6-ac9a-697d5ec89b11 tempest-TestShelveInstance-173022870 tempest-TestShelveInstance-173022870-project-member] Using url versioning {{(pid=99494) process_request /opt/stack/glance/glance/api/middleware/version_negotiation.py:57}}
Jun 29 07:04:19.528760 np0000003887 devstack@g-api.service[99494]: DEBUG glance.api.middleware.version_negotiation [None req-4b21d3a2-7824-40f6-ac9a-697d5ec89b11 tempest-TestShelveInstance-173022870 tempest-TestShelveInstance-173022870-project-member] Matched version: v2 {{(pid=99494) process_request /opt/stack/glance/glance/api/middleware/version_negotiation.py:69}}
Jun 29 07:04:19.528865 np0000003887 devstack@g-api.service[99494]: DEBUG glance.api.middleware.version_negotiation [None req-4b21d3a2-7824-40f6-ac9a-697d5ec89b11 tempest-TestShelveInstance-173022870 tempest-TestShelveInstance-173022870-project-member] new path /v2/schemas/image {{(pid=99494) process_request /opt/stack/glance/glance/api/middleware/version_negotiation.py:70}}
Jun 29 07:04:19.531257 np0000003887 devstack@g-api.service[99494]: [pid: 99494|app: 0|req: 101/300] 127.0.0.1 () {44 vars in 1051 bytes} [Mon Jun 29 07:04:19 2026] GET /v2/schemas/image => generated 6083 bytes in 3 msecs (HTTP/1.1 200) 4 headers in 158 bytes (1 switches on core 0)
Jun 29 07:04:19.695831 np0000003887 devstack@g-api.service[99493]: DEBUG glance.api.middleware.version_negotiation [None req-4b21d3a2-7824-40f6-ac9a-697d5ec89b11 tempest-TestShelveInstance-173022870 tempest-TestShelveInstance-173022870-project-member] Determining version of request: GET /v2/images/0329e2df-6543-415d-8399-a22b8555db87 Accept: */* {{(pid=99493) process_request /opt/stack/glance/glance/api/middleware/version_negotiation.py:44}}
Jun 29 07:04:19.696051 np0000003887 devstack@g-api.service[99493]: DEBUG glance.api.middleware.version_negotiation [None req-4b21d3a2-7824-40f6-ac9a-697d5ec89b11 tempest-TestShelveInstance-173022870 tempest-TestShelveInstance-173022870-project-member] Using url versioning {{(pid=99493) process_request /opt/stack/glance/glance/api/middleware/version_negotiation.py:57}}
Jun 29 07:04:19.696206 np0000003887 devstack@g-api.service[99493]: DEBUG glance.api.middleware.version_negotiation [None req-4b21d3a2-7824-40f6-ac9a-697d5ec89b11 tempest-TestShelveInstance-173022870 tempest-TestShelveInstance-173022870-project-member] Matched version: v2 {{(pid=99493) process_request /opt/stack/glance/glance/api/middleware/version_negotiation.py:69}}
Jun 29 07:04:19.696363 np0000003887 devstack@g-api.service[99493]: DEBUG glance.api.middleware.version_negotiation [None req-4b21d3a2-7824-40f6-ac9a-697d5ec89b11 tempest-TestShelveInstance-173022870 tempest-TestShelveInstance-173022870-project-member] new path /v2/images/0329e2df-6543-415d-8399-a22b8555db87 {{(pid=99493) process_request /opt/stack/glance/glance/api/middleware/version_negotiation.py:70}}
Jun 29 07:04:19.711970 np0000003887 devstack@g-api.service[99493]: [pid: 99493|app: 0|req: 104/301] 127.0.0.1 () {44 vars in 1111 bytes} [Mon Jun 29 07:04:19 2026] GET /v2/images/0329e2df-6543-415d-8399-a22b8555db87 => generated 1336 bytes in 16 msecs (HTTP/1.1 200) 4 headers in 158 bytes (1 switches on core 0)
Jun 29 07:04:19.760341 np0000003887 devstack@g-api.service[99495]: DEBUG glance.api.middleware.version_negotiation [None req-4b21d3a2-7824-40f6-ac9a-697d5ec89b11 tempest-TestShelveInstance-173022870 tempest-TestShelveInstance-173022870-project-member] Determining version of request: GET /v2/schemas/image Accept: */* {{(pid=99495) process_request /opt/stack/glance/glance/api/middleware/version_negotiation.py:44}}
Jun 29 07:04:19.760537 np0000003887 devstack@g-api.service[99495]: DEBUG glance.api.middleware.version_negotiation [None req-4b21d3a2-7824-40f6-ac9a-697d5ec89b11 tempest-TestShelveInstance-173022870 tempest-TestShelveInstance-173022870-project-member] Using url versioning {{(pid=99495) process_request /opt/stack/glance/glance/api/middleware/version_negotiation.py:57}}
Jun 29 07:04:19.760672 np0000003887 devstack@g-api.service[99495]: DEBUG glance.api.middleware.version_negotiation [None req-4b21d3a2-7824-40f6-ac9a-697d5ec89b11 tempest-TestShelveInstance-173022870 tempest-TestShelveInstance-173022870-project-member] Matched version: v2 {{(pid=99495) process_request /opt/stack/glance/glance/api/middleware/version_negotiation.py:69}}
Jun 29 07:04:19.760785 np0000003887 devstack@g-api.service[99495]: DEBUG glance.api.middleware.version_negotiation [None req-4b21d3a2-7824-40f6-ac9a-697d5ec89b11 tempest-TestShelveInstance-173022870 tempest-TestShelveInstance-173022870-project-member] new path /v2/schemas/image {{(pid=99495) process_request /opt/stack/glance/glance/api/middleware/version_negotiation.py:70}}
Jun 29 07:04:19.764437 np0000003887 devstack@g-api.service[99495]: [pid: 99495|app: 0|req: 97/302] 127.0.0.1 () {44 vars in 1051 bytes} [Mon Jun 29 07:04:19 2026] GET /v2/schemas/image => generated 6083 bytes in 4 msecs (HTTP/1.1 200) 4 headers in 158 bytes (1 switches on core 0)
Jun 29 07:04:19.808821 np0000003887 devstack@g-api.service[99494]: DEBUG glance.api.middleware.version_negotiation [None req-4b21d3a2-7824-40f6-ac9a-697d5ec89b11 tempest-TestShelveInstance-173022870 tempest-TestShelveInstance-173022870-project-member] Determining version of request: GET /v2/schemas/image Accept: */* {{(pid=99494) process_request /opt/stack/glance/glance/api/middleware/version_negotiation.py:44}}
Jun 29 07:04:19.808979 np0000003887 devstack@g-api.service[99494]: DEBUG glance.api.middleware.version_negotiation [None req-4b21d3a2-7824-40f6-ac9a-697d5ec89b11 tempest-TestShelveInstance-173022870 tempest-TestShelveInstance-173022870-project-member] Using url versioning {{(pid=99494) process_request /opt/stack/glance/glance/api/middleware/version_negotiation.py:57}}
Jun 29 07:04:19.809174 np0000003887 devstack@g-api.service[99494]: DEBUG glance.api.middleware.version_negotiation [None req-4b21d3a2-7824-40f6-ac9a-697d5ec89b11 tempest-TestShelveInstance-173022870 tempest-TestShelveInstance-173022870-project-member] Matched version: v2 {{(pid=99494) process_request /opt/stack/glance/glance/api/middleware/version_negotiation.py:69}}
Jun 29 07:04:19.809460 np0000003887 devstack@g-api.service[99494]: DEBUG glance.api.middleware.version_negotiation [None req-4b21d3a2-7824-40f6-ac9a-697d5ec89b11 tempest-TestShelveInstance-173022870 tempest-TestShelveInstance-173022870-project-member] new path /v2/schemas/image {{(pid=99494) process_request /opt/stack/glance/glance/api/middleware/version_negotiation.py:70}}
Jun 29 07:04:19.812307 np0000003887 devstack@g-api.service[99494]: [pid: 99494|app: 0|req: 102/303] 127.0.0.1 () {44 vars in 1051 bytes} [Mon Jun 29 07:04:19 2026] GET /v2/schemas/image => generated 6083 bytes in 4 msecs (HTTP/1.1 200) 4 headers in 158 bytes (1 switches on core 0)
Jun 29 07:04:19.852646 np0000003887 devstack@g-api.service[99493]: DEBUG glance.api.middleware.version_negotiation [None req-14cec85c-fde4-487f-b5c5-8998f31e48ef tempest-ServerStableDeviceRescueTest-1874007603 tempest-ServerStableDeviceRescueTest-1874007603-project-member] Determining version of request: PATCH /v2/images/0329e2df-6543-415d-8399-a22b8555db87 Accept: */* {{(pid=99493) process_request /opt/stack/glance/glance/api/middleware/version_negotiation.py:44}}
Jun 29 07:04:19.852926 np0000003887 devstack@g-api.service[99493]: DEBUG glance.api.middleware.version_negotiation [None req-14cec85c-fde4-487f-b5c5-8998f31e48ef tempest-ServerStableDeviceRescueTest-1874007603 tempest-ServerStableDeviceRescueTest-1874007603-project-member] Using url versioning {{(pid=99493) process_request /opt/stack/glance/glance/api/middleware/version_negotiation.py:57}}
Jun 29 07:04:19.854679 np0000003887 devstack@g-api.service[99493]: DEBUG glance.api.middleware.version_negotiation [None req-14cec85c-fde4-487f-b5c5-8998f31e48ef tempest-ServerStableDeviceRescueTest-1874007603 tempest-ServerStableDeviceRescueTest-1874007603-project-member] Matched version: v2 {{(pid=99493) process_request /opt/stack/glance/glance/api/middleware/version_negotiation.py:69}}
Jun 29 07:04:19.854679 np0000003887 devstack@g-api.service[99493]: DEBUG glance.api.middleware.version_negotiation [None req-14cec85c-fde4-487f-b5c5-8998f31e48ef tempest-ServerStableDeviceRescueTest-1874007603 tempest-ServerStableDeviceRescueTest-1874007603-project-member] new path /v2/images/0329e2df-6543-415d-8399-a22b8555db87 {{(pid=99493) process_request /opt/stack/glance/glance/api/middleware/version_negotiation.py:70}}
Jun 29 07:04:19.982761 np0000003887 devstack@g-api.service[99495]: DEBUG glance.api.middleware.version_negotiation [None req-14cec85c-fde4-487f-b5c5-8998f31e48ef tempest-ServerStableDeviceRescueTest-1874007603 tempest-ServerStableDeviceRescueTest-1874007603-project-member] Determining version of request: GET /versions Accept: */* {{(pid=99495) process_request /opt/stack/glance/glance/api/middleware/version_negotiation.py:44}}
Jun 29 07:04:19.983608 np0000003887 devstack@g-api.service[99495]: [pid: 99495|app: 0|req: 98/304] 127.0.0.1 () {44 vars in 1035 bytes} [Mon Jun 29 07:04:19 2026] GET /versions => generated 1394 bytes in 1 msecs (HTTP/1.1 200) 3 headers in 92 bytes (1 switches on core 0)
Jun 29 07:04:19.995752 np0000003887 devstack@g-api.service[99494]: DEBUG glance.api.middleware.version_negotiation [None req-14cec85c-fde4-487f-b5c5-8998f31e48ef tempest-ServerStableDeviceRescueTest-1874007603 tempest-ServerStableDeviceRescueTest-1874007603-project-member] Determining version of request: GET /v2/images/c2eda8a6-2bdd-450f-b342-dffa66fd1fbf/locations Accept: */* {{(pid=99494) process_request /opt/stack/glance/glance/api/middleware/version_negotiation.py:44}}
Jun 29 07:04:19.995945 np0000003887 devstack@g-api.service[99494]: DEBUG glance.api.middleware.version_negotiation [None req-14cec85c-fde4-487f-b5c5-8998f31e48ef tempest-ServerStableDeviceRescueTest-1874007603 tempest-ServerStableDeviceRescueTest-1874007603-project-member] Using url versioning {{(pid=99494) process_request /opt/stack/glance/glance/api/middleware/version_negotiation.py:57}}
Jun 29 07:04:19.996130 np0000003887 devstack@g-api.service[99494]: DEBUG glance.api.middleware.version_negotiation [None req-14cec85c-fde4-487f-b5c5-8998f31e48ef tempest-ServerStableDeviceRescueTest-1874007603 tempest-ServerStableDeviceRescueTest-1874007603-project-member] Matched version: v2 {{(pid=99494) process_request /opt/stack/glance/glance/api/middleware/version_negotiation.py:69}}
Jun 29 07:04:19.996322 np0000003887 devstack@g-api.service[99494]: DEBUG glance.api.middleware.version_negotiation [None req-14cec85c-fde4-487f-b5c5-8998f31e48ef tempest-ServerStableDeviceRescueTest-1874007603 tempest-ServerStableDeviceRescueTest-1874007603-project-member] new path /v2/images/c2eda8a6-2bdd-450f-b342-dffa66fd1fbf/locations {{(pid=99494) process_request /opt/stack/glance/glance/api/middleware/version_negotiation.py:70}}
Jun 29 07:04:20.074011 np0000003887 devstack@g-api.service[99494]: [pid: 99494|app: 0|req: 103/305] 127.0.0.1 () {44 vars in 1131 bytes} [Mon Jun 29 07:04:19 2026] GET /v2/images/c2eda8a6-2bdd-450f-b342-dffa66fd1fbf/locations => generated 92 bytes in 78 msecs (HTTP/1.1 200) 4 headers in 156 bytes (1 switches on core 0)
Jun 29 07:04:20.084873 np0000003887 devstack@g-api.service[99493]: [pid: 99493|app: 0|req: 105/306] 127.0.0.1 () {46 vars in 1154 bytes} [Mon Jun 29 07:04:19 2026] PATCH /v2/images/0329e2df-6543-415d-8399-a22b8555db87 => generated 1447 bytes in 232 msecs (HTTP/1.1 200) 4 headers in 158 bytes (1 switches on core 0)
Jun 29 07:04:20.086448 np0000003887 devstack@g-api.service[99495]: DEBUG glance.api.middleware.version_negotiation [None req-14cec85c-fde4-487f-b5c5-8998f31e48ef tempest-ServerStableDeviceRescueTest-1874007603 tempest-ServerStableDeviceRescueTest-1874007603-project-member] Determining version of request: GET /v2/images/c2eda8a6-2bdd-450f-b342-dffa66fd1fbf Accept: */* {{(pid=99495) process_request /opt/stack/glance/glance/api/middleware/version_negotiation.py:44}}
Jun 29 07:04:20.086842 np0000003887 devstack@g-api.service[99495]: DEBUG glance.api.middleware.version_negotiation [None req-14cec85c-fde4-487f-b5c5-8998f31e48ef tempest-ServerStableDeviceRescueTest-1874007603 tempest-ServerStableDeviceRescueTest-1874007603-project-member] Using url versioning {{(pid=99495) process_request /opt/stack/glance/glance/api/middleware/version_negotiation.py:57}}
Jun 29 07:04:20.088056 np0000003887 devstack@g-api.service[99495]: DEBUG glance.api.middleware.version_negotiation [None req-14cec85c-fde4-487f-b5c5-8998f31e48ef tempest-ServerStableDeviceRescueTest-1874007603 tempest-ServerStableDeviceRescueTest-1874007603-project-member] Matched version: v2 {{(pid=99495) process_request /opt/stack/glance/glance/api/middleware/version_negotiation.py:69}}
Jun 29 07:04:20.088217 np0000003887 devstack@g-api.service[99495]: DEBUG glance.api.middleware.version_negotiation [None req-14cec85c-fde4-487f-b5c5-8998f31e48ef tempest-ServerStableDeviceRescueTest-1874007603 tempest-ServerStableDeviceRescueTest-1874007603-project-member] new path /v2/images/c2eda8a6-2bdd-450f-b342-dffa66fd1fbf {{(pid=99495) process_request /opt/stack/glance/glance/api/middleware/version_negotiation.py:70}}
Jun 29 07:04:20.104694 np0000003887 devstack@g-api.service[99495]: [pid: 99495|app: 0|req: 99/307] 127.0.0.1 () {44 vars in 1111 bytes} [Mon Jun 29 07:04:20 2026] GET /v2/images/c2eda8a6-2bdd-450f-b342-dffa66fd1fbf => generated 1044 bytes in 18 msecs (HTTP/1.1 200) 4 headers in 158 bytes (1 switches on core 0)
Jun 29 07:04:20.119714 np0000003887 devstack@g-api.service[99494]: DEBUG glance.api.middleware.version_negotiation [None req-4b21d3a2-7824-40f6-ac9a-697d5ec89b11 service glance] Determining version of request: GET /v2/schemas/image Accept: */* {{(pid=99494) process_request /opt/stack/glance/glance/api/middleware/version_negotiation.py:44}}
Jun 29 07:04:20.119985 np0000003887 devstack@g-api.service[99494]: DEBUG glance.api.middleware.version_negotiation [None req-4b21d3a2-7824-40f6-ac9a-697d5ec89b11 service glance] Using url versioning {{(pid=99494) process_request /opt/stack/glance/glance/api/middleware/version_negotiation.py:57}}
Jun 29 07:04:20.120455 np0000003887 devstack@g-api.service[99494]: DEBUG glance.api.middleware.version_negotiation [None req-4b21d3a2-7824-40f6-ac9a-697d5ec89b11 service glance] Matched version: v2 {{(pid=99494) process_request /opt/stack/glance/glance/api/middleware/version_negotiation.py:69}}
Jun 29 07:04:20.120643 np0000003887 devstack@g-api.service[99494]: DEBUG glance.api.middleware.version_negotiation [None req-4b21d3a2-7824-40f6-ac9a-697d5ec89b11 service glance] new path /v2/schemas/image {{(pid=99494) process_request /opt/stack/glance/glance/api/middleware/version_negotiation.py:70}}
Jun 29 07:04:20.125968 np0000003887 devstack@g-api.service[99494]: [pid: 99494|app: 0|req: 104/308] 127.0.0.1 () {44 vars in 1051 bytes} [Mon Jun 29 07:04:20 2026] GET /v2/schemas/image => generated 6083 bytes in 6 msecs (HTTP/1.1 200) 4 headers in 158 bytes (1 switches on core 0)
Jun 29 07:04:20.136048 np0000003887 devstack@g-api.service[99493]: DEBUG glance.api.middleware.version_negotiation [None req-14cec85c-fde4-487f-b5c5-8998f31e48ef tempest-ServerStableDeviceRescueTest-1874007603 tempest-ServerStableDeviceRescueTest-1874007603-project-member] Determining version of request: GET /v2/images/0329e2df-6543-415d-8399-a22b8555db87 Accept: */* {{(pid=99493) process_request /opt/stack/glance/glance/api/middleware/version_negotiation.py:44}}
Jun 29 07:04:20.136590 np0000003887 devstack@g-api.service[99493]: DEBUG glance.api.middleware.version_negotiation [None req-14cec85c-fde4-487f-b5c5-8998f31e48ef tempest-ServerStableDeviceRescueTest-1874007603 tempest-ServerStableDeviceRescueTest-1874007603-project-member] Using url versioning {{(pid=99493) process_request /opt/stack/glance/glance/api/middleware/version_negotiation.py:57}}
Jun 29 07:04:20.136590 np0000003887 devstack@g-api.service[99493]: DEBUG glance.api.middleware.version_negotiation [None req-14cec85c-fde4-487f-b5c5-8998f31e48ef tempest-ServerStableDeviceRescueTest-1874007603 tempest-ServerStableDeviceRescueTest-1874007603-project-member] Matched version: v2 {{(pid=99493) process_request /opt/stack/glance/glance/api/middleware/version_negotiation.py:69}}
Jun 29 07:04:20.136590 np0000003887 devstack@g-api.service[99493]: DEBUG glance.api.middleware.version_negotiation [None req-14cec85c-fde4-487f-b5c5-8998f31e48ef tempest-ServerStableDeviceRescueTest-1874007603 tempest-ServerStableDeviceRescueTest-1874007603-project-member] new path /v2/images/0329e2df-6543-415d-8399-a22b8555db87 {{(pid=99493) process_request /opt/stack/glance/glance/api/middleware/version_negotiation.py:70}}
Jun 29 07:04:20.147969 np0000003887 devstack@g-api.service[99495]: DEBUG glance.api.middleware.version_negotiation [None req-4b21d3a2-7824-40f6-ac9a-697d5ec89b11 tempest-TestShelveInstance-173022870 tempest-TestShelveInstance-173022870-project-member] Determining version of request: GET /v2/schemas/image Accept: */* {{(pid=99495) process_request /opt/stack/glance/glance/api/middleware/version_negotiation.py:44}}
Jun 29 07:04:20.148430 np0000003887 devstack@g-api.service[99495]: DEBUG glance.api.middleware.version_negotiation [None req-4b21d3a2-7824-40f6-ac9a-697d5ec89b11 tempest-TestShelveInstance-173022870 tempest-TestShelveInstance-173022870-project-member] Using url versioning {{(pid=99495) process_request /opt/stack/glance/glance/api/middleware/version_negotiation.py:57}}
Jun 29 07:04:20.148430 np0000003887 devstack@g-api.service[99495]: DEBUG glance.api.middleware.version_negotiation [None req-4b21d3a2-7824-40f6-ac9a-697d5ec89b11 tempest-TestShelveInstance-173022870 tempest-TestShelveInstance-173022870-project-member] Matched version: v2 {{(pid=99495) process_request /opt/stack/glance/glance/api/middleware/version_negotiation.py:69}}
Jun 29 07:04:20.148707 np0000003887 devstack@g-api.service[99495]: DEBUG glance.api.middleware.version_negotiation [None req-4b21d3a2-7824-40f6-ac9a-697d5ec89b11 tempest-TestShelveInstance-173022870 tempest-TestShelveInstance-173022870-project-member] new path /v2/schemas/image {{(pid=99495) process_request /opt/stack/glance/glance/api/middleware/version_negotiation.py:70}}
Jun 29 07:04:20.158403 np0000003887 devstack@g-api.service[99495]: [pid: 99495|app: 0|req: 100/309] 127.0.0.1 () {44 vars in 1051 bytes} [Mon Jun 29 07:04:20 2026] GET /v2/schemas/image => generated 6083 bytes in 11 msecs (HTTP/1.1 200) 4 headers in 158 bytes (1 switches on core 0)
Jun 29 07:04:20.167158 np0000003887 devstack@g-api.service[99493]: [pid: 99493|app: 0|req: 106/310] 127.0.0.1 () {44 vars in 1111 bytes} [Mon Jun 29 07:04:20 2026] GET /v2/images/0329e2df-6543-415d-8399-a22b8555db87 => generated 1447 bytes in 31 msecs (HTTP/1.1 200) 4 headers in 158 bytes (1 switches on core 0)
Jun 29 07:04:20.200958 np0000003887 devstack@g-api.service[99494]: DEBUG glance.api.middleware.version_negotiation [None req-4b21d3a2-7824-40f6-ac9a-697d5ec89b11 tempest-TestShelveInstance-173022870 tempest-TestShelveInstance-173022870-project-member] Determining version of request: GET /v2/images/0329e2df-6543-415d-8399-a22b8555db87 Accept: */* {{(pid=99494) process_request /opt/stack/glance/glance/api/middleware/version_negotiation.py:44}}
Jun 29 07:04:20.201253 np0000003887 devstack@g-api.service[99494]: DEBUG glance.api.middleware.version_negotiation [None req-4b21d3a2-7824-40f6-ac9a-697d5ec89b11 tempest-TestShelveInstance-173022870 tempest-TestShelveInstance-173022870-project-member] Using url versioning {{(pid=99494) process_request /opt/stack/glance/glance/api/middleware/version_negotiation.py:57}}
Jun 29 07:04:20.202059 np0000003887 devstack@g-api.service[99494]: DEBUG glance.api.middleware.version_negotiation [None req-4b21d3a2-7824-40f6-ac9a-697d5ec89b11 tempest-TestShelveInstance-173022870 tempest-TestShelveInstance-173022870-project-member] Matched version: v2 {{(pid=99494) process_request /opt/stack/glance/glance/api/middleware/version_negotiation.py:69}}
Jun 29 07:04:20.202059 np0000003887 devstack@g-api.service[99494]: DEBUG glance.api.middleware.version_negotiation [None req-4b21d3a2-7824-40f6-ac9a-697d5ec89b11 tempest-TestShelveInstance-173022870 tempest-TestShelveInstance-173022870-project-member] new path /v2/images/0329e2df-6543-415d-8399-a22b8555db87 {{(pid=99494) process_request /opt/stack/glance/glance/api/middleware/version_negotiation.py:70}}
Jun 29 07:04:20.226168 np0000003887 devstack@g-api.service[99494]: [pid: 99494|app: 0|req: 105/311] 127.0.0.1 () {44 vars in 1111 bytes} [Mon Jun 29 07:04:20 2026] GET /v2/images/0329e2df-6543-415d-8399-a22b8555db87 => generated 1447 bytes in 25 msecs (HTTP/1.1 200) 4 headers in 158 bytes (1 switches on core 0)
Jun 29 07:04:20.227225 np0000003887 devstack@g-api.service[99495]: DEBUG glance.api.middleware.version_negotiation [None req-4b21d3a2-7824-40f6-ac9a-697d5ec89b11 tempest-TestShelveInstance-173022870 tempest-TestShelveInstance-173022870-project-member] Determining version of request: PUT /v2/images/0329e2df-6543-415d-8399-a22b8555db87/file Accept: */* {{(pid=99495) process_request /opt/stack/glance/glance/api/middleware/version_negotiation.py:44}}
Jun 29 07:04:20.229447 np0000003887 devstack@g-api.service[99495]: DEBUG glance.api.middleware.version_negotiation [None req-4b21d3a2-7824-40f6-ac9a-697d5ec89b11 tempest-TestShelveInstance-173022870 tempest-TestShelveInstance-173022870-project-member] Using url versioning {{(pid=99495) process_request /opt/stack/glance/glance/api/middleware/version_negotiation.py:57}}
Jun 29 07:04:20.229447 np0000003887 devstack@g-api.service[99495]: DEBUG glance.api.middleware.version_negotiation [None req-4b21d3a2-7824-40f6-ac9a-697d5ec89b11 tempest-TestShelveInstance-173022870 tempest-TestShelveInstance-173022870-project-member] Matched version: v2 {{(pid=99495) process_request /opt/stack/glance/glance/api/middleware/version_negotiation.py:69}}
Jun 29 07:04:20.229447 np0000003887 devstack@g-api.service[99495]: DEBUG glance.api.middleware.version_negotiation [None req-4b21d3a2-7824-40f6-ac9a-697d5ec89b11 tempest-TestShelveInstance-173022870 tempest-TestShelveInstance-173022870-project-member] new path /v2/images/0329e2df-6543-415d-8399-a22b8555db87/file {{(pid=99495) process_request /opt/stack/glance/glance/api/middleware/version_negotiation.py:70}}
Jun 29 07:04:20.283981 np0000003887 devstack@g-api.service[99493]: DEBUG glance.api.middleware.version_negotiation [None req-14cec85c-fde4-487f-b5c5-8998f31e48ef tempest-ServerStableDeviceRescueTest-1874007603 tempest-ServerStableDeviceRescueTest-1874007603-project-member] Determining version of request: GET /v2/schemas/image Accept: */* {{(pid=99493) process_request /opt/stack/glance/glance/api/middleware/version_negotiation.py:44}}
Jun 29 07:04:20.285105 np0000003887 devstack@g-api.service[99493]: DEBUG glance.api.middleware.version_negotiation [None req-14cec85c-fde4-487f-b5c5-8998f31e48ef tempest-ServerStableDeviceRescueTest-1874007603 tempest-ServerStableDeviceRescueTest-1874007603-project-member] Using url versioning {{(pid=99493) process_request /opt/stack/glance/glance/api/middleware/version_negotiation.py:57}}
Jun 29 07:04:20.285105 np0000003887 devstack@g-api.service[99493]: DEBUG glance.api.middleware.version_negotiation [None req-14cec85c-fde4-487f-b5c5-8998f31e48ef tempest-ServerStableDeviceRescueTest-1874007603 tempest-ServerStableDeviceRescueTest-1874007603-project-member] Matched version: v2 {{(pid=99493) process_request /opt/stack/glance/glance/api/middleware/version_negotiation.py:69}}
Jun 29 07:04:20.285239 np0000003887 devstack@g-api.service[99493]: DEBUG glance.api.middleware.version_negotiation [None req-14cec85c-fde4-487f-b5c5-8998f31e48ef tempest-ServerStableDeviceRescueTest-1874007603 tempest-ServerStableDeviceRescueTest-1874007603-project-member] new path /v2/schemas/image {{(pid=99493) process_request /opt/stack/glance/glance/api/middleware/version_negotiation.py:70}}
Jun 29 07:04:20.290579 np0000003887 devstack@g-api.service[99493]: [pid: 99493|app: 0|req: 107/312] 127.0.0.1 () {44 vars in 1051 bytes} [Mon Jun 29 07:04:20 2026] GET /v2/schemas/image => generated 6083 bytes in 7 msecs (HTTP/1.1 200) 4 headers in 158 bytes (1 switches on core 0)
Jun 29 07:04:20.952293 np0000003887 devstack@g-api.service[99495]: INFO glance.api.v2.image_data [None req-14cec85c-fde4-487f-b5c5-8998f31e48ef tempest-ServerStableDeviceRescueTest-1874007603 tempest-ServerStableDeviceRescueTest-1874007603-project-member] Unable to create trust: no such option collect_timing in group [keystone_authtoken] Use the existing user token.
Jun 29 07:04:21.511922 np0000003887 devstack@g-api.service[99494]: DEBUG glance.api.middleware.version_negotiation [None req-3cc6f50e-d15c-4657-9a11-66421cbcb70e tempest-ServerStableDeviceRescueTest-1874007603 tempest-ServerStableDeviceRescueTest-1874007603-project-member] Determining version of request: GET /v2/images/0329e2df-6543-415d-8399-a22b8555db87 Accept: */* {{(pid=99494) process_request /opt/stack/glance/glance/api/middleware/version_negotiation.py:44}}
Jun 29 07:04:21.512369 np0000003887 devstack@g-api.service[99494]: DEBUG glance.api.middleware.version_negotiation [None req-3cc6f50e-d15c-4657-9a11-66421cbcb70e tempest-ServerStableDeviceRescueTest-1874007603 tempest-ServerStableDeviceRescueTest-1874007603-project-member] Using url versioning {{(pid=99494) process_request /opt/stack/glance/glance/api/middleware/version_negotiation.py:57}}
Jun 29 07:04:21.512369 np0000003887 devstack@g-api.service[99494]: DEBUG glance.api.middleware.version_negotiation [None req-3cc6f50e-d15c-4657-9a11-66421cbcb70e tempest-ServerStableDeviceRescueTest-1874007603 tempest-ServerStableDeviceRescueTest-1874007603-project-member] Matched version: v2 {{(pid=99494) process_request /opt/stack/glance/glance/api/middleware/version_negotiation.py:69}}
Jun 29 07:04:21.512369 np0000003887 devstack@g-api.service[99494]: DEBUG glance.api.middleware.version_negotiation [None req-3cc6f50e-d15c-4657-9a11-66421cbcb70e tempest-ServerStableDeviceRescueTest-1874007603 tempest-ServerStableDeviceRescueTest-1874007603-project-member] new path /v2/images/0329e2df-6543-415d-8399-a22b8555db87 {{(pid=99494) process_request /opt/stack/glance/glance/api/middleware/version_negotiation.py:70}}
Jun 29 07:04:21.531786 np0000003887 devstack@g-api.service[99495]: DEBUG glance.location [None req-14cec85c-fde4-487f-b5c5-8998f31e48ef tempest-ServerStableDeviceRescueTest-1874007603 tempest-ServerStableDeviceRescueTest-1874007603-project-member] Enabling in-flight format inspection for qcow2 {{(pid=99495) set_data /opt/stack/glance/glance/location.py:616}}
Jun 29 07:04:21.532248 np0000003887 devstack@g-api.service[99495]: DEBUG glance_store.backend [None req-14cec85c-fde4-487f-b5c5-8998f31e48ef tempest-ServerStableDeviceRescueTest-1874007603 tempest-ServerStableDeviceRescueTest-1874007603-project-member] Attempting to import store swift {{(pid=99495) _load_store /opt/stack/data/venv/lib/python3.12/site-packages/glance_store/backend.py:215}}
Jun 29 07:04:21.532499 np0000003887 devstack@g-api.service[99494]: [pid: 99494|app: 0|req: 106/313] 127.0.0.1 () {44 vars in 1111 bytes} [Mon Jun 29 07:04:21 2026] GET /v2/images/0329e2df-6543-415d-8399-a22b8555db87 => generated 1447 bytes in 21 msecs (HTTP/1.1 200) 4 headers in 158 bytes (1 switches on core 0)
Jun 29 07:04:21.534070 np0000003887 devstack@g-api.service[99495]: DEBUG glance_store.capabilities [None req-14cec85c-fde4-487f-b5c5-8998f31e48ef tempest-ServerStableDeviceRescueTest-1874007603 tempest-ServerStableDeviceRescueTest-1874007603-project-member] Store glance_store._drivers.swift.store.SingleTenantStore doesn't support updating dynamic storage capabilities. Please overwrite 'update_capabilities' method of the store to implement updating logics if needed. {{(pid=99495) update_capabilities /opt/stack/data/venv/lib/python3.12/site-packages/glance_store/capabilities.py:91}}
Jun 29 07:04:21.534214 np0000003887 devstack@g-api.service[99495]: DEBUG glance_store.driver [None req-14cec85c-fde4-487f-b5c5-8998f31e48ef tempest-ServerStableDeviceRescueTest-1874007603 tempest-ServerStableDeviceRescueTest-1874007603-project-member] Late loading location class glance_store._drivers.swift.store.StoreLocation {{(pid=99495) get_store_location_class /opt/stack/data/venv/lib/python3.12/site-packages/glance_store/driver.py:134}}
Jun 29 07:04:21.534322 np0000003887 devstack@g-api.service[99495]: DEBUG glance_store.location [None req-14cec85c-fde4-487f-b5c5-8998f31e48ef tempest-ServerStableDeviceRescueTest-1874007603 tempest-ServerStableDeviceRescueTest-1874007603-project-member] Registering scheme swift+https with {'store': , 'location_class': , 'store_entry': 'swift'} {{(pid=99495) register_scheme_map /opt/stack/data/venv/lib/python3.12/site-packages/glance_store/location.py:146}}
Jun 29 07:04:21.534561 np0000003887 devstack@g-api.service[99495]: DEBUG glance_store.location [None req-14cec85c-fde4-487f-b5c5-8998f31e48ef tempest-ServerStableDeviceRescueTest-1874007603 tempest-ServerStableDeviceRescueTest-1874007603-project-member] Registering scheme swift+https with {'store': , 'location_class': , 'store_entry': 'swift'} {{(pid=99495) register_scheme_map /opt/stack/data/venv/lib/python3.12/site-packages/glance_store/location.py:146}}
Jun 29 07:04:21.534561 np0000003887 devstack@g-api.service[99495]: DEBUG glance_store.location [None req-14cec85c-fde4-487f-b5c5-8998f31e48ef tempest-ServerStableDeviceRescueTest-1874007603 tempest-ServerStableDeviceRescueTest-1874007603-project-member] Registering scheme swift with {'store': , 'location_class': , 'store_entry': 'swift'} {{(pid=99495) register_scheme_map /opt/stack/data/venv/lib/python3.12/site-packages/glance_store/location.py:146}}
Jun 29 07:04:21.534783 np0000003887 devstack@g-api.service[99495]: DEBUG glance_store.location [None req-14cec85c-fde4-487f-b5c5-8998f31e48ef tempest-ServerStableDeviceRescueTest-1874007603 tempest-ServerStableDeviceRescueTest-1874007603-project-member] Registering scheme swift+https with {'store': , 'location_class': , 'store_entry': 'swift'} {{(pid=99495) register_scheme_map /opt/stack/data/venv/lib/python3.12/site-packages/glance_store/location.py:146}}
Jun 29 07:04:21.534960 np0000003887 devstack@g-api.service[99495]: DEBUG glance_store.location [None req-14cec85c-fde4-487f-b5c5-8998f31e48ef tempest-ServerStableDeviceRescueTest-1874007603 tempest-ServerStableDeviceRescueTest-1874007603-project-member] Registering scheme swift with {'store': , 'location_class': , 'store_entry': 'swift'} {{(pid=99495) register_scheme_map /opt/stack/data/venv/lib/python3.12/site-packages/glance_store/location.py:146}}
Jun 29 07:04:21.535124 np0000003887 devstack@g-api.service[99495]: DEBUG glance_store.location [None req-14cec85c-fde4-487f-b5c5-8998f31e48ef tempest-ServerStableDeviceRescueTest-1874007603 tempest-ServerStableDeviceRescueTest-1874007603-project-member] Registering scheme swift+http with {'store': , 'location_class': , 'store_entry': 'swift'} {{(pid=99495) register_scheme_map /opt/stack/data/venv/lib/python3.12/site-packages/glance_store/location.py:146}}
Jun 29 07:04:21.535124 np0000003887 devstack@g-api.service[99495]: DEBUG glance_store.location [None req-14cec85c-fde4-487f-b5c5-8998f31e48ef tempest-ServerStableDeviceRescueTest-1874007603 tempest-ServerStableDeviceRescueTest-1874007603-project-member] Registering scheme swift+https with {'store': , 'location_class': , 'store_entry': 'swift'} {{(pid=99495) register_scheme_map /opt/stack/data/venv/lib/python3.12/site-packages/glance_store/location.py:146}}
Jun 29 07:04:21.535222 np0000003887 devstack@g-api.service[99495]: DEBUG glance_store.location [None req-14cec85c-fde4-487f-b5c5-8998f31e48ef tempest-ServerStableDeviceRescueTest-1874007603 tempest-ServerStableDeviceRescueTest-1874007603-project-member] Registering scheme swift with {'store': , 'location_class': , 'store_entry': 'swift'} {{(pid=99495) register_scheme_map /opt/stack/data/venv/lib/python3.12/site-packages/glance_store/location.py:146}}
Jun 29 07:04:21.535387 np0000003887 devstack@g-api.service[99495]: DEBUG glance_store.location [None req-14cec85c-fde4-487f-b5c5-8998f31e48ef tempest-ServerStableDeviceRescueTest-1874007603 tempest-ServerStableDeviceRescueTest-1874007603-project-member] Registering scheme swift+http with {'store': , 'location_class': , 'store_entry': 'swift'} {{(pid=99495) register_scheme_map /opt/stack/data/venv/lib/python3.12/site-packages/glance_store/location.py:146}}
Jun 29 07:04:21.535457 np0000003887 devstack@g-api.service[99495]: DEBUG glance_store.location [None req-14cec85c-fde4-487f-b5c5-8998f31e48ef tempest-ServerStableDeviceRescueTest-1874007603 tempest-ServerStableDeviceRescueTest-1874007603-project-member] Registering scheme swift+config with {'store': , 'location_class': , 'store_entry': 'swift'} {{(pid=99495) register_scheme_map /opt/stack/data/venv/lib/python3.12/site-packages/glance_store/location.py:146}}
Jun 29 07:04:21.575990 np0000003887 devstack@g-api.service[99493]: DEBUG glance.api.middleware.version_negotiation [None req-3cc6f50e-d15c-4657-9a11-66421cbcb70e tempest-ServerStableDeviceRescueTest-1874007603 tempest-ServerStableDeviceRescueTest-1874007603-project-member] Determining version of request: GET /v2/schemas/image Accept: */* {{(pid=99493) process_request /opt/stack/glance/glance/api/middleware/version_negotiation.py:44}}
Jun 29 07:04:21.576483 np0000003887 devstack@g-api.service[99493]: DEBUG glance.api.middleware.version_negotiation [None req-3cc6f50e-d15c-4657-9a11-66421cbcb70e tempest-ServerStableDeviceRescueTest-1874007603 tempest-ServerStableDeviceRescueTest-1874007603-project-member] Using url versioning {{(pid=99493) process_request /opt/stack/glance/glance/api/middleware/version_negotiation.py:57}}
Jun 29 07:04:21.576483 np0000003887 devstack@g-api.service[99493]: DEBUG glance.api.middleware.version_negotiation [None req-3cc6f50e-d15c-4657-9a11-66421cbcb70e tempest-ServerStableDeviceRescueTest-1874007603 tempest-ServerStableDeviceRescueTest-1874007603-project-member] Matched version: v2 {{(pid=99493) process_request /opt/stack/glance/glance/api/middleware/version_negotiation.py:69}}
Jun 29 07:04:21.576596 np0000003887 devstack@g-api.service[99493]: DEBUG glance.api.middleware.version_negotiation [None req-3cc6f50e-d15c-4657-9a11-66421cbcb70e tempest-ServerStableDeviceRescueTest-1874007603 tempest-ServerStableDeviceRescueTest-1874007603-project-member] new path /v2/schemas/image {{(pid=99493) process_request /opt/stack/glance/glance/api/middleware/version_negotiation.py:70}}
Jun 29 07:04:21.579858 np0000003887 devstack@g-api.service[99493]: [pid: 99493|app: 0|req: 108/314] 127.0.0.1 () {44 vars in 1051 bytes} [Mon Jun 29 07:04:21 2026] GET /v2/schemas/image => generated 6083 bytes in 4 msecs (HTTP/1.1 200) 4 headers in 158 bytes (1 switches on core 0)
Jun 29 07:04:21.777020 np0000003887 devstack@g-api.service[99495]: DEBUG swiftclient [None req-14cec85c-fde4-487f-b5c5-8998f31e48ef tempest-ServerStableDeviceRescueTest-1874007603 tempest-ServerStableDeviceRescueTest-1874007603-project-member] REQ: curl -i https://10.4.3.85:8080/v1/AUTH_f417ee8dfe824859b3207ccc41a3cfcb/glance -I -H "X-Auth-Token: gAAAAABqQhj1GAzv..." {{(pid=99495) http_log /opt/stack/data/venv/lib/python3.12/site-packages/swiftclient/client.py:160}}
Jun 29 07:04:21.777020 np0000003887 devstack@g-api.service[99495]: DEBUG swiftclient [None req-14cec85c-fde4-487f-b5c5-8998f31e48ef tempest-ServerStableDeviceRescueTest-1874007603 tempest-ServerStableDeviceRescueTest-1874007603-project-member] RESP STATUS: 204 No Content {{(pid=99495) http_log /opt/stack/data/venv/lib/python3.12/site-packages/swiftclient/client.py:161}}
Jun 29 07:04:21.777543 np0000003887 devstack@g-api.service[99495]: DEBUG swiftclient [None req-14cec85c-fde4-487f-b5c5-8998f31e48ef tempest-ServerStableDeviceRescueTest-1874007603 tempest-ServerStableDeviceRescueTest-1874007603-project-member] RESP HEADERS: {'Date': 'Mon, 29 Jun 2026 07:04:21 GMT', 'Server': 'Apache/2.4.58 (Ubuntu)', 'Content-Type': 'text/plain; charset=utf-8', 'X-Container-Object-Count': '3', 'X-Container-Bytes-Used': '64356352', 'X-Timestamp': '1782716290.42785', 'Last-Modified': 'Mon, 29 Jun 2026 06:58:11 GMT', 'Accept-Ranges': 'bytes', 'X-Storage-Policy': 'Policy-0', 'X-Container-Sharding': 'False', 'Vary': 'Accept', 'X-Trans-Id': 'tx88dcc774e2524014a75f4-006a4218f5', 'X-Openstack-Request-Id': 'tx88dcc774e2524014a75f4-006a4218f5', 'Connection': 'close'} {{(pid=99495) http_log /opt/stack/data/venv/lib/python3.12/site-packages/swiftclient/client.py:162}}
Jun 29 07:04:21.777543 np0000003887 devstack@g-api.service[99495]: DEBUG glance_store._drivers.swift.store [None req-14cec85c-fde4-487f-b5c5-8998f31e48ef tempest-ServerStableDeviceRescueTest-1874007603 tempest-ServerStableDeviceRescueTest-1874007603-project-member] Adding image object '0329e2df-6543-415d-8399-a22b8555db87' to Swift {{(pid=99495) add /opt/stack/data/venv/lib/python3.12/site-packages/glance_store/_drivers/swift/store.py:970}}
Jun 29 07:04:21.777543 np0000003887 devstack@g-api.service[99495]: DEBUG glance_store._drivers.swift.store [None req-14cec85c-fde4-487f-b5c5-8998f31e48ef tempest-ServerStableDeviceRescueTest-1874007603 tempest-ServerStableDeviceRescueTest-1874007603-project-member] Cannot determine image size because it is either not provided in the request or chunked-transfer encoding is used. Adding image as a segmented object to Swift. {{(pid=99495) add /opt/stack/data/venv/lib/python3.12/site-packages/glance_store/_drivers/swift/store.py:994}}
Jun 29 07:04:21.784592 np0000003887 devstack@g-api.service[99495]: DEBUG oslo_utils.imageutils.format_inspector [None req-14cec85c-fde4-487f-b5c5-8998f31e48ef tempest-ServerStableDeviceRescueTest-1874007603 tempest-ServerStableDeviceRescueTest-1874007603-project-member] Format inspector for vmdk does not match, excluding from consideration (Signature KDMV not found: b'QFI\xfb') {{(pid=99495) _process_chunk /opt/stack/data/venv/lib/python3.12/site-packages/oslo_utils/imageutils/format_inspector.py:1758}}
Jun 29 07:04:21.786870 np0000003887 devstack@g-api.service[99495]: DEBUG oslo_utils.imageutils.format_inspector [None req-14cec85c-fde4-487f-b5c5-8998f31e48ef tempest-ServerStableDeviceRescueTest-1874007603 tempest-ServerStableDeviceRescueTest-1874007603-project-member] Format inspector for vhdx does not match, excluding from consideration (Region signature not found at 30000) {{(pid=99495) _process_chunk /opt/stack/data/venv/lib/python3.12/site-packages/oslo_utils/imageutils/format_inspector.py:1758}}
Jun 29 07:04:22.392617 np0000003887 devstack@g-api.service[99495]: DEBUG swiftclient [None req-14cec85c-fde4-487f-b5c5-8998f31e48ef tempest-ServerStableDeviceRescueTest-1874007603 tempest-ServerStableDeviceRescueTest-1874007603-project-member] REQ: curl -i https://10.4.3.85:8080/v1/AUTH_f417ee8dfe824859b3207ccc41a3cfcb/glance/0329e2df-6543-415d-8399-a22b8555db87-00001 -X PUT -H "X-Auth-Token: gAAAAABqQhj1GAzv..." {{(pid=99495) http_log /opt/stack/data/venv/lib/python3.12/site-packages/swiftclient/client.py:160}}
Jun 29 07:04:22.393232 np0000003887 devstack@g-api.service[99495]: DEBUG swiftclient [None req-14cec85c-fde4-487f-b5c5-8998f31e48ef tempest-ServerStableDeviceRescueTest-1874007603 tempest-ServerStableDeviceRescueTest-1874007603-project-member] RESP STATUS: 201 Created {{(pid=99495) http_log /opt/stack/data/venv/lib/python3.12/site-packages/swiftclient/client.py:161}}
Jun 29 07:04:22.393232 np0000003887 devstack@g-api.service[99495]: DEBUG swiftclient [None req-14cec85c-fde4-487f-b5c5-8998f31e48ef tempest-ServerStableDeviceRescueTest-1874007603 tempest-ServerStableDeviceRescueTest-1874007603-project-member] RESP HEADERS: {'Date': 'Mon, 29 Jun 2026 07:04:22 GMT', 'Server': 'Apache/2.4.58 (Ubuntu)', 'Content-Type': 'text/html; charset=UTF-8', 'Content-Length': '0', 'Etag': 'cdc8009f839a901d669a561e3fe1dc76', 'Last-Modified': 'Mon, 29 Jun 2026 07:04:22 GMT', 'X-Trans-Id': 'txee6f3f19c76243d48beeb-006a4218f5', 'X-Openstack-Request-Id': 'txee6f3f19c76243d48beeb-006a4218f5', 'Connection': 'close'} {{(pid=99495) http_log /opt/stack/data/venv/lib/python3.12/site-packages/swiftclient/client.py:162}}
Jun 29 07:04:22.393232 np0000003887 devstack@g-api.service[99495]: DEBUG glance_store._drivers.swift.store [None req-14cec85c-fde4-487f-b5c5-8998f31e48ef tempest-ServerStableDeviceRescueTest-1874007603 tempest-ServerStableDeviceRescueTest-1874007603-project-member] Wrote chunk 0329e2df-6543-415d-8399-a22b8555db87-00001 (1/?) of length 53542912 to Swift returning MD5 of content: cdc8009f839a901d669a561e3fe1dc76 {{(pid=99495) add /opt/stack/data/venv/lib/python3.12/site-packages/glance_store/_drivers/swift/store.py:1059}}
Jun 29 07:04:22.393537 np0000003887 devstack@g-api.service[99495]: DEBUG glance_store._drivers.swift.store [None req-14cec85c-fde4-487f-b5c5-8998f31e48ef tempest-ServerStableDeviceRescueTest-1874007603 tempest-ServerStableDeviceRescueTest-1874007603-project-member] Not writing zero-length chunk. {{(pid=99495) add /opt/stack/data/venv/lib/python3.12/site-packages/glance_store/_drivers/swift/store.py:1028}}
Jun 29 07:04:22.419861 np0000003887 devstack@g-api.service[99495]: DEBUG swiftclient [None req-14cec85c-fde4-487f-b5c5-8998f31e48ef tempest-ServerStableDeviceRescueTest-1874007603 tempest-ServerStableDeviceRescueTest-1874007603-project-member] REQ: curl -i https://10.4.3.85:8080/v1/AUTH_f417ee8dfe824859b3207ccc41a3cfcb/glance/0329e2df-6543-415d-8399-a22b8555db87 -X PUT -H "X-Object-Manifest: glance/0329e2df-6543-415d-8399-a22b8555db87-" -H "X-Auth-Token: gAAAAABqQhj1GAzv..." -H "Content-Length: 0" {{(pid=99495) http_log /opt/stack/data/venv/lib/python3.12/site-packages/swiftclient/client.py:160}}
Jun 29 07:04:22.419978 np0000003887 devstack@g-api.service[99495]: DEBUG swiftclient [None req-14cec85c-fde4-487f-b5c5-8998f31e48ef tempest-ServerStableDeviceRescueTest-1874007603 tempest-ServerStableDeviceRescueTest-1874007603-project-member] RESP STATUS: 201 Created {{(pid=99495) http_log /opt/stack/data/venv/lib/python3.12/site-packages/swiftclient/client.py:161}}
Jun 29 07:04:22.420156 np0000003887 devstack@g-api.service[99495]: DEBUG swiftclient [None req-14cec85c-fde4-487f-b5c5-8998f31e48ef tempest-ServerStableDeviceRescueTest-1874007603 tempest-ServerStableDeviceRescueTest-1874007603-project-member] RESP HEADERS: {'Date': 'Mon, 29 Jun 2026 07:04:22 GMT', 'Server': 'Apache/2.4.58 (Ubuntu)', 'Content-Type': 'text/html; charset=UTF-8', 'Content-Length': '0', 'Etag': 'd41d8cd98f00b204e9800998ecf8427e', 'Last-Modified': 'Mon, 29 Jun 2026 07:04:23 GMT', 'X-Trans-Id': 'tx0c09f71594b14e59bfc8a-006a4218f6', 'X-Openstack-Request-Id': 'tx0c09f71594b14e59bfc8a-006a4218f6', 'Connection': 'close'} {{(pid=99495) http_log /opt/stack/data/venv/lib/python3.12/site-packages/swiftclient/client.py:162}}
Jun 29 07:04:22.420586 np0000003887 devstack@g-api.service[99495]: INFO glance.location [None req-14cec85c-fde4-487f-b5c5-8998f31e48ef tempest-ServerStableDeviceRescueTest-1874007603 tempest-ServerStableDeviceRescueTest-1874007603-project-member] Image format matched and virtual size computed: 1073741824
Jun 29 07:04:22.485508 np0000003887 devstack@g-api.service[99495]: DEBUG glance_store.backend [None req-14cec85c-fde4-487f-b5c5-8998f31e48ef tempest-ServerStableDeviceRescueTest-1874007603 tempest-ServerStableDeviceRescueTest-1874007603-project-member] Attempting to import store swift {{(pid=99495) _load_store /opt/stack/data/venv/lib/python3.12/site-packages/glance_store/backend.py:215}}
Jun 29 07:04:22.486516 np0000003887 devstack@g-api.service[99495]: DEBUG glance_store.capabilities [None req-14cec85c-fde4-487f-b5c5-8998f31e48ef tempest-ServerStableDeviceRescueTest-1874007603 tempest-ServerStableDeviceRescueTest-1874007603-project-member] Store glance_store._drivers.swift.store.SingleTenantStore doesn't support updating dynamic storage capabilities. Please overwrite 'update_capabilities' method of the store to implement updating logics if needed. {{(pid=99495) update_capabilities /opt/stack/data/venv/lib/python3.12/site-packages/glance_store/capabilities.py:91}}
Jun 29 07:04:22.486746 np0000003887 devstack@g-api.service[99495]: DEBUG glance_store.driver [None req-14cec85c-fde4-487f-b5c5-8998f31e48ef tempest-ServerStableDeviceRescueTest-1874007603 tempest-ServerStableDeviceRescueTest-1874007603-project-member] Late loading location class glance_store._drivers.swift.store.StoreLocation {{(pid=99495) get_store_location_class /opt/stack/data/venv/lib/python3.12/site-packages/glance_store/driver.py:134}}
Jun 29 07:04:22.487019 np0000003887 devstack@g-api.service[99495]: DEBUG glance_store.location [None req-14cec85c-fde4-487f-b5c5-8998f31e48ef tempest-ServerStableDeviceRescueTest-1874007603 tempest-ServerStableDeviceRescueTest-1874007603-project-member] Registering scheme swift+https with {'store': , 'location_class': , 'store_entry': 'swift'} {{(pid=99495) register_scheme_map /opt/stack/data/venv/lib/python3.12/site-packages/glance_store/location.py:146}}
Jun 29 07:04:22.487169 np0000003887 devstack@g-api.service[99495]: DEBUG glance_store.location [None req-14cec85c-fde4-487f-b5c5-8998f31e48ef tempest-ServerStableDeviceRescueTest-1874007603 tempest-ServerStableDeviceRescueTest-1874007603-project-member] Registering scheme swift+https with {'store': , 'location_class': , 'store_entry': 'swift'} {{(pid=99495) register_scheme_map /opt/stack/data/venv/lib/python3.12/site-packages/glance_store/location.py:146}}
Jun 29 07:04:22.487357 np0000003887 devstack@g-api.service[99495]: DEBUG glance_store.location [None req-14cec85c-fde4-487f-b5c5-8998f31e48ef tempest-ServerStableDeviceRescueTest-1874007603 tempest-ServerStableDeviceRescueTest-1874007603-project-member] Registering scheme swift with {'store': , 'location_class': , 'store_entry': 'swift'} {{(pid=99495) register_scheme_map /opt/stack/data/venv/lib/python3.12/site-packages/glance_store/location.py:146}}
Jun 29 07:04:22.487512 np0000003887 devstack@g-api.service[99495]: DEBUG glance_store.location [None req-14cec85c-fde4-487f-b5c5-8998f31e48ef tempest-ServerStableDeviceRescueTest-1874007603 tempest-ServerStableDeviceRescueTest-1874007603-project-member] Registering scheme swift+https with {'store': , 'location_class': , 'store_entry': 'swift'} {{(pid=99495) register_scheme_map /opt/stack/data/venv/lib/python3.12/site-packages/glance_store/location.py:146}}
Jun 29 07:04:22.487512 np0000003887 devstack@g-api.service[99495]: DEBUG glance_store.location [None req-14cec85c-fde4-487f-b5c5-8998f31e48ef tempest-ServerStableDeviceRescueTest-1874007603 tempest-ServerStableDeviceRescueTest-1874007603-project-member] Registering scheme swift with {'store': , 'location_class': , 'store_entry': 'swift'} {{(pid=99495) register_scheme_map /opt/stack/data/venv/lib/python3.12/site-packages/glance_store/location.py:146}}
Jun 29 07:04:22.487615 np0000003887 devstack@g-api.service[99495]: DEBUG glance_store.location [None req-14cec85c-fde4-487f-b5c5-8998f31e48ef tempest-ServerStableDeviceRescueTest-1874007603 tempest-ServerStableDeviceRescueTest-1874007603-project-member] Registering scheme swift+http with {'store': , 'location_class': , 'store_entry': 'swift'} {{(pid=99495) register_scheme_map /opt/stack/data/venv/lib/python3.12/site-packages/glance_store/location.py:146}}
Jun 29 07:04:22.487744 np0000003887 devstack@g-api.service[99495]: DEBUG glance_store.location [None req-14cec85c-fde4-487f-b5c5-8998f31e48ef tempest-ServerStableDeviceRescueTest-1874007603 tempest-ServerStableDeviceRescueTest-1874007603-project-member] Registering scheme swift+https with {'store': , 'location_class': , 'store_entry': 'swift'} {{(pid=99495) register_scheme_map /opt/stack/data/venv/lib/python3.12/site-packages/glance_store/location.py:146}}
Jun 29 07:04:22.487849 np0000003887 devstack@g-api.service[99495]: DEBUG glance_store.location [None req-14cec85c-fde4-487f-b5c5-8998f31e48ef tempest-ServerStableDeviceRescueTest-1874007603 tempest-ServerStableDeviceRescueTest-1874007603-project-member] Registering scheme swift with {'store': , 'location_class': , 'store_entry': 'swift'} {{(pid=99495) register_scheme_map /opt/stack/data/venv/lib/python3.12/site-packages/glance_store/location.py:146}}
Jun 29 07:04:22.487935 np0000003887 devstack@g-api.service[99495]: DEBUG glance_store.location [None req-14cec85c-fde4-487f-b5c5-8998f31e48ef tempest-ServerStableDeviceRescueTest-1874007603 tempest-ServerStableDeviceRescueTest-1874007603-project-member] Registering scheme swift+http with {'store': , 'location_class': , 'store_entry': 'swift'} {{(pid=99495) register_scheme_map /opt/stack/data/venv/lib/python3.12/site-packages/glance_store/location.py:146}}
Jun 29 07:04:22.488644 np0000003887 devstack@g-api.service[99495]: DEBUG glance_store.location [None req-14cec85c-fde4-487f-b5c5-8998f31e48ef tempest-ServerStableDeviceRescueTest-1874007603 tempest-ServerStableDeviceRescueTest-1874007603-project-member] Registering scheme swift+config with {'store': , 'location_class': , 'store_entry': 'swift'} {{(pid=99495) register_scheme_map /opt/stack/data/venv/lib/python3.12/site-packages/glance_store/location.py:146}}
Jun 29 07:04:22.488836 np0000003887 devstack@g-api.service[99495]: DEBUG glance_store.backend [None req-14cec85c-fde4-487f-b5c5-8998f31e48ef tempest-ServerStableDeviceRescueTest-1874007603 tempest-ServerStableDeviceRescueTest-1874007603-project-member] Skipping store.set_acls... not implemented. {{(pid=99495) set_acls /opt/stack/data/venv/lib/python3.12/site-packages/glance_store/backend.py:507}}
