Jun 29 07:00:23.047534 np0000003887 devstack@g-api.service[99495]: DEBUG glance.api.middleware.version_negotiation [None req-890fe1a0-e86d-42c9-bd89-4009de29c4f8 tempest-ServerActionsV293TestJSON-2009291347 tempest-ServerActionsV293TestJSON-2009291347-project-member] Matched version: v2 {{(pid=99495) process_request /opt/stack/glance/glance/api/middleware/version_negotiation.py:69}}
Jun 29 07:00:23.047711 np0000003887 devstack@g-api.service[99495]: DEBUG glance.api.middleware.version_negotiation [None req-890fe1a0-e86d-42c9-bd89-4009de29c4f8 tempest-ServerActionsV293TestJSON-2009291347 tempest-ServerActionsV293TestJSON-2009291347-project-member] new path /v2/images/9dc5285e-602b-4c1d-8a3c-ee95c502a60c/file {{(pid=99495) process_request /opt/stack/glance/glance/api/middleware/version_negotiation.py:70}}
Jun 29 07:00:23.091860 np0000003887 devstack@g-api.service[99493]: [pid: 99493|app: 0|req: 17/49] 127.0.0.1 () {40 vars in 844 bytes} [Mon Jun 29 07:00:22 2026] GET /v2/images/c2eda8a6-2bdd-450f-b342-dffa66fd1fbf/file => generated 21692416 bytes in 1030 msecs (HTTP/1.1 200) 5 headers in 217 bytes (339 switches on core 0)
Jun 29 07:00:23.714245 np0000003887 devstack@g-api.service[99495]: INFO glance.api.v2.image_data [None req-163851b5-253a-4d44-9ff8-5e40969fb0c0 tempest-AttachSCSIVolumeTestJSON-1290225555 tempest-AttachSCSIVolumeTestJSON-1290225555-project-admin] Unable to create trust: no such option collect_timing in group [keystone_authtoken] Use the existing user token.
Jun 29 07:00:24.346859 np0000003887 devstack@g-api.service[99495]: DEBUG glance.location [None req-163851b5-253a-4d44-9ff8-5e40969fb0c0 tempest-AttachSCSIVolumeTestJSON-1290225555 tempest-AttachSCSIVolumeTestJSON-1290225555-project-admin] Enabling in-flight format inspection for qcow2 {{(pid=99495) set_data /opt/stack/glance/glance/location.py:616}}
Jun 29 07:00:24.347419 np0000003887 devstack@g-api.service[99495]: DEBUG glance_store.backend [None req-163851b5-253a-4d44-9ff8-5e40969fb0c0 tempest-AttachSCSIVolumeTestJSON-1290225555 tempest-AttachSCSIVolumeTestJSON-1290225555-project-admin] Attempting to import store swift {{(pid=99495) _load_store /opt/stack/data/venv/lib/python3.12/site-packages/glance_store/backend.py:215}}
Jun 29 07:00:24.348872 np0000003887 devstack@g-api.service[99495]: DEBUG glance_store.capabilities [None req-163851b5-253a-4d44-9ff8-5e40969fb0c0 tempest-AttachSCSIVolumeTestJSON-1290225555 tempest-AttachSCSIVolumeTestJSON-1290225555-project-admin] Store glance_store._drivers.swift.store.SingleTenantStore doesn't support updating dynamic storage capabilities. Please overwrite 'update_capabilities' method of the store to implement updating logics if needed. {{(pid=99495) update_capabilities /opt/stack/data/venv/lib/python3.12/site-packages/glance_store/capabilities.py:91}}
Jun 29 07:00:24.349024 np0000003887 devstack@g-api.service[99495]: DEBUG glance_store.driver [None req-163851b5-253a-4d44-9ff8-5e40969fb0c0 tempest-AttachSCSIVolumeTestJSON-1290225555 tempest-AttachSCSIVolumeTestJSON-1290225555-project-admin] Late loading location class glance_store._drivers.swift.store.StoreLocation {{(pid=99495) get_store_location_class /opt/stack/data/venv/lib/python3.12/site-packages/glance_store/driver.py:134}}
Jun 29 07:00:24.349160 np0000003887 devstack@g-api.service[99495]: DEBUG glance_store.location [None req-163851b5-253a-4d44-9ff8-5e40969fb0c0 tempest-AttachSCSIVolumeTestJSON-1290225555 tempest-AttachSCSIVolumeTestJSON-1290225555-project-admin] Registering scheme swift+https with {'store': , 'location_class': , 'store_entry': 'swift'} {{(pid=99495) register_scheme_map /opt/stack/data/venv/lib/python3.12/site-packages/glance_store/location.py:146}}
Jun 29 07:00:24.349275 np0000003887 devstack@g-api.service[99495]: DEBUG glance_store.location [None req-163851b5-253a-4d44-9ff8-5e40969fb0c0 tempest-AttachSCSIVolumeTestJSON-1290225555 tempest-AttachSCSIVolumeTestJSON-1290225555-project-admin] Registering scheme swift+https with {'store': , 'location_class': , 'store_entry': 'swift'} {{(pid=99495) register_scheme_map /opt/stack/data/venv/lib/python3.12/site-packages/glance_store/location.py:146}}
Jun 29 07:00:24.349389 np0000003887 devstack@g-api.service[99495]: DEBUG glance_store.location [None req-163851b5-253a-4d44-9ff8-5e40969fb0c0 tempest-AttachSCSIVolumeTestJSON-1290225555 tempest-AttachSCSIVolumeTestJSON-1290225555-project-admin] Registering scheme swift with {'store': , 'location_class': , 'store_entry': 'swift'} {{(pid=99495) register_scheme_map /opt/stack/data/venv/lib/python3.12/site-packages/glance_store/location.py:146}}
Jun 29 07:00:24.349503 np0000003887 devstack@g-api.service[99495]: DEBUG glance_store.location [None req-163851b5-253a-4d44-9ff8-5e40969fb0c0 tempest-AttachSCSIVolumeTestJSON-1290225555 tempest-AttachSCSIVolumeTestJSON-1290225555-project-admin] Registering scheme swift+https with {'store': , 'location_class': , 'store_entry': 'swift'} {{(pid=99495) register_scheme_map /opt/stack/data/venv/lib/python3.12/site-packages/glance_store/location.py:146}}
Jun 29 07:00:24.349614 np0000003887 devstack@g-api.service[99495]: DEBUG glance_store.location [None req-163851b5-253a-4d44-9ff8-5e40969fb0c0 tempest-AttachSCSIVolumeTestJSON-1290225555 tempest-AttachSCSIVolumeTestJSON-1290225555-project-admin] Registering scheme swift with {'store': , 'location_class': , 'store_entry': 'swift'} {{(pid=99495) register_scheme_map /opt/stack/data/venv/lib/python3.12/site-packages/glance_store/location.py:146}}
Jun 29 07:00:24.349771 np0000003887 devstack@g-api.service[99495]: DEBUG glance_store.location [None req-163851b5-253a-4d44-9ff8-5e40969fb0c0 tempest-AttachSCSIVolumeTestJSON-1290225555 tempest-AttachSCSIVolumeTestJSON-1290225555-project-admin] Registering scheme swift+http with {'store': , 'location_class': , 'store_entry': 'swift'} {{(pid=99495) register_scheme_map /opt/stack/data/venv/lib/python3.12/site-packages/glance_store/location.py:146}}
Jun 29 07:00:24.349882 np0000003887 devstack@g-api.service[99495]: DEBUG glance_store.location [None req-163851b5-253a-4d44-9ff8-5e40969fb0c0 tempest-AttachSCSIVolumeTestJSON-1290225555 tempest-AttachSCSIVolumeTestJSON-1290225555-project-admin] Registering scheme swift+https with {'store': , 'location_class': , 'store_entry': 'swift'} {{(pid=99495) register_scheme_map /opt/stack/data/venv/lib/python3.12/site-packages/glance_store/location.py:146}}
Jun 29 07:00:24.350005 np0000003887 devstack@g-api.service[99495]: DEBUG glance_store.location [None req-163851b5-253a-4d44-9ff8-5e40969fb0c0 tempest-AttachSCSIVolumeTestJSON-1290225555 tempest-AttachSCSIVolumeTestJSON-1290225555-project-admin] Registering scheme swift with {'store': , 'location_class': , 'store_entry': 'swift'} {{(pid=99495) register_scheme_map /opt/stack/data/venv/lib/python3.12/site-packages/glance_store/location.py:146}}
Jun 29 07:00:24.350115 np0000003887 devstack@g-api.service[99495]: DEBUG glance_store.location [None req-163851b5-253a-4d44-9ff8-5e40969fb0c0 tempest-AttachSCSIVolumeTestJSON-1290225555 tempest-AttachSCSIVolumeTestJSON-1290225555-project-admin] Registering scheme swift+http with {'store': , 'location_class': , 'store_entry': 'swift'} {{(pid=99495) register_scheme_map /opt/stack/data/venv/lib/python3.12/site-packages/glance_store/location.py:146}}
Jun 29 07:00:24.350223 np0000003887 devstack@g-api.service[99495]: DEBUG glance_store.location [None req-163851b5-253a-4d44-9ff8-5e40969fb0c0 tempest-AttachSCSIVolumeTestJSON-1290225555 tempest-AttachSCSIVolumeTestJSON-1290225555-project-admin] Registering scheme swift+config with {'store': , 'location_class': , 'store_entry': 'swift'} {{(pid=99495) register_scheme_map /opt/stack/data/venv/lib/python3.12/site-packages/glance_store/location.py:146}}
Jun 29 07:00:24.428042 np0000003887 devstack@g-api.service[99494]: DEBUG glance.api.middleware.version_negotiation [None req-9c106324-8fca-4dc2-b89f-f01b577e21be tempest-AttachSCSIVolumeTestJSON-1290225555 tempest-AttachSCSIVolumeTestJSON-1290225555-project-admin] Determining version of request: GET /v2/images/c2eda8a6-2bdd-450f-b342-dffa66fd1fbf Accept: */* {{(pid=99494) process_request /opt/stack/glance/glance/api/middleware/version_negotiation.py:44}}
Jun 29 07:00:24.428409 np0000003887 devstack@g-api.service[99494]: DEBUG glance.api.middleware.version_negotiation [None req-9c106324-8fca-4dc2-b89f-f01b577e21be tempest-AttachSCSIVolumeTestJSON-1290225555 tempest-AttachSCSIVolumeTestJSON-1290225555-project-admin] Using url versioning {{(pid=99494) process_request /opt/stack/glance/glance/api/middleware/version_negotiation.py:57}}
Jun 29 07:00:24.428409 np0000003887 devstack@g-api.service[99494]: DEBUG glance.api.middleware.version_negotiation [None req-9c106324-8fca-4dc2-b89f-f01b577e21be tempest-AttachSCSIVolumeTestJSON-1290225555 tempest-AttachSCSIVolumeTestJSON-1290225555-project-admin] Matched version: v2 {{(pid=99494) process_request /opt/stack/glance/glance/api/middleware/version_negotiation.py:69}}
Jun 29 07:00:24.428409 np0000003887 devstack@g-api.service[99494]: DEBUG glance.api.middleware.version_negotiation [None req-9c106324-8fca-4dc2-b89f-f01b577e21be tempest-AttachSCSIVolumeTestJSON-1290225555 tempest-AttachSCSIVolumeTestJSON-1290225555-project-admin] new path /v2/images/c2eda8a6-2bdd-450f-b342-dffa66fd1fbf {{(pid=99494) process_request /opt/stack/glance/glance/api/middleware/version_negotiation.py:70}}
Jun 29 07:00:24.437453 np0000003887 devstack@g-api.service[99494]: [pid: 99494|app: 0|req: 17/50] 127.0.0.1 () {44 vars in 1111 bytes} [Mon Jun 29 07:00:24 2026] GET /v2/images/c2eda8a6-2bdd-450f-b342-dffa66fd1fbf => generated 1044 bytes in 9 msecs (HTTP/1.1 200) 4 headers in 158 bytes (1 switches on core 0)
Jun 29 07:00:24.452195 np0000003887 devstack@g-api.service[99493]: DEBUG glance.api.middleware.version_negotiation [None req-32d873aa-a705-49c8-9cb3-8024d2f2c2d6 tempest-AttachSCSIVolumeTestJSON-1290225555 tempest-AttachSCSIVolumeTestJSON-1290225555-project-admin] Determining version of request: GET /v2/schemas/image Accept: */* {{(pid=99493) process_request /opt/stack/glance/glance/api/middleware/version_negotiation.py:44}}
Jun 29 07:00:24.452589 np0000003887 devstack@g-api.service[99493]: DEBUG glance.api.middleware.version_negotiation [None req-32d873aa-a705-49c8-9cb3-8024d2f2c2d6 tempest-AttachSCSIVolumeTestJSON-1290225555 tempest-AttachSCSIVolumeTestJSON-1290225555-project-admin] Using url versioning {{(pid=99493) process_request /opt/stack/glance/glance/api/middleware/version_negotiation.py:57}}
Jun 29 07:00:24.452589 np0000003887 devstack@g-api.service[99493]: DEBUG glance.api.middleware.version_negotiation [None req-32d873aa-a705-49c8-9cb3-8024d2f2c2d6 tempest-AttachSCSIVolumeTestJSON-1290225555 tempest-AttachSCSIVolumeTestJSON-1290225555-project-admin] Matched version: v2 {{(pid=99493) process_request /opt/stack/glance/glance/api/middleware/version_negotiation.py:69}}
Jun 29 07:00:24.452686 np0000003887 devstack@g-api.service[99493]: DEBUG glance.api.middleware.version_negotiation [None req-32d873aa-a705-49c8-9cb3-8024d2f2c2d6 tempest-AttachSCSIVolumeTestJSON-1290225555 tempest-AttachSCSIVolumeTestJSON-1290225555-project-admin] new path /v2/schemas/image {{(pid=99493) process_request /opt/stack/glance/glance/api/middleware/version_negotiation.py:70}}
Jun 29 07:00:24.455874 np0000003887 devstack@g-api.service[99493]: [pid: 99493|app: 0|req: 18/51] 127.0.0.1 () {44 vars in 1051 bytes} [Mon Jun 29 07:00:24 2026] GET /v2/schemas/image => generated 6083 bytes in 4 msecs (HTTP/1.1 200) 4 headers in 158 bytes (1 switches on core 0)
Jun 29 07:00:24.810578 np0000003887 devstack@g-api.service[99494]: DEBUG glance.api.middleware.version_negotiation [None req-890fe1a0-e86d-42c9-bd89-4009de29c4f8 tempest-ServerActionsV293TestJSON-2009291347 tempest-ServerActionsV293TestJSON-2009291347-project-member] Determining version of request: GET /v2/images/c2eda8a6-2bdd-450f-b342-dffa66fd1fbf Accept: */* {{(pid=99494) process_request /opt/stack/glance/glance/api/middleware/version_negotiation.py:44}}
Jun 29 07:00:24.810578 np0000003887 devstack@g-api.service[99494]: DEBUG glance.api.middleware.version_negotiation [None req-890fe1a0-e86d-42c9-bd89-4009de29c4f8 tempest-ServerActionsV293TestJSON-2009291347 tempest-ServerActionsV293TestJSON-2009291347-project-member] Using url versioning {{(pid=99494) process_request /opt/stack/glance/glance/api/middleware/version_negotiation.py:57}}
Jun 29 07:00:24.810578 np0000003887 devstack@g-api.service[99494]: DEBUG glance.api.middleware.version_negotiation [None req-890fe1a0-e86d-42c9-bd89-4009de29c4f8 tempest-ServerActionsV293TestJSON-2009291347 tempest-ServerActionsV293TestJSON-2009291347-project-member] Matched version: v2 {{(pid=99494) process_request /opt/stack/glance/glance/api/middleware/version_negotiation.py:69}}
Jun 29 07:00:24.810578 np0000003887 devstack@g-api.service[99494]: DEBUG glance.api.middleware.version_negotiation [None req-890fe1a0-e86d-42c9-bd89-4009de29c4f8 tempest-ServerActionsV293TestJSON-2009291347 tempest-ServerActionsV293TestJSON-2009291347-project-member] new path /v2/images/c2eda8a6-2bdd-450f-b342-dffa66fd1fbf {{(pid=99494) process_request /opt/stack/glance/glance/api/middleware/version_negotiation.py:70}}
Jun 29 07:00:24.826174 np0000003887 devstack@g-api.service[99494]: [pid: 99494|app: 0|req: 18/52] 127.0.0.1 () {44 vars in 1111 bytes} [Mon Jun 29 07:00:24 2026] GET /v2/images/c2eda8a6-2bdd-450f-b342-dffa66fd1fbf => generated 1044 bytes in 16 msecs (HTTP/1.1 200) 4 headers in 158 bytes (1 switches on core 0)
Jun 29 07:00:24.830922 np0000003887 devstack@g-api.service[99495]: DEBUG swiftclient [None req-163851b5-253a-4d44-9ff8-5e40969fb0c0 tempest-AttachSCSIVolumeTestJSON-1290225555 tempest-AttachSCSIVolumeTestJSON-1290225555-project-admin] REQ: curl -i https://10.4.3.85:8080/v1/AUTH_f417ee8dfe824859b3207ccc41a3cfcb/glance -I -H "X-Auth-Token: gAAAAABqQhgIXtQc..." {{(pid=99495) http_log /opt/stack/data/venv/lib/python3.12/site-packages/swiftclient/client.py:160}}
Jun 29 07:00:24.830922 np0000003887 devstack@g-api.service[99495]: DEBUG swiftclient [None req-163851b5-253a-4d44-9ff8-5e40969fb0c0 tempest-AttachSCSIVolumeTestJSON-1290225555 tempest-AttachSCSIVolumeTestJSON-1290225555-project-admin] RESP STATUS: 204 No Content {{(pid=99495) http_log /opt/stack/data/venv/lib/python3.12/site-packages/swiftclient/client.py:161}}
Jun 29 07:00:24.830922 np0000003887 devstack@g-api.service[99495]: DEBUG swiftclient [None req-163851b5-253a-4d44-9ff8-5e40969fb0c0 tempest-AttachSCSIVolumeTestJSON-1290225555 tempest-AttachSCSIVolumeTestJSON-1290225555-project-admin] RESP HEADERS: {'Date': 'Mon, 29 Jun 2026 07:00:24 GMT', 'Server': 'Apache/2.4.58 (Ubuntu)', 'Content-Type': 'text/plain; charset=utf-8', 'X-Container-Object-Count': '3', 'X-Container-Bytes-Used': '64356352', 'X-Timestamp': '1782716290.42785', 'Last-Modified': 'Mon, 29 Jun 2026 06:58:11 GMT', 'Accept-Ranges': 'bytes', 'X-Storage-Policy': 'Policy-0', 'X-Container-Sharding': 'False', 'Vary': 'Accept', 'X-Trans-Id': 'tx13d028f40e384fc0b6372-006a421808', 'X-Openstack-Request-Id': 'tx13d028f40e384fc0b6372-006a421808', 'Connection': 'close'} {{(pid=99495) http_log /opt/stack/data/venv/lib/python3.12/site-packages/swiftclient/client.py:162}}
Jun 29 07:00:24.830922 np0000003887 devstack@g-api.service[99495]: DEBUG glance_store._drivers.swift.store [None req-163851b5-253a-4d44-9ff8-5e40969fb0c0 tempest-AttachSCSIVolumeTestJSON-1290225555 tempest-AttachSCSIVolumeTestJSON-1290225555-project-admin] Adding image object '9dc5285e-602b-4c1d-8a3c-ee95c502a60c' to Swift {{(pid=99495) add /opt/stack/data/venv/lib/python3.12/site-packages/glance_store/_drivers/swift/store.py:970}}
Jun 29 07:00:24.831189 np0000003887 devstack@g-api.service[99495]: DEBUG glance_store._drivers.swift.store [None req-163851b5-253a-4d44-9ff8-5e40969fb0c0 tempest-AttachSCSIVolumeTestJSON-1290225555 tempest-AttachSCSIVolumeTestJSON-1290225555-project-admin] Cannot determine image size because it is either not provided in the request or chunked-transfer encoding is used. Adding image as a segmented object to Swift. {{(pid=99495) add /opt/stack/data/venv/lib/python3.12/site-packages/glance_store/_drivers/swift/store.py:994}}
Jun 29 07:00:24.840437 np0000003887 devstack@g-api.service[99495]: DEBUG oslo_utils.imageutils.format_inspector [None req-163851b5-253a-4d44-9ff8-5e40969fb0c0 tempest-AttachSCSIVolumeTestJSON-1290225555 tempest-AttachSCSIVolumeTestJSON-1290225555-project-admin] Format inspector for vmdk does not match, excluding from consideration (Signature KDMV not found: b'QFI\xfb') {{(pid=99495) _process_chunk /opt/stack/data/venv/lib/python3.12/site-packages/oslo_utils/imageutils/format_inspector.py:1758}}
Jun 29 07:00:24.845330 np0000003887 devstack@g-api.service[99495]: DEBUG oslo_utils.imageutils.format_inspector [None req-163851b5-253a-4d44-9ff8-5e40969fb0c0 tempest-AttachSCSIVolumeTestJSON-1290225555 tempest-AttachSCSIVolumeTestJSON-1290225555-project-admin] Format inspector for vhdx does not match, excluding from consideration (Region signature not found at 30000) {{(pid=99495) _process_chunk /opt/stack/data/venv/lib/python3.12/site-packages/oslo_utils/imageutils/format_inspector.py:1758}}
Jun 29 07:00:24.863634 np0000003887 devstack@g-api.service[99493]: DEBUG glance.api.middleware.version_negotiation [None req-890fe1a0-e86d-42c9-bd89-4009de29c4f8 tempest-ServerActionsV293TestJSON-2009291347 tempest-ServerActionsV293TestJSON-2009291347-project-member] Determining version of request: GET /v2/images/c2eda8a6-2bdd-450f-b342-dffa66fd1fbf/file Accept: */* {{(pid=99493) process_request /opt/stack/glance/glance/api/middleware/version_negotiation.py:44}}
Jun 29 07:00:24.863829 np0000003887 devstack@g-api.service[99493]: DEBUG glance.api.middleware.version_negotiation [None req-890fe1a0-e86d-42c9-bd89-4009de29c4f8 tempest-ServerActionsV293TestJSON-2009291347 tempest-ServerActionsV293TestJSON-2009291347-project-member] Using url versioning {{(pid=99493) process_request /opt/stack/glance/glance/api/middleware/version_negotiation.py:57}}
Jun 29 07:00:24.863967 np0000003887 devstack@g-api.service[99493]: DEBUG glance.api.middleware.version_negotiation [None req-890fe1a0-e86d-42c9-bd89-4009de29c4f8 tempest-ServerActionsV293TestJSON-2009291347 tempest-ServerActionsV293TestJSON-2009291347-project-member] Matched version: v2 {{(pid=99493) process_request /opt/stack/glance/glance/api/middleware/version_negotiation.py:69}}
Jun 29 07:00:24.864101 np0000003887 devstack@g-api.service[99493]: DEBUG glance.api.middleware.version_negotiation [None req-890fe1a0-e86d-42c9-bd89-4009de29c4f8 tempest-ServerActionsV293TestJSON-2009291347 tempest-ServerActionsV293TestJSON-2009291347-project-member] new path /v2/images/c2eda8a6-2bdd-450f-b342-dffa66fd1fbf/file {{(pid=99493) process_request /opt/stack/glance/glance/api/middleware/version_negotiation.py:70}}
Jun 29 07:00:24.877282 np0000003887 devstack@g-api.service[99493]: DEBUG glance.api.middleware.cache [None req-d6f3e0e8-969d-4f61-8d38-bb60dcb6033f tempest-ServerBootFromVolumeStableRescueTest-517239683 tempest-ServerBootFromVolumeStableRescueTest-517239683-project-member] Cache hit for image 'c2eda8a6-2bdd-450f-b342-dffa66fd1fbf' {{(pid=99493) process_request /opt/stack/glance/glance/api/middleware/cache.py:160}}
Jun 29 07:00:24.950411 np0000003887 devstack@g-api.service[99493]: [pid: 99493|app: 0|req: 19/53] 127.0.0.1 () {44 vars in 1121 bytes} [Mon Jun 29 07:00:24 2026] GET /v2/images/c2eda8a6-2bdd-450f-b342-dffa66fd1fbf/file => generated 21692416 bytes in 87 msecs (HTTP/1.1 200) 5 headers in 217 bytes (342 switches on core 0)
Jun 29 07:00:25.025473 np0000003887 devstack@g-api.service[99494]: DEBUG glance.api.middleware.version_negotiation [None req-d6f3e0e8-969d-4f61-8d38-bb60dcb6033f tempest-ServerBootFromVolumeStableRescueTest-517239683 tempest-ServerBootFromVolumeStableRescueTest-517239683-project-member] Determining version of request: GET /v2/images/c2eda8a6-2bdd-450f-b342-dffa66fd1fbf Accept: */* {{(pid=99494) process_request /opt/stack/glance/glance/api/middleware/version_negotiation.py:44}}
Jun 29 07:00:25.025732 np0000003887 devstack@g-api.service[99494]: DEBUG glance.api.middleware.version_negotiation [None req-d6f3e0e8-969d-4f61-8d38-bb60dcb6033f tempest-ServerBootFromVolumeStableRescueTest-517239683 tempest-ServerBootFromVolumeStableRescueTest-517239683-project-member] Using url versioning {{(pid=99494) process_request /opt/stack/glance/glance/api/middleware/version_negotiation.py:57}}
Jun 29 07:00:25.025920 np0000003887 devstack@g-api.service[99494]: DEBUG glance.api.middleware.version_negotiation [None req-d6f3e0e8-969d-4f61-8d38-bb60dcb6033f tempest-ServerBootFromVolumeStableRescueTest-517239683 tempest-ServerBootFromVolumeStableRescueTest-517239683-project-member] Matched version: v2 {{(pid=99494) process_request /opt/stack/glance/glance/api/middleware/version_negotiation.py:69}}
Jun 29 07:00:25.026223 np0000003887 devstack@g-api.service[99494]: DEBUG glance.api.middleware.version_negotiation [None req-d6f3e0e8-969d-4f61-8d38-bb60dcb6033f tempest-ServerBootFromVolumeStableRescueTest-517239683 tempest-ServerBootFromVolumeStableRescueTest-517239683-project-member] new path /v2/images/c2eda8a6-2bdd-450f-b342-dffa66fd1fbf {{(pid=99494) process_request /opt/stack/glance/glance/api/middleware/version_negotiation.py:70}}
Jun 29 07:00:25.039342 np0000003887 devstack@g-api.service[99494]: [pid: 99494|app: 0|req: 19/54] 127.0.0.1 () {44 vars in 1111 bytes} [Mon Jun 29 07:00:25 2026] GET /v2/images/c2eda8a6-2bdd-450f-b342-dffa66fd1fbf => generated 1044 bytes in 12 msecs (HTTP/1.1 200) 4 headers in 158 bytes (1 switches on core 0)
Jun 29 07:00:25.053509 np0000003887 devstack@g-api.service[99495]: DEBUG swiftclient [None req-163851b5-253a-4d44-9ff8-5e40969fb0c0 tempest-AttachSCSIVolumeTestJSON-1290225555 tempest-AttachSCSIVolumeTestJSON-1290225555-project-admin] REQ: curl -i https://10.4.3.85:8080/v1/AUTH_f417ee8dfe824859b3207ccc41a3cfcb/glance/9dc5285e-602b-4c1d-8a3c-ee95c502a60c-00001 -X PUT -H "X-Auth-Token: gAAAAABqQhgIXtQc..." {{(pid=99495) http_log /opt/stack/data/venv/lib/python3.12/site-packages/swiftclient/client.py:160}}
Jun 29 07:00:25.053608 np0000003887 devstack@g-api.service[99495]: DEBUG swiftclient [None req-163851b5-253a-4d44-9ff8-5e40969fb0c0 tempest-AttachSCSIVolumeTestJSON-1290225555 tempest-AttachSCSIVolumeTestJSON-1290225555-project-admin] RESP STATUS: 201 Created {{(pid=99495) http_log /opt/stack/data/venv/lib/python3.12/site-packages/swiftclient/client.py:161}}
Jun 29 07:00:25.054064 np0000003887 devstack@g-api.service[99495]: DEBUG swiftclient [None req-163851b5-253a-4d44-9ff8-5e40969fb0c0 tempest-AttachSCSIVolumeTestJSON-1290225555 tempest-AttachSCSIVolumeTestJSON-1290225555-project-admin] RESP HEADERS: {'Date': 'Mon, 29 Jun 2026 07:00:25 GMT', 'Server': 'Apache/2.4.58 (Ubuntu)', 'Content-Type': 'text/html; charset=UTF-8', 'Content-Length': '0', 'Etag': '87617e24a5e30cb3b87fda8c0764838f', 'Last-Modified': 'Mon, 29 Jun 2026 07:00:25 GMT', 'X-Trans-Id': 'tx6a1152833261408da24ab-006a421808', 'X-Openstack-Request-Id': 'tx6a1152833261408da24ab-006a421808', 'Connection': 'close'} {{(pid=99495) http_log /opt/stack/data/venv/lib/python3.12/site-packages/swiftclient/client.py:162}}
Jun 29 07:00:25.054205 np0000003887 devstack@g-api.service[99495]: DEBUG glance_store._drivers.swift.store [None req-163851b5-253a-4d44-9ff8-5e40969fb0c0 tempest-AttachSCSIVolumeTestJSON-1290225555 tempest-AttachSCSIVolumeTestJSON-1290225555-project-admin] Wrote chunk 9dc5285e-602b-4c1d-8a3c-ee95c502a60c-00001 (1/?) of length 21692416 to Swift returning MD5 of content: 87617e24a5e30cb3b87fda8c0764838f {{(pid=99495) add /opt/stack/data/venv/lib/python3.12/site-packages/glance_store/_drivers/swift/store.py:1059}}
Jun 29 07:00:25.054416 np0000003887 devstack@g-api.service[99495]: DEBUG glance_store._drivers.swift.store [None req-163851b5-253a-4d44-9ff8-5e40969fb0c0 tempest-AttachSCSIVolumeTestJSON-1290225555 tempest-AttachSCSIVolumeTestJSON-1290225555-project-admin] Not writing zero-length chunk. {{(pid=99495) add /opt/stack/data/venv/lib/python3.12/site-packages/glance_store/_drivers/swift/store.py:1028}}
Jun 29 07:00:25.061970 np0000003887 devstack@g-api.service[99493]: DEBUG glance.api.middleware.version_negotiation [None req-d6f3e0e8-969d-4f61-8d38-bb60dcb6033f tempest-ServerBootFromVolumeStableRescueTest-517239683 tempest-ServerBootFromVolumeStableRescueTest-517239683-project-member] Determining version of request: GET /v2/schemas/image Accept: */* {{(pid=99493) process_request /opt/stack/glance/glance/api/middleware/version_negotiation.py:44}}
Jun 29 07:00:25.062451 np0000003887 devstack@g-api.service[99493]: DEBUG glance.api.middleware.version_negotiation [None req-d6f3e0e8-969d-4f61-8d38-bb60dcb6033f tempest-ServerBootFromVolumeStableRescueTest-517239683 tempest-ServerBootFromVolumeStableRescueTest-517239683-project-member] Using url versioning {{(pid=99493) process_request /opt/stack/glance/glance/api/middleware/version_negotiation.py:57}}
Jun 29 07:00:25.062525 np0000003887 devstack@g-api.service[99493]: DEBUG glance.api.middleware.version_negotiation [None req-d6f3e0e8-969d-4f61-8d38-bb60dcb6033f tempest-ServerBootFromVolumeStableRescueTest-517239683 tempest-ServerBootFromVolumeStableRescueTest-517239683-project-member] Matched version: v2 {{(pid=99493) process_request /opt/stack/glance/glance/api/middleware/version_negotiation.py:69}}
Jun 29 07:00:25.062619 np0000003887 devstack@g-api.service[99493]: DEBUG glance.api.middleware.version_negotiation [None req-d6f3e0e8-969d-4f61-8d38-bb60dcb6033f tempest-ServerBootFromVolumeStableRescueTest-517239683 tempest-ServerBootFromVolumeStableRescueTest-517239683-project-member] new path /v2/schemas/image {{(pid=99493) process_request /opt/stack/glance/glance/api/middleware/version_negotiation.py:70}}
Jun 29 07:00:25.066019 np0000003887 devstack@g-api.service[99493]: [pid: 99493|app: 0|req: 20/55] 127.0.0.1 () {44 vars in 1051 bytes} [Mon Jun 29 07:00:25 2026] GET /v2/schemas/image => generated 6083 bytes in 4 msecs (HTTP/1.1 200) 4 headers in 158 bytes (1 switches on core 0)
Jun 29 07:00:25.078867 np0000003887 devstack@g-api.service[99495]: DEBUG swiftclient [None req-163851b5-253a-4d44-9ff8-5e40969fb0c0 tempest-AttachSCSIVolumeTestJSON-1290225555 tempest-AttachSCSIVolumeTestJSON-1290225555-project-admin] REQ: curl -i https://10.4.3.85:8080/v1/AUTH_f417ee8dfe824859b3207ccc41a3cfcb/glance/9dc5285e-602b-4c1d-8a3c-ee95c502a60c -X PUT -H "X-Object-Manifest: glance/9dc5285e-602b-4c1d-8a3c-ee95c502a60c-" -H "X-Auth-Token: gAAAAABqQhgIXtQc..." -H "Content-Length: 0" {{(pid=99495) http_log /opt/stack/data/venv/lib/python3.12/site-packages/swiftclient/client.py:160}}
Jun 29 07:00:25.079006 np0000003887 devstack@g-api.service[99495]: DEBUG swiftclient [None req-163851b5-253a-4d44-9ff8-5e40969fb0c0 tempest-AttachSCSIVolumeTestJSON-1290225555 tempest-AttachSCSIVolumeTestJSON-1290225555-project-admin] RESP STATUS: 201 Created {{(pid=99495) http_log /opt/stack/data/venv/lib/python3.12/site-packages/swiftclient/client.py:161}}
Jun 29 07:00:25.079202 np0000003887 devstack@g-api.service[99495]: DEBUG swiftclient [None req-163851b5-253a-4d44-9ff8-5e40969fb0c0 tempest-AttachSCSIVolumeTestJSON-1290225555 tempest-AttachSCSIVolumeTestJSON-1290225555-project-admin] RESP HEADERS: {'Date': 'Mon, 29 Jun 2026 07:00:25 GMT', 'Server': 'Apache/2.4.58 (Ubuntu)', 'Content-Type': 'text/html; charset=UTF-8', 'Content-Length': '0', 'Etag': 'd41d8cd98f00b204e9800998ecf8427e', 'Last-Modified': 'Mon, 29 Jun 2026 07:00:26 GMT', 'X-Trans-Id': 'txe07b27d807e3425399ae1-006a421809', 'X-Openstack-Request-Id': 'txe07b27d807e3425399ae1-006a421809', 'Connection': 'close'} {{(pid=99495) http_log /opt/stack/data/venv/lib/python3.12/site-packages/swiftclient/client.py:162}}
Jun 29 07:00:25.079739 np0000003887 devstack@g-api.service[99495]: INFO glance.location [None req-163851b5-253a-4d44-9ff8-5e40969fb0c0 tempest-AttachSCSIVolumeTestJSON-1290225555 tempest-AttachSCSIVolumeTestJSON-1290225555-project-admin] Image format matched and virtual size computed: 117440512
Jun 29 07:00:25.107359 np0000003887 devstack@g-api.service[99495]: DEBUG glance_store.backend [None req-163851b5-253a-4d44-9ff8-5e40969fb0c0 tempest-AttachSCSIVolumeTestJSON-1290225555 tempest-AttachSCSIVolumeTestJSON-1290225555-project-admin] Attempting to import store swift {{(pid=99495) _load_store /opt/stack/data/venv/lib/python3.12/site-packages/glance_store/backend.py:215}}
Jun 29 07:00:25.108632 np0000003887 devstack@g-api.service[99495]: DEBUG glance_store.capabilities [None req-163851b5-253a-4d44-9ff8-5e40969fb0c0 tempest-AttachSCSIVolumeTestJSON-1290225555 tempest-AttachSCSIVolumeTestJSON-1290225555-project-admin] Store glance_store._drivers.swift.store.SingleTenantStore doesn't support updating dynamic storage capabilities. Please overwrite 'update_capabilities' method of the store to implement updating logics if needed. {{(pid=99495) update_capabilities /opt/stack/data/venv/lib/python3.12/site-packages/glance_store/capabilities.py:91}}
Jun 29 07:00:25.108762 np0000003887 devstack@g-api.service[99495]: DEBUG glance_store.driver [None req-163851b5-253a-4d44-9ff8-5e40969fb0c0 tempest-AttachSCSIVolumeTestJSON-1290225555 tempest-AttachSCSIVolumeTestJSON-1290225555-project-admin] Late loading location class glance_store._drivers.swift.store.StoreLocation {{(pid=99495) get_store_location_class /opt/stack/data/venv/lib/python3.12/site-packages/glance_store/driver.py:134}}
Jun 29 07:00:25.108882 np0000003887 devstack@g-api.service[99495]: DEBUG glance_store.location [None req-163851b5-253a-4d44-9ff8-5e40969fb0c0 tempest-AttachSCSIVolumeTestJSON-1290225555 tempest-AttachSCSIVolumeTestJSON-1290225555-project-admin] Registering scheme swift+https with {'store': , 'location_class': , 'store_entry': 'swift'} {{(pid=99495) register_scheme_map /opt/stack/data/venv/lib/python3.12/site-packages/glance_store/location.py:146}}
Jun 29 07:00:25.108959 np0000003887 devstack@g-api.service[99495]: DEBUG glance_store.location [None req-163851b5-253a-4d44-9ff8-5e40969fb0c0 tempest-AttachSCSIVolumeTestJSON-1290225555 tempest-AttachSCSIVolumeTestJSON-1290225555-project-admin] Registering scheme swift+https with {'store': , 'location_class': , 'store_entry': 'swift'} {{(pid=99495) register_scheme_map /opt/stack/data/venv/lib/python3.12/site-packages/glance_store/location.py:146}}
Jun 29 07:00:25.109043 np0000003887 devstack@g-api.service[99495]: DEBUG glance_store.location [None req-163851b5-253a-4d44-9ff8-5e40969fb0c0 tempest-AttachSCSIVolumeTestJSON-1290225555 tempest-AttachSCSIVolumeTestJSON-1290225555-project-admin] Registering scheme swift with {'store': , 'location_class': , 'store_entry': 'swift'} {{(pid=99495) register_scheme_map /opt/stack/data/venv/lib/python3.12/site-packages/glance_store/location.py:146}}
Jun 29 07:00:25.109123 np0000003887 devstack@g-api.service[99495]: DEBUG glance_store.location [None req-163851b5-253a-4d44-9ff8-5e40969fb0c0 tempest-AttachSCSIVolumeTestJSON-1290225555 tempest-AttachSCSIVolumeTestJSON-1290225555-project-admin] Registering scheme swift+https with {'store': , 'location_class': , 'store_entry': 'swift'} {{(pid=99495) register_scheme_map /opt/stack/data/venv/lib/python3.12/site-packages/glance_store/location.py:146}}
Jun 29 07:00:25.109175 np0000003887 devstack@g-api.service[99495]: DEBUG glance_store.location [None req-163851b5-253a-4d44-9ff8-5e40969fb0c0 tempest-AttachSCSIVolumeTestJSON-1290225555 tempest-AttachSCSIVolumeTestJSON-1290225555-project-admin] Registering scheme swift with {'store': , 'location_class': , 'store_entry': 'swift'} {{(pid=99495) register_scheme_map /opt/stack/data/venv/lib/python3.12/site-packages/glance_store/location.py:146}}
Jun 29 07:00:25.109233 np0000003887 devstack@g-api.service[99495]: DEBUG glance_store.location [None req-163851b5-253a-4d44-9ff8-5e40969fb0c0 tempest-AttachSCSIVolumeTestJSON-1290225555 tempest-AttachSCSIVolumeTestJSON-1290225555-project-admin] Registering scheme swift+http with {'store': , 'location_class': , 'store_entry': 'swift'} {{(pid=99495) register_scheme_map /opt/stack/data/venv/lib/python3.12/site-packages/glance_store/location.py:146}}
Jun 29 07:00:25.109300 np0000003887 devstack@g-api.service[99495]: DEBUG glance_store.location [None req-163851b5-253a-4d44-9ff8-5e40969fb0c0 tempest-AttachSCSIVolumeTestJSON-1290225555 tempest-AttachSCSIVolumeTestJSON-1290225555-project-admin] Registering scheme swift+https with {'store': , 'location_class': , 'store_entry': 'swift'} {{(pid=99495) register_scheme_map /opt/stack/data/venv/lib/python3.12/site-packages/glance_store/location.py:146}}
Jun 29 07:00:25.109366 np0000003887 devstack@g-api.service[99495]: DEBUG glance_store.location [None req-163851b5-253a-4d44-9ff8-5e40969fb0c0 tempest-AttachSCSIVolumeTestJSON-1290225555 tempest-AttachSCSIVolumeTestJSON-1290225555-project-admin] Registering scheme swift with {'store': , 'location_class': , 'store_entry': 'swift'} {{(pid=99495) register_scheme_map /opt/stack/data/venv/lib/python3.12/site-packages/glance_store/location.py:146}}
Jun 29 07:00:25.109432 np0000003887 devstack@g-api.service[99495]: DEBUG glance_store.location [None req-163851b5-253a-4d44-9ff8-5e40969fb0c0 tempest-AttachSCSIVolumeTestJSON-1290225555 tempest-AttachSCSIVolumeTestJSON-1290225555-project-admin] Registering scheme swift+http with {'store': , 'location_class': , 'store_entry': 'swift'} {{(pid=99495) register_scheme_map /opt/stack/data/venv/lib/python3.12/site-packages/glance_store/location.py:146}}
Jun 29 07:00:25.109497 np0000003887 devstack@g-api.service[99495]: DEBUG glance_store.location [None req-163851b5-253a-4d44-9ff8-5e40969fb0c0 tempest-AttachSCSIVolumeTestJSON-1290225555 tempest-AttachSCSIVolumeTestJSON-1290225555-project-admin] Registering scheme swift+config with {'store': , 'location_class': , 'store_entry': 'swift'} {{(pid=99495) register_scheme_map /opt/stack/data/venv/lib/python3.12/site-packages/glance_store/location.py:146}}
Jun 29 07:00:25.109583 np0000003887 devstack@g-api.service[99495]: DEBUG glance_store.backend [None req-163851b5-253a-4d44-9ff8-5e40969fb0c0 tempest-AttachSCSIVolumeTestJSON-1290225555 tempest-AttachSCSIVolumeTestJSON-1290225555-project-admin] Skipping store.set_acls... not implemented. {{(pid=99495) set_acls /opt/stack/data/venv/lib/python3.12/site-packages/glance_store/backend.py:507}}
Jun 29 07:00:25.112838 np0000003887 devstack@g-api.service[99495]: [pid: 99495|app: 0|req: 17/56] 127.0.0.1 () {40 vars in 854 bytes} [Mon Jun 29 07:00:23 2026] PUT /v2/images/9dc5285e-602b-4c1d-8a3c-ee95c502a60c/file => generated 0 bytes in 2066 msecs (HTTP/1.1 204) 4 headers in 171 bytes (1 switches on core 0)
Jun 29 07:00:27.209926 np0000003887 devstack@g-api.service[99494]: DEBUG glance.api.middleware.version_negotiation [None req-d6f3e0e8-969d-4f61-8d38-bb60dcb6033f tempest-ServerBootFromVolumeStableRescueTest-517239683 tempest-ServerBootFromVolumeStableRescueTest-517239683-project-member] Determining version of request: GET /v2/images/c2eda8a6-2bdd-450f-b342-dffa66fd1fbf Accept: */* {{(pid=99494) process_request /opt/stack/glance/glance/api/middleware/version_negotiation.py:44}}
Jun 29 07:00:27.209926 np0000003887 devstack@g-api.service[99494]: DEBUG glance.api.middleware.version_negotiation [None req-d6f3e0e8-969d-4f61-8d38-bb60dcb6033f tempest-ServerBootFromVolumeStableRescueTest-517239683 tempest-ServerBootFromVolumeStableRescueTest-517239683-project-member] Using url versioning {{(pid=99494) process_request /opt/stack/glance/glance/api/middleware/version_negotiation.py:57}}
Jun 29 07:00:27.209926 np0000003887 devstack@g-api.service[99494]: DEBUG glance.api.middleware.version_negotiation [None req-d6f3e0e8-969d-4f61-8d38-bb60dcb6033f tempest-ServerBootFromVolumeStableRescueTest-517239683 tempest-ServerBootFromVolumeStableRescueTest-517239683-project-member] Matched version: v2 {{(pid=99494) process_request /opt/stack/glance/glance/api/middleware/version_negotiation.py:69}}
Jun 29 07:00:27.209926 np0000003887 devstack@g-api.service[99494]: DEBUG glance.api.middleware.version_negotiation [None req-d6f3e0e8-969d-4f61-8d38-bb60dcb6033f tempest-ServerBootFromVolumeStableRescueTest-517239683 tempest-ServerBootFromVolumeStableRescueTest-517239683-project-member] new path /v2/images/c2eda8a6-2bdd-450f-b342-dffa66fd1fbf {{(pid=99494) process_request /opt/stack/glance/glance/api/middleware/version_negotiation.py:70}}
Jun 29 07:00:27.223849 np0000003887 devstack@g-api.service[99494]: [pid: 99494|app: 0|req: 20/57] 127.0.0.1 () {44 vars in 1111 bytes} [Mon Jun 29 07:00:27 2026] GET /v2/images/c2eda8a6-2bdd-450f-b342-dffa66fd1fbf => generated 1044 bytes in 15 msecs (HTTP/1.1 200) 4 headers in 158 bytes (1 switches on core 0)
Jun 29 07:00:27.252278 np0000003887 devstack@g-api.service[99493]: DEBUG glance.api.middleware.version_negotiation [None req-d6f3e0e8-969d-4f61-8d38-bb60dcb6033f tempest-ServerBootFromVolumeStableRescueTest-517239683 tempest-ServerBootFromVolumeStableRescueTest-517239683-project-member] Determining version of request: GET /v2/schemas/image Accept: */* {{(pid=99493) process_request /opt/stack/glance/glance/api/middleware/version_negotiation.py:44}}
Jun 29 07:00:27.252729 np0000003887 devstack@g-api.service[99493]: DEBUG glance.api.middleware.version_negotiation [None req-d6f3e0e8-969d-4f61-8d38-bb60dcb6033f tempest-ServerBootFromVolumeStableRescueTest-517239683 tempest-ServerBootFromVolumeStableRescueTest-517239683-project-member] Using url versioning {{(pid=99493) process_request /opt/stack/glance/glance/api/middleware/version_negotiation.py:57}}
Jun 29 07:00:27.252729 np0000003887 devstack@g-api.service[99493]: DEBUG glance.api.middleware.version_negotiation [None req-d6f3e0e8-969d-4f61-8d38-bb60dcb6033f tempest-ServerBootFromVolumeStableRescueTest-517239683 tempest-ServerBootFromVolumeStableRescueTest-517239683-project-member] Matched version: v2 {{(pid=99493) process_request /opt/stack/glance/glance/api/middleware/version_negotiation.py:69}}
Jun 29 07:00:27.252729 np0000003887 devstack@g-api.service[99493]: DEBUG glance.api.middleware.version_negotiation [None req-d6f3e0e8-969d-4f61-8d38-bb60dcb6033f tempest-ServerBootFromVolumeStableRescueTest-517239683 tempest-ServerBootFromVolumeStableRescueTest-517239683-project-member] new path /v2/schemas/image {{(pid=99493) process_request /opt/stack/glance/glance/api/middleware/version_negotiation.py:70}}
Jun 29 07:00:27.257003 np0000003887 devstack@g-api.service[99493]: [pid: 99493|app: 0|req: 21/58] 127.0.0.1 () {44 vars in 1051 bytes} [Mon Jun 29 07:00:27 2026] GET /v2/schemas/image => generated 6083 bytes in 5 msecs (HTTP/1.1 200) 4 headers in 158 bytes (1 switches on core 0)
Jun 29 07:00:29.574573 np0000003887 devstack@g-api.service[99495]: DEBUG glance.api.middleware.version_negotiation [None req-163851b5-253a-4d44-9ff8-5e40969fb0c0 tempest-AttachSCSIVolumeTestJSON-1290225555 tempest-AttachSCSIVolumeTestJSON-1290225555-project-admin] Determining version of request: GET /v2/images/9dc5285e-602b-4c1d-8a3c-ee95c502a60c Accept: */* {{(pid=99495) process_request /opt/stack/glance/glance/api/middleware/version_negotiation.py:44}}
Jun 29 07:00:29.574963 np0000003887 devstack@g-api.service[99495]: DEBUG glance.api.middleware.version_negotiation [None req-163851b5-253a-4d44-9ff8-5e40969fb0c0 tempest-AttachSCSIVolumeTestJSON-1290225555 tempest-AttachSCSIVolumeTestJSON-1290225555-project-admin] Using url versioning {{(pid=99495) process_request /opt/stack/glance/glance/api/middleware/version_negotiation.py:57}}
Jun 29 07:00:29.574963 np0000003887 devstack@g-api.service[99495]: DEBUG glance.api.middleware.version_negotiation [None req-163851b5-253a-4d44-9ff8-5e40969fb0c0 tempest-AttachSCSIVolumeTestJSON-1290225555 tempest-AttachSCSIVolumeTestJSON-1290225555-project-admin] Matched version: v2 {{(pid=99495) process_request /opt/stack/glance/glance/api/middleware/version_negotiation.py:69}}
Jun 29 07:00:29.574963 np0000003887 devstack@g-api.service[99495]: DEBUG glance.api.middleware.version_negotiation [None req-163851b5-253a-4d44-9ff8-5e40969fb0c0 tempest-AttachSCSIVolumeTestJSON-1290225555 tempest-AttachSCSIVolumeTestJSON-1290225555-project-admin] new path /v2/images/9dc5285e-602b-4c1d-8a3c-ee95c502a60c {{(pid=99495) process_request /opt/stack/glance/glance/api/middleware/version_negotiation.py:70}}
Jun 29 07:00:29.584364 np0000003887 devstack@g-api.service[99495]: [pid: 99495|app: 0|req: 18/59] 127.0.0.1 () {44 vars in 1111 bytes} [Mon Jun 29 07:00:29 2026] GET /v2/images/9dc5285e-602b-4c1d-8a3c-ee95c502a60c => generated 859 bytes in 10 msecs (HTTP/1.1 200) 4 headers in 157 bytes (1 switches on core 0)
Jun 29 07:00:29.612262 np0000003887 devstack@g-api.service[99494]: DEBUG glance.api.middleware.version_negotiation [None req-4d9d5524-ded3-44f1-94ce-6cfd81467ccc tempest-VolumesAdminNegativeTest-566563997 tempest-VolumesAdminNegativeTest-566563997-project-member] Determining version of request: GET /v2/schemas/image Accept: */* {{(pid=99494) process_request /opt/stack/glance/glance/api/middleware/version_negotiation.py:44}}
Jun 29 07:00:29.612586 np0000003887 devstack@g-api.service[99494]: DEBUG glance.api.middleware.version_negotiation [None req-4d9d5524-ded3-44f1-94ce-6cfd81467ccc tempest-VolumesAdminNegativeTest-566563997 tempest-VolumesAdminNegativeTest-566563997-project-member] Using url versioning {{(pid=99494) process_request /opt/stack/glance/glance/api/middleware/version_negotiation.py:57}}
Jun 29 07:00:29.612586 np0000003887 devstack@g-api.service[99494]: DEBUG glance.api.middleware.version_negotiation [None req-4d9d5524-ded3-44f1-94ce-6cfd81467ccc tempest-VolumesAdminNegativeTest-566563997 tempest-VolumesAdminNegativeTest-566563997-project-member] Matched version: v2 {{(pid=99494) process_request /opt/stack/glance/glance/api/middleware/version_negotiation.py:69}}
Jun 29 07:00:29.612586 np0000003887 devstack@g-api.service[99494]: DEBUG glance.api.middleware.version_negotiation [None req-4d9d5524-ded3-44f1-94ce-6cfd81467ccc tempest-VolumesAdminNegativeTest-566563997 tempest-VolumesAdminNegativeTest-566563997-project-member] new path /v2/schemas/image {{(pid=99494) process_request /opt/stack/glance/glance/api/middleware/version_negotiation.py:70}}
Jun 29 07:00:29.618078 np0000003887 devstack@g-api.service[99494]: [pid: 99494|app: 0|req: 21/60] 127.0.0.1 () {44 vars in 1051 bytes} [Mon Jun 29 07:00:29 2026] GET /v2/schemas/image => generated 6083 bytes in 5 msecs (HTTP/1.1 200) 4 headers in 158 bytes (1 switches on core 0)
Jun 29 07:00:32.277849 np0000003887 devstack@g-api.service[99493]: DEBUG glance.api.middleware.version_negotiation [None req-4d9d5524-ded3-44f1-94ce-6cfd81467ccc tempest-VolumesAdminNegativeTest-566563997 tempest-VolumesAdminNegativeTest-566563997-project-member] Determining version of request: GET / Accept: application/json {{(pid=99493) process_request /opt/stack/glance/glance/api/middleware/version_negotiation.py:44}}
Jun 29 07:00:32.278211 np0000003887 devstack@g-api.service[99493]: DEBUG glance.api.middleware.version_negotiation [None req-4d9d5524-ded3-44f1-94ce-6cfd81467ccc tempest-VolumesAdminNegativeTest-566563997 tempest-VolumesAdminNegativeTest-566563997-project-member] Using url versioning {{(pid=99493) process_request /opt/stack/glance/glance/api/middleware/version_negotiation.py:57}}
Jun 29 07:00:32.278211 np0000003887 devstack@g-api.service[99493]: DEBUG glance.api.middleware.version_negotiation [None req-4d9d5524-ded3-44f1-94ce-6cfd81467ccc tempest-VolumesAdminNegativeTest-566563997 tempest-VolumesAdminNegativeTest-566563997-project-member] Unknown version. Returning version choices. {{(pid=99493) process_request /opt/stack/glance/glance/api/middleware/version_negotiation.py:64}}
Jun 29 07:00:32.280038 np0000003887 devstack@g-api.service[99493]: [pid: 99493|app: 0|req: 22/61] 127.0.0.1 () {36 vars in 555 bytes} [Mon Jun 29 07:00:32 2026] GET / => generated 1394 bytes in 1 msecs (HTTP/1.1 300) 3 headers in 106 bytes (1 switches on core 0)
Jun 29 07:00:32.317201 np0000003887 devstack@g-api.service[99495]: DEBUG glance.api.middleware.version_negotiation [None req-707f3868-0c14-4cbb-ab6f-703474280492 tempest-AttachSCSIVolumeTestJSON-506981369 tempest-AttachSCSIVolumeTestJSON-506981369-project-member] Determining version of request: GET /v2/images/c2eda8a6-2bdd-450f-b342-dffa66fd1fbf Accept: */* {{(pid=99495) process_request /opt/stack/glance/glance/api/middleware/version_negotiation.py:44}}
Jun 29 07:00:32.317607 np0000003887 devstack@g-api.service[99495]: DEBUG glance.api.middleware.version_negotiation [None req-707f3868-0c14-4cbb-ab6f-703474280492 tempest-AttachSCSIVolumeTestJSON-506981369 tempest-AttachSCSIVolumeTestJSON-506981369-project-member] Using url versioning {{(pid=99495) process_request /opt/stack/glance/glance/api/middleware/version_negotiation.py:57}}
Jun 29 07:00:32.317607 np0000003887 devstack@g-api.service[99495]: DEBUG glance.api.middleware.version_negotiation [None req-707f3868-0c14-4cbb-ab6f-703474280492 tempest-AttachSCSIVolumeTestJSON-506981369 tempest-AttachSCSIVolumeTestJSON-506981369-project-member] Matched version: v2 {{(pid=99495) process_request /opt/stack/glance/glance/api/middleware/version_negotiation.py:69}}
Jun 29 07:00:32.317607 np0000003887 devstack@g-api.service[99495]: DEBUG glance.api.middleware.version_negotiation [None req-707f3868-0c14-4cbb-ab6f-703474280492 tempest-AttachSCSIVolumeTestJSON-506981369 tempest-AttachSCSIVolumeTestJSON-506981369-project-member] new path /v2/images/c2eda8a6-2bdd-450f-b342-dffa66fd1fbf {{(pid=99495) process_request /opt/stack/glance/glance/api/middleware/version_negotiation.py:70}}
Jun 29 07:00:32.329205 np0000003887 devstack@g-api.service[99495]: [pid: 99495|app: 0|req: 19/62] 127.0.0.1 () {44 vars in 1111 bytes} [Mon Jun 29 07:00:32 2026] GET /v2/images/c2eda8a6-2bdd-450f-b342-dffa66fd1fbf => generated 1044 bytes in 12 msecs (HTTP/1.1 200) 4 headers in 158 bytes (1 switches on core 0)
Jun 29 07:00:32.358767 np0000003887 devstack@g-api.service[99494]: DEBUG glance.api.middleware.version_negotiation [None req-707f3868-0c14-4cbb-ab6f-703474280492 tempest-AttachSCSIVolumeTestJSON-506981369 tempest-AttachSCSIVolumeTestJSON-506981369-project-member] Determining version of request: GET /v2/schemas/image Accept: */* {{(pid=99494) process_request /opt/stack/glance/glance/api/middleware/version_negotiation.py:44}}
Jun 29 07:00:32.358767 np0000003887 devstack@g-api.service[99494]: DEBUG glance.api.middleware.version_negotiation [None req-707f3868-0c14-4cbb-ab6f-703474280492 tempest-AttachSCSIVolumeTestJSON-506981369 tempest-AttachSCSIVolumeTestJSON-506981369-project-member] Using url versioning {{(pid=99494) process_request /opt/stack/glance/glance/api/middleware/version_negotiation.py:57}}
Jun 29 07:00:32.358767 np0000003887 devstack@g-api.service[99494]: DEBUG glance.api.middleware.version_negotiation [None req-707f3868-0c14-4cbb-ab6f-703474280492 tempest-AttachSCSIVolumeTestJSON-506981369 tempest-AttachSCSIVolumeTestJSON-506981369-project-member] Matched version: v2 {{(pid=99494) process_request /opt/stack/glance/glance/api/middleware/version_negotiation.py:69}}
Jun 29 07:00:32.358767 np0000003887 devstack@g-api.service[99494]: DEBUG glance.api.middleware.version_negotiation [None req-707f3868-0c14-4cbb-ab6f-703474280492 tempest-AttachSCSIVolumeTestJSON-506981369 tempest-AttachSCSIVolumeTestJSON-506981369-project-member] new path /v2/schemas/image {{(pid=99494) process_request /opt/stack/glance/glance/api/middleware/version_negotiation.py:70}}
Jun 29 07:00:32.365241 np0000003887 devstack@g-api.service[99494]: [pid: 99494|app: 0|req: 22/63] 127.0.0.1 () {44 vars in 1051 bytes} [Mon Jun 29 07:00:32 2026] GET /v2/schemas/image => generated 6083 bytes in 7 msecs (HTTP/1.1 200) 4 headers in 158 bytes (1 switches on core 0)
Jun 29 07:00:34.930397 np0000003887 devstack@g-api.service[99493]: DEBUG dbcounter [-] [99493] Writing DB stats glance:SELECT=16,glance:UPDATE=2 {{(pid=99493) stat_writer /opt/stack/data/venv/lib/python3.12/site-packages/dbcounter.py:115}}
Jun 29 07:00:37.221298 np0000003887 devstack@g-api.service[99494]: DEBUG dbcounter [-] [99494] Writing DB stats glance:SELECT=16,glance:INSERT=4 {{(pid=99494) stat_writer /opt/stack/data/venv/lib/python3.12/site-packages/dbcounter.py:115}}
Jun 29 07:00:41.199556 np0000003887 devstack@g-api.service[99493]: DEBUG glance.api.middleware.version_negotiation [None req-4d9d5524-ded3-44f1-94ce-6cfd81467ccc tempest-VolumesAdminNegativeTest-566563997 tempest-VolumesAdminNegativeTest-566563997-project-member] Determining version of request: GET /v2/images/9dc5285e-602b-4c1d-8a3c-ee95c502a60c Accept: */* {{(pid=99493) process_request /opt/stack/glance/glance/api/middleware/version_negotiation.py:44}}
Jun 29 07:00:41.199556 np0000003887 devstack@g-api.service[99493]: DEBUG glance.api.middleware.version_negotiation [None req-4d9d5524-ded3-44f1-94ce-6cfd81467ccc tempest-VolumesAdminNegativeTest-566563997 tempest-VolumesAdminNegativeTest-566563997-project-member] Using url versioning {{(pid=99493) process_request /opt/stack/glance/glance/api/middleware/version_negotiation.py:57}}
Jun 29 07:00:41.199556 np0000003887 devstack@g-api.service[99493]: DEBUG glance.api.middleware.version_negotiation [None req-4d9d5524-ded3-44f1-94ce-6cfd81467ccc tempest-VolumesAdminNegativeTest-566563997 tempest-VolumesAdminNegativeTest-566563997-project-member] Matched version: v2 {{(pid=99493) process_request /opt/stack/glance/glance/api/middleware/version_negotiation.py:69}}
Jun 29 07:00:41.199556 np0000003887 devstack@g-api.service[99493]: DEBUG glance.api.middleware.version_negotiation [None req-4d9d5524-ded3-44f1-94ce-6cfd81467ccc tempest-VolumesAdminNegativeTest-566563997 tempest-VolumesAdminNegativeTest-566563997-project-member] new path /v2/images/9dc5285e-602b-4c1d-8a3c-ee95c502a60c {{(pid=99493) process_request /opt/stack/glance/glance/api/middleware/version_negotiation.py:70}}
