Jun 29 06:59:56.608288 np0000003887 devstack@neutron-api.service[87380]: DEBUG neutron.db.ovn_revision_numbers_db [None req-73026a41-0365-4804-8775-79562ff3d6e4 admin admin] create_initial_revision uuid=08103e24-cd87-4aa1-b2b4-e0bc91f3ba9b, type=security_group_rules, rev=-1 {{(pid=87380) create_initial_revision /opt/stack/neutron/neutron/db/ovn_revision_numbers_db.py:98}}
Jun 29 06:59:56.609633 np0000003887 devstack@neutron-api.service[87380]: DEBUG neutron.db.ovn_revision_numbers_db [None req-73026a41-0365-4804-8775-79562ff3d6e4 admin admin] create_initial_revision uuid=2add98c6-269b-41a0-80d1-13eb5319a531, type=security_group_rules, rev=-1 {{(pid=87380) create_initial_revision /opt/stack/neutron/neutron/db/ovn_revision_numbers_db.py:98}}
Jun 29 06:59:56.611451 np0000003887 devstack@neutron-api.service[87380]: DEBUG neutron.db.ovn_revision_numbers_db [None req-73026a41-0365-4804-8775-79562ff3d6e4 admin admin] create_initial_revision uuid=a3773d86-29c0-4a57-a18e-5f6f801fe3f8, type=security_group_rules, rev=-1 {{(pid=87380) create_initial_revision /opt/stack/neutron/neutron/db/ovn_revision_numbers_db.py:98}}
Jun 29 06:59:56.612041 np0000003887 devstack@neutron-api.service[87379]: INFO neutron.db.ovn_revision_numbers_db [None req-e4a44b08-33ec-4817-bc0a-e33785aa1b01 admin admin] Successfully bumped revision number for resource 902a08ad-e6b4-469f-a013-48cc02ea429c (type: security_group_rules) to 0
Jun 29 06:59:56.612779 np0000003887 devstack@neutron-api.service[87380]: DEBUG neutron.db.ovn_revision_numbers_db [None req-73026a41-0365-4804-8775-79562ff3d6e4 admin admin] create_initial_revision uuid=efe9ad70-1ea2-40e1-ae1b-37dfba8ae620, type=security_group_rules, rev=-1 {{(pid=87380) create_initial_revision /opt/stack/neutron/neutron/db/ovn_revision_numbers_db.py:98}}
Jun 29 06:59:56.616987 np0000003887 devstack@neutron-api.service[87380]: DEBUG neutron_lib.callbacks.manager [None req-73026a41-0365-4804-8775-79562ff3d6e4 admin admin] Publish callbacks ['neutron.plugins.ml2.drivers.ovn.mech_driver.mech_driver.OVNMechanismDriver._create_security_group-201830', 'neutron.plugins.ml2.ovo_rpc._ObjectChangeHandler.handle_event-1807196'] for security_group (f37e3746-1a61-4396-91ba-02caf678ab94), after_create {{(pid=87380) _notify_loop /opt/stack/data/venv/lib/python3.12/site-packages/neutron_lib/callbacks/manager.py:184}}
Jun 29 06:59:56.617754 np0000003887 devstack@neutron-api.service[87380]: DEBUG ovsdbapp.backend.ovs_idl.transaction [None req-b26af85e-1d78-42e7-93ab-6b1352d9a3da None None] Running txn n=1 command(idx=0): PgAddCommand(_result=None, name=pg_f37e3746_1a61_4396_91ba_02caf678ab94, may_exist=False, columns={'acls': [], 'external_ids': {'neutron:security_group_id': 'f37e3746-1a61-4396-91ba-02caf678ab94'}}) {{(pid=87380) do_commit /opt/stack/data/venv/lib/python3.12/site-packages/ovsdbapp/backend/ovs_idl/transaction.py:89}}
Jun 29 06:59:56.618170 np0000003887 devstack@neutron-api.service[87380]: DEBUG ovsdbapp.backend.ovs_idl.transaction [None req-b26af85e-1d78-42e7-93ab-6b1352d9a3da None None] Running txn n=1 command(idx=1): PgAclAddCommand(_result=None, entity=pg_f37e3746_1a61_4396_91ba_02caf678ab94, direction=to-lport, priority=1002, match=outport == @pg_f37e3746_1a61_4396_91ba_02caf678ab94 && ip6 && ip6.src == $pg_f37e3746_1a61_4396_91ba_02caf678ab94_ip6, action=allow-related, log=False, may_exist=True, severity=[], name=[], meter=[], external_ids={'neutron:security_group_rule_id': '08103e24-cd87-4aa1-b2b4-e0bc91f3ba9b'}) {{(pid=87380) do_commit /opt/stack/data/venv/lib/python3.12/site-packages/ovsdbapp/backend/ovs_idl/transaction.py:89}}
Jun 29 06:59:56.618530 np0000003887 devstack@neutron-api.service[87380]: DEBUG ovsdbapp.backend.ovs_idl.transaction [None req-b26af85e-1d78-42e7-93ab-6b1352d9a3da None None] Running txn n=1 command(idx=2): PgAclAddCommand(_result=None, entity=pg_f37e3746_1a61_4396_91ba_02caf678ab94, direction=from-lport, priority=1002, match=inport == @pg_f37e3746_1a61_4396_91ba_02caf678ab94 && ip4, action=allow-related, log=False, may_exist=True, severity=[], name=[], meter=[], external_ids={'neutron:security_group_rule_id': '2add98c6-269b-41a0-80d1-13eb5319a531'}) {{(pid=87380) do_commit /opt/stack/data/venv/lib/python3.12/site-packages/ovsdbapp/backend/ovs_idl/transaction.py:89}}
Jun 29 06:59:56.618916 np0000003887 devstack@neutron-api.service[87380]: DEBUG ovsdbapp.backend.ovs_idl.transaction [None req-b26af85e-1d78-42e7-93ab-6b1352d9a3da None None] Running txn n=1 command(idx=3): PgAclAddCommand(_result=None, entity=pg_f37e3746_1a61_4396_91ba_02caf678ab94, direction=from-lport, priority=1002, match=inport == @pg_f37e3746_1a61_4396_91ba_02caf678ab94 && ip6, action=allow-related, log=False, may_exist=True, severity=[], name=[], meter=[], external_ids={'neutron:security_group_rule_id': 'a3773d86-29c0-4a57-a18e-5f6f801fe3f8'}) {{(pid=87380) do_commit /opt/stack/data/venv/lib/python3.12/site-packages/ovsdbapp/backend/ovs_idl/transaction.py:89}}
Jun 29 06:59:56.619105 np0000003887 devstack@neutron-api.service[87380]: DEBUG ovsdbapp.backend.ovs_idl.transaction [None req-b26af85e-1d78-42e7-93ab-6b1352d9a3da None None] Running txn n=1 command(idx=4): PgAclAddCommand(_result=None, entity=pg_f37e3746_1a61_4396_91ba_02caf678ab94, direction=to-lport, priority=1002, match=outport == @pg_f37e3746_1a61_4396_91ba_02caf678ab94 && ip4 && ip4.src == $pg_f37e3746_1a61_4396_91ba_02caf678ab94_ip4, action=allow-related, log=False, may_exist=True, severity=[], name=[], meter=[], external_ids={'neutron:security_group_rule_id': 'efe9ad70-1ea2-40e1-ae1b-37dfba8ae620'}) {{(pid=87380) do_commit /opt/stack/data/venv/lib/python3.12/site-packages/ovsdbapp/backend/ovs_idl/transaction.py:89}}
Jun 29 06:59:56.624335 np0000003887 devstack@neutron-api.service[87380]: DEBUG neutron.plugins.ml2.drivers.ovn.mech_driver.ovsdb.ovsdb_monitor [None req-b26af85e-1d78-42e7-93ab-6b1352d9a3da None None] Hash Ring: Node 92e0db94cb0f5e168042dec3f7d36c6a (host: np0000003887) handling event "create" for row 1518f56a-e794-4fce-bf89-237117469e8a (table: ACL) {{(pid=87380) notify /opt/stack/neutron/neutron/plugins/ml2/drivers/ovn/mech_driver/ovsdb/ovsdb_monitor.py:1015}}
Jun 29 06:59:56.624335 np0000003887 devstack@neutron-api.service[87380]: DEBUG neutron.plugins.ml2.drivers.ovn.mech_driver.ovsdb.ovsdb_monitor [None req-b26af85e-1d78-42e7-93ab-6b1352d9a3da None None] Hash Ring: Node 92e0db94cb0f5e168042dec3f7d36c6a (host: np0000003887) handling event "create" for row eaaec37e-0994-4556-93a6-9a9319a5d134 (table: ACL) {{(pid=87380) notify /opt/stack/neutron/neutron/plugins/ml2/drivers/ovn/mech_driver/ovsdb/ovsdb_monitor.py:1015}}
Jun 29 06:59:56.626450 np0000003887 devstack@neutron-api.service[87378]: DEBUG neutron.plugins.ml2.drivers.ovn.mech_driver.ovsdb.ovsdb_monitor [None req-934077df-b8c6-4a53-8766-3a103c8c5dcb None None] Hash Ring: Node 06b91ea498545bb0985fede3602ba5a6 (host: np0000003887) handling event "create" for row 53b2a8ea-dac4-4e99-8f6e-754ab9e04cf7 (table: Port_Group) {{(pid=87378) notify /opt/stack/neutron/neutron/plugins/ml2/drivers/ovn/mech_driver/ovsdb/ovsdb_monitor.py:1015}}
Jun 29 06:59:56.630209 np0000003887 devstack@neutron-api.service[87379]: DEBUG neutron.plugins.ml2.drivers.ovn.mech_driver.ovsdb.ovsdb_monitor [None req-f4aa13bb-044f-4488-ad56-4c4b0afbba69 None None] Hash Ring: Node 8425a5998e0257d5a0f3b4a6cf937829 (host: np0000003887) handling event "create" for row 33b98208-4340-46ed-aada-d9ecf3c32dac (table: ACL) {{(pid=87379) notify /opt/stack/neutron/neutron/plugins/ml2/drivers/ovn/mech_driver/ovsdb/ovsdb_monitor.py:1015}}
Jun 29 06:59:56.630824 np0000003887 devstack@neutron-api.service[87379]: DEBUG neutron.plugins.ml2.drivers.ovn.mech_driver.ovsdb.ovsdb_monitor [None req-f4aa13bb-044f-4488-ad56-4c4b0afbba69 None None] Hash Ring: Node 8425a5998e0257d5a0f3b4a6cf937829 (host: np0000003887) handling event "create" for row f0aca7dd-e37d-41af-97d1-41ec2e9e2bf7 (table: ACL) {{(pid=87379) notify /opt/stack/neutron/neutron/plugins/ml2/drivers/ovn/mech_driver/ovsdb/ovsdb_monitor.py:1015}}
Jun 29 06:59:56.636119 np0000003887 devstack@neutron-api.service[87379]: INFO neutron.db.ovn_revision_numbers_db [None req-e4a44b08-33ec-4817-bc0a-e33785aa1b01 admin admin] Successfully bumped revision number for resource 9f1f9292-84dd-4177-a1d1-ec4c1bb302e7 (type: security_group_rules) to 0
Jun 29 06:59:56.654953 np0000003887 devstack@neutron-api.service[87380]: INFO neutron.db.ovn_revision_numbers_db [None req-73026a41-0365-4804-8775-79562ff3d6e4 admin admin] Successfully bumped revision number for resource f37e3746-1a61-4396-91ba-02caf678ab94 (type: security_groups) to 1
Jun 29 06:59:56.655434 np0000003887 devstack@neutron-api.service[87378]: DEBUG neutron.api.v2.base [None req-e7d60e42-7e9e-4ce4-aa1d-6dc86f563237 admin admin] Request body: {'network': {'name': 'tempest-ServerActionsTestOtherB-686127065-network', 'project_id': 'c2c3db2c0f0440f6a727c4497b7ca07e'}} {{(pid=87378) prepare_request_body /opt/stack/neutron/neutron/api/v2/base.py:727}}
Jun 29 06:59:56.666213 np0000003887 devstack@neutron-api.service[87380]: INFO neutron.db.ovn_revision_numbers_db [None req-73026a41-0365-4804-8775-79562ff3d6e4 admin admin] Successfully bumped revision number for resource 08103e24-cd87-4aa1-b2b4-e0bc91f3ba9b (type: security_group_rules) to 0
Jun 29 06:59:56.670516 np0000003887 devstack@neutron-api.service[87379]: DEBUG neutron.api.rpc.handlers.resources_rpc [None req-e4a44b08-33ec-4817-bc0a-e33785aa1b01 admin admin] Pushing event updated for resources: {'SecurityGroup': ['ID=e6b11f3c-d222-4e89-9b9f-510ba1e73202,revision_number=1']} {{(pid=87379) push /opt/stack/neutron/neutron/api/rpc/handlers/resources_rpc.py:237}}
Jun 29 06:59:56.670979 np0000003887 devstack@neutron-api.service[87378]: DEBUG neutron.pecan_wsgi.hooks.quota_enforcement [None req-e7d60e42-7e9e-4ce4-aa1d-6dc86f563237 admin admin] Made reservation on behalf of c2c3db2c0f0440f6a727c4497b7ca07e for: {'network': 1} {{(pid=87378) before /opt/stack/neutron/neutron/pecan_wsgi/hooks/quota_enforcement.py:66}}
Jun 29 06:59:56.673579 np0000003887 devstack@neutron-api.service[87378]: DEBUG neutron_lib.callbacks.manager [None req-e7d60e42-7e9e-4ce4-aa1d-6dc86f563237 admin admin] Publish callbacks ['neutron.plugins.ml2.plugin.SecurityGroupDbMixin._ensure_default_security_group_handler-3029156'] for network (None), before_create {{(pid=87378) _notify_loop /opt/stack/data/venv/lib/python3.12/site-packages/neutron_lib/callbacks/manager.py:184}}
Jun 29 06:59:56.677123 np0000003887 devstack@neutron-api.service[87379]: DEBUG neutron.api.rpc.callbacks.version_manager [None req-e4a44b08-33ec-4817-bc0a-e33785aa1b01 admin admin] Tracked resource versions report:
Jun 29 06:59:56.677123 np0000003887 devstack@neutron-api.service[87379]: pushed versions:
Jun 29 06:59:56.677123 np0000003887 devstack@neutron-api.service[87379]: { 'AddressGroup': {'1.2'},
Jun 29 06:59:56.677123 np0000003887 devstack@neutron-api.service[87379]: 'Agent': {'1.1'},
Jun 29 06:59:56.677123 np0000003887 devstack@neutron-api.service[87379]: 'ConntrackHelper': {'1.0'},
Jun 29 06:59:56.677123 np0000003887 devstack@neutron-api.service[87379]: 'LocalIPAssociation': {'1.0'},
Jun 29 06:59:56.677123 np0000003887 devstack@neutron-api.service[87379]: 'Log': {'1.0'},
Jun 29 06:59:56.677123 np0000003887 devstack@neutron-api.service[87379]: 'NDPProxy': {'1.0'},
Jun 29 06:59:56.677123 np0000003887 devstack@neutron-api.service[87379]: 'Network': {'1.3'},
Jun 29 06:59:56.677123 np0000003887 devstack@neutron-api.service[87379]: 'Port': {'1.11'},
Jun 29 06:59:56.677123 np0000003887 devstack@neutron-api.service[87379]: 'PortForwarding': {'1.3'},
Jun 29 06:59:56.677123 np0000003887 devstack@neutron-api.service[87379]: 'QosPolicy': {'1.10'},
Jun 29 06:59:56.677123 np0000003887 devstack@neutron-api.service[87379]: 'SecurityGroup': {'1.6'},
Jun 29 06:59:56.677123 np0000003887 devstack@neutron-api.service[87379]: 'SecurityGroupRule': {'1.3'},
Jun 29 06:59:56.677123 np0000003887 devstack@neutron-api.service[87379]: 'SubPort': {'1.0'},
Jun 29 06:59:56.677123 np0000003887 devstack@neutron-api.service[87379]: 'Subnet': {'1.2'},
Jun 29 06:59:56.677123 np0000003887 devstack@neutron-api.service[87379]: 'Trunk': {'1.1'}}
Jun 29 06:59:56.677123 np0000003887 devstack@neutron-api.service[87379]: consumer versions:
Jun 29 06:59:56.677123 np0000003887 devstack@neutron-api.service[87379]: { OVN Neutron agent@np0000003887: {},
Jun 29 06:59:56.677123 np0000003887 devstack@neutron-api.service[87379]: OVN Controller Gateway agent@np0000003887: {}}
Jun 29 06:59:56.677123 np0000003887 devstack@neutron-api.service[87379]: {{(pid=87379) report /opt/stack/neutron/neutron/api/rpc/callbacks/version_manager.py:183}}
Jun 29 06:59:56.678035 np0000003887 devstack@neutron-api.service[87378]: DEBUG neutron_lib.callbacks.manager [None req-e7d60e42-7e9e-4ce4-aa1d-6dc86f563237 admin admin] Publish callbacks [] for security_group (None), before_create {{(pid=87378) _notify_loop /opt/stack/data/venv/lib/python3.12/site-packages/neutron_lib/callbacks/manager.py:184}}
Jun 29 06:59:56.680067 np0000003887 devstack@neutron-api.service[87380]: INFO neutron.db.ovn_revision_numbers_db [None req-73026a41-0365-4804-8775-79562ff3d6e4 admin admin] Successfully bumped revision number for resource 2add98c6-269b-41a0-80d1-13eb5319a531 (type: security_group_rules) to 0
Jun 29 06:59:56.693904 np0000003887 devstack@neutron-api.service[87380]: INFO neutron.db.ovn_revision_numbers_db [None req-73026a41-0365-4804-8775-79562ff3d6e4 admin admin] Successfully bumped revision number for resource a3773d86-29c0-4a57-a18e-5f6f801fe3f8 (type: security_group_rules) to 0
Jun 29 06:59:56.705853 np0000003887 devstack@neutron-api.service[87380]: INFO neutron.db.ovn_revision_numbers_db [None req-73026a41-0365-4804-8775-79562ff3d6e4 admin admin] Successfully bumped revision number for resource efe9ad70-1ea2-40e1-ae1b-37dfba8ae620 (type: security_group_rules) to 0
Jun 29 06:59:56.706242 np0000003887 devstack@neutron-api.service[87379]: DEBUG neutron.plugins.ml2.drivers.helpers [None req-e4a44b08-33ec-4817-bc0a-e33785aa1b01 admin admin] geneve segment allocate from pool success with {'geneve_vni': 26149} {{(pid=87379) allocate_partially_specified_segment /opt/stack/neutron/neutron/plugins/ml2/drivers/helpers.py:142}}
Jun 29 06:59:56.714011 np0000003887 devstack@neutron-api.service[87379]: DEBUG neutron_lib.callbacks.manager [None req-e4a44b08-33ec-4817-bc0a-e33785aa1b01 admin admin] Publish callbacks ['neutron.services.segments.db._add_segment_host_mapping_for_segment-7753453821422', 'neutron.plugins.ml2.plugin.Ml2Plugin._handle_segment_change-64382676'] for segment (62036f1e-5467-48fb-a912-cb89381cbfef), precommit_create {{(pid=87379) _notify_loop /opt/stack/data/venv/lib/python3.12/site-packages/neutron_lib/callbacks/manager.py:184}}
Jun 29 06:59:56.714175 np0000003887 devstack@neutron-api.service[87379]: INFO neutron.db.segments_db [None req-e4a44b08-33ec-4817-bc0a-e33785aa1b01 admin admin] Added segment 62036f1e-5467-48fb-a912-cb89381cbfef of type geneve for network ba8269b0-5c3d-41f4-8874-e9a5e9d43a20
Jun 29 06:59:56.728141 np0000003887 devstack@neutron-api.service[87380]: DEBUG neutron.api.rpc.handlers.resources_rpc [None req-73026a41-0365-4804-8775-79562ff3d6e4 admin admin] Pushing event updated for resources: {'SecurityGroup': ['ID=f37e3746-1a61-4396-91ba-02caf678ab94,revision_number=1']} {{(pid=87380) push /opt/stack/neutron/neutron/api/rpc/handlers/resources_rpc.py:237}}
Jun 29 06:59:56.731082 np0000003887 devstack@neutron-api.service[87379]: DEBUG neutron_lib.callbacks.manager [None req-e4a44b08-33ec-4817-bc0a-e33785aa1b01 admin admin] Publish callbacks ['neutron.services.auto_allocate.db._ensure_external_network_default_value_callback-7753453005838'] for network (ba8269b0-5c3d-41f4-8874-e9a5e9d43a20), precommit_create {{(pid=87379) _notify_loop /opt/stack/data/venv/lib/python3.12/site-packages/neutron_lib/callbacks/manager.py:184}}
Jun 29 06:59:56.744236 np0000003887 devstack@neutron-api.service[87379]: DEBUG neutron.plugins.ml2.drivers.ovn.mech_driver.mech_driver [None req-e4a44b08-33ec-4817-bc0a-e33785aa1b01 admin admin] Validating network segment with type geneve, segmentation ID 26149, physical network None {{(pid=87379) _validate_network_segments /opt/stack/neutron/neutron/plugins/ml2/drivers/ovn/mech_driver/mech_driver.py:646}}
Jun 29 06:59:56.744437 np0000003887 devstack@neutron-api.service[87379]: DEBUG neutron.db.ovn_revision_numbers_db [None req-e4a44b08-33ec-4817-bc0a-e33785aa1b01 admin admin] create_initial_revision uuid=ba8269b0-5c3d-41f4-8874-e9a5e9d43a20, type=networks, rev=-1 {{(pid=87379) create_initial_revision /opt/stack/neutron/neutron/db/ovn_revision_numbers_db.py:98}}
Jun 29 06:59:56.752806 np0000003887 devstack@neutron-api.service[87379]: DEBUG neutron_lib.callbacks.manager [None req-e4a44b08-33ec-4817-bc0a-e33785aa1b01 admin admin] Publish callbacks ['neutron.plugins.ml2.ovo_rpc._ObjectChangeHandler.handle_event-1092096'] for network (ba8269b0-5c3d-41f4-8874-e9a5e9d43a20), after_create {{(pid=87379) _notify_loop /opt/stack/data/venv/lib/python3.12/site-packages/neutron_lib/callbacks/manager.py:184}}
Jun 29 06:59:56.756852 np0000003887 devstack@neutron-api.service[87378]: DEBUG neutron_lib.callbacks.manager [None req-e7d60e42-7e9e-4ce4-aa1d-6dc86f563237 admin admin] Publish callbacks ['neutron.plugins.ml2.drivers.ovn.mech_driver.mech_driver.OVNMechanismDriver._create_security_group_precommit-203610'] for security_group (6e8a9b8a-2a45-4619-8c0b-58ae15f0b699), precommit_create {{(pid=87378) _notify_loop /opt/stack/data/venv/lib/python3.12/site-packages/neutron_lib/callbacks/manager.py:184}}
Jun 29 06:59:56.756998 np0000003887 devstack@neutron-api.service[87378]: DEBUG neutron.db.ovn_revision_numbers_db [None req-e7d60e42-7e9e-4ce4-aa1d-6dc86f563237 admin admin] create_initial_revision uuid=6e8a9b8a-2a45-4619-8c0b-58ae15f0b699, type=security_groups, rev=-1 {{(pid=87378) create_initial_revision /opt/stack/neutron/neutron/db/ovn_revision_numbers_db.py:98}}
Jun 29 06:59:56.758232 np0000003887 devstack@neutron-api.service[87378]: DEBUG neutron.db.ovn_revision_numbers_db [None req-e7d60e42-7e9e-4ce4-aa1d-6dc86f563237 admin admin] create_initial_revision uuid=2e884475-174a-4af9-8402-6a24f7ca5bac, type=security_group_rules, rev=-1 {{(pid=87378) create_initial_revision /opt/stack/neutron/neutron/db/ovn_revision_numbers_db.py:98}}
Jun 29 06:59:56.759377 np0000003887 devstack@neutron-api.service[87378]: DEBUG neutron.db.ovn_revision_numbers_db [None req-e7d60e42-7e9e-4ce4-aa1d-6dc86f563237 admin admin] create_initial_revision uuid=66356d24-1a33-488d-ab39-b76e1978f0ce, type=security_group_rules, rev=-1 {{(pid=87378) create_initial_revision /opt/stack/neutron/neutron/db/ovn_revision_numbers_db.py:98}}
Jun 29 06:59:56.760322 np0000003887 devstack@neutron-api.service[87378]: DEBUG neutron.db.ovn_revision_numbers_db [None req-e7d60e42-7e9e-4ce4-aa1d-6dc86f563237 admin admin] create_initial_revision uuid=8cb2c479-36f1-4ad6-ab73-949ae2317640, type=security_group_rules, rev=-1 {{(pid=87378) create_initial_revision /opt/stack/neutron/neutron/db/ovn_revision_numbers_db.py:98}}
Jun 29 06:59:56.761385 np0000003887 devstack@neutron-api.service[87378]: DEBUG neutron.db.ovn_revision_numbers_db [None req-e7d60e42-7e9e-4ce4-aa1d-6dc86f563237 admin admin] create_initial_revision uuid=979efbf3-a284-4d91-a45b-35e6e4ec4539, type=security_group_rules, rev=-1 {{(pid=87378) create_initial_revision /opt/stack/neutron/neutron/db/ovn_revision_numbers_db.py:98}}
Jun 29 06:59:56.765820 np0000003887 devstack@neutron-api.service[87378]: DEBUG neutron_lib.callbacks.manager [None req-e7d60e42-7e9e-4ce4-aa1d-6dc86f563237 admin admin] Publish callbacks ['neutron.plugins.ml2.drivers.ovn.mech_driver.mech_driver.OVNMechanismDriver._create_security_group-203596', 'neutron.plugins.ml2.ovo_rpc._ObjectChangeHandler.handle_event-1822744'] for security_group (6e8a9b8a-2a45-4619-8c0b-58ae15f0b699), after_create {{(pid=87378) _notify_loop /opt/stack/data/venv/lib/python3.12/site-packages/neutron_lib/callbacks/manager.py:184}}
Jun 29 06:59:56.766389 np0000003887 devstack@neutron-api.service[87380]: DEBUG neutron.plugins.ml2.drivers.helpers [None req-73026a41-0365-4804-8775-79562ff3d6e4 admin admin] geneve segment allocate from pool success with {'geneve_vni': 11186} {{(pid=87380) allocate_partially_specified_segment /opt/stack/neutron/neutron/plugins/ml2/drivers/helpers.py:142}}
Jun 29 06:59:56.767245 np0000003887 devstack@neutron-api.service[87378]: DEBUG ovsdbapp.backend.ovs_idl.transaction [None req-934077df-b8c6-4a53-8766-3a103c8c5dcb None None] Running txn n=1 command(idx=0): PgAddCommand(_result=None, name=pg_6e8a9b8a_2a45_4619_8c0b_58ae15f0b699, may_exist=False, columns={'acls': [], 'external_ids': {'neutron:security_group_id': '6e8a9b8a-2a45-4619-8c0b-58ae15f0b699'}}) {{(pid=87378) do_commit /opt/stack/data/venv/lib/python3.12/site-packages/ovsdbapp/backend/ovs_idl/transaction.py:89}}
Jun 29 06:59:56.768399 np0000003887 devstack@neutron-api.service[87378]: DEBUG ovsdbapp.backend.ovs_idl.transaction [None req-934077df-b8c6-4a53-8766-3a103c8c5dcb None None] Running txn n=1 command(idx=1): PgAclAddCommand(_result=None, entity=pg_6e8a9b8a_2a45_4619_8c0b_58ae15f0b699, direction=from-lport, priority=1002, match=inport == @pg_6e8a9b8a_2a45_4619_8c0b_58ae15f0b699 && ip4, action=allow-related, log=False, may_exist=True, severity=[], name=[], meter=[], external_ids={'neutron:security_group_rule_id': '2e884475-174a-4af9-8402-6a24f7ca5bac'}) {{(pid=87378) do_commit /opt/stack/data/venv/lib/python3.12/site-packages/ovsdbapp/backend/ovs_idl/transaction.py:89}}
Jun 29 06:59:56.768399 np0000003887 devstack@neutron-api.service[87378]: DEBUG ovsdbapp.backend.ovs_idl.transaction [None req-934077df-b8c6-4a53-8766-3a103c8c5dcb None None] Running txn n=1 command(idx=2): PgAclAddCommand(_result=None, entity=pg_6e8a9b8a_2a45_4619_8c0b_58ae15f0b699, direction=to-lport, priority=1002, match=outport == @pg_6e8a9b8a_2a45_4619_8c0b_58ae15f0b699 && ip6 && ip6.src == $pg_6e8a9b8a_2a45_4619_8c0b_58ae15f0b699_ip6, action=allow-related, log=False, may_exist=True, severity=[], name=[], meter=[], external_ids={'neutron:security_group_rule_id': '66356d24-1a33-488d-ab39-b76e1978f0ce'}) {{(pid=87378) do_commit /opt/stack/data/venv/lib/python3.12/site-packages/ovsdbapp/backend/ovs_idl/transaction.py:89}}
Jun 29 06:59:56.768722 np0000003887 devstack@neutron-api.service[87378]: DEBUG ovsdbapp.backend.ovs_idl.transaction [None req-934077df-b8c6-4a53-8766-3a103c8c5dcb None None] Running txn n=1 command(idx=3): PgAclAddCommand(_result=None, entity=pg_6e8a9b8a_2a45_4619_8c0b_58ae15f0b699, direction=from-lport, priority=1002, match=inport == @pg_6e8a9b8a_2a45_4619_8c0b_58ae15f0b699 && ip6, action=allow-related, log=False, may_exist=True, severity=[], name=[], meter=[], external_ids={'neutron:security_group_rule_id': '8cb2c479-36f1-4ad6-ab73-949ae2317640'}) {{(pid=87378) do_commit /opt/stack/data/venv/lib/python3.12/site-packages/ovsdbapp/backend/ovs_idl/transaction.py:89}}
Jun 29 06:59:56.768822 np0000003887 devstack@neutron-api.service[87378]: DEBUG ovsdbapp.backend.ovs_idl.transaction [None req-934077df-b8c6-4a53-8766-3a103c8c5dcb None None] Running txn n=1 command(idx=4): PgAclAddCommand(_result=None, entity=pg_6e8a9b8a_2a45_4619_8c0b_58ae15f0b699, direction=to-lport, priority=1002, match=outport == @pg_6e8a9b8a_2a45_4619_8c0b_58ae15f0b699 && ip4 && ip4.src == $pg_6e8a9b8a_2a45_4619_8c0b_58ae15f0b699_ip4, action=allow-related, log=False, may_exist=True, severity=[], name=[], meter=[], external_ids={'neutron:security_group_rule_id': '979efbf3-a284-4d91-a45b-35e6e4ec4539'}) {{(pid=87378) do_commit /opt/stack/data/venv/lib/python3.12/site-packages/ovsdbapp/backend/ovs_idl/transaction.py:89}}
Jun 29 06:59:56.773621 np0000003887 devstack@neutron-api.service[87378]: DEBUG neutron.plugins.ml2.drivers.ovn.mech_driver.ovsdb.ovsdb_monitor [None req-934077df-b8c6-4a53-8766-3a103c8c5dcb None None] Hash Ring: Node 06b91ea498545bb0985fede3602ba5a6 (host: np0000003887) handling event "create" for row 8901dadf-a8d3-4e3b-be26-d2b03ad62703 (table: Port_Group) {{(pid=87378) notify /opt/stack/neutron/neutron/plugins/ml2/drivers/ovn/mech_driver/ovsdb/ovsdb_monitor.py:1015}}
Jun 29 06:59:56.774619 np0000003887 devstack@neutron-api.service[87379]: DEBUG neutron.api.rpc.handlers.resources_rpc [None req-e4a44b08-33ec-4817-bc0a-e33785aa1b01 admin admin] Pushing event updated for resources: {'Network': ['ID=ba8269b0-5c3d-41f4-8874-e9a5e9d43a20,revision_number=1']} {{(pid=87379) push /opt/stack/neutron/neutron/api/rpc/handlers/resources_rpc.py:237}}
Jun 29 06:59:56.779347 np0000003887 devstack@neutron-api.service[87380]: DEBUG neutron_lib.callbacks.manager [None req-73026a41-0365-4804-8775-79562ff3d6e4 admin admin] Publish callbacks ['neutron.services.segments.db._add_segment_host_mapping_for_segment-7753453701724', 'neutron.plugins.ml2.plugin.Ml2Plugin._handle_segment_change-2518283'] for segment (54e27d9c-f2eb-43bc-b3e2-8a3665a440ec), precommit_create {{(pid=87380) _notify_loop /opt/stack/data/venv/lib/python3.12/site-packages/neutron_lib/callbacks/manager.py:184}}
Jun 29 06:59:56.779534 np0000003887 devstack@neutron-api.service[87380]: INFO neutron.db.segments_db [None req-73026a41-0365-4804-8775-79562ff3d6e4 admin admin] Added segment 54e27d9c-f2eb-43bc-b3e2-8a3665a440ec of type geneve for network 63980154-0c95-4062-ba21-f8794c9c1557
Jun 29 06:59:56.784249 np0000003887 devstack@neutron-api.service[87379]: DEBUG ovsdbapp.backend.ovs_idl.transaction [None req-f4aa13bb-044f-4488-ad56-4c4b0afbba69 None None] Running txn n=1 command(idx=0): AddNetworkCommand(_result=None, network_uuid=ba8269b0-5c3d-41f4-8874-e9a5e9d43a20, may_exist=True, columns={'external_ids': {'neutron:network_name': 'tempest-VolumesAdminNegativeTest-1692530290-network', 'neutron:mtu': '1372', 'neutron:revision_number': '1', 'neutron:availability_zone_hints': '', 'neutron:provnet-network-type': 'geneve'}, 'other_config': {'mcast_snoop': 'false', 'mcast_flood_unregistered': 'false', 'vlan-passthru': 'false'}}) {{(pid=87379) do_commit /opt/stack/data/venv/lib/python3.12/site-packages/ovsdbapp/backend/ovs_idl/transaction.py:89}}
Jun 29 06:59:56.787460 np0000003887 devstack@neutron-api.service[87380]: DEBUG neutron.plugins.ml2.drivers.ovn.mech_driver.ovsdb.ovsdb_monitor [None req-b26af85e-1d78-42e7-93ab-6b1352d9a3da None None] Hash Ring: Node 92e0db94cb0f5e168042dec3f7d36c6a (host: np0000003887) handling event "create" for row 01be364f-df9a-48cc-835d-22eda5e85a11 (table: ACL) {{(pid=87380) notify /opt/stack/neutron/neutron/plugins/ml2/drivers/ovn/mech_driver/ovsdb/ovsdb_monitor.py:1015}}
Jun 29 06:59:56.787460 np0000003887 devstack@neutron-api.service[87380]: DEBUG neutron.plugins.ml2.drivers.ovn.mech_driver.ovsdb.ovsdb_monitor [None req-b26af85e-1d78-42e7-93ab-6b1352d9a3da None None] Hash Ring: Node 92e0db94cb0f5e168042dec3f7d36c6a (host: np0000003887) handling event "create" for row 4ee862da-5c74-4e29-b84c-db4b6f8afeae (table: ACL) {{(pid=87380) notify /opt/stack/neutron/neutron/plugins/ml2/drivers/ovn/mech_driver/ovsdb/ovsdb_monitor.py:1015}}
Jun 29 06:59:56.787460 np0000003887 devstack@neutron-api.service[87380]: DEBUG neutron.plugins.ml2.drivers.ovn.mech_driver.ovsdb.ovsdb_monitor [None req-b26af85e-1d78-42e7-93ab-6b1352d9a3da None None] Hash Ring: Node 92e0db94cb0f5e168042dec3f7d36c6a (host: np0000003887) handling event "create" for row 84201d60-c4a5-4a07-955d-4f635f59bf84 (table: ACL) {{(pid=87380) notify /opt/stack/neutron/neutron/plugins/ml2/drivers/ovn/mech_driver/ovsdb/ovsdb_monitor.py:1015}}
Jun 29 06:59:56.787460 np0000003887 devstack@neutron-api.service[87380]: DEBUG neutron.plugins.ml2.drivers.ovn.mech_driver.ovsdb.ovsdb_monitor [None req-b26af85e-1d78-42e7-93ab-6b1352d9a3da None None] Hash Ring: Node 92e0db94cb0f5e168042dec3f7d36c6a (host: np0000003887) handling event "create" for row d8e8ecc1-655e-4e98-8c9f-aecdac1f8366 (table: ACL) {{(pid=87380) notify /opt/stack/neutron/neutron/plugins/ml2/drivers/ovn/mech_driver/ovsdb/ovsdb_monitor.py:1015}}
Jun 29 06:59:56.789737 np0000003887 devstack@neutron-api.service[87379]: DEBUG neutron.plugins.ml2.drivers.ovn.mech_driver.ovsdb.ovsdb_monitor [None req-f4aa13bb-044f-4488-ad56-4c4b0afbba69 None None] Hash Ring: Node 8425a5998e0257d5a0f3b4a6cf937829 (host: np0000003887) handling event "create" for row ba8269b0-5c3d-41f4-8874-e9a5e9d43a20 (table: Logical_Switch) {{(pid=87379) notify /opt/stack/neutron/neutron/plugins/ml2/drivers/ovn/mech_driver/ovsdb/ovsdb_monitor.py:1015}}
Jun 29 06:59:56.804809 np0000003887 devstack@neutron-api.service[87378]: DEBUG neutron.common.ovn.hash_ring_manager [None req-c5059dfb-bdf8-4ca6-afd5-6450b093b915 None None] Hash Ring loaded. 3 active nodes. 0 offline nodes {{(pid=87378) _load_hash_ring /opt/stack/neutron/neutron/common/ovn/hash_ring_manager.py:110}}
Jun 29 06:59:56.806160 np0000003887 devstack@neutron-api.service[87378]: INFO neutron.db.ovn_revision_numbers_db [None req-e7d60e42-7e9e-4ce4-aa1d-6dc86f563237 admin admin] Successfully bumped revision number for resource 6e8a9b8a-2a45-4619-8c0b-58ae15f0b699 (type: security_groups) to 1
Jun 29 06:59:56.818197 np0000003887 devstack@neutron-api.service[87378]: INFO neutron.db.ovn_revision_numbers_db [None req-e7d60e42-7e9e-4ce4-aa1d-6dc86f563237 admin admin] Successfully bumped revision number for resource 2e884475-174a-4af9-8402-6a24f7ca5bac (type: security_group_rules) to 0
Jun 29 06:59:56.821284 np0000003887 devstack@neutron-api.service[87379]: DEBUG neutron.common.ovn.hash_ring_manager [None req-877ca17f-a105-415d-82a1-8bcd3eb46233 None None] Hash Ring loaded. 3 active nodes. 0 offline nodes {{(pid=87379) _load_hash_ring /opt/stack/neutron/neutron/common/ovn/hash_ring_manager.py:110}}
Jun 29 06:59:56.822890 np0000003887 devstack@neutron-api.service[87379]: INFO neutron.db.ovn_revision_numbers_db [None req-e4a44b08-33ec-4817-bc0a-e33785aa1b01 admin admin] Successfully bumped revision number for resource ba8269b0-5c3d-41f4-8874-e9a5e9d43a20 (type: networks) to 1
Jun 29 06:59:56.827879 np0000003887 devstack@neutron-api.service[87378]: INFO neutron.db.ovn_revision_numbers_db [None req-e7d60e42-7e9e-4ce4-aa1d-6dc86f563237 admin admin] Successfully bumped revision number for resource 66356d24-1a33-488d-ab39-b76e1978f0ce (type: security_group_rules) to 0
Jun 29 06:59:56.835557 np0000003887 devstack@neutron-api.service[87379]: DEBUG neutron_lib.callbacks.manager [None req-e4a44b08-33ec-4817-bc0a-e33785aa1b01 admin admin] Publish callbacks ['neutron.plugins.ml2.plugin.SecurityGroupDbMixin._ensure_default_security_group_handler-64638456'] for port (None), before_create {{(pid=87379) _notify_loop /opt/stack/data/venv/lib/python3.12/site-packages/neutron_lib/callbacks/manager.py:184}}
Jun 29 06:59:56.840096 np0000003887 devstack@neutron-api.service[87378]: INFO neutron.db.ovn_revision_numbers_db [None req-e7d60e42-7e9e-4ce4-aa1d-6dc86f563237 admin admin] Successfully bumped revision number for resource 8cb2c479-36f1-4ad6-ab73-949ae2317640 (type: security_group_rules) to 0
Jun 29 06:59:56.851673 np0000003887 devstack@neutron-api.service[87378]: INFO neutron.db.ovn_revision_numbers_db [None req-e7d60e42-7e9e-4ce4-aa1d-6dc86f563237 admin admin] Successfully bumped revision number for resource 979efbf3-a284-4d91-a45b-35e6e4ec4539 (type: security_group_rules) to 0
Jun 29 06:59:56.873943 np0000003887 devstack@neutron-api.service[87378]: DEBUG neutron.api.rpc.handlers.resources_rpc [None req-e7d60e42-7e9e-4ce4-aa1d-6dc86f563237 admin admin] Pushing event updated for resources: {'SecurityGroup': ['ID=6e8a9b8a-2a45-4619-8c0b-58ae15f0b699,revision_number=1']} {{(pid=87378) push /opt/stack/neutron/neutron/api/rpc/handlers/resources_rpc.py:237}}
Jun 29 06:59:56.878750 np0000003887 devstack@neutron-api.service[87378]: DEBUG ovsdbapp.backend.ovs_idl.transaction [None req-934077df-b8c6-4a53-8766-3a103c8c5dcb None None] Running txn n=1 command(idx=0): CheckLivenessCommand(_result=None) {{(pid=87378) do_commit /opt/stack/data/venv/lib/python3.12/site-packages/ovsdbapp/backend/ovs_idl/transaction.py:89}}
Jun 29 06:59:56.880645 np0000003887 devstack@neutron-api.service[87378]: DEBUG neutron.plugins.ml2.drivers.ovn.mech_driver.ovsdb.ovsdb_monitor [None req-934077df-b8c6-4a53-8766-3a103c8c5dcb None None] Hash Ring: Node 06b91ea498545bb0985fede3602ba5a6 (host: np0000003887) handling event "update" for row 6d4d6fc3-d59b-4dda-a39e-bf4ce7a6c111 (table: NB_Global) {{(pid=87378) notify /opt/stack/neutron/neutron/plugins/ml2/drivers/ovn/mech_driver/ovsdb/ovsdb_monitor.py:1015}}
Jun 29 06:59:56.887717 np0000003887 devstack@neutron-api.service[87378]: DEBUG neutron.plugins.ml2.drivers.ovn.mech_driver.ovsdb.ovsdb_monitor [None req-c5059dfb-bdf8-4ca6-afd5-6450b093b915 None None] ChassisAgentWriteEvent : Matched Chassis_Private, update, None None {{(pid=87378) matches /opt/stack/neutron/neutron/plugins/ml2/drivers/ovn/mech_driver/ovsdb/ovsdb_monitor.py:64}}
Jun 29 06:59:56.889774 np0000003887 devstack@neutron-api.service[87379]: DEBUG neutron.plugins.ml2.drivers.ovn.mech_driver.ovsdb.ovsdb_monitor [None req-877ca17f-a105-415d-82a1-8bcd3eb46233 None None] ChassisAgentWriteEvent : Matched Chassis_Private, update, None None {{(pid=87379) matches /opt/stack/neutron/neutron/plugins/ml2/drivers/ovn/mech_driver/ovsdb/ovsdb_monitor.py:64}}
Jun 29 06:59:56.894158 np0000003887 devstack@neutron-api.service[87378]: DEBUG neutron.plugins.ml2.drivers.ovn.mech_driver.ovsdb.ovsdb_monitor [None req-934077df-b8c6-4a53-8766-3a103c8c5dcb None None] Hash Ring: Node 06b91ea498545bb0985fede3602ba5a6 (host: np0000003887) handling event "update" for row 6d4d6fc3-d59b-4dda-a39e-bf4ce7a6c111 (table: NB_Global) {{(pid=87378) notify /opt/stack/neutron/neutron/plugins/ml2/drivers/ovn/mech_driver/ovsdb/ovsdb_monitor.py:1015}}
Jun 29 06:59:56.895066 np0000003887 devstack@neutron-api.service[87378]: DEBUG neutron.plugins.ml2.drivers.ovn.mech_driver.ovsdb.ovsdb_monitor [None req-c5059dfb-bdf8-4ca6-afd5-6450b093b915 None None] ChassisOVNAgentWriteEvent : Matched Chassis_Private, update, None None {{(pid=87378) matches /opt/stack/neutron/neutron/plugins/ml2/drivers/ovn/mech_driver/ovsdb/ovsdb_monitor.py:64}}
Jun 29 06:59:56.897491 np0000003887 devstack@neutron-api.service[87378]: DEBUG neutron.plugins.ml2.drivers.ovn.mech_driver.ovsdb.ovsdb_monitor [None req-934077df-b8c6-4a53-8766-3a103c8c5dcb None None] Hash Ring: Node 06b91ea498545bb0985fede3602ba5a6 (host: np0000003887) handling event "update" for row 6d4d6fc3-d59b-4dda-a39e-bf4ce7a6c111 (table: NB_Global) {{(pid=87378) notify /opt/stack/neutron/neutron/plugins/ml2/drivers/ovn/mech_driver/ovsdb/ovsdb_monitor.py:1015}}
Jun 29 06:59:56.898996 np0000003887 devstack@neutron-api.service[87379]: DEBUG neutron.plugins.ml2.drivers.ovn.mech_driver.ovsdb.ovsdb_monitor [None req-877ca17f-a105-415d-82a1-8bcd3eb46233 None None] ChassisOVNAgentWriteEvent : Matched Chassis_Private, update, None None {{(pid=87379) matches /opt/stack/neutron/neutron/plugins/ml2/drivers/ovn/mech_driver/ovsdb/ovsdb_monitor.py:64}}
Jun 29 06:59:56.900238 np0000003887 devstack@neutron-api.service[87378]: DEBUG neutron.plugins.ml2.drivers.ovn.mech_driver.ovsdb.ovsdb_monitor [None req-934077df-b8c6-4a53-8766-3a103c8c5dcb None None] Hash Ring: Node 06b91ea498545bb0985fede3602ba5a6 (host: np0000003887) handling event "update" for row 6d4d6fc3-d59b-4dda-a39e-bf4ce7a6c111 (table: NB_Global) {{(pid=87378) notify /opt/stack/neutron/neutron/plugins/ml2/drivers/ovn/mech_driver/ovsdb/ovsdb_monitor.py:1015}}
Jun 29 06:59:56.923090 np0000003887 devstack@neutron-api.service[87379]: DEBUG neutron_lib.callbacks.manager [None req-e4a44b08-33ec-4817-bc0a-e33785aa1b01 admin admin] Publish callbacks ['neutron.plugins.ml2.drivers.ovn.mech_driver.mech_driver.OVNMechanismDriver._validate_allowed_address_pairs-228413'] for allowed_address_pair (82c1d8c4-516b-4043-92ef-07169e3ea6a0), before_create {{(pid=87379) _notify_loop /opt/stack/data/venv/lib/python3.12/site-packages/neutron_lib/callbacks/manager.py:184}}
Jun 29 06:59:56.923775 np0000003887 devstack@neutron-api.service[87379]: DEBUG neutron_lib.callbacks.manager [None req-e4a44b08-33ec-4817-bc0a-e33785aa1b01 admin admin] Publish callbacks [] for port (82c1d8c4-516b-4043-92ef-07169e3ea6a0), precommit_create {{(pid=87379) _notify_loop /opt/stack/data/venv/lib/python3.12/site-packages/neutron_lib/callbacks/manager.py:184}}
Jun 29 06:59:56.923946 np0000003887 devstack@neutron-api.service[87379]: DEBUG neutron.plugins.ml2.drivers.ovn.mech_driver.mech_driver [None req-e4a44b08-33ec-4817-bc0a-e33785aa1b01 admin admin] No provisioning block for port 82c1d8c4-516b-4043-92ef-07169e3ea6a0 since it does not have a host {{(pid=87379) _is_port_provisioning_required /opt/stack/neutron/neutron/plugins/ml2/drivers/ovn/mech_driver/mech_driver.py:899}}
Jun 29 06:59:56.924049 np0000003887 devstack@neutron-api.service[87379]: DEBUG neutron.db.ovn_revision_numbers_db [None req-e4a44b08-33ec-4817-bc0a-e33785aa1b01 admin admin] create_initial_revision uuid=82c1d8c4-516b-4043-92ef-07169e3ea6a0, type=ports, rev=-1 {{(pid=87379) create_initial_revision /opt/stack/neutron/neutron/db/ovn_revision_numbers_db.py:98}}
Jun 29 06:59:56.928533 np0000003887 devstack@neutron-api.service[87378]: DEBUG neutron.plugins.ml2.drivers.helpers [None req-e7d60e42-7e9e-4ce4-aa1d-6dc86f563237 admin admin] geneve segment allocate from pool success with {'geneve_vni': 26079} {{(pid=87378) allocate_partially_specified_segment /opt/stack/neutron/neutron/plugins/ml2/drivers/helpers.py:142}}
Jun 29 06:59:56.934495 np0000003887 devstack@neutron-api.service[87378]: DEBUG neutron_lib.callbacks.manager [None req-e7d60e42-7e9e-4ce4-aa1d-6dc86f563237 admin admin] Publish callbacks ['neutron.plugins.ml2.plugin.Ml2Plugin._handle_segment_change-2487086'] for segment (06e7143b-3632-4541-b534-f6500059758d), precommit_create {{(pid=87378) _notify_loop /opt/stack/data/venv/lib/python3.12/site-packages/neutron_lib/callbacks/manager.py:184}}
Jun 29 06:59:56.934646 np0000003887 devstack@neutron-api.service[87378]: INFO neutron.db.segments_db [None req-e7d60e42-7e9e-4ce4-aa1d-6dc86f563237 admin admin] Added segment 06e7143b-3632-4541-b534-f6500059758d of type geneve for network 8a050387-8a82-4275-876e-427908a1d346
Jun 29 06:59:56.949119 np0000003887 devstack@neutron-api.service[87378]: DEBUG neutron_lib.callbacks.manager [None req-e7d60e42-7e9e-4ce4-aa1d-6dc86f563237 admin admin] Publish callbacks ['neutron.services.auto_allocate.db._ensure_external_network_default_value_callback-7753452472834'] for network (8a050387-8a82-4275-876e-427908a1d346), precommit_create {{(pid=87378) _notify_loop /opt/stack/data/venv/lib/python3.12/site-packages/neutron_lib/callbacks/manager.py:184}}
Jun 29 06:59:56.951498 np0000003887 devstack@neutron-api.service[87379]: DEBUG neutron_lib.callbacks.manager [None req-e4a44b08-33ec-4817-bc0a-e33785aa1b01 admin admin] Publish callbacks ['neutron.plugins.ml2.ovo_rpc._ObjectChangeHandler.handle_event-1092200'] for port (82c1d8c4-516b-4043-92ef-07169e3ea6a0), after_create {{(pid=87379) _notify_loop /opt/stack/data/venv/lib/python3.12/site-packages/neutron_lib/callbacks/manager.py:184}}
Jun 29 06:59:56.960133 np0000003887 devstack@neutron-api.service[87378]: DEBUG neutron.plugins.ml2.drivers.ovn.mech_driver.mech_driver [None req-e7d60e42-7e9e-4ce4-aa1d-6dc86f563237 admin admin] Validating network segment with type geneve, segmentation ID 26079, physical network None {{(pid=87378) _validate_network_segments /opt/stack/neutron/neutron/plugins/ml2/drivers/ovn/mech_driver/mech_driver.py:646}}
Jun 29 06:59:56.960276 np0000003887 devstack@neutron-api.service[87378]: DEBUG neutron.db.ovn_revision_numbers_db [None req-e7d60e42-7e9e-4ce4-aa1d-6dc86f563237 admin admin] create_initial_revision uuid=8a050387-8a82-4275-876e-427908a1d346, type=networks, rev=-1 {{(pid=87378) create_initial_revision /opt/stack/neutron/neutron/db/ovn_revision_numbers_db.py:98}}
Jun 29 06:59:56.967744 np0000003887 devstack@neutron-api.service[87378]: DEBUG neutron_lib.callbacks.manager [None req-e7d60e42-7e9e-4ce4-aa1d-6dc86f563237 admin admin] Publish callbacks ['neutron.plugins.ml2.ovo_rpc._ObjectChangeHandler.handle_event-1822971'] for network (8a050387-8a82-4275-876e-427908a1d346), after_create {{(pid=87378) _notify_loop /opt/stack/data/venv/lib/python3.12/site-packages/neutron_lib/callbacks/manager.py:184}}
Jun 29 06:59:56.979924 np0000003887 devstack@neutron-api.service[87379]: DEBUG neutron.api.rpc.handlers.resources_rpc [None req-e4a44b08-33ec-4817-bc0a-e33785aa1b01 admin admin] Pushing event updated for resources: {'Port': ['ID=82c1d8c4-516b-4043-92ef-07169e3ea6a0,revision_number=1']} {{(pid=87379) push /opt/stack/neutron/neutron/api/rpc/handlers/resources_rpc.py:237}}
Jun 29 06:59:56.983511 np0000003887 devstack@neutron-api.service[87378]: DEBUG neutron.api.rpc.handlers.resources_rpc [None req-e7d60e42-7e9e-4ce4-aa1d-6dc86f563237 admin admin] Pushing event updated for resources: {'Network': ['ID=8a050387-8a82-4275-876e-427908a1d346,revision_number=1']} {{(pid=87378) push /opt/stack/neutron/neutron/api/rpc/handlers/resources_rpc.py:237}}
Jun 29 06:59:56.985578 np0000003887 devstack@neutron-api.service[87379]: DEBUG neutron.plugins.ml2.drivers.ovn.mech_driver.ovsdb.commands [None req-e4a44b08-33ec-4817-bc0a-e33785aa1b01 admin admin] Converting tag [] to a tag_request {{(pid=87379) _tag_column_to_tag_request /opt/stack/neutron/neutron/plugins/ml2/drivers/ovn/mech_driver/ovsdb/commands.py:205}}
Jun 29 06:59:56.986399 np0000003887 devstack@neutron-api.service[87379]: DEBUG ovsdbapp.backend.ovs_idl.transaction [None req-f4aa13bb-044f-4488-ad56-4c4b0afbba69 None None] Running txn n=1 command(idx=0): AddLSwitchPortCommand(_result=None, lport=82c1d8c4-516b-4043-92ef-07169e3ea6a0, lswitch=neutron-ba8269b0-5c3d-41f4-8874-e9a5e9d43a20, may_exist=True, network_uuid=ba8269b0-5c3d-41f4-8874-e9a5e9d43a20, columns={'addresses': ['fa:16:3e:1a:e0:76'], 'external_ids': {'neutron:port_name': '', 'neutron:device_id': 'ovnmeta-ba8269b0-5c3d-41f4-8874-e9a5e9d43a20', 'neutron:project_id': '2ea2240da8ba453c892e94b5095bbbcd', 'neutron:cidrs': '', 'neutron:device_owner': 'network:distributed', 'neutron:subnet_pool_addr_scope4': '', 'neutron:subnet_pool_addr_scope6': '', 'neutron:network_name': 'neutron-ba8269b0-5c3d-41f4-8874-e9a5e9d43a20', 'neutron:security_group_ids': '', 'neutron:revision_number': '1', 'neutron:vnic_type': 'normal', 'neutron:port_capabilities': '', 'neutron:mtu': '1372'}, 'parent_name': [], 'enabled': True, 'options': {}, 'type': 'localport', 'port_security': [], 'dhcpv4_options': [], 'dhcpv6_options': [], 'tag_request': []}) {{(pid=87379) do_commit /opt/stack/data/venv/lib/python3.12/site-packages/ovsdbapp/backend/ovs_idl/transaction.py:89}}
Jun 29 06:59:56.986988 np0000003887 devstack@neutron-api.service[87379]: DEBUG ovsdbapp.backend.ovs_idl.transaction [None req-f4aa13bb-044f-4488-ad56-4c4b0afbba69 None None] Running txn n=1 command(idx=1): QoSDelCommand(_result=None, switch=neutron-ba8269b0-5c3d-41f4-8874-e9a5e9d43a20, conditions=[('direction', '=', 'to-lport'), ('priority', '=', 2002), ('match', '=', 'outport == "82c1d8c4-516b-4043-92ef-07169e3ea6a0"')], if_exists=True) {{(pid=87379) do_commit /opt/stack/data/venv/lib/python3.12/site-packages/ovsdbapp/backend/ovs_idl/transaction.py:89}}
Jun 29 06:59:56.987192 np0000003887 devstack@neutron-api.service[87379]: DEBUG ovsdbapp.backend.ovs_idl.transaction [None req-f4aa13bb-044f-4488-ad56-4c4b0afbba69 None None] Running txn n=1 command(idx=2): QoSDelCommand(_result=None, switch=neutron-ba8269b0-5c3d-41f4-8874-e9a5e9d43a20, conditions=[('direction', '=', 'from-lport'), ('priority', '=', 2002), ('match', '=', 'inport == "82c1d8c4-516b-4043-92ef-07169e3ea6a0"')], if_exists=True) {{(pid=87379) do_commit /opt/stack/data/venv/lib/python3.12/site-packages/ovsdbapp/backend/ovs_idl/transaction.py:89}}
Jun 29 06:59:56.991757 np0000003887 devstack@neutron-api.service[87379]: DEBUG neutron.plugins.ml2.drivers.ovn.mech_driver.ovsdb.ovsdb_monitor [None req-f4aa13bb-044f-4488-ad56-4c4b0afbba69 None None] Hash Ring: Node 8425a5998e0257d5a0f3b4a6cf937829 (host: np0000003887) handling event "update" for row ba8269b0-5c3d-41f4-8874-e9a5e9d43a20 (table: Logical_Switch) {{(pid=87379) notify /opt/stack/neutron/neutron/plugins/ml2/drivers/ovn/mech_driver/ovsdb/ovsdb_monitor.py:1015}}
Jun 29 06:59:56.995795 np0000003887 devstack@neutron-api.service[87378]: DEBUG neutron.plugins.ml2.drivers.ovn.mech_driver.ovsdb.ovsdb_monitor [None req-934077df-b8c6-4a53-8766-3a103c8c5dcb None None] Hash Ring: Node 06b91ea498545bb0985fede3602ba5a6 (host: np0000003887) handling event "create" for row 987948f4-f949-4113-8d28-ffe34249743c (table: Logical_Switch_Port) {{(pid=87378) notify /opt/stack/neutron/neutron/plugins/ml2/drivers/ovn/mech_driver/ovsdb/ovsdb_monitor.py:1015}}
Jun 29 06:59:56.996683 np0000003887 devstack@neutron-api.service[87378]: DEBUG ovsdbapp.backend.ovs_idl.event [None req-934077df-b8c6-4a53-8766-3a103c8c5dcb None None] Matched CREATE: LogicalSwitchPortCreateEvent(events=('create',), table='Logical_Switch_Port', conditions=[], old_conditions=None), priority=20 to row=Logical_Switch_Port(uuid=987948f4-f949-4113-8d28-ffe34249743c, addresses=['fa:16:3e:1a:e0:76'], dhcpv4_options=[], dhcpv6_options=[], dynamic_addresses=[], enabled=True, external_ids={'neutron:cidrs': '', 'neutron:device_id': 'ovnmeta-ba8269b0-5c3d-41f4-8874-e9a5e9d43a20', 'neutron:device_owner': 'network:distributed', 'neutron:mtu': '1372', 'neutron:network_name': 'neutron-ba8269b0-5c3d-41f4-8874-e9a5e9d43a20', 'neutron:port_capabilities': '', 'neutron:port_name': '', 'neutron:project_id': '2ea2240da8ba453c892e94b5095bbbcd', 'neutron:revision_number': '1', 'neutron:security_group_ids': '', 'neutron:subnet_pool_addr_scope4': '', 'neutron:subnet_pool_addr_scope6': '', 'neutron:vnic_type': 'normal'}, ha_chassis_group=[], mirror_rules=[], name='82c1d8c4-516b-4043-92ef-07169e3ea6a0', options={}, parent_name=[], port_security=[], tag=[], tag_request=[], type='localport', up=[]) old= {{(pid=87378) matches /opt/stack/data/venv/lib/python3.12/site-packages/ovsdbapp/backend/ovs_idl/event.py:55}}
Jun 29 06:59:56.998895 np0000003887 devstack@neutron-api.service[87379]: DEBUG neutron.plugins.ml2.drivers.ovn.mech_driver.ovsdb.ovsdb_monitor [None req-877ca17f-a105-415d-82a1-8bcd3eb46233 None None] Hash Ring: Node 8425a5998e0257d5a0f3b4a6cf937829 (host: np0000003887) handling event "create" for row b9c1c7f1-e0dc-4854-9fac-d04ea270a42c (table: Port_Binding) {{(pid=87379) notify /opt/stack/neutron/neutron/plugins/ml2/drivers/ovn/mech_driver/ovsdb/ovsdb_monitor.py:1015}}
Jun 29 06:59:57.000218 np0000003887 devstack@neutron-api.service[87378]: DEBUG neutron.plugins.ml2.drivers.ovn.mech_driver.ovsdb.ovsdb_monitor [None req-934077df-b8c6-4a53-8766-3a103c8c5dcb None None] Hash Ring: Node 06b91ea498545bb0985fede3602ba5a6 (host: np0000003887) handling event "update" for row 987948f4-f949-4113-8d28-ffe34249743c (table: Logical_Switch_Port) {{(pid=87378) notify /opt/stack/neutron/neutron/plugins/ml2/drivers/ovn/mech_driver/ovsdb/ovsdb_monitor.py:1015}}
Jun 29 06:59:57.001036 np0000003887 devstack@neutron-api.service[87378]: INFO neutron.plugins.ml2.drivers.ovn.mech_driver.mech_driver [None req-3cf5a63e-7c66-494a-a2b3-ec6e8d57cf91 None None] OVN reports status down for port: 82c1d8c4-516b-4043-92ef-07169e3ea6a0
Jun 29 06:59:57.005601 np0000003887 devstack@neutron-api.service[87378]: DEBUG ovsdbapp.backend.ovs_idl.transaction [None req-934077df-b8c6-4a53-8766-3a103c8c5dcb None None] Running txn n=1 command(idx=0): AddNetworkCommand(_result=None, network_uuid=8a050387-8a82-4275-876e-427908a1d346, may_exist=True, columns={'external_ids': {'neutron:network_name': 'tempest-ServerActionsTestOtherB-686127065-network', 'neutron:mtu': '1372', 'neutron:revision_number': '1', 'neutron:availability_zone_hints': '', 'neutron:provnet-network-type': 'geneve'}, 'other_config': {'mcast_snoop': 'false', 'mcast_flood_unregistered': 'false', 'vlan-passthru': 'false'}}) {{(pid=87378) do_commit /opt/stack/data/venv/lib/python3.12/site-packages/ovsdbapp/backend/ovs_idl/transaction.py:89}}
Jun 29 06:59:57.008768 np0000003887 devstack@neutron-api.service[87379]: DEBUG neutron.plugins.ml2.drivers.ovn.mech_driver.ovsdb.ovsdb_monitor [None req-f4aa13bb-044f-4488-ad56-4c4b0afbba69 None None] Hash Ring: Node 8425a5998e0257d5a0f3b4a6cf937829 (host: np0000003887) handling event "create" for row 8a050387-8a82-4275-876e-427908a1d346 (table: Logical_Switch) {{(pid=87379) notify /opt/stack/neutron/neutron/plugins/ml2/drivers/ovn/mech_driver/ovsdb/ovsdb_monitor.py:1015}}
Jun 29 06:59:57.013915 np0000003887 devstack@neutron-api.service[87379]: DEBUG neutron.plugins.ml2.drivers.ovn.mech_driver.ovsdb.ovsdb_monitor [None req-877ca17f-a105-415d-82a1-8bcd3eb46233 None None] Hash Ring: Node 8425a5998e0257d5a0f3b4a6cf937829 (host: np0000003887) handling event "create" for row 718dd3ad-9515-42af-897c-edcaf72b3012 (table: Datapath_Binding) {{(pid=87379) notify /opt/stack/neutron/neutron/plugins/ml2/drivers/ovn/mech_driver/ovsdb/ovsdb_monitor.py:1015}}
Jun 29 06:59:57.028674 np0000003887 devstack@neutron-api.service[87379]: INFO neutron.db.ovn_revision_numbers_db [None req-e4a44b08-33ec-4817-bc0a-e33785aa1b01 admin admin] Successfully bumped revision number for resource 82c1d8c4-516b-4043-92ef-07169e3ea6a0 (type: ports) to 1
Jun 29 06:59:57.038396 np0000003887 devstack@neutron-api.service[87379]: DEBUG neutron.pecan_wsgi.hooks.policy_enforcement [None req-e4a44b08-33ec-4817-bc0a-e33785aa1b01 admin admin] Attributes excluded by policy engine: ['standard_attr_id'] {{(pid=87379) _exclude_attributes_by_policy /opt/stack/neutron/neutron/pecan_wsgi/hooks/policy_enforcement.py:259}}
