Jun 27 18:09:31.949494 np0000003848 nova-conductor[98775]: DEBUG cotyledon.oslo_config_glue [-] profiler.es_doc_type = notification {{(pid=98775) log_opt_values /opt/stack/data/venv/lib/python3.12/site-packages/oslo_config/cfg.py:3253}}
Jun 27 18:09:31.949494 np0000003848 nova-conductor[98775]: DEBUG cotyledon.oslo_config_glue [-] profiler.es_scroll_size = 10000 {{(pid=98775) log_opt_values /opt/stack/data/venv/lib/python3.12/site-packages/oslo_config/cfg.py:3253}}
Jun 27 18:09:31.949494 np0000003848 nova-conductor[98775]: DEBUG cotyledon.oslo_config_glue [-] profiler.es_scroll_time = 2m {{(pid=98775) log_opt_values /opt/stack/data/venv/lib/python3.12/site-packages/oslo_config/cfg.py:3253}}
Jun 27 18:09:31.949494 np0000003848 nova-conductor[98775]: DEBUG cotyledon.oslo_config_glue [-] profiler.filter_error_trace = False {{(pid=98775) log_opt_values /opt/stack/data/venv/lib/python3.12/site-packages/oslo_config/cfg.py:3253}}
Jun 27 18:09:31.949494 np0000003848 nova-conductor[98775]: DEBUG cotyledon.oslo_config_glue [-] profiler.hmac_keys = **** {{(pid=98775) log_opt_values /opt/stack/data/venv/lib/python3.12/site-packages/oslo_config/cfg.py:3253}}
Jun 27 18:09:31.949494 np0000003848 nova-conductor[98775]: DEBUG cotyledon.oslo_config_glue [-] profiler.sentinel_service_name = mymaster {{(pid=98775) log_opt_values /opt/stack/data/venv/lib/python3.12/site-packages/oslo_config/cfg.py:3253}}
Jun 27 18:09:31.951033 np0000003848 nova-conductor[98775]: DEBUG cotyledon.oslo_config_glue [-] profiler.socket_timeout = 0.1 {{(pid=98775) log_opt_values /opt/stack/data/venv/lib/python3.12/site-packages/oslo_config/cfg.py:3253}}
Jun 27 18:09:31.951033 np0000003848 nova-conductor[98775]: DEBUG cotyledon.oslo_config_glue [-] profiler.trace_requests = False {{(pid=98775) log_opt_values /opt/stack/data/venv/lib/python3.12/site-packages/oslo_config/cfg.py:3253}}
Jun 27 18:09:31.951033 np0000003848 nova-conductor[98775]: DEBUG cotyledon.oslo_config_glue [-] profiler.trace_sqlalchemy = False {{(pid=98775) log_opt_values /opt/stack/data/venv/lib/python3.12/site-packages/oslo_config/cfg.py:3253}}
Jun 27 18:09:31.951033 np0000003848 nova-conductor[98775]: DEBUG cotyledon.oslo_config_glue [-] profiler_jaeger.process_tags = {} {{(pid=98775) log_opt_values /opt/stack/data/venv/lib/python3.12/site-packages/oslo_config/cfg.py:3253}}
Jun 27 18:09:31.951033 np0000003848 nova-conductor[98775]: DEBUG cotyledon.oslo_config_glue [-] profiler_jaeger.service_name_prefix = None {{(pid=98775) log_opt_values /opt/stack/data/venv/lib/python3.12/site-packages/oslo_config/cfg.py:3253}}
Jun 27 18:09:31.951033 np0000003848 nova-conductor[98775]: DEBUG cotyledon.oslo_config_glue [-] profiler_otlp.service_name_prefix = None {{(pid=98775) log_opt_values /opt/stack/data/venv/lib/python3.12/site-packages/oslo_config/cfg.py:3253}}
Jun 27 18:09:31.951033 np0000003848 nova-conductor[98775]: DEBUG cotyledon.oslo_config_glue [-] oslo_messaging_rabbit.amqp_auto_delete = False {{(pid=98775) log_opt_values /opt/stack/data/venv/lib/python3.12/site-packages/oslo_config/cfg.py:3253}}
Jun 27 18:09:31.951033 np0000003848 nova-conductor[98775]: DEBUG cotyledon.oslo_config_glue [-] oslo_messaging_rabbit.amqp_durable_queues = False {{(pid=98775) log_opt_values /opt/stack/data/venv/lib/python3.12/site-packages/oslo_config/cfg.py:3253}}
Jun 27 18:09:31.951033 np0000003848 nova-conductor[98775]: DEBUG cotyledon.oslo_config_glue [-] oslo_messaging_rabbit.conn_pool_min_size = 2 {{(pid=98775) log_opt_values /opt/stack/data/venv/lib/python3.12/site-packages/oslo_config/cfg.py:3253}}
Jun 27 18:09:31.951220 np0000003848 nova-conductor[98775]: DEBUG cotyledon.oslo_config_glue [-] oslo_messaging_rabbit.conn_pool_ttl = 1200 {{(pid=98775) log_opt_values /opt/stack/data/venv/lib/python3.12/site-packages/oslo_config/cfg.py:3253}}
Jun 27 18:09:31.951220 np0000003848 nova-conductor[98775]: DEBUG cotyledon.oslo_config_glue [-] oslo_messaging_rabbit.direct_mandatory_flag = True {{(pid=98775) log_opt_values /opt/stack/data/venv/lib/python3.12/site-packages/oslo_config/cfg.py:3253}}
Jun 27 18:09:31.951220 np0000003848 nova-conductor[98775]: DEBUG cotyledon.oslo_config_glue [-] oslo_messaging_rabbit.enable_cancel_on_failover = False {{(pid=98775) log_opt_values /opt/stack/data/venv/lib/python3.12/site-packages/oslo_config/cfg.py:3253}}
Jun 27 18:09:31.951220 np0000003848 nova-conductor[98775]: DEBUG cotyledon.oslo_config_glue [-] oslo_messaging_rabbit.heartbeat_rate = 3 {{(pid=98775) log_opt_values /opt/stack/data/venv/lib/python3.12/site-packages/oslo_config/cfg.py:3253}}
Jun 27 18:09:31.951220 np0000003848 nova-conductor[98775]: DEBUG cotyledon.oslo_config_glue [-] oslo_messaging_rabbit.heartbeat_timeout_threshold = 60 {{(pid=98775) log_opt_values /opt/stack/data/venv/lib/python3.12/site-packages/oslo_config/cfg.py:3253}}
Jun 27 18:09:31.951220 np0000003848 nova-conductor[98775]: DEBUG cotyledon.oslo_config_glue [-] oslo_messaging_rabbit.hostname = np0000003848 {{(pid=98775) log_opt_values /opt/stack/data/venv/lib/python3.12/site-packages/oslo_config/cfg.py:3253}}
Jun 27 18:09:31.951220 np0000003848 nova-conductor[98775]: DEBUG cotyledon.oslo_config_glue [-] oslo_messaging_rabbit.kombu_compression = None {{(pid=98775) log_opt_values /opt/stack/data/venv/lib/python3.12/site-packages/oslo_config/cfg.py:3253}}
Jun 27 18:09:31.951220 np0000003848 nova-conductor[98775]: DEBUG cotyledon.oslo_config_glue [-] oslo_messaging_rabbit.kombu_failover_strategy = round-robin {{(pid=98775) log_opt_values /opt/stack/data/venv/lib/python3.12/site-packages/oslo_config/cfg.py:3253}}
Jun 27 18:09:31.951220 np0000003848 nova-conductor[98775]: DEBUG cotyledon.oslo_config_glue [-] oslo_messaging_rabbit.kombu_missing_consumer_retry_timeout = 60 {{(pid=98775) log_opt_values /opt/stack/data/venv/lib/python3.12/site-packages/oslo_config/cfg.py:3253}}
Jun 27 18:09:31.952072 np0000003848 nova-conductor[98775]: DEBUG cotyledon.oslo_config_glue [-] oslo_messaging_rabbit.kombu_reconnect_delay = 1.0 {{(pid=98775) log_opt_values /opt/stack/data/venv/lib/python3.12/site-packages/oslo_config/cfg.py:3253}}
Jun 27 18:09:31.952072 np0000003848 nova-conductor[98775]: DEBUG cotyledon.oslo_config_glue [-] oslo_messaging_rabbit.kombu_reconnect_splay = 0.0 {{(pid=98775) log_opt_values /opt/stack/data/venv/lib/python3.12/site-packages/oslo_config/cfg.py:3253}}
Jun 27 18:09:31.952072 np0000003848 nova-conductor[98775]: DEBUG cotyledon.oslo_config_glue [-] oslo_messaging_rabbit.processname = nova-conductor {{(pid=98775) log_opt_values /opt/stack/data/venv/lib/python3.12/site-packages/oslo_config/cfg.py:3253}}
Jun 27 18:09:31.952072 np0000003848 nova-conductor[98775]: DEBUG cotyledon.oslo_config_glue [-] oslo_messaging_rabbit.rabbit_ha_queues = False {{(pid=98775) log_opt_values /opt/stack/data/venv/lib/python3.12/site-packages/oslo_config/cfg.py:3253}}
Jun 27 18:09:31.952072 np0000003848 nova-conductor[98775]: DEBUG cotyledon.oslo_config_glue [-] oslo_messaging_rabbit.rabbit_interval_max = 30 {{(pid=98775) log_opt_values /opt/stack/data/venv/lib/python3.12/site-packages/oslo_config/cfg.py:3253}}
Jun 27 18:09:31.952072 np0000003848 nova-conductor[98775]: DEBUG cotyledon.oslo_config_glue [-] oslo_messaging_rabbit.rabbit_login_method = AMQPLAIN {{(pid=98775) log_opt_values /opt/stack/data/venv/lib/python3.12/site-packages/oslo_config/cfg.py:3253}}
Jun 27 18:09:31.952072 np0000003848 nova-conductor[98775]: DEBUG cotyledon.oslo_config_glue [-] oslo_messaging_rabbit.rabbit_qos_prefetch_count = 0 {{(pid=98775) log_opt_values /opt/stack/data/venv/lib/python3.12/site-packages/oslo_config/cfg.py:3253}}
Jun 27 18:09:31.952072 np0000003848 nova-conductor[98775]: DEBUG cotyledon.oslo_config_glue [-] oslo_messaging_rabbit.rabbit_quorum_delivery_limit = 0 {{(pid=98775) log_opt_values /opt/stack/data/venv/lib/python3.12/site-packages/oslo_config/cfg.py:3253}}
Jun 27 18:09:31.952072 np0000003848 nova-conductor[98775]: DEBUG cotyledon.oslo_config_glue [-] oslo_messaging_rabbit.rabbit_quorum_max_memory_bytes = 0 {{(pid=98775) log_opt_values /opt/stack/data/venv/lib/python3.12/site-packages/oslo_config/cfg.py:3253}}
Jun 27 18:09:31.952697 np0000003848 nova-conductor[98775]: DEBUG cotyledon.oslo_config_glue [-] oslo_messaging_rabbit.rabbit_quorum_max_memory_length = 0 {{(pid=98775) log_opt_values /opt/stack/data/venv/lib/python3.12/site-packages/oslo_config/cfg.py:3253}}
Jun 27 18:09:31.952697 np0000003848 nova-conductor[98775]: DEBUG cotyledon.oslo_config_glue [-] oslo_messaging_rabbit.rabbit_quorum_queue = False {{(pid=98775) log_opt_values /opt/stack/data/venv/lib/python3.12/site-packages/oslo_config/cfg.py:3253}}
Jun 27 18:09:31.952697 np0000003848 nova-conductor[98775]: DEBUG cotyledon.oslo_config_glue [-] oslo_messaging_rabbit.rabbit_retry_backoff = 2 {{(pid=98775) log_opt_values /opt/stack/data/venv/lib/python3.12/site-packages/oslo_config/cfg.py:3253}}
Jun 27 18:09:31.952697 np0000003848 nova-conductor[98775]: DEBUG cotyledon.oslo_config_glue [-] oslo_messaging_rabbit.rabbit_retry_interval = 1 {{(pid=98775) log_opt_values /opt/stack/data/venv/lib/python3.12/site-packages/oslo_config/cfg.py:3253}}
Jun 27 18:09:31.952697 np0000003848 nova-conductor[98775]: DEBUG cotyledon.oslo_config_glue [-] oslo_messaging_rabbit.rabbit_stream_fanout = False {{(pid=98775) log_opt_values /opt/stack/data/venv/lib/python3.12/site-packages/oslo_config/cfg.py:3253}}
Jun 27 18:09:31.952697 np0000003848 nova-conductor[98775]: DEBUG cotyledon.oslo_config_glue [-] oslo_messaging_rabbit.rabbit_transient_queues_ttl = 1800 {{(pid=98775) log_opt_values /opt/stack/data/venv/lib/python3.12/site-packages/oslo_config/cfg.py:3253}}
Jun 27 18:09:31.952697 np0000003848 nova-conductor[98775]: DEBUG cotyledon.oslo_config_glue [-] oslo_messaging_rabbit.rabbit_transient_quorum_queue = False {{(pid=98775) log_opt_values /opt/stack/data/venv/lib/python3.12/site-packages/oslo_config/cfg.py:3253}}
Jun 27 18:09:31.952697 np0000003848 nova-conductor[98775]: DEBUG cotyledon.oslo_config_glue [-] oslo_messaging_rabbit.rpc_conn_pool_size = 30 {{(pid=98775) log_opt_values /opt/stack/data/venv/lib/python3.12/site-packages/oslo_config/cfg.py:3253}}
Jun 27 18:09:31.952697 np0000003848 nova-conductor[98775]: DEBUG cotyledon.oslo_config_glue [-] oslo_messaging_rabbit.ssl = False {{(pid=98775) log_opt_values /opt/stack/data/venv/lib/python3.12/site-packages/oslo_config/cfg.py:3253}}
Jun 27 18:09:31.952913 np0000003848 nova-conductor[98775]: DEBUG cotyledon.oslo_config_glue [-] oslo_messaging_rabbit.ssl_ca_file = {{(pid=98775) log_opt_values /opt/stack/data/venv/lib/python3.12/site-packages/oslo_config/cfg.py:3253}}
Jun 27 18:09:31.952913 np0000003848 nova-conductor[98775]: DEBUG cotyledon.oslo_config_glue [-] oslo_messaging_rabbit.ssl_cert_file = {{(pid=98775) log_opt_values /opt/stack/data/venv/lib/python3.12/site-packages/oslo_config/cfg.py:3253}}
Jun 27 18:09:31.952913 np0000003848 nova-conductor[98775]: DEBUG cotyledon.oslo_config_glue [-] oslo_messaging_rabbit.ssl_enforce_fips_mode = False {{(pid=98775) log_opt_values /opt/stack/data/venv/lib/python3.12/site-packages/oslo_config/cfg.py:3253}}
Jun 27 18:09:31.952913 np0000003848 nova-conductor[98775]: DEBUG cotyledon.oslo_config_glue [-] oslo_messaging_rabbit.ssl_enforce_hostname_verification = True {{(pid=98775) log_opt_values /opt/stack/data/venv/lib/python3.12/site-packages/oslo_config/cfg.py:3253}}
Jun 27 18:09:31.952913 np0000003848 nova-conductor[98775]: DEBUG cotyledon.oslo_config_glue [-] oslo_messaging_rabbit.ssl_key_file = {{(pid=98775) log_opt_values /opt/stack/data/venv/lib/python3.12/site-packages/oslo_config/cfg.py:3253}}
Jun 27 18:09:31.952913 np0000003848 nova-conductor[98775]: DEBUG cotyledon.oslo_config_glue [-] oslo_messaging_rabbit.ssl_version = {{(pid=98775) log_opt_values /opt/stack/data/venv/lib/python3.12/site-packages/oslo_config/cfg.py:3253}}
Jun 27 18:09:31.952913 np0000003848 nova-conductor[98775]: DEBUG cotyledon.oslo_config_glue [-] oslo_messaging_rabbit.use_queue_manager = False {{(pid=98775) log_opt_values /opt/stack/data/venv/lib/python3.12/site-packages/oslo_config/cfg.py:3253}}
Jun 27 18:09:31.952913 np0000003848 nova-conductor[98775]: DEBUG cotyledon.oslo_config_glue [-] oslo_messaging_notifications.driver = ['messagingv2'] {{(pid=98775) log_opt_values /opt/stack/data/venv/lib/python3.12/site-packages/oslo_config/cfg.py:3253}}
Jun 27 18:09:31.952913 np0000003848 nova-conductor[98775]: DEBUG cotyledon.oslo_config_glue [-] oslo_messaging_notifications.retry = -1 {{(pid=98775) log_opt_values /opt/stack/data/venv/lib/python3.12/site-packages/oslo_config/cfg.py:3253}}
Jun 27 18:09:31.953080 np0000003848 nova-conductor[98775]: DEBUG cotyledon.oslo_config_glue [-] oslo_messaging_notifications.topics = ['notifications'] {{(pid=98775) log_opt_values /opt/stack/data/venv/lib/python3.12/site-packages/oslo_config/cfg.py:3253}}
Jun 27 18:09:31.953080 np0000003848 nova-conductor[98775]: DEBUG cotyledon.oslo_config_glue [-] oslo_messaging_notifications.transport_url = **** {{(pid=98775) log_opt_values /opt/stack/data/venv/lib/python3.12/site-packages/oslo_config/cfg.py:3253}}
Jun 27 18:09:31.953080 np0000003848 nova-conductor[98775]: DEBUG cotyledon.oslo_config_glue [-] oslo_limit.auth_section = None {{(pid=98775) log_opt_values /opt/stack/data/venv/lib/python3.12/site-packages/oslo_config/cfg.py:3253}}
Jun 27 18:09:31.953080 np0000003848 nova-conductor[98775]: DEBUG cotyledon.oslo_config_glue [-] oslo_limit.auth_type = None {{(pid=98775) log_opt_values /opt/stack/data/venv/lib/python3.12/site-packages/oslo_config/cfg.py:3253}}
Jun 27 18:09:31.953080 np0000003848 nova-conductor[98775]: DEBUG cotyledon.oslo_config_glue [-] oslo_limit.cafile = None {{(pid=98775) log_opt_values /opt/stack/data/venv/lib/python3.12/site-packages/oslo_config/cfg.py:3253}}
Jun 27 18:09:31.953080 np0000003848 nova-conductor[98775]: DEBUG cotyledon.oslo_config_glue [-] oslo_limit.certfile = None {{(pid=98775) log_opt_values /opt/stack/data/venv/lib/python3.12/site-packages/oslo_config/cfg.py:3253}}
Jun 27 18:09:31.953080 np0000003848 nova-conductor[98775]: DEBUG cotyledon.oslo_config_glue [-] oslo_limit.collect_timing = False {{(pid=98775) log_opt_values /opt/stack/data/venv/lib/python3.12/site-packages/oslo_config/cfg.py:3253}}
Jun 27 18:09:31.953080 np0000003848 nova-conductor[98775]: DEBUG cotyledon.oslo_config_glue [-] oslo_limit.connect_retries = None {{(pid=98775) log_opt_values /opt/stack/data/venv/lib/python3.12/site-packages/oslo_config/cfg.py:3253}}
Jun 27 18:09:31.953080 np0000003848 nova-conductor[98775]: DEBUG cotyledon.oslo_config_glue [-] oslo_limit.connect_retry_delay = None {{(pid=98775) log_opt_values /opt/stack/data/venv/lib/python3.12/site-packages/oslo_config/cfg.py:3253}}
Jun 27 18:09:31.953300 np0000003848 nova-conductor[98775]: DEBUG cotyledon.oslo_config_glue [-] oslo_limit.endpoint_id = None {{(pid=98775) log_opt_values /opt/stack/data/venv/lib/python3.12/site-packages/oslo_config/cfg.py:3253}}
Jun 27 18:09:31.953300 np0000003848 nova-conductor[98775]: DEBUG cotyledon.oslo_config_glue [-] oslo_limit.endpoint_interface = public {{(pid=98775) log_opt_values /opt/stack/data/venv/lib/python3.12/site-packages/oslo_config/cfg.py:3253}}
Jun 27 18:09:31.953300 np0000003848 nova-conductor[98775]: DEBUG cotyledon.oslo_config_glue [-] oslo_limit.endpoint_override = None {{(pid=98775) log_opt_values /opt/stack/data/venv/lib/python3.12/site-packages/oslo_config/cfg.py:3253}}
Jun 27 18:09:31.953300 np0000003848 nova-conductor[98775]: DEBUG cotyledon.oslo_config_glue [-] oslo_limit.endpoint_region_name = None {{(pid=98775) log_opt_values /opt/stack/data/venv/lib/python3.12/site-packages/oslo_config/cfg.py:3253}}
Jun 27 18:09:31.953300 np0000003848 nova-conductor[98775]: DEBUG cotyledon.oslo_config_glue [-] oslo_limit.endpoint_service_name = None {{(pid=98775) log_opt_values /opt/stack/data/venv/lib/python3.12/site-packages/oslo_config/cfg.py:3253}}
Jun 27 18:09:31.953300 np0000003848 nova-conductor[98775]: DEBUG cotyledon.oslo_config_glue [-] oslo_limit.endpoint_service_type = None {{(pid=98775) log_opt_values /opt/stack/data/venv/lib/python3.12/site-packages/oslo_config/cfg.py:3253}}
Jun 27 18:09:31.953300 np0000003848 nova-conductor[98775]: DEBUG cotyledon.oslo_config_glue [-] oslo_limit.insecure = False {{(pid=98775) log_opt_values /opt/stack/data/venv/lib/python3.12/site-packages/oslo_config/cfg.py:3253}}
Jun 27 18:09:31.953300 np0000003848 nova-conductor[98775]: DEBUG cotyledon.oslo_config_glue [-] oslo_limit.keyfile = None {{(pid=98775) log_opt_values /opt/stack/data/venv/lib/python3.12/site-packages/oslo_config/cfg.py:3253}}
Jun 27 18:09:31.953300 np0000003848 nova-conductor[98775]: DEBUG cotyledon.oslo_config_glue [-] oslo_limit.max_version = None {{(pid=98775) log_opt_values /opt/stack/data/venv/lib/python3.12/site-packages/oslo_config/cfg.py:3253}}
Jun 27 18:09:31.953527 np0000003848 nova-conductor[98775]: DEBUG cotyledon.oslo_config_glue [-] oslo_limit.min_version = None {{(pid=98775) log_opt_values /opt/stack/data/venv/lib/python3.12/site-packages/oslo_config/cfg.py:3253}}
Jun 27 18:09:31.953527 np0000003848 nova-conductor[98775]: DEBUG cotyledon.oslo_config_glue [-] oslo_limit.region_name = None {{(pid=98775) log_opt_values /opt/stack/data/venv/lib/python3.12/site-packages/oslo_config/cfg.py:3253}}
Jun 27 18:09:31.953527 np0000003848 nova-conductor[98775]: DEBUG cotyledon.oslo_config_glue [-] oslo_limit.retriable_status_codes = None {{(pid=98775) log_opt_values /opt/stack/data/venv/lib/python3.12/site-packages/oslo_config/cfg.py:3253}}
Jun 27 18:09:31.953527 np0000003848 nova-conductor[98775]: DEBUG cotyledon.oslo_config_glue [-] oslo_limit.service_name = None {{(pid=98775) log_opt_values /opt/stack/data/venv/lib/python3.12/site-packages/oslo_config/cfg.py:3253}}
Jun 27 18:09:31.953527 np0000003848 nova-conductor[98775]: DEBUG cotyledon.oslo_config_glue [-] oslo_limit.service_type = None {{(pid=98775) log_opt_values /opt/stack/data/venv/lib/python3.12/site-packages/oslo_config/cfg.py:3253}}
Jun 27 18:09:31.953527 np0000003848 nova-conductor[98775]: DEBUG cotyledon.oslo_config_glue [-] oslo_limit.split_loggers = False {{(pid=98775) log_opt_values /opt/stack/data/venv/lib/python3.12/site-packages/oslo_config/cfg.py:3253}}
Jun 27 18:09:31.953527 np0000003848 nova-conductor[98775]: DEBUG cotyledon.oslo_config_glue [-] oslo_limit.status_code_retries = None {{(pid=98775) log_opt_values /opt/stack/data/venv/lib/python3.12/site-packages/oslo_config/cfg.py:3253}}
Jun 27 18:09:31.953527 np0000003848 nova-conductor[98775]: DEBUG cotyledon.oslo_config_glue [-] oslo_limit.status_code_retry_delay = None {{(pid=98775) log_opt_values /opt/stack/data/venv/lib/python3.12/site-packages/oslo_config/cfg.py:3253}}
Jun 27 18:09:31.953527 np0000003848 nova-conductor[98775]: DEBUG cotyledon.oslo_config_glue [-] oslo_limit.timeout = None {{(pid=98775) log_opt_values /opt/stack/data/venv/lib/python3.12/site-packages/oslo_config/cfg.py:3253}}
Jun 27 18:09:31.953732 np0000003848 nova-conductor[98775]: DEBUG cotyledon.oslo_config_glue [-] oslo_limit.valid_interfaces = None {{(pid=98775) log_opt_values /opt/stack/data/venv/lib/python3.12/site-packages/oslo_config/cfg.py:3253}}
Jun 27 18:09:31.953732 np0000003848 nova-conductor[98775]: DEBUG cotyledon.oslo_config_glue [-] oslo_limit.version = None {{(pid=98775) log_opt_values /opt/stack/data/venv/lib/python3.12/site-packages/oslo_config/cfg.py:3253}}
Jun 27 18:09:31.953732 np0000003848 nova-conductor[98775]: DEBUG cotyledon.oslo_config_glue [-] oslo_reports.file_event_handler = None {{(pid=98775) log_opt_values /opt/stack/data/venv/lib/python3.12/site-packages/oslo_config/cfg.py:3253}}
Jun 27 18:09:31.953732 np0000003848 nova-conductor[98775]: DEBUG cotyledon.oslo_config_glue [-] oslo_reports.file_event_handler_interval = 1 {{(pid=98775) log_opt_values /opt/stack/data/venv/lib/python3.12/site-packages/oslo_config/cfg.py:3253}}
Jun 27 18:09:31.953732 np0000003848 nova-conductor[98775]: DEBUG cotyledon.oslo_config_glue [-] oslo_reports.log_dir = None {{(pid=98775) log_opt_values /opt/stack/data/venv/lib/python3.12/site-packages/oslo_config/cfg.py:3253}}
Jun 27 18:09:31.953732 np0000003848 nova-conductor[98775]: DEBUG cotyledon.oslo_config_glue [-] ******************************************************************************** {{(pid=98775) log_opt_values /opt/stack/data/venv/lib/python3.12/site-packages/oslo_config/cfg.py:3260}}
Jun 27 18:09:31.953732 np0000003848 nova-conductor[98775]: DEBUG cotyledon._service_worker [-] Run service ServiceWrapper(3) [98775] {{(pid=98775) wait_forever /opt/stack/data/venv/lib/python3.12/site-packages/cotyledon/_service_worker.py:218}}
Jun 27 18:09:31.953732 np0000003848 nova-conductor[98775]: INFO nova.service [-] Starting conductor node (version 33.1.0)
Jun 27 18:09:31.953732 np0000003848 nova-conductor[98775]: INFO dbcounter [None req-fc03a34d-7cee-4526-bfff-e67c4b6fb741 None None] Registered counter for database nova_cell0
Jun 27 18:09:31.953951 np0000003848 nova-conductor[98746]: DEBUG oslo_db.sqlalchemy.engines [None req-303fd032-5c77-442f-8365-7b22082e645d None None] MySQL server mode set to STRICT_TRANS_TABLES,STRICT_ALL_TABLES,NO_ZERO_IN_DATE,NO_ZERO_DATE,ERROR_FOR_DIVISION_BY_ZERO,TRADITIONAL,NO_ENGINE_SUBSTITUTION {{(pid=98746) _check_effective_sql_mode /opt/stack/data/venv/lib/python3.12/site-packages/oslo_db/sqlalchemy/engines.py:325}}
Jun 27 18:09:31.953982 np0000003848 nova-conductor[98759]: DEBUG oslo_db.sqlalchemy.engines [None req-fbe5e0c5-5f56-4e22-8603-41afaae53e2b None None] MySQL server mode set to STRICT_TRANS_TABLES,STRICT_ALL_TABLES,NO_ZERO_IN_DATE,NO_ZERO_DATE,ERROR_FOR_DIVISION_BY_ZERO,TRADITIONAL,NO_ENGINE_SUBSTITUTION {{(pid=98759) _check_effective_sql_mode /opt/stack/data/venv/lib/python3.12/site-packages/oslo_db/sqlalchemy/engines.py:325}}
Jun 27 18:09:31.954013 np0000003848 nova-conductor[98746]: DEBUG dbcounter [-] [98746] Writer thread running {{(pid=98746) stat_writer /opt/stack/data/venv/lib/python3.12/site-packages/dbcounter.py:102}}
Jun 27 18:09:31.954037 np0000003848 nova-conductor[98759]: DEBUG dbcounter [-] [98759] Writer thread running {{(pid=98759) stat_writer /opt/stack/data/venv/lib/python3.12/site-packages/dbcounter.py:102}}
Jun 27 18:09:31.954062 np0000003848 nova-conductor[98768]: DEBUG oslo_db.sqlalchemy.engines [None req-b3b108e2-c147-420e-83d9-10229718a5bc None None] MySQL server mode set to STRICT_TRANS_TABLES,STRICT_ALL_TABLES,NO_ZERO_IN_DATE,NO_ZERO_DATE,ERROR_FOR_DIVISION_BY_ZERO,TRADITIONAL,NO_ENGINE_SUBSTITUTION {{(pid=98768) _check_effective_sql_mode /opt/stack/data/venv/lib/python3.12/site-packages/oslo_db/sqlalchemy/engines.py:325}}
Jun 27 18:09:31.954842 np0000003848 nova-conductor[98759]: DEBUG nova.service [None req-fbe5e0c5-5f56-4e22-8603-41afaae53e2b None None] Creating RPC server for service: nova-conductor on topic: conductor {{(pid=98759) start /opt/stack/nova/nova/service.py:196}}
Jun 27 18:09:31.960185 np0000003848 nova-conductor[98746]: DEBUG nova.service [None req-303fd032-5c77-442f-8365-7b22082e645d None None] Creating RPC server for service: nova-conductor on topic: conductor {{(pid=98746) start /opt/stack/nova/nova/service.py:196}}
Jun 27 18:09:31.960492 np0000003848 nova-conductor[98768]: DEBUG dbcounter [-] [98768] Writer thread running {{(pid=98768) stat_writer /opt/stack/data/venv/lib/python3.12/site-packages/dbcounter.py:102}}
Jun 27 18:09:31.964344 np0000003848 nova-conductor[98768]: DEBUG nova.service [None req-b3b108e2-c147-420e-83d9-10229718a5bc None None] Creating RPC server for service: nova-conductor on topic: conductor {{(pid=98768) start /opt/stack/nova/nova/service.py:196}}
Jun 27 18:09:31.971158 np0000003848 nova-conductor[98775]: DEBUG oslo_db.sqlalchemy.engines [None req-fc03a34d-7cee-4526-bfff-e67c4b6fb741 None None] MySQL server mode set to STRICT_TRANS_TABLES,STRICT_ALL_TABLES,NO_ZERO_IN_DATE,NO_ZERO_DATE,ERROR_FOR_DIVISION_BY_ZERO,TRADITIONAL,NO_ENGINE_SUBSTITUTION {{(pid=98775) _check_effective_sql_mode /opt/stack/data/venv/lib/python3.12/site-packages/oslo_db/sqlalchemy/engines.py:325}}
Jun 27 18:09:31.980832 np0000003848 nova-conductor[98759]: DEBUG nova.service [None req-fbe5e0c5-5f56-4e22-8603-41afaae53e2b None None] Join ServiceGroup membership for this service conductor {{(pid=98759) start /opt/stack/nova/nova/service.py:222}}
Jun 27 18:09:31.980957 np0000003848 nova-conductor[98775]: DEBUG dbcounter [-] [98775] Writer thread running {{(pid=98775) stat_writer /opt/stack/data/venv/lib/python3.12/site-packages/dbcounter.py:102}}
Jun 27 18:09:31.981035 np0000003848 nova-conductor[98759]: DEBUG nova.servicegroup.drivers.db [None req-fbe5e0c5-5f56-4e22-8603-41afaae53e2b None None] DB_Driver: join new ServiceGroup member np0000003848 to the conductor group, service = {{(pid=98759) join /opt/stack/nova/nova/servicegroup/drivers/db.py:44}}
Jun 27 18:09:31.983930 np0000003848 nova-conductor[98746]: DEBUG nova.service [None req-303fd032-5c77-442f-8365-7b22082e645d None None] Join ServiceGroup membership for this service conductor {{(pid=98746) start /opt/stack/nova/nova/service.py:222}}
Jun 27 18:09:31.984501 np0000003848 nova-conductor[98746]: DEBUG nova.servicegroup.drivers.db [None req-303fd032-5c77-442f-8365-7b22082e645d None None] DB_Driver: join new ServiceGroup member np0000003848 to the conductor group, service = {{(pid=98746) join /opt/stack/nova/nova/servicegroup/drivers/db.py:44}}
Jun 27 18:09:31.984733 np0000003848 nova-conductor[98775]: DEBUG nova.service [None req-fc03a34d-7cee-4526-bfff-e67c4b6fb741 None None] Creating RPC server for service: nova-conductor on topic: conductor {{(pid=98775) start /opt/stack/nova/nova/service.py:196}}
Jun 27 18:09:31.985273 np0000003848 nova-conductor[98768]: DEBUG nova.service [None req-b3b108e2-c147-420e-83d9-10229718a5bc None None] Join ServiceGroup membership for this service conductor {{(pid=98768) start /opt/stack/nova/nova/service.py:222}}
Jun 27 18:09:31.985531 np0000003848 nova-conductor[98768]: DEBUG nova.servicegroup.drivers.db [None req-b3b108e2-c147-420e-83d9-10229718a5bc None None] DB_Driver: join new ServiceGroup member np0000003848 to the conductor group, service = {{(pid=98768) join /opt/stack/nova/nova/servicegroup/drivers/db.py:44}}
Jun 27 18:09:31.987396 np0000003848 nova-conductor[98768]: DEBUG oslo.service.backend._threading.loopingcall [None req-beef5baf-e86b-402a-8f40-fa1f6b449ce1 None None] Dynamic interval looping call 'nova.service.Service.periodic_tasks' sleeping for 60.00 seconds {{(pid=98768) _run_loop /opt/stack/data/venv/lib/python3.12/site-packages/oslo_service/backend/_threading/loopingcall.py:125}}
Jun 27 18:09:32.003589 np0000003848 nova-conductor[98775]: DEBUG nova.service [None req-fc03a34d-7cee-4526-bfff-e67c4b6fb741 None None] Join ServiceGroup membership for this service conductor {{(pid=98775) start /opt/stack/nova/nova/service.py:222}}
Jun 27 18:09:32.003766 np0000003848 nova-conductor[98775]: DEBUG nova.servicegroup.drivers.db [None req-fc03a34d-7cee-4526-bfff-e67c4b6fb741 None None] DB_Driver: join new ServiceGroup member np0000003848 to the conductor group, service = {{(pid=98775) join /opt/stack/nova/nova/servicegroup/drivers/db.py:44}}
Jun 27 18:09:36.998471 np0000003848 nova-conductor[98759]: DEBUG oslo.service.backend._threading.loopingcall [-] Fixed interval looping call 'nova.servicegroup.drivers.db.DbDriver._report_state' sleeping for 119.98 seconds {{(pid=98759) _run_loop /opt/stack/data/venv/lib/python3.12/site-packages/oslo_service/backend/_threading/loopingcall.py:125}}
Jun 27 18:09:36.999108 np0000003848 nova-conductor[98746]: DEBUG oslo.service.backend._threading.loopingcall [-] Fixed interval looping call 'nova.servicegroup.drivers.db.DbDriver._report_state' sleeping for 119.99 seconds {{(pid=98746) _run_loop /opt/stack/data/venv/lib/python3.12/site-packages/oslo_service/backend/_threading/loopingcall.py:125}}
Jun 27 18:09:37.001020 np0000003848 nova-conductor[98768]: DEBUG oslo.service.backend._threading.loopingcall [-] Fixed interval looping call 'nova.servicegroup.drivers.db.DbDriver._report_state' sleeping for 119.99 seconds {{(pid=98768) _run_loop /opt/stack/data/venv/lib/python3.12/site-packages/oslo_service/backend/_threading/loopingcall.py:125}}
Jun 27 18:09:37.014257 np0000003848 nova-conductor[98775]: DEBUG oslo.service.backend._threading.loopingcall [-] Fixed interval looping call 'nova.servicegroup.drivers.db.DbDriver._report_state' sleeping for 119.99 seconds {{(pid=98775) _run_loop /opt/stack/data/venv/lib/python3.12/site-packages/oslo_service/backend/_threading/loopingcall.py:125}}
Jun 27 18:09:40.560942 np0000003848 nova-conductor[97328]: DEBUG dbcounter [-] [97328] Writing DB stats nova_api:SELECT=1 {{(pid=97328) stat_writer /opt/stack/data/venv/lib/python3.12/site-packages/dbcounter.py:115}}
Jun 27 18:09:40.680185 np0000003848 nova-conductor[97328]: DEBUG dbcounter [-] [97328] Writing DB stats nova_cell1:SELECT=1 {{(pid=97328) stat_writer /opt/stack/data/venv/lib/python3.12/site-packages/dbcounter.py:115}}
Jun 27 18:09:40.684625 np0000003848 nova-conductor[97328]: DEBUG dbcounter [-] [97328] Writing DB stats nova_cell0:SELECT=1 {{(pid=97328) stat_writer /opt/stack/data/venv/lib/python3.12/site-packages/dbcounter.py:115}}
Jun 27 18:09:46.991790 np0000003848 nova-conductor[98759]: DEBUG dbcounter [-] [98759] Writing DB stats nova_cell0:SELECT=4,nova_cell0:INSERT=1,nova_cell0:UPDATE=1 {{(pid=98759) stat_writer /opt/stack/data/venv/lib/python3.12/site-packages/dbcounter.py:115}}
Jun 27 18:09:46.995155 np0000003848 nova-conductor[98746]: DEBUG dbcounter [-] [98746] Writing DB stats nova_cell0:SELECT=5,nova_cell0:INSERT=1,nova_cell0:UPDATE=1 {{(pid=98746) stat_writer /opt/stack/data/venv/lib/python3.12/site-packages/dbcounter.py:115}}
Jun 27 18:09:46.999578 np0000003848 nova-conductor[98768]: DEBUG dbcounter [-] [98768] Writing DB stats nova_cell0:SELECT=3,nova_cell0:UPDATE=1 {{(pid=98768) stat_writer /opt/stack/data/venv/lib/python3.12/site-packages/dbcounter.py:115}}
Jun 27 18:09:47.011879 np0000003848 nova-conductor[98775]: DEBUG dbcounter [-] [98775] Writing DB stats nova_cell0:SELECT=3 {{(pid=98775) stat_writer /opt/stack/data/venv/lib/python3.12/site-packages/dbcounter.py:115}}
Jun 27 18:09:57.986261 np0000003848 nova-conductor[98746]: DEBUG oslo.service.backend._threading.loopingcall [None req-ec2d472c-0a89-41ff-838a-676536818254 None None] Dynamic interval looping call 'nova.service.Service.periodic_tasks' sleeping for 60.00 seconds {{(pid=98746) _run_loop /opt/stack/data/venv/lib/python3.12/site-packages/oslo_service/backend/_threading/loopingcall.py:125}}
Jun 27 18:10:09.005629 np0000003848 nova-conductor[98775]: DEBUG oslo.service.backend._threading.loopingcall [None req-b6215bdf-8060-4439-8f3c-457c4b76ab74 None None] Dynamic interval looping call 'nova.service.Service.periodic_tasks' sleeping for 60.00 seconds {{(pid=98775) _run_loop /opt/stack/data/venv/lib/python3.12/site-packages/oslo_service/backend/_threading/loopingcall.py:125}}
Jun 27 18:10:25.983183 np0000003848 nova-conductor[98759]: DEBUG oslo.service.backend._threading.loopingcall [None req-dff46268-6da6-4beb-9363-2ad61b8bbc82 None None] Dynamic interval looping call 'nova.service.Service.periodic_tasks' sleeping for 60.00 seconds {{(pid=98759) _run_loop /opt/stack/data/venv/lib/python3.12/site-packages/oslo_service/backend/_threading/loopingcall.py:125}}
Jun 27 18:10:31.988028 np0000003848 nova-conductor[98768]: DEBUG oslo.service.backend._threading.loopingcall [None req-beef5baf-e86b-402a-8f40-fa1f6b449ce1 None None] Dynamic interval looping call 'nova.service.Service.periodic_tasks' sleeping for 60.00 seconds {{(pid=98768) _run_loop /opt/stack/data/venv/lib/python3.12/site-packages/oslo_service/backend/_threading/loopingcall.py:125}}
Jun 27 18:10:57.986829 np0000003848 nova-conductor[98746]: DEBUG oslo.service.backend._threading.loopingcall [None req-ec2d472c-0a89-41ff-838a-676536818254 None None] Dynamic interval looping call 'nova.service.Service.periodic_tasks' sleeping for 60.00 seconds {{(pid=98746) _run_loop /opt/stack/data/venv/lib/python3.12/site-packages/oslo_service/backend/_threading/loopingcall.py:125}}
Jun 27 18:11:09.006269 np0000003848 nova-conductor[98775]: DEBUG oslo.service.backend._threading.loopingcall [None req-b6215bdf-8060-4439-8f3c-457c4b76ab74 None None] Dynamic interval looping call 'nova.service.Service.periodic_tasks' sleeping for 60.00 seconds {{(pid=98775) _run_loop /opt/stack/data/venv/lib/python3.12/site-packages/oslo_service/backend/_threading/loopingcall.py:125}}
Jun 27 18:11:25.983898 np0000003848 nova-conductor[98759]: DEBUG oslo.service.backend._threading.loopingcall [None req-dff46268-6da6-4beb-9363-2ad61b8bbc82 None None] Dynamic interval looping call 'nova.service.Service.periodic_tasks' sleeping for 60.00 seconds {{(pid=98759) _run_loop /opt/stack/data/venv/lib/python3.12/site-packages/oslo_service/backend/_threading/loopingcall.py:125}}
Jun 27 18:11:31.988450 np0000003848 nova-conductor[98768]: DEBUG oslo.service.backend._threading.loopingcall [None req-beef5baf-e86b-402a-8f40-fa1f6b449ce1 None None] Dynamic interval looping call 'nova.service.Service.periodic_tasks' sleeping for 60.00 seconds {{(pid=98768) _run_loop /opt/stack/data/venv/lib/python3.12/site-packages/oslo_service/backend/_threading/loopingcall.py:125}}
Jun 27 18:11:36.986156 np0000003848 nova-conductor[98759]: DEBUG oslo.service.backend._threading.loopingcall [-] Fixed interval looping call 'nova.servicegroup.drivers.db.DbDriver._report_state' sleeping for 119.99 seconds {{(pid=98759) _run_loop /opt/stack/data/venv/lib/python3.12/site-packages/oslo_service/backend/_threading/loopingcall.py:125}}
Jun 27 18:11:36.993531 np0000003848 nova-conductor[98746]: DEBUG oslo.service.backend._threading.loopingcall [-] Fixed interval looping call 'nova.servicegroup.drivers.db.DbDriver._report_state' sleeping for 120.00 seconds {{(pid=98746) _run_loop /opt/stack/data/venv/lib/python3.12/site-packages/oslo_service/backend/_threading/loopingcall.py:125}}
Jun 27 18:11:36.995253 np0000003848 nova-conductor[98768]: DEBUG oslo.service.backend._threading.loopingcall [-] Fixed interval looping call 'nova.servicegroup.drivers.db.DbDriver._report_state' sleeping for 120.00 seconds {{(pid=98768) _run_loop /opt/stack/data/venv/lib/python3.12/site-packages/oslo_service/backend/_threading/loopingcall.py:125}}
Jun 27 18:11:37.008690 np0000003848 nova-conductor[98775]: DEBUG oslo.service.backend._threading.loopingcall [-] Fixed interval looping call 'nova.servicegroup.drivers.db.DbDriver._report_state' sleeping for 120.00 seconds {{(pid=98775) _run_loop /opt/stack/data/venv/lib/python3.12/site-packages/oslo_service/backend/_threading/loopingcall.py:125}}
Jun 27 18:11:46.982791 np0000003848 nova-conductor[98759]: DEBUG dbcounter [-] [98759] Writing DB stats nova_cell0:SELECT=1,nova_cell0:UPDATE=1 {{(pid=98759) stat_writer /opt/stack/data/venv/lib/python3.12/site-packages/dbcounter.py:115}}
Jun 27 18:11:46.991446 np0000003848 nova-conductor[98746]: DEBUG dbcounter [-] [98746] Writing DB stats nova_cell0:SELECT=1 {{(pid=98746) stat_writer /opt/stack/data/venv/lib/python3.12/site-packages/dbcounter.py:115}}
Jun 27 18:11:46.993666 np0000003848 nova-conductor[98768]: DEBUG dbcounter [-] [98768] Writing DB stats nova_cell0:SELECT=1 {{(pid=98768) stat_writer /opt/stack/data/venv/lib/python3.12/site-packages/dbcounter.py:115}}
Jun 27 18:11:47.006418 np0000003848 nova-conductor[98775]: DEBUG dbcounter [-] [98775] Writing DB stats nova_cell0:SELECT=1 {{(pid=98775) stat_writer /opt/stack/data/venv/lib/python3.12/site-packages/dbcounter.py:115}}
Jun 27 18:11:57.987282 np0000003848 nova-conductor[98746]: DEBUG oslo.service.backend._threading.loopingcall [None req-ec2d472c-0a89-41ff-838a-676536818254 None None] Dynamic interval looping call 'nova.service.Service.periodic_tasks' sleeping for 60.00 seconds {{(pid=98746) _run_loop /opt/stack/data/venv/lib/python3.12/site-packages/oslo_service/backend/_threading/loopingcall.py:125}}
Jun 27 18:12:09.316117 np0000003848 nova-conductor[98775]: DEBUG oslo.service.backend._threading.loopingcall [None req-b6215bdf-8060-4439-8f3c-457c4b76ab74 None None] Dynamic interval looping call 'nova.service.Service.periodic_tasks' sleeping for 60.00 seconds {{(pid=98775) _run_loop /opt/stack/data/venv/lib/python3.12/site-packages/oslo_service/backend/_threading/loopingcall.py:125}}
Jun 27 18:12:19.324928 np0000003848 nova-conductor[98759]: DEBUG oslo_db.sqlalchemy.engines [None req-c2f727a6-61b3-4936-9eda-7f019f053f62 tempest-ServerBootFromVolumeStableRescueTest-740914069 tempest-ServerBootFromVolumeStableRescueTest-740914069-project-member] Parent process 97328 forked (98759) with an open database connection, which is being discarded and recreated. {{(pid=98759) checkout /opt/stack/data/venv/lib/python3.12/site-packages/oslo_db/sqlalchemy/engines.py:402}}
Jun 27 18:12:19.382521 np0000003848 nova-conductor[98759]: DEBUG dbcounter [-] [98759] Writer thread running {{(pid=98759) stat_writer /opt/stack/data/venv/lib/python3.12/site-packages/dbcounter.py:102}}
Jun 27 18:12:20.912552 np0000003848 nova-conductor[98759]: DEBUG nova.conductor.manager [None req-c2f727a6-61b3-4936-9eda-7f019f053f62 tempest-ServerBootFromVolumeStableRescueTest-740914069 tempest-ServerBootFromVolumeStableRescueTest-740914069-project-member] Took 1.53 seconds to select destinations for 1 instance(s). {{(pid=98759) _schedule_instances /opt/stack/nova/nova/conductor/manager.py:968}}
Jun 27 18:12:20.946497 np0000003848 nova-conductor[98759]: DEBUG oslo_concurrency.lockutils [None req-c2f727a6-61b3-4936-9eda-7f019f053f62 tempest-ServerBootFromVolumeStableRescueTest-740914069 tempest-ServerBootFromVolumeStableRescueTest-740914069-project-member] Acquiring lock "26dd1e9c-25cd-49f7-ab83-91f484a3cf83" by "nova.context.set_target_cell..get_or_set_cached_cell_and_set_connections" {{(pid=98759) inner /opt/stack/data/venv/lib/python3.12/site-packages/oslo_concurrency/lockutils.py:511}}
Jun 27 18:12:20.946497 np0000003848 nova-conductor[98759]: DEBUG oslo_concurrency.lockutils [None req-c2f727a6-61b3-4936-9eda-7f019f053f62 tempest-ServerBootFromVolumeStableRescueTest-740914069 tempest-ServerBootFromVolumeStableRescueTest-740914069-project-member] Lock "26dd1e9c-25cd-49f7-ab83-91f484a3cf83" acquired by "nova.context.set_target_cell..get_or_set_cached_cell_and_set_connections" :: waited 0.000s {{(pid=98759) inner /opt/stack/data/venv/lib/python3.12/site-packages/oslo_concurrency/lockutils.py:524}}
Jun 27 18:12:20.952892 np0000003848 nova-conductor[98759]: DEBUG oslo_concurrency.lockutils [None req-c2f727a6-61b3-4936-9eda-7f019f053f62 tempest-ServerBootFromVolumeStableRescueTest-740914069 tempest-ServerBootFromVolumeStableRescueTest-740914069-project-member] Lock "26dd1e9c-25cd-49f7-ab83-91f484a3cf83" "released" by "nova.context.set_target_cell..get_or_set_cached_cell_and_set_connections" :: held 0.006s {{(pid=98759) inner /opt/stack/data/venv/lib/python3.12/site-packages/oslo_concurrency/lockutils.py:543}}
Jun 27 18:12:20.954479 np0000003848 nova-conductor[98759]: INFO dbcounter [None req-c2f727a6-61b3-4936-9eda-7f019f053f62 tempest-ServerBootFromVolumeStableRescueTest-740914069 tempest-ServerBootFromVolumeStableRescueTest-740914069-project-member] Registered counter for database nova_cell1
Jun 27 18:12:21.016491 np0000003848 nova-conductor[98759]: DEBUG oslo_db.sqlalchemy.engines [None req-c2f727a6-61b3-4936-9eda-7f019f053f62 tempest-ServerBootFromVolumeStableRescueTest-740914069 tempest-ServerBootFromVolumeStableRescueTest-740914069-project-member] MySQL server mode set to STRICT_TRANS_TABLES,STRICT_ALL_TABLES,NO_ZERO_IN_DATE,NO_ZERO_DATE,ERROR_FOR_DIVISION_BY_ZERO,TRADITIONAL,NO_ENGINE_SUBSTITUTION {{(pid=98759) _check_effective_sql_mode /opt/stack/data/venv/lib/python3.12/site-packages/oslo_db/sqlalchemy/engines.py:325}}
Jun 27 18:12:21.024222 np0000003848 nova-conductor[98759]: DEBUG dbcounter [-] [98759] Writer thread running {{(pid=98759) stat_writer /opt/stack/data/venv/lib/python3.12/site-packages/dbcounter.py:102}}
Jun 27 18:12:21.094888 np0000003848 nova-conductor[98759]: INFO nova.utils [None req-c2f727a6-61b3-4936-9eda-7f019f053f62 tempest-ServerBootFromVolumeStableRescueTest-740914069 tempest-ServerBootFromVolumeStableRescueTest-740914069-project-member] The cell worker thread pool ForkProcess-2.cell_worker is initialized
Jun 27 18:12:21.095151 np0000003848 nova-conductor[98759]: DEBUG oslo_concurrency.lockutils [None req-c2f727a6-61b3-4936-9eda-7f019f053f62 tempest-ServerBootFromVolumeStableRescueTest-740914069 tempest-ServerBootFromVolumeStableRescueTest-740914069-project-member] Acquiring lock "00000000-0000-0000-0000-000000000000" by "nova.context.set_target_cell..get_or_set_cached_cell_and_set_connections" {{(pid=98759) inner /opt/stack/data/venv/lib/python3.12/site-packages/oslo_concurrency/lockutils.py:511}}
Jun 27 18:12:21.095281 np0000003848 nova-conductor[98759]: DEBUG oslo_concurrency.lockutils [None req-c2f727a6-61b3-4936-9eda-7f019f053f62 tempest-ServerBootFromVolumeStableRescueTest-740914069 tempest-ServerBootFromVolumeStableRescueTest-740914069-project-member] Lock "00000000-0000-0000-0000-000000000000" acquired by "nova.context.set_target_cell..get_or_set_cached_cell_and_set_connections" :: waited 0.000s {{(pid=98759) inner /opt/stack/data/venv/lib/python3.12/site-packages/oslo_concurrency/lockutils.py:524}}
Jun 27 18:12:21.095605 np0000003848 nova-conductor[98759]: DEBUG oslo_concurrency.lockutils [None req-c2f727a6-61b3-4936-9eda-7f019f053f62 tempest-ServerBootFromVolumeStableRescueTest-740914069 tempest-ServerBootFromVolumeStableRescueTest-740914069-project-member] Lock "00000000-0000-0000-0000-000000000000" "released" by "nova.context.set_target_cell..get_or_set_cached_cell_and_set_connections" :: held 0.000s {{(pid=98759) inner /opt/stack/data/venv/lib/python3.12/site-packages/oslo_concurrency/lockutils.py:543}}
Jun 27 18:12:21.096262 np0000003848 nova-conductor[98759]: DEBUG oslo_concurrency.lockutils [None req-c2f727a6-61b3-4936-9eda-7f019f053f62 tempest-ServerBootFromVolumeStableRescueTest-740914069 tempest-ServerBootFromVolumeStableRescueTest-740914069-project-member] Acquiring lock "26dd1e9c-25cd-49f7-ab83-91f484a3cf83" by "nova.context.set_target_cell..get_or_set_cached_cell_and_set_connections" {{(pid=98759) inner /opt/stack/data/venv/lib/python3.12/site-packages/oslo_concurrency/lockutils.py:511}}
Jun 27 18:12:21.096392 np0000003848 nova-conductor[98759]: DEBUG oslo_concurrency.lockutils [None req-c2f727a6-61b3-4936-9eda-7f019f053f62 tempest-ServerBootFromVolumeStableRescueTest-740914069 tempest-ServerBootFromVolumeStableRescueTest-740914069-project-member] Lock "26dd1e9c-25cd-49f7-ab83-91f484a3cf83" acquired by "nova.context.set_target_cell..get_or_set_cached_cell_and_set_connections" :: waited 0.000s {{(pid=98759) inner /opt/stack/data/venv/lib/python3.12/site-packages/oslo_concurrency/lockutils.py:524}}
Jun 27 18:12:21.097900 np0000003848 nova-conductor[98759]: INFO dbcounter [None req-c2f727a6-61b3-4936-9eda-7f019f053f62 tempest-ServerBootFromVolumeStableRescueTest-740914069 tempest-ServerBootFromVolumeStableRescueTest-740914069-project-member] Registered counter for database nova_cell0
Jun 27 18:12:21.098947 np0000003848 nova-conductor[98759]: DEBUG oslo_concurrency.lockutils [None req-c2f727a6-61b3-4936-9eda-7f019f053f62 tempest-ServerBootFromVolumeStableRescueTest-740914069 tempest-ServerBootFromVolumeStableRescueTest-740914069-project-member] Lock "26dd1e9c-25cd-49f7-ab83-91f484a3cf83" "released" by "nova.context.set_target_cell..get_or_set_cached_cell_and_set_connections" :: held 0.001s {{(pid=98759) inner /opt/stack/data/venv/lib/python3.12/site-packages/oslo_concurrency/lockutils.py:543}}
Jun 27 18:12:21.137831 np0000003848 nova-conductor[98759]: DEBUG oslo_db.sqlalchemy.engines [None req-c2f727a6-61b3-4936-9eda-7f019f053f62 tempest-ServerBootFromVolumeStableRescueTest-740914069 tempest-ServerBootFromVolumeStableRescueTest-740914069-project-member] MySQL server mode set to STRICT_TRANS_TABLES,STRICT_ALL_TABLES,NO_ZERO_IN_DATE,NO_ZERO_DATE,ERROR_FOR_DIVISION_BY_ZERO,TRADITIONAL,NO_ENGINE_SUBSTITUTION {{(pid=98759) _check_effective_sql_mode /opt/stack/data/venv/lib/python3.12/site-packages/oslo_db/sqlalchemy/engines.py:325}}
Jun 27 18:12:21.143048 np0000003848 nova-conductor[98759]: DEBUG dbcounter [-] [98759] Writer thread running {{(pid=98759) stat_writer /opt/stack/data/venv/lib/python3.12/site-packages/dbcounter.py:102}}
Jun 27 18:12:21.153144 np0000003848 nova-conductor[98759]: DEBUG nova.quota [None req-c2f727a6-61b3-4936-9eda-7f019f053f62 tempest-ServerBootFromVolumeStableRescueTest-740914069 tempest-ServerBootFromVolumeStableRescueTest-740914069-project-member] Getting quotas for project 15324542db924224bdc03b9ae93ccb82. Resources: {'cores', 'ram', 'instances'} {{(pid=98759) _get_quotas /opt/stack/nova/nova/quota.py:392}}
Jun 27 18:12:21.157157 np0000003848 nova-conductor[98759]: DEBUG nova.quota [None req-c2f727a6-61b3-4936-9eda-7f019f053f62 tempest-ServerBootFromVolumeStableRescueTest-740914069 tempest-ServerBootFromVolumeStableRescueTest-740914069-project-member] Getting quotas for user 186eabf779a34d9ca0c7009b88651c9d and project 15324542db924224bdc03b9ae93ccb82. Resources: {'cores', 'ram', 'instances'} {{(pid=98759) _get_quotas /opt/stack/nova/nova/quota.py:382}}
Jun 27 18:12:21.162864 np0000003848 nova-conductor[98759]: DEBUG nova.conductor.manager [None req-c2f727a6-61b3-4936-9eda-7f019f053f62 tempest-ServerBootFromVolumeStableRescueTest-740914069 tempest-ServerBootFromVolumeStableRescueTest-740914069-project-member] [instance: 0c9c63c8-850d-4729-831b-7b31fb8793cc] Selected host: np0000003848; Selected node: np0000003848; Alternates: [] {{(pid=98759) schedule_and_build_instances /opt/stack/nova/nova/conductor/manager.py:1784}}
Jun 27 18:12:21.163559 np0000003848 nova-conductor[98759]: DEBUG oslo_concurrency.lockutils [None req-c2f727a6-61b3-4936-9eda-7f019f053f62 tempest-ServerBootFromVolumeStableRescueTest-740914069 tempest-ServerBootFromVolumeStableRescueTest-740914069-project-member] Acquiring lock "26dd1e9c-25cd-49f7-ab83-91f484a3cf83" by "nova.context.set_target_cell..get_or_set_cached_cell_and_set_connections" {{(pid=98759) inner /opt/stack/data/venv/lib/python3.12/site-packages/oslo_concurrency/lockutils.py:511}}
Jun 27 18:12:21.163767 np0000003848 nova-conductor[98759]: DEBUG oslo_concurrency.lockutils [None req-c2f727a6-61b3-4936-9eda-7f019f053f62 tempest-ServerBootFromVolumeStableRescueTest-740914069 tempest-ServerBootFromVolumeStableRescueTest-740914069-project-member] Lock "26dd1e9c-25cd-49f7-ab83-91f484a3cf83" acquired by "nova.context.set_target_cell..get_or_set_cached_cell_and_set_connections" :: waited 0.000s {{(pid=98759) inner /opt/stack/data/venv/lib/python3.12/site-packages/oslo_concurrency/lockutils.py:524}}
Jun 27 18:12:21.164098 np0000003848 nova-conductor[98759]: DEBUG oslo_concurrency.lockutils [None req-c2f727a6-61b3-4936-9eda-7f019f053f62 tempest-ServerBootFromVolumeStableRescueTest-740914069 tempest-ServerBootFromVolumeStableRescueTest-740914069-project-member] Lock "26dd1e9c-25cd-49f7-ab83-91f484a3cf83" "released" by "nova.context.set_target_cell..get_or_set_cached_cell_and_set_connections" :: held 0.000s {{(pid=98759) inner /opt/stack/data/venv/lib/python3.12/site-packages/oslo_concurrency/lockutils.py:543}}
Jun 27 18:12:21.176765 np0000003848 nova-conductor[98759]: DEBUG nova.conductor.manager [None req-c2f727a6-61b3-4936-9eda-7f019f053f62 tempest-ServerBootFromVolumeStableRescueTest-740914069 tempest-ServerBootFromVolumeStableRescueTest-740914069-project-member] [instance: 0c9c63c8-850d-4729-831b-7b31fb8793cc] block_device_mapping [BlockDeviceMapping(attachment_id=,boot_index=0,connection_info=None,created_at=,delete_on_termination=True,deleted=,deleted_at=,destination_type='local',device_name=None,device_type='disk',disk_bus=None,encrypted=False,encryption_format=None,encryption_options=None,encryption_secret_uuid=None,guest_format=None,id=,image_id='74e14792-f2af-418b-a306-d87228d895d7',instance=,instance_uuid=,no_device=False,snapshot_id=None,source_type='image',tag=None,updated_at=,uuid=,volume_id=None,volume_size=None,volume_type=None)] {{(pid=98759) _create_block_device_mapping /opt/stack/nova/nova/conductor/manager.py:1529}}
Jun 27 18:12:21.178576 np0000003848 nova-conductor[98759]: DEBUG oslo_concurrency.lockutils [None req-c2f727a6-61b3-4936-9eda-7f019f053f62 tempest-ServerBootFromVolumeStableRescueTest-740914069 tempest-ServerBootFromVolumeStableRescueTest-740914069-project-member] Acquiring lock "26dd1e9c-25cd-49f7-ab83-91f484a3cf83" by "nova.context.set_target_cell..get_or_set_cached_cell_and_set_connections" {{(pid=98759) inner /opt/stack/data/venv/lib/python3.12/site-packages/oslo_concurrency/lockutils.py:511}}
Jun 27 18:12:21.179042 np0000003848 nova-conductor[98759]: DEBUG oslo_concurrency.lockutils [None req-c2f727a6-61b3-4936-9eda-7f019f053f62 tempest-ServerBootFromVolumeStableRescueTest-740914069 tempest-ServerBootFromVolumeStableRescueTest-740914069-project-member] Lock "26dd1e9c-25cd-49f7-ab83-91f484a3cf83" acquired by "nova.context.set_target_cell..get_or_set_cached_cell_and_set_connections" :: waited 0.000s {{(pid=98759) inner /opt/stack/data/venv/lib/python3.12/site-packages/oslo_concurrency/lockutils.py:524}}
Jun 27 18:12:21.179273 np0000003848 nova-conductor[98759]: DEBUG oslo_concurrency.lockutils [None req-c2f727a6-61b3-4936-9eda-7f019f053f62 tempest-ServerBootFromVolumeStableRescueTest-740914069 tempest-ServerBootFromVolumeStableRescueTest-740914069-project-member] Lock "26dd1e9c-25cd-49f7-ab83-91f484a3cf83" "released" by "nova.context.set_target_cell..get_or_set_cached_cell_and_set_connections" :: held 0.001s {{(pid=98759) inner /opt/stack/data/venv/lib/python3.12/site-packages/oslo_concurrency/lockutils.py:543}}
