Jul 06 17:48:18.873965 np0000004649 devstack@g-api.service[99455]: DEBUG glance_store.location [-] Registering scheme swift+config with {'store': , 'location_class': , 'store_entry': 'swift'} {{(pid=99455) register_scheme_map /opt/stack/data/venv/lib/python3.12/site-packages/glance_store/location.py:146}}
Jul 06 17:48:18.874125 np0000004649 devstack@g-api.service[99454]: DEBUG glance_store.capabilities [-] Store glance_store._drivers.swift.store.SingleTenantStore doesn't support updating dynamic storage capabilities. Please overwrite 'update_capabilities' method of the store to implement updating logics if needed. {{(pid=99454) update_capabilities /opt/stack/data/venv/lib/python3.12/site-packages/glance_store/capabilities.py:91}}
Jul 06 17:48:18.874172 np0000004649 devstack@g-api.service[99456]: DEBUG glance.sqlite_migration [-] SQLite caching database not located, skipping migration {{(pid=99456) get_db_path /opt/stack/glance/glance/sqlite_migration.py:68}}
Jul 06 17:48:18.874213 np0000004649 devstack@g-api.service[99454]: DEBUG glance_store.backend [-] Registering store swift with schemes ('swift+https', 'swift', 'swift+http', 'swift+config') {{(pid=99454) create_stores /opt/stack/data/venv/lib/python3.12/site-packages/glance_store/backend.py:261}}
Jul 06 17:48:18.874213 np0000004649 devstack@g-api.service[99454]: DEBUG glance_store.driver [-] Late loading location class glance_store._drivers.swift.store.StoreLocation {{(pid=99454) get_store_location_class /opt/stack/data/venv/lib/python3.12/site-packages/glance_store/driver.py:134}}
Jul 06 17:48:18.874284 np0000004649 devstack@g-api.service[99455]: DEBUG glance.sqlite_migration [-] SQLite caching database not located, skipping migration {{(pid=99455) get_db_path /opt/stack/glance/glance/sqlite_migration.py:68}}
Jul 06 17:48:18.874326 np0000004649 devstack@g-api.service[99454]: DEBUG glance_store.location [-] Registering scheme swift+https with {'store': , 'location_class': , 'store_entry': 'swift'} {{(pid=99454) register_scheme_map /opt/stack/data/venv/lib/python3.12/site-packages/glance_store/location.py:146}}
Jul 06 17:48:18.874369 np0000004649 devstack@g-api.service[99456]: WARNING glance.common.wsgi_app [-] Import methods are enabled but staging directory /tmp/staging/ does not exist; Imports will fail!
Jul 06 17:48:18.874411 np0000004649 devstack@g-api.service[99454]: DEBUG glance_store.location [-] Registering scheme swift with {'store': , 'location_class': , 'store_entry': 'swift'} {{(pid=99454) register_scheme_map /opt/stack/data/venv/lib/python3.12/site-packages/glance_store/location.py:146}}
Jul 06 17:48:18.874411 np0000004649 devstack@g-api.service[99454]: DEBUG glance_store.location [-] Registering scheme swift+http with {'store': , 'location_class': , 'store_entry': 'swift'} {{(pid=99454) register_scheme_map /opt/stack/data/venv/lib/python3.12/site-packages/glance_store/location.py:146}}
Jul 06 17:48:18.874513 np0000004649 devstack@g-api.service[99455]: WARNING glance.common.wsgi_app [-] Import methods are enabled but staging directory /tmp/staging/ does not exist; Imports will fail!
Jul 06 17:48:18.874557 np0000004649 devstack@g-api.service[99454]: DEBUG glance_store.location [-] Registering scheme swift+config with {'store': , 'location_class': , 'store_entry': 'swift'} {{(pid=99454) register_scheme_map /opt/stack/data/venv/lib/python3.12/site-packages/glance_store/location.py:146}}
Jul 06 17:48:18.874557 np0000004649 devstack@g-api.service[99454]: DEBUG glance_store.backend [-] Attempting to import store swift {{(pid=99454) _load_store /opt/stack/data/venv/lib/python3.12/site-packages/glance_store/backend.py:215}}
Jul 06 17:48:18.874988 np0000004649 devstack@g-api.service[99454]: DEBUG glance_store.capabilities [-] Store glance_store._drivers.swift.store.SingleTenantStore doesn't support updating dynamic storage capabilities. Please overwrite 'update_capabilities' method of the store to implement updating logics if needed. {{(pid=99454) update_capabilities /opt/stack/data/venv/lib/python3.12/site-packages/glance_store/capabilities.py:91}}
Jul 06 17:48:18.875083 np0000004649 devstack@g-api.service[99454]: DEBUG glance_store.driver [-] Late loading location class glance_store._drivers.swift.store.StoreLocation {{(pid=99454) get_store_location_class /opt/stack/data/venv/lib/python3.12/site-packages/glance_store/driver.py:134}}
Jul 06 17:48:18.875186 np0000004649 devstack@g-api.service[99454]: DEBUG glance_store.location [-] Registering scheme swift+https with {'store': , 'location_class': , 'store_entry': 'swift'} {{(pid=99454) register_scheme_map /opt/stack/data/venv/lib/python3.12/site-packages/glance_store/location.py:146}}
Jul 06 17:48:18.875269 np0000004649 devstack@g-api.service[99454]: DEBUG glance_store.location [-] Registering scheme swift+https with {'store': , 'location_class': , 'store_entry': 'swift'} {{(pid=99454) register_scheme_map /opt/stack/data/venv/lib/python3.12/site-packages/glance_store/location.py:146}}
Jul 06 17:48:18.875361 np0000004649 devstack@g-api.service[99454]: DEBUG glance_store.location [-] Registering scheme swift with {'store': , 'location_class': , 'store_entry': 'swift'} {{(pid=99454) register_scheme_map /opt/stack/data/venv/lib/python3.12/site-packages/glance_store/location.py:146}}
Jul 06 17:48:18.875443 np0000004649 devstack@g-api.service[99454]: DEBUG glance_store.location [-] Registering scheme swift+https with {'store': , 'location_class': , 'store_entry': 'swift'} {{(pid=99454) register_scheme_map /opt/stack/data/venv/lib/python3.12/site-packages/glance_store/location.py:146}}
Jul 06 17:48:18.875535 np0000004649 devstack@g-api.service[99454]: DEBUG glance_store.location [-] Registering scheme swift with {'store': , 'location_class': , 'store_entry': 'swift'} {{(pid=99454) register_scheme_map /opt/stack/data/venv/lib/python3.12/site-packages/glance_store/location.py:146}}
Jul 06 17:48:18.875615 np0000004649 devstack@g-api.service[99454]: DEBUG glance_store.location [-] Registering scheme swift+http with {'store': , 'location_class': , 'store_entry': 'swift'} {{(pid=99454) register_scheme_map /opt/stack/data/venv/lib/python3.12/site-packages/glance_store/location.py:146}}
Jul 06 17:48:18.875697 np0000004649 devstack@g-api.service[99454]: DEBUG glance_store.location [-] Registering scheme swift+https with {'store': , 'location_class': , 'store_entry': 'swift'} {{(pid=99454) register_scheme_map /opt/stack/data/venv/lib/python3.12/site-packages/glance_store/location.py:146}}
Jul 06 17:48:18.875776 np0000004649 devstack@g-api.service[99454]: DEBUG glance_store.location [-] Registering scheme swift with {'store': , 'location_class': , 'store_entry': 'swift'} {{(pid=99454) register_scheme_map /opt/stack/data/venv/lib/python3.12/site-packages/glance_store/location.py:146}}
Jul 06 17:48:18.875858 np0000004649 devstack@g-api.service[99454]: DEBUG glance_store.location [-] Registering scheme swift+http with {'store': , 'location_class': , 'store_entry': 'swift'} {{(pid=99454) register_scheme_map /opt/stack/data/venv/lib/python3.12/site-packages/glance_store/location.py:146}}
Jul 06 17:48:18.875938 np0000004649 devstack@g-api.service[99454]: DEBUG glance_store.location [-] Registering scheme swift+config with {'store': , 'location_class': , 'store_entry': 'swift'} {{(pid=99454) register_scheme_map /opt/stack/data/venv/lib/python3.12/site-packages/glance_store/location.py:146}}
Jul 06 17:48:18.876268 np0000004649 devstack@g-api.service[99454]: DEBUG glance.sqlite_migration [-] SQLite caching database not located, skipping migration {{(pid=99454) get_db_path /opt/stack/glance/glance/sqlite_migration.py:68}}
Jul 06 17:48:18.876531 np0000004649 devstack@g-api.service[99454]: WARNING glance.common.wsgi_app [-] Import methods are enabled but staging directory /tmp/staging/ does not exist; Imports will fail!
Jul 06 17:48:19.006575 np0000004649 devstack@g-api.service[99456]: DEBUG glance.common.config [None req-6bf5b5dd-32a7-4b55-98f4-d748b25fd287 None None] Loading glance-api-keystone+cachemanagement from /etc/glance/glance-api-paste.ini {{(pid=99456) load_paste_app /opt/stack/glance/glance/common/config.py:765}}
Jul 06 17:48:19.011914 np0000004649 devstack@g-api.service[99455]: DEBUG glance.common.config [None req-ce91e7c1-1eb9-424f-a26f-373128f44d3d None None] Loading glance-api-keystone+cachemanagement from /etc/glance/glance-api-paste.ini {{(pid=99455) load_paste_app /opt/stack/glance/glance/common/config.py:765}}
Jul 06 17:48:19.012814 np0000004649 devstack@g-api.service[99454]: DEBUG glance.common.config [None req-c581be47-2390-4c89-9cc5-487503cdea8e None None] Loading glance-api-keystone+cachemanagement from /etc/glance/glance-api-paste.ini {{(pid=99454) load_paste_app /opt/stack/glance/glance/common/config.py:765}}
Jul 06 17:48:19.655709 np0000004649 devstack@g-api.service[99454]: INFO glance.image_cache [None req-c581be47-2390-4c89-9cc5-487503cdea8e None None] Image cache loaded driver 'centralized_db'.
Jul 06 17:48:19.672231 np0000004649 devstack@g-api.service[99456]: INFO glance.image_cache [None req-6bf5b5dd-32a7-4b55-98f4-d748b25fd287 None None] Image cache loaded driver 'centralized_db'.
Jul 06 17:48:19.672424 np0000004649 devstack@g-api.service[99455]: INFO glance.image_cache [None req-ce91e7c1-1eb9-424f-a26f-373128f44d3d None None] Image cache loaded driver 'centralized_db'.
Jul 06 17:48:19.703741 np0000004649 devstack@g-api.service[99454]: INFO dbcounter [None req-c581be47-2390-4c89-9cc5-487503cdea8e None None] Registered counter for database glance
Jul 06 17:48:19.717077 np0000004649 devstack@g-api.service[99456]: INFO dbcounter [None req-6bf5b5dd-32a7-4b55-98f4-d748b25fd287 None None] Registered counter for database glance
Jul 06 17:48:19.719180 np0000004649 devstack@g-api.service[99455]: INFO dbcounter [None req-ce91e7c1-1eb9-424f-a26f-373128f44d3d None None] Registered counter for database glance
Jul 06 17:48:19.742602 np0000004649 devstack@g-api.service[99454]: DEBUG oslo_db.sqlalchemy.engines [None req-c581be47-2390-4c89-9cc5-487503cdea8e None None] MySQL server mode set to STRICT_TRANS_TABLES,STRICT_ALL_TABLES,NO_ZERO_IN_DATE,NO_ZERO_DATE,ERROR_FOR_DIVISION_BY_ZERO,TRADITIONAL,NO_ENGINE_SUBSTITUTION {{(pid=99454) _check_effective_sql_mode /opt/stack/data/venv/lib/python3.12/site-packages/oslo_db/sqlalchemy/engines.py:325}}
Jul 06 17:48:19.758206 np0000004649 devstack@g-api.service[99456]: DEBUG oslo_db.sqlalchemy.engines [None req-6bf5b5dd-32a7-4b55-98f4-d748b25fd287 None None] MySQL server mode set to STRICT_TRANS_TABLES,STRICT_ALL_TABLES,NO_ZERO_IN_DATE,NO_ZERO_DATE,ERROR_FOR_DIVISION_BY_ZERO,TRADITIONAL,NO_ENGINE_SUBSTITUTION {{(pid=99456) _check_effective_sql_mode /opt/stack/data/venv/lib/python3.12/site-packages/oslo_db/sqlalchemy/engines.py:325}}
Jul 06 17:48:19.761536 np0000004649 devstack@g-api.service[99455]: DEBUG oslo_db.sqlalchemy.engines [None req-ce91e7c1-1eb9-424f-a26f-373128f44d3d None None] MySQL server mode set to STRICT_TRANS_TABLES,STRICT_ALL_TABLES,NO_ZERO_IN_DATE,NO_ZERO_DATE,ERROR_FOR_DIVISION_BY_ZERO,TRADITIONAL,NO_ENGINE_SUBSTITUTION {{(pid=99455) _check_effective_sql_mode /opt/stack/data/venv/lib/python3.12/site-packages/oslo_db/sqlalchemy/engines.py:325}}
Jul 06 17:48:19.771842 np0000004649 devstack@g-api.service[99454]: DEBUG dbcounter [-] [99454] Writer thread running {{(pid=99454) stat_writer /opt/stack/data/venv/lib/python3.12/site-packages/dbcounter.py:102}}
Jul 06 17:48:19.780606 np0000004649 devstack@g-api.service[99456]: DEBUG dbcounter [-] [99456] Writer thread running {{(pid=99456) stat_writer /opt/stack/data/venv/lib/python3.12/site-packages/dbcounter.py:102}}
Jul 06 17:48:19.783070 np0000004649 devstack@g-api.service[99455]: DEBUG dbcounter [-] [99455] Writer thread running {{(pid=99455) stat_writer /opt/stack/data/venv/lib/python3.12/site-packages/dbcounter.py:102}}
Jul 06 17:48:19.784412 np0000004649 devstack@g-api.service[99456]: DEBUG glance.image_cache.drivers.centralized_db [None req-6bf5b5dd-32a7-4b55-98f4-d748b25fd287 None None] Node reference is already recorded, ignoring it {{(pid=99456) configure /opt/stack/glance/glance/image_cache/drivers/centralized_db.py:71}}
Jul 06 17:48:19.785701 np0000004649 devstack@g-api.service[99455]: DEBUG glance.image_cache.drivers.centralized_db [None req-ce91e7c1-1eb9-424f-a26f-373128f44d3d None None] Node reference is already recorded, ignoring it {{(pid=99455) configure /opt/stack/glance/glance/image_cache/drivers/centralized_db.py:71}}
Jul 06 17:48:19.788045 np0000004649 devstack@g-api.service[99454]: INFO glance.image_cache [None req-c581be47-2390-4c89-9cc5-487503cdea8e None None] Image cache loaded driver 'centralized_db'.
Jul 06 17:48:19.792353 np0000004649 devstack@g-api.service[99455]: INFO glance.image_cache [None req-ce91e7c1-1eb9-424f-a26f-373128f44d3d None None] Image cache loaded driver 'centralized_db'.
Jul 06 17:48:19.793824 np0000004649 devstack@g-api.service[99456]: INFO glance.image_cache [None req-6bf5b5dd-32a7-4b55-98f4-d748b25fd287 None None] Image cache loaded driver 'centralized_db'.
Jul 06 17:48:19.883761 np0000004649 devstack@g-api.service[99454]: DEBUG glance.image_cache.drivers.centralized_db [None req-c581be47-2390-4c89-9cc5-487503cdea8e None None] Node reference is already recorded, ignoring it {{(pid=99454) configure /opt/stack/glance/glance/image_cache/drivers/centralized_db.py:71}}
Jul 06 17:48:19.888489 np0000004649 devstack@g-api.service[99454]: DEBUG glance.api.v2.cached_images [None req-c581be47-2390-4c89-9cc5-487503cdea8e None None] Started cache worker thread {{(pid=99454) __init__ /opt/stack/glance/glance/api/v2/cached_images.py:71}}
Jul 06 17:48:19.889114 np0000004649 devstack@g-api.service[99454]: INFO glance.image_cache [None req-c581be47-2390-4c89-9cc5-487503cdea8e None None] Image cache loaded driver 'centralized_db'.
Jul 06 17:48:19.895627 np0000004649 devstack@g-api.service[99455]: DEBUG glance.image_cache.drivers.centralized_db [None req-ce91e7c1-1eb9-424f-a26f-373128f44d3d None None] Node reference is already recorded, ignoring it {{(pid=99455) configure /opt/stack/glance/glance/image_cache/drivers/centralized_db.py:71}}
Jul 06 17:48:19.895737 np0000004649 devstack@g-api.service[99454]: DEBUG glance.image_cache.drivers.centralized_db [None req-c581be47-2390-4c89-9cc5-487503cdea8e None None] Node reference is already recorded, ignoring it {{(pid=99454) configure /opt/stack/glance/glance/image_cache/drivers/centralized_db.py:71}}
Jul 06 17:48:19.900149 np0000004649 devstack@g-api.service[99454]: INFO glance.api.middleware.cache_manage [None req-c581be47-2390-4c89-9cc5-487503cdea8e None None] Initialized image cache management middleware
Jul 06 17:48:19.900284 np0000004649 devstack@g-api.service[99454]: INFO glance.image_cache [None req-c581be47-2390-4c89-9cc5-487503cdea8e None None] Image cache loaded driver 'centralized_db'.
Jul 06 17:48:19.900748 np0000004649 devstack@g-api.service[99455]: DEBUG glance.api.v2.cached_images [None req-ce91e7c1-1eb9-424f-a26f-373128f44d3d None None] Started cache worker thread {{(pid=99455) __init__ /opt/stack/glance/glance/api/v2/cached_images.py:71}}
Jul 06 17:48:19.901464 np0000004649 devstack@g-api.service[99455]: INFO glance.image_cache [None req-ce91e7c1-1eb9-424f-a26f-373128f44d3d None None] Image cache loaded driver 'centralized_db'.
Jul 06 17:48:19.906418 np0000004649 devstack@g-api.service[99454]: DEBUG glance.image_cache.drivers.centralized_db [None req-c581be47-2390-4c89-9cc5-487503cdea8e None None] Node reference is already recorded, ignoring it {{(pid=99454) configure /opt/stack/glance/glance/image_cache/drivers/centralized_db.py:71}}
Jul 06 17:48:19.907737 np0000004649 devstack@g-api.service[99455]: DEBUG glance.image_cache.drivers.centralized_db [None req-ce91e7c1-1eb9-424f-a26f-373128f44d3d None None] Node reference is already recorded, ignoring it {{(pid=99455) configure /opt/stack/glance/glance/image_cache/drivers/centralized_db.py:71}}
Jul 06 17:48:19.910092 np0000004649 devstack@g-api.service[99454]: INFO glance.api.middleware.cache [None req-c581be47-2390-4c89-9cc5-487503cdea8e None None] Initialized image cache middleware
Jul 06 17:48:19.912253 np0000004649 devstack@g-api.service[99455]: INFO glance.api.middleware.cache_manage [None req-ce91e7c1-1eb9-424f-a26f-373128f44d3d None None] Initialized image cache management middleware
Jul 06 17:48:19.912404 np0000004649 devstack@g-api.service[99455]: INFO glance.image_cache [None req-ce91e7c1-1eb9-424f-a26f-373128f44d3d None None] Image cache loaded driver 'centralized_db'.
Jul 06 17:48:19.919139 np0000004649 devstack@g-api.service[99455]: DEBUG glance.image_cache.drivers.centralized_db [None req-ce91e7c1-1eb9-424f-a26f-373128f44d3d None None] Node reference is already recorded, ignoring it {{(pid=99455) configure /opt/stack/glance/glance/image_cache/drivers/centralized_db.py:71}}
Jul 06 17:48:19.919759 np0000004649 devstack@g-api.service[99456]: DEBUG glance.image_cache.drivers.centralized_db [None req-6bf5b5dd-32a7-4b55-98f4-d748b25fd287 None None] Node reference is already recorded, ignoring it {{(pid=99456) configure /opt/stack/glance/glance/image_cache/drivers/centralized_db.py:71}}
Jul 06 17:48:19.921737 np0000004649 devstack@g-api.service[99454]: DEBUG glance.common.config [None req-c581be47-2390-4c89-9cc5-487503cdea8e None None] ******************************************************************************** {{(pid=99454) log_opt_values /opt/stack/data/venv/lib/python3.12/site-packages/oslo_config/cfg.py:3226}}
Jul 06 17:48:19.921830 np0000004649 devstack@g-api.service[99454]: DEBUG glance.common.config [None req-c581be47-2390-4c89-9cc5-487503cdea8e None None] Configuration options gathered from: {{(pid=99454) log_opt_values /opt/stack/data/venv/lib/python3.12/site-packages/oslo_config/cfg.py:3227}}
Jul 06 17:48:19.922110 np0000004649 devstack@g-api.service[99454]: DEBUG glance.common.config [None req-c581be47-2390-4c89-9cc5-487503cdea8e None None] command line args: [] {{(pid=99454) log_opt_values /opt/stack/data/venv/lib/python3.12/site-packages/oslo_config/cfg.py:3228}}
Jul 06 17:48:19.922235 np0000004649 devstack@g-api.service[99454]: DEBUG glance.common.config [None req-c581be47-2390-4c89-9cc5-487503cdea8e None None] config files: ['/etc/glance/glance-image-import.conf', '/etc/glance/glance-api.conf'] {{(pid=99454) log_opt_values /opt/stack/data/venv/lib/python3.12/site-packages/oslo_config/cfg.py:3229}}
Jul 06 17:48:19.922304 np0000004649 devstack@g-api.service[99454]: DEBUG glance.common.config [None req-c581be47-2390-4c89-9cc5-487503cdea8e None None] ================================================================================ {{(pid=99454) log_opt_values /opt/stack/data/venv/lib/python3.12/site-packages/oslo_config/cfg.py:3234}}
Jul 06 17:48:19.922417 np0000004649 devstack@g-api.service[99454]: DEBUG glance.common.config [None req-c581be47-2390-4c89-9cc5-487503cdea8e None None] allow_anonymous_access = False {{(pid=99454) log_opt_values /opt/stack/data/venv/lib/python3.12/site-packages/oslo_config/cfg.py:3242}}
Jul 06 17:48:19.922521 np0000004649 devstack@g-api.service[99454]: DEBUG glance.common.config [None req-c581be47-2390-4c89-9cc5-487503cdea8e None None] api_limit_max = 1000 {{(pid=99454) log_opt_values /opt/stack/data/venv/lib/python3.12/site-packages/oslo_config/cfg.py:3242}}
Jul 06 17:48:19.922579 np0000004649 devstack@g-api.service[99455]: INFO glance.api.middleware.cache [None req-ce91e7c1-1eb9-424f-a26f-373128f44d3d None None] Initialized image cache middleware
Jul 06 17:48:19.922628 np0000004649 devstack@g-api.service[99454]: DEBUG glance.common.config [None req-c581be47-2390-4c89-9cc5-487503cdea8e None None] config_dir = [] {{(pid=99454) log_opt_values /opt/stack/data/venv/lib/python3.12/site-packages/oslo_config/cfg.py:3242}}
Jul 06 17:48:19.922713 np0000004649 devstack@g-api.service[99454]: DEBUG glance.common.config [None req-c581be47-2390-4c89-9cc5-487503cdea8e None None] config_file = ['/etc/glance/glance-image-import.conf', '/etc/glance/glance-api.conf'] {{(pid=99454) log_opt_values /opt/stack/data/venv/lib/python3.12/site-packages/oslo_config/cfg.py:3242}}
Jul 06 17:48:19.922812 np0000004649 devstack@g-api.service[99454]: DEBUG glance.common.config [None req-c581be47-2390-4c89-9cc5-487503cdea8e None None] config_source = [] {{(pid=99454) log_opt_values /opt/stack/data/venv/lib/python3.12/site-packages/oslo_config/cfg.py:3242}}
Jul 06 17:48:19.922911 np0000004649 devstack@g-api.service[99454]: DEBUG glance.common.config [None req-c581be47-2390-4c89-9cc5-487503cdea8e None None] control_exchange = glance {{(pid=99454) log_opt_values /opt/stack/data/venv/lib/python3.12/site-packages/oslo_config/cfg.py:3242}}
Jul 06 17:48:19.922980 np0000004649 devstack@g-api.service[99454]: DEBUG glance.common.config [None req-c581be47-2390-4c89-9cc5-487503cdea8e None None] debug = True {{(pid=99454) log_opt_values /opt/stack/data/venv/lib/python3.12/site-packages/oslo_config/cfg.py:3242}}
Jul 06 17:48:19.923148 np0000004649 devstack@g-api.service[99454]: DEBUG glance.common.config [None req-c581be47-2390-4c89-9cc5-487503cdea8e None None] default_log_levels = ['amqp=WARN', 'boto=WARN', 'sqlalchemy=WARN', 'suds=INFO', 'oslo.messaging=INFO', 'oslo_messaging=INFO', 'iso8601=WARN', 'requests.packages.urllib3.connectionpool=WARN', 'urllib3.connectionpool=WARN', 'websocket=WARN', 'requests.packages.urllib3.util.retry=WARN', 'urllib3.util.retry=WARN', 'keystonemiddleware=WARN', 'routes.middleware=WARN', 'stevedore=WARN', 'taskflow=WARN', 'keystoneauth=WARN', 'oslo.cache=INFO', 'oslo_policy=INFO', 'dogpile.core.dogpile=INFO'] {{(pid=99454) log_opt_values /opt/stack/data/venv/lib/python3.12/site-packages/oslo_config/cfg.py:3242}}
Jul 06 17:48:19.923248 np0000004649 devstack@g-api.service[99454]: DEBUG glance.common.config [None req-c581be47-2390-4c89-9cc5-487503cdea8e None None] default_publisher_id = image.localhost {{(pid=99454) log_opt_values /opt/stack/data/venv/lib/python3.12/site-packages/oslo_config/cfg.py:3242}}
Jul 06 17:48:19.923335 np0000004649 devstack@g-api.service[99454]: DEBUG glance.common.config [None req-c581be47-2390-4c89-9cc5-487503cdea8e None None] delayed_delete = False {{(pid=99454) log_opt_values /opt/stack/data/venv/lib/python3.12/site-packages/oslo_config/cfg.py:3242}}
Jul 06 17:48:19.923427 np0000004649 devstack@g-api.service[99454]: DEBUG glance.common.config [None req-c581be47-2390-4c89-9cc5-487503cdea8e None None] digest_algorithm = sha256 {{(pid=99454) log_opt_values /opt/stack/data/venv/lib/python3.12/site-packages/oslo_config/cfg.py:3242}}
Jul 06 17:48:19.923525 np0000004649 devstack@g-api.service[99454]: DEBUG glance.common.config [None req-c581be47-2390-4c89-9cc5-487503cdea8e None None] disabled_notifications = [] {{(pid=99454) log_opt_values /opt/stack/data/venv/lib/python3.12/site-packages/oslo_config/cfg.py:3242}}
Jul 06 17:48:19.923611 np0000004649 devstack@g-api.service[99454]: DEBUG glance.common.config [None req-c581be47-2390-4c89-9cc5-487503cdea8e None None] do_secure_hash = True {{(pid=99454) log_opt_values /opt/stack/data/venv/lib/python3.12/site-packages/oslo_config/cfg.py:3242}}
Jul 06 17:48:19.923697 np0000004649 devstack@g-api.service[99454]: DEBUG glance.common.config [None req-c581be47-2390-4c89-9cc5-487503cdea8e None None] enabled_backends = None {{(pid=99454) log_opt_values /opt/stack/data/venv/lib/python3.12/site-packages/oslo_config/cfg.py:3242}}
Jul 06 17:48:19.923802 np0000004649 devstack@g-api.service[99454]: DEBUG glance.common.config [None req-c581be47-2390-4c89-9cc5-487503cdea8e None None] enabled_import_methods = ['glance-direct', 'web-download', 'copy-image'] {{(pid=99454) log_opt_values /opt/stack/data/venv/lib/python3.12/site-packages/oslo_config/cfg.py:3242}}
Jul 06 17:48:19.923891 np0000004649 devstack@g-api.service[99454]: DEBUG glance.common.config [None req-c581be47-2390-4c89-9cc5-487503cdea8e None None] fatal_deprecations = False {{(pid=99454) log_opt_values /opt/stack/data/venv/lib/python3.12/site-packages/oslo_config/cfg.py:3242}}
Jul 06 17:48:19.923982 np0000004649 devstack@g-api.service[99454]: DEBUG glance.common.config [None req-c581be47-2390-4c89-9cc5-487503cdea8e None None] hashing_algorithm = sha512 {{(pid=99454) log_opt_values /opt/stack/data/venv/lib/python3.12/site-packages/oslo_config/cfg.py:3242}}
Jul 06 17:48:19.924081 np0000004649 devstack@g-api.service[99454]: DEBUG glance.common.config [None req-c581be47-2390-4c89-9cc5-487503cdea8e None None] http_retries = 3 {{(pid=99454) log_opt_values /opt/stack/data/venv/lib/python3.12/site-packages/oslo_config/cfg.py:3242}}
Jul 06 17:48:19.924178 np0000004649 devstack@g-api.service[99454]: DEBUG glance.common.config [None req-c581be47-2390-4c89-9cc5-487503cdea8e None None] image_cache_dir = /opt/stack/data/glance/cache/ {{(pid=99454) log_opt_values /opt/stack/data/venv/lib/python3.12/site-packages/oslo_config/cfg.py:3242}}
Jul 06 17:48:19.924306 np0000004649 devstack@g-api.service[99454]: DEBUG glance.common.config [None req-c581be47-2390-4c89-9cc5-487503cdea8e None None] image_cache_driver = centralized_db {{(pid=99454) log_opt_values /opt/stack/data/venv/lib/python3.12/site-packages/oslo_config/cfg.py:3242}}
Jul 06 17:48:19.924417 np0000004649 devstack@g-api.service[99454]: DEBUG glance.common.config [None req-c581be47-2390-4c89-9cc5-487503cdea8e None None] image_cache_max_size = 10737418240 {{(pid=99454) log_opt_values /opt/stack/data/venv/lib/python3.12/site-packages/oslo_config/cfg.py:3242}}
Jul 06 17:48:19.924528 np0000004649 devstack@g-api.service[99454]: DEBUG glance.common.config [None req-c581be47-2390-4c89-9cc5-487503cdea8e None None] image_cache_sqlite_db = cache.db {{(pid=99454) log_opt_values /opt/stack/data/venv/lib/python3.12/site-packages/oslo_config/cfg.py:3242}}
Jul 06 17:48:19.924620 np0000004649 devstack@g-api.service[99454]: DEBUG glance.common.config [None req-c581be47-2390-4c89-9cc5-487503cdea8e None None] image_cache_stall_time = 86400 {{(pid=99454) log_opt_values /opt/stack/data/venv/lib/python3.12/site-packages/oslo_config/cfg.py:3242}}
Jul 06 17:48:19.924736 np0000004649 devstack@g-api.service[99454]: DEBUG glance.common.config [None req-c581be47-2390-4c89-9cc5-487503cdea8e None None] image_location_quota = 10 {{(pid=99454) log_opt_values /opt/stack/data/venv/lib/python3.12/site-packages/oslo_config/cfg.py:3242}}
Jul 06 17:48:19.924863 np0000004649 devstack@g-api.service[99454]: DEBUG glance.common.config [None req-c581be47-2390-4c89-9cc5-487503cdea8e None None] image_member_quota = 128 {{(pid=99454) log_opt_values /opt/stack/data/venv/lib/python3.12/site-packages/oslo_config/cfg.py:3242}}
Jul 06 17:48:19.924972 np0000004649 devstack@g-api.service[99454]: DEBUG glance.common.config [None req-c581be47-2390-4c89-9cc5-487503cdea8e None None] image_property_quota = 128 {{(pid=99454) log_opt_values /opt/stack/data/venv/lib/python3.12/site-packages/oslo_config/cfg.py:3242}}
Jul 06 17:48:19.925075 np0000004649 devstack@g-api.service[99454]: DEBUG glance.common.config [None req-c581be47-2390-4c89-9cc5-487503cdea8e None None] image_size_cap = 1099511627776 {{(pid=99454) log_opt_values /opt/stack/data/venv/lib/python3.12/site-packages/oslo_config/cfg.py:3242}}
Jul 06 17:48:19.925202 np0000004649 devstack@g-api.service[99454]: DEBUG glance.common.config [None req-c581be47-2390-4c89-9cc5-487503cdea8e None None] image_tag_quota = 128 {{(pid=99454) log_opt_values /opt/stack/data/venv/lib/python3.12/site-packages/oslo_config/cfg.py:3242}}
Jul 06 17:48:19.925366 np0000004649 devstack@g-api.service[99454]: DEBUG glance.common.config [None req-c581be47-2390-4c89-9cc5-487503cdea8e None None] instance_format = [instance: %(uuid)s] {{(pid=99454) log_opt_values /opt/stack/data/venv/lib/python3.12/site-packages/oslo_config/cfg.py:3242}}
Jul 06 17:48:19.925469 np0000004649 devstack@g-api.service[99454]: DEBUG glance.common.config [None req-c581be47-2390-4c89-9cc5-487503cdea8e None None] instance_uuid_format = [instance: %(uuid)s] {{(pid=99454) log_opt_values /opt/stack/data/venv/lib/python3.12/site-packages/oslo_config/cfg.py:3242}}
Jul 06 17:48:19.925577 np0000004649 devstack@g-api.service[99454]: DEBUG glance.common.config [None req-c581be47-2390-4c89-9cc5-487503cdea8e None None] limit_param_default = 25 {{(pid=99454) log_opt_values /opt/stack/data/venv/lib/python3.12/site-packages/oslo_config/cfg.py:3242}}
Jul 06 17:48:19.925677 np0000004649 devstack@g-api.service[99454]: DEBUG glance.common.config [None req-c581be47-2390-4c89-9cc5-487503cdea8e None None] log_color = False {{(pid=99454) log_opt_values /opt/stack/data/venv/lib/python3.12/site-packages/oslo_config/cfg.py:3242}}
Jul 06 17:48:19.925775 np0000004649 devstack@g-api.service[99454]: DEBUG glance.common.config [None req-c581be47-2390-4c89-9cc5-487503cdea8e None None] log_config_append = None {{(pid=99454) log_opt_values /opt/stack/data/venv/lib/python3.12/site-packages/oslo_config/cfg.py:3242}}
Jul 06 17:48:19.925884 np0000004649 devstack@g-api.service[99454]: DEBUG glance.common.config [None req-c581be47-2390-4c89-9cc5-487503cdea8e None None] log_date_format = %Y-%m-%d %H:%M:%S {{(pid=99454) log_opt_values /opt/stack/data/venv/lib/python3.12/site-packages/oslo_config/cfg.py:3242}}
Jul 06 17:48:19.925992 np0000004649 devstack@g-api.service[99454]: DEBUG glance.common.config [None req-c581be47-2390-4c89-9cc5-487503cdea8e None None] log_dir = None {{(pid=99454) log_opt_values /opt/stack/data/venv/lib/python3.12/site-packages/oslo_config/cfg.py:3242}}
Jul 06 17:48:19.926109 np0000004649 devstack@g-api.service[99454]: DEBUG glance.common.config [None req-c581be47-2390-4c89-9cc5-487503cdea8e None None] log_file = None {{(pid=99454) log_opt_values /opt/stack/data/venv/lib/python3.12/site-packages/oslo_config/cfg.py:3242}}
Jul 06 17:48:19.926204 np0000004649 devstack@g-api.service[99454]: DEBUG glance.common.config [None req-c581be47-2390-4c89-9cc5-487503cdea8e None None] log_rotate_interval = 1 {{(pid=99454) log_opt_values /opt/stack/data/venv/lib/python3.12/site-packages/oslo_config/cfg.py:3242}}
Jul 06 17:48:19.926304 np0000004649 devstack@g-api.service[99454]: DEBUG glance.common.config [None req-c581be47-2390-4c89-9cc5-487503cdea8e None None] log_rotate_interval_type = days {{(pid=99454) log_opt_values /opt/stack/data/venv/lib/python3.12/site-packages/oslo_config/cfg.py:3242}}
Jul 06 17:48:19.926404 np0000004649 devstack@g-api.service[99454]: DEBUG glance.common.config [None req-c581be47-2390-4c89-9cc5-487503cdea8e None None] log_rotation_type = none {{(pid=99454) log_opt_values /opt/stack/data/venv/lib/python3.12/site-packages/oslo_config/cfg.py:3242}}
Jul 06 17:48:19.926472 np0000004649 devstack@g-api.service[99454]: DEBUG glance.common.config [None req-c581be47-2390-4c89-9cc5-487503cdea8e None None] logging_context_format_string = %(color)s%(levelname)s %(name)s [%(global_request_id)s %(request_id)s %(project_name)s %(user_name)s%(color)s] %(instance)s%(color)s%(message)s {{(pid=99454) log_opt_values /opt/stack/data/venv/lib/python3.12/site-packages/oslo_config/cfg.py:3242}}
Jul 06 17:48:19.926552 np0000004649 devstack@g-api.service[99454]: DEBUG glance.common.config [None req-c581be47-2390-4c89-9cc5-487503cdea8e None None] logging_debug_format_suffix = {{(pid=%(process)d) %(funcName)s %(pathname)s:%(lineno)d}} {{(pid=99454) log_opt_values /opt/stack/data/venv/lib/python3.12/site-packages/oslo_config/cfg.py:3242}}
Jul 06 17:48:19.926657 np0000004649 devstack@g-api.service[99454]: DEBUG glance.common.config [None req-c581be47-2390-4c89-9cc5-487503cdea8e None None] logging_default_format_string = %(color)s%(levelname)s %(name)s [-%(color)s] %(instance)s%(color)s%(message)s {{(pid=99454) log_opt_values /opt/stack/data/venv/lib/python3.12/site-packages/oslo_config/cfg.py:3242}}
Jul 06 17:48:19.926759 np0000004649 devstack@g-api.service[99454]: DEBUG glance.common.config [None req-c581be47-2390-4c89-9cc5-487503cdea8e None None] logging_exception_prefix = ERROR %(name)s %(instance)s {{(pid=99454) log_opt_values /opt/stack/data/venv/lib/python3.12/site-packages/oslo_config/cfg.py:3242}}
Jul 06 17:48:19.926829 np0000004649 devstack@g-api.service[99454]: DEBUG glance.common.config [None req-c581be47-2390-4c89-9cc5-487503cdea8e None None] logging_user_identity_format = %(user)s %(project)s %(domain)s %(system_scope)s %(user_domain)s %(project_domain)s {{(pid=99454) log_opt_values /opt/stack/data/venv/lib/python3.12/site-packages/oslo_config/cfg.py:3242}}
Jul 06 17:48:19.926942 np0000004649 devstack@g-api.service[99454]: DEBUG glance.common.config [None req-c581be47-2390-4c89-9cc5-487503cdea8e None None] max_logfile_count = 30 {{(pid=99454) log_opt_values /opt/stack/data/venv/lib/python3.12/site-packages/oslo_config/cfg.py:3242}}
Jul 06 17:48:19.927036 np0000004649 devstack@g-api.service[99454]: DEBUG glance.common.config [None req-c581be47-2390-4c89-9cc5-487503cdea8e None None] max_logfile_size_mb = 200 {{(pid=99454) log_opt_values /opt/stack/data/venv/lib/python3.12/site-packages/oslo_config/cfg.py:3242}}
Jul 06 17:48:19.927151 np0000004649 devstack@g-api.service[99454]: DEBUG glance.common.config [None req-c581be47-2390-4c89-9cc5-487503cdea8e None None] max_request_id_length = 64 {{(pid=99454) log_opt_values /opt/stack/data/venv/lib/python3.12/site-packages/oslo_config/cfg.py:3242}}
Jul 06 17:48:19.927244 np0000004649 devstack@g-api.service[99454]: DEBUG glance.common.config [None req-c581be47-2390-4c89-9cc5-487503cdea8e None None] metadata_encryption_key = **** {{(pid=99454) log_opt_values /opt/stack/data/venv/lib/python3.12/site-packages/oslo_config/cfg.py:3242}}
Jul 06 17:48:19.927341 np0000004649 devstack@g-api.service[99454]: DEBUG glance.common.config [None req-c581be47-2390-4c89-9cc5-487503cdea8e None None] node_staging_uri = file:///tmp/staging/ {{(pid=99454) log_opt_values /opt/stack/data/venv/lib/python3.12/site-packages/oslo_config/cfg.py:3242}}
Jul 06 17:48:19.927429 np0000004649 devstack@g-api.service[99454]: DEBUG glance.common.config [None req-c581be47-2390-4c89-9cc5-487503cdea8e None None] property_protection_file = None {{(pid=99454) log_opt_values /opt/stack/data/venv/lib/python3.12/site-packages/oslo_config/cfg.py:3242}}
Jul 06 17:48:19.927548 np0000004649 devstack@g-api.service[99454]: DEBUG glance.common.config [None req-c581be47-2390-4c89-9cc5-487503cdea8e None None] property_protection_rule_format = roles {{(pid=99454) log_opt_values /opt/stack/data/venv/lib/python3.12/site-packages/oslo_config/cfg.py:3242}}
Jul 06 17:48:19.927623 np0000004649 devstack@g-api.service[99456]: DEBUG glance.api.v2.cached_images [None req-6bf5b5dd-32a7-4b55-98f4-d748b25fd287 None None] Started cache worker thread {{(pid=99456) __init__ /opt/stack/glance/glance/api/v2/cached_images.py:71}}
Jul 06 17:48:19.927670 np0000004649 devstack@g-api.service[99454]: DEBUG glance.common.config [None req-c581be47-2390-4c89-9cc5-487503cdea8e None None] public_endpoint = https://10.4.3.238/image {{(pid=99454) log_opt_values /opt/stack/data/venv/lib/python3.12/site-packages/oslo_config/cfg.py:3242}}
Jul 06 17:48:19.927784 np0000004649 devstack@g-api.service[99454]: DEBUG glance.common.config [None req-c581be47-2390-4c89-9cc5-487503cdea8e None None] publish_errors = False {{(pid=99454) log_opt_values /opt/stack/data/venv/lib/python3.12/site-packages/oslo_config/cfg.py:3242}}
Jul 06 17:48:19.927823 np0000004649 devstack@g-api.service[99454]: DEBUG glance.common.config [None req-c581be47-2390-4c89-9cc5-487503cdea8e None None] pydev_worker_debug_host = None {{(pid=99454) log_opt_values /opt/stack/data/venv/lib/python3.12/site-packages/oslo_config/cfg.py:3242}}
Jul 06 17:48:19.927885 np0000004649 devstack@g-api.service[99454]: DEBUG glance.common.config [None req-c581be47-2390-4c89-9cc5-487503cdea8e None None] pydev_worker_debug_port = 5678 {{(pid=99454) log_opt_values /opt/stack/data/venv/lib/python3.12/site-packages/oslo_config/cfg.py:3242}}
Jul 06 17:48:19.927994 np0000004649 devstack@g-api.service[99454]: DEBUG glance.common.config [None req-c581be47-2390-4c89-9cc5-487503cdea8e None None] rate_limit_burst = 0 {{(pid=99454) log_opt_values /opt/stack/data/venv/lib/python3.12/site-packages/oslo_config/cfg.py:3242}}
Jul 06 17:48:19.928105 np0000004649 devstack@g-api.service[99454]: DEBUG glance.common.config [None req-c581be47-2390-4c89-9cc5-487503cdea8e None None] rate_limit_except_level = CRITICAL {{(pid=99454) log_opt_values /opt/stack/data/venv/lib/python3.12/site-packages/oslo_config/cfg.py:3242}}
Jul 06 17:48:19.928190 np0000004649 devstack@g-api.service[99454]: DEBUG glance.common.config [None req-c581be47-2390-4c89-9cc5-487503cdea8e None None] rate_limit_interval = 0 {{(pid=99454) log_opt_values /opt/stack/data/venv/lib/python3.12/site-packages/oslo_config/cfg.py:3242}}
Jul 06 17:48:19.928272 np0000004649 devstack@g-api.service[99454]: DEBUG glance.common.config [None req-c581be47-2390-4c89-9cc5-487503cdea8e None None] scrub_pool_size = 1 {{(pid=99454) log_opt_values /opt/stack/data/venv/lib/python3.12/site-packages/oslo_config/cfg.py:3242}}
Jul 06 17:48:19.928355 np0000004649 devstack@g-api.service[99454]: DEBUG glance.common.config [None req-c581be47-2390-4c89-9cc5-487503cdea8e None None] scrub_time = 0 {{(pid=99454) log_opt_values /opt/stack/data/venv/lib/python3.12/site-packages/oslo_config/cfg.py:3242}}
Jul 06 17:48:19.928436 np0000004649 devstack@g-api.service[99454]: DEBUG glance.common.config [None req-c581be47-2390-4c89-9cc5-487503cdea8e None None] shell_completion = None {{(pid=99454) log_opt_values /opt/stack/data/venv/lib/python3.12/site-packages/oslo_config/cfg.py:3242}}
Jul 06 17:48:19.928545 np0000004649 devstack@g-api.service[99454]: DEBUG glance.common.config [None req-c581be47-2390-4c89-9cc5-487503cdea8e None None] show_image_direct_url = False {{(pid=99454) log_opt_values /opt/stack/data/venv/lib/python3.12/site-packages/oslo_config/cfg.py:3242}}
Jul 06 17:48:19.928679 np0000004649 devstack@g-api.service[99456]: INFO glance.image_cache [None req-6bf5b5dd-32a7-4b55-98f4-d748b25fd287 None None] Image cache loaded driver 'centralized_db'.
Jul 06 17:48:19.928750 np0000004649 devstack@g-api.service[99454]: WARNING oslo_config.cfg [None req-c581be47-2390-4c89-9cc5-487503cdea8e None None] Deprecated: Option "show_multiple_locations" from group "DEFAULT" is deprecated for removal (Use of this option, deprecated since Newton, is a security risk and will be removed once we figure out a way to satisfy those use cases that currently require it. An earlier announcement that the same functionality can be achieved with greater granularity by using policies is incorrect. You cannot work around this option via policy configuration at the present time, though that is the direction we believe the fix will take. Please keep an eye on the Glance release notes to stay up to date on progress in addressing this issue.). Its value may be silently ignored in the future.
Jul 06 17:48:19.928853 np0000004649 devstack@g-api.service[99454]: DEBUG glance.common.config [None req-c581be47-2390-4c89-9cc5-487503cdea8e None None] show_multiple_locations = False {{(pid=99454) log_opt_values /opt/stack/data/venv/lib/python3.12/site-packages/oslo_config/cfg.py:3242}}
Jul 06 17:48:19.928965 np0000004649 devstack@g-api.service[99454]: DEBUG glance.common.config [None req-c581be47-2390-4c89-9cc5-487503cdea8e None None] syslog_log_facility = LOG_USER {{(pid=99454) log_opt_values /opt/stack/data/venv/lib/python3.12/site-packages/oslo_config/cfg.py:3242}}
Jul 06 17:48:19.929084 np0000004649 devstack@g-api.service[99454]: DEBUG glance.common.config [None req-c581be47-2390-4c89-9cc5-487503cdea8e None None] transport_url = **** {{(pid=99454) log_opt_values /opt/stack/data/venv/lib/python3.12/site-packages/oslo_config/cfg.py:3242}}
Jul 06 17:48:19.929175 np0000004649 devstack@g-api.service[99454]: DEBUG glance.common.config [None req-c581be47-2390-4c89-9cc5-487503cdea8e None None] use_journal = False {{(pid=99454) log_opt_values /opt/stack/data/venv/lib/python3.12/site-packages/oslo_config/cfg.py:3242}}
Jul 06 17:48:19.929261 np0000004649 devstack@g-api.service[99454]: DEBUG glance.common.config [None req-c581be47-2390-4c89-9cc5-487503cdea8e None None] use_json = False {{(pid=99454) log_opt_values /opt/stack/data/venv/lib/python3.12/site-packages/oslo_config/cfg.py:3242}}
Jul 06 17:48:19.929351 np0000004649 devstack@g-api.service[99454]: DEBUG glance.common.config [None req-c581be47-2390-4c89-9cc5-487503cdea8e None None] use_keystone_limits = True {{(pid=99454) log_opt_values /opt/stack/data/venv/lib/python3.12/site-packages/oslo_config/cfg.py:3242}}
Jul 06 17:48:19.929435 np0000004649 devstack@g-api.service[99454]: DEBUG glance.common.config [None req-c581be47-2390-4c89-9cc5-487503cdea8e None None] use_stderr = False {{(pid=99454) log_opt_values /opt/stack/data/venv/lib/python3.12/site-packages/oslo_config/cfg.py:3242}}
Jul 06 17:48:19.929534 np0000004649 devstack@g-api.service[99454]: DEBUG glance.common.config [None req-c581be47-2390-4c89-9cc5-487503cdea8e None None] use_syslog = False {{(pid=99454) log_opt_values /opt/stack/data/venv/lib/python3.12/site-packages/oslo_config/cfg.py:3242}}
Jul 06 17:48:19.929623 np0000004649 devstack@g-api.service[99454]: DEBUG glance.common.config [None req-c581be47-2390-4c89-9cc5-487503cdea8e None None] user_storage_quota = 0 {{(pid=99454) log_opt_values /opt/stack/data/venv/lib/python3.12/site-packages/oslo_config/cfg.py:3242}}
Jul 06 17:48:19.929710 np0000004649 devstack@g-api.service[99454]: DEBUG glance.common.config [None req-c581be47-2390-4c89-9cc5-487503cdea8e None None] worker_self_reference_url = http://127.0.0.1:60999 {{(pid=99454) log_opt_values /opt/stack/data/venv/lib/python3.12/site-packages/oslo_config/cfg.py:3242}}
Jul 06 17:48:19.929812 np0000004649 devstack@g-api.service[99454]: DEBUG glance.common.config [None req-c581be47-2390-4c89-9cc5-487503cdea8e None None] oslo_concurrency.disable_process_locking = False {{(pid=99454) log_opt_values /opt/stack/data/venv/lib/python3.12/site-packages/oslo_config/cfg.py:3253}}
Jul 06 17:48:19.929907 np0000004649 devstack@g-api.service[99454]: DEBUG glance.common.config [None req-c581be47-2390-4c89-9cc5-487503cdea8e None None] oslo_concurrency.lock_path = /opt/stack/data/glance/locks {{(pid=99454) log_opt_values /opt/stack/data/venv/lib/python3.12/site-packages/oslo_config/cfg.py:3253}}
Jul 06 17:48:19.930015 np0000004649 devstack@g-api.service[99454]: DEBUG glance.common.config [None req-c581be47-2390-4c89-9cc5-487503cdea8e None None] oslo_middleware.enable_proxy_headers_parsing = False {{(pid=99454) log_opt_values /opt/stack/data/venv/lib/python3.12/site-packages/oslo_config/cfg.py:3253}}
Jul 06 17:48:19.930129 np0000004649 devstack@g-api.service[99454]: DEBUG glance.common.config [None req-c581be47-2390-4c89-9cc5-487503cdea8e None None] oslo_middleware.http_basic_auth_user_file = /etc/htpasswd {{(pid=99454) log_opt_values /opt/stack/data/venv/lib/python3.12/site-packages/oslo_config/cfg.py:3253}}
Jul 06 17:48:19.930221 np0000004649 devstack@g-api.service[99454]: DEBUG glance.common.config [None req-c581be47-2390-4c89-9cc5-487503cdea8e None None] paste_deploy.config_file = None {{(pid=99454) log_opt_values /opt/stack/data/venv/lib/python3.12/site-packages/oslo_config/cfg.py:3253}}
Jul 06 17:48:19.930344 np0000004649 devstack@g-api.service[99454]: DEBUG glance.common.config [None req-c581be47-2390-4c89-9cc5-487503cdea8e None None] paste_deploy.flavor = keystone+cachemanagement {{(pid=99454) log_opt_values /opt/stack/data/venv/lib/python3.12/site-packages/oslo_config/cfg.py:3253}}
Jul 06 17:48:19.930473 np0000004649 devstack@g-api.service[99454]: DEBUG glance.common.config [None req-c581be47-2390-4c89-9cc5-487503cdea8e None None] image_format.container_formats = ['ami', 'ari', 'aki', 'bare', 'ovf', 'ova', 'docker', 'compressed'] {{(pid=99454) log_opt_values /opt/stack/data/venv/lib/python3.12/site-packages/oslo_config/cfg.py:3253}}
Jul 06 17:48:19.930608 np0000004649 devstack@g-api.service[99454]: DEBUG glance.common.config [None req-c581be47-2390-4c89-9cc5-487503cdea8e None None] image_format.disk_formats = ['ami', 'ari', 'aki', 'vhd', 'vhdx', 'vmdk', 'raw', 'qcow2', 'vdi', 'iso', 'ploop'] {{(pid=99454) log_opt_values /opt/stack/data/venv/lib/python3.12/site-packages/oslo_config/cfg.py:3253}}
Jul 06 17:48:19.930708 np0000004649 devstack@g-api.service[99454]: DEBUG glance.common.config [None req-c581be47-2390-4c89-9cc5-487503cdea8e None None] image_format.gpt_safety_checks_nonfatal = [] {{(pid=99454) log_opt_values /opt/stack/data/venv/lib/python3.12/site-packages/oslo_config/cfg.py:3253}}
Jul 06 17:48:19.930818 np0000004649 devstack@g-api.service[99454]: DEBUG glance.common.config [None req-c581be47-2390-4c89-9cc5-487503cdea8e None None] image_format.require_image_format_match = True {{(pid=99454) log_opt_values /opt/stack/data/venv/lib/python3.12/site-packages/oslo_config/cfg.py:3253}}
Jul 06 17:48:19.930929 np0000004649 devstack@g-api.service[99454]: DEBUG glance.common.config [None req-c581be47-2390-4c89-9cc5-487503cdea8e None None] image_format.vmdk_allowed_types = ['streamOptimized', 'monolithicSparse'] {{(pid=99454) log_opt_values /opt/stack/data/venv/lib/python3.12/site-packages/oslo_config/cfg.py:3253}}
Jul 06 17:48:19.931070 np0000004649 devstack@g-api.service[99454]: DEBUG glance.common.config [None req-c581be47-2390-4c89-9cc5-487503cdea8e None None] task.task_executor = taskflow {{(pid=99454) log_opt_values /opt/stack/data/venv/lib/python3.12/site-packages/oslo_config/cfg.py:3253}}
Jul 06 17:48:19.931171 np0000004649 devstack@g-api.service[99454]: DEBUG glance.common.config [None req-c581be47-2390-4c89-9cc5-487503cdea8e None None] task.task_time_to_live = 48 {{(pid=99454) log_opt_values /opt/stack/data/venv/lib/python3.12/site-packages/oslo_config/cfg.py:3253}}
Jul 06 17:48:19.931261 np0000004649 devstack@g-api.service[99454]: DEBUG glance.common.config [None req-c581be47-2390-4c89-9cc5-487503cdea8e None None] task.work_dir = None {{(pid=99454) log_opt_values /opt/stack/data/venv/lib/python3.12/site-packages/oslo_config/cfg.py:3253}}
Jul 06 17:48:19.931371 np0000004649 devstack@g-api.service[99454]: DEBUG glance.common.config [None req-c581be47-2390-4c89-9cc5-487503cdea8e None None] wsgi.python_interpreter = /opt/stack/data/venv/bin/python3 {{(pid=99454) log_opt_values /opt/stack/data/venv/lib/python3.12/site-packages/oslo_config/cfg.py:3253}}
Jul 06 17:48:19.931477 np0000004649 devstack@g-api.service[99454]: DEBUG glance.common.config [None req-c581be47-2390-4c89-9cc5-487503cdea8e None None] wsgi.task_pool_threads = 16 {{(pid=99454) log_opt_values /opt/stack/data/venv/lib/python3.12/site-packages/oslo_config/cfg.py:3253}}
Jul 06 17:48:19.931629 np0000004649 devstack@g-api.service[99454]: DEBUG glance.common.config [None req-c581be47-2390-4c89-9cc5-487503cdea8e None None] import_filtering_opts.allowed_hosts = [] {{(pid=99454) log_opt_values /opt/stack/data/venv/lib/python3.12/site-packages/oslo_config/cfg.py:3253}}
Jul 06 17:48:19.931751 np0000004649 devstack@g-api.service[99454]: DEBUG glance.common.config [None req-c581be47-2390-4c89-9cc5-487503cdea8e None None] import_filtering_opts.allowed_ports = [80, 443] {{(pid=99454) log_opt_values /opt/stack/data/venv/lib/python3.12/site-packages/oslo_config/cfg.py:3253}}
Jul 06 17:48:19.931860 np0000004649 devstack@g-api.service[99454]: DEBUG glance.common.config [None req-c581be47-2390-4c89-9cc5-487503cdea8e None None] import_filtering_opts.allowed_schemes = ['http', 'https'] {{(pid=99454) log_opt_values /opt/stack/data/venv/lib/python3.12/site-packages/oslo_config/cfg.py:3253}}
Jul 06 17:48:19.931950 np0000004649 devstack@g-api.service[99454]: DEBUG glance.common.config [None req-c581be47-2390-4c89-9cc5-487503cdea8e None None] import_filtering_opts.disallowed_hosts = [] {{(pid=99454) log_opt_values /opt/stack/data/venv/lib/python3.12/site-packages/oslo_config/cfg.py:3253}}
Jul 06 17:48:19.932065 np0000004649 devstack@g-api.service[99454]: DEBUG glance.common.config [None req-c581be47-2390-4c89-9cc5-487503cdea8e None None] import_filtering_opts.disallowed_ports = [] {{(pid=99454) log_opt_values /opt/stack/data/venv/lib/python3.12/site-packages/oslo_config/cfg.py:3253}}
Jul 06 17:48:19.932164 np0000004649 devstack@g-api.service[99454]: DEBUG glance.common.config [None req-c581be47-2390-4c89-9cc5-487503cdea8e None None] import_filtering_opts.disallowed_schemes = [] {{(pid=99454) log_opt_values /opt/stack/data/venv/lib/python3.12/site-packages/oslo_config/cfg.py:3253}}
Jul 06 17:48:19.932277 np0000004649 devstack@g-api.service[99454]: DEBUG glance.common.config [None req-c581be47-2390-4c89-9cc5-487503cdea8e None None] oslo_messaging_metrics.metrics_buffer_size = 1000 {{(pid=99454) log_opt_values /opt/stack/data/venv/lib/python3.12/site-packages/oslo_config/cfg.py:3253}}
Jul 06 17:48:19.932365 np0000004649 devstack@g-api.service[99454]: DEBUG glance.common.config [None req-c581be47-2390-4c89-9cc5-487503cdea8e None None] oslo_messaging_metrics.metrics_enabled = False {{(pid=99454) log_opt_values /opt/stack/data/venv/lib/python3.12/site-packages/oslo_config/cfg.py:3253}}
Jul 06 17:48:19.932457 np0000004649 devstack@g-api.service[99454]: DEBUG glance.common.config [None req-c581be47-2390-4c89-9cc5-487503cdea8e None None] oslo_messaging_metrics.metrics_process_name = {{(pid=99454) log_opt_values /opt/stack/data/venv/lib/python3.12/site-packages/oslo_config/cfg.py:3253}}
Jul 06 17:48:19.932589 np0000004649 devstack@g-api.service[99454]: DEBUG glance.common.config [None req-c581be47-2390-4c89-9cc5-487503cdea8e None None] oslo_messaging_metrics.metrics_socket_file = /var/tmp/metrics_collector.sock {{(pid=99454) log_opt_values /opt/stack/data/venv/lib/python3.12/site-packages/oslo_config/cfg.py:3253}}
