Jul 06 17:47:57.080727 np0000004649 nova-scheduler[93180]: DEBUG cotyledon.oslo_config_glue [-] oslo_limit.auth_type = None {{(pid=93180) log_opt_values /opt/stack/data/venv/lib/python3.12/site-packages/oslo_config/cfg.py:3253}}
Jul 06 17:47:57.080727 np0000004649 nova-scheduler[93180]: DEBUG cotyledon.oslo_config_glue [-] oslo_limit.cafile = None {{(pid=93180) log_opt_values /opt/stack/data/venv/lib/python3.12/site-packages/oslo_config/cfg.py:3253}}
Jul 06 17:47:57.080727 np0000004649 nova-scheduler[93180]: DEBUG cotyledon.oslo_config_glue [-] oslo_limit.certfile = None {{(pid=93180) log_opt_values /opt/stack/data/venv/lib/python3.12/site-packages/oslo_config/cfg.py:3253}}
Jul 06 17:47:57.080727 np0000004649 nova-scheduler[93180]: DEBUG cotyledon.oslo_config_glue [-] oslo_limit.collect_timing = False {{(pid=93180) log_opt_values /opt/stack/data/venv/lib/python3.12/site-packages/oslo_config/cfg.py:3253}}
Jul 06 17:47:57.080727 np0000004649 nova-scheduler[93180]: DEBUG cotyledon.oslo_config_glue [-] oslo_limit.connect_retries = None {{(pid=93180) log_opt_values /opt/stack/data/venv/lib/python3.12/site-packages/oslo_config/cfg.py:3253}}
Jul 06 17:47:57.080727 np0000004649 nova-scheduler[93180]: DEBUG cotyledon.oslo_config_glue [-] oslo_limit.connect_retry_delay = None {{(pid=93180) log_opt_values /opt/stack/data/venv/lib/python3.12/site-packages/oslo_config/cfg.py:3253}}
Jul 06 17:47:57.080727 np0000004649 nova-scheduler[93180]: DEBUG cotyledon.oslo_config_glue [-] oslo_limit.endpoint_id = None {{(pid=93180) log_opt_values /opt/stack/data/venv/lib/python3.12/site-packages/oslo_config/cfg.py:3253}}
Jul 06 17:47:57.080727 np0000004649 nova-scheduler[93180]: DEBUG cotyledon.oslo_config_glue [-] oslo_limit.endpoint_interface = public {{(pid=93180) log_opt_values /opt/stack/data/venv/lib/python3.12/site-packages/oslo_config/cfg.py:3253}}
Jul 06 17:47:57.080902 np0000004649 nova-scheduler[93180]: DEBUG cotyledon.oslo_config_glue [-] oslo_limit.endpoint_override = None {{(pid=93180) log_opt_values /opt/stack/data/venv/lib/python3.12/site-packages/oslo_config/cfg.py:3253}}
Jul 06 17:47:57.080902 np0000004649 nova-scheduler[93180]: DEBUG cotyledon.oslo_config_glue [-] oslo_limit.endpoint_region_name = None {{(pid=93180) log_opt_values /opt/stack/data/venv/lib/python3.12/site-packages/oslo_config/cfg.py:3253}}
Jul 06 17:47:57.080902 np0000004649 nova-scheduler[93180]: DEBUG cotyledon.oslo_config_glue [-] oslo_limit.endpoint_service_name = None {{(pid=93180) log_opt_values /opt/stack/data/venv/lib/python3.12/site-packages/oslo_config/cfg.py:3253}}
Jul 06 17:47:57.080902 np0000004649 nova-scheduler[93180]: DEBUG cotyledon.oslo_config_glue [-] oslo_limit.endpoint_service_type = None {{(pid=93180) log_opt_values /opt/stack/data/venv/lib/python3.12/site-packages/oslo_config/cfg.py:3253}}
Jul 06 17:47:57.080902 np0000004649 nova-scheduler[93180]: DEBUG cotyledon.oslo_config_glue [-] oslo_limit.insecure = False {{(pid=93180) log_opt_values /opt/stack/data/venv/lib/python3.12/site-packages/oslo_config/cfg.py:3253}}
Jul 06 17:47:57.080902 np0000004649 nova-scheduler[93180]: DEBUG cotyledon.oslo_config_glue [-] oslo_limit.keyfile = None {{(pid=93180) log_opt_values /opt/stack/data/venv/lib/python3.12/site-packages/oslo_config/cfg.py:3253}}
Jul 06 17:47:57.080902 np0000004649 nova-scheduler[93180]: DEBUG cotyledon.oslo_config_glue [-] oslo_limit.max_version = None {{(pid=93180) log_opt_values /opt/stack/data/venv/lib/python3.12/site-packages/oslo_config/cfg.py:3253}}
Jul 06 17:47:57.080902 np0000004649 nova-scheduler[93180]: DEBUG cotyledon.oslo_config_glue [-] oslo_limit.min_version = None {{(pid=93180) log_opt_values /opt/stack/data/venv/lib/python3.12/site-packages/oslo_config/cfg.py:3253}}
Jul 06 17:47:57.080902 np0000004649 nova-scheduler[93180]: DEBUG cotyledon.oslo_config_glue [-] oslo_limit.region_name = None {{(pid=93180) log_opt_values /opt/stack/data/venv/lib/python3.12/site-packages/oslo_config/cfg.py:3253}}
Jul 06 17:47:57.081126 np0000004649 nova-scheduler[93180]: DEBUG cotyledon.oslo_config_glue [-] oslo_limit.retriable_status_codes = None {{(pid=93180) log_opt_values /opt/stack/data/venv/lib/python3.12/site-packages/oslo_config/cfg.py:3253}}
Jul 06 17:47:57.081126 np0000004649 nova-scheduler[93180]: DEBUG cotyledon.oslo_config_glue [-] oslo_limit.service_name = None {{(pid=93180) log_opt_values /opt/stack/data/venv/lib/python3.12/site-packages/oslo_config/cfg.py:3253}}
Jul 06 17:47:57.081126 np0000004649 nova-scheduler[93180]: DEBUG cotyledon.oslo_config_glue [-] oslo_limit.service_type = None {{(pid=93180) log_opt_values /opt/stack/data/venv/lib/python3.12/site-packages/oslo_config/cfg.py:3253}}
Jul 06 17:47:57.081126 np0000004649 nova-scheduler[93180]: DEBUG cotyledon.oslo_config_glue [-] oslo_limit.split_loggers = False {{(pid=93180) log_opt_values /opt/stack/data/venv/lib/python3.12/site-packages/oslo_config/cfg.py:3253}}
Jul 06 17:47:57.081126 np0000004649 nova-scheduler[93180]: DEBUG cotyledon.oslo_config_glue [-] oslo_limit.status_code_retries = None {{(pid=93180) log_opt_values /opt/stack/data/venv/lib/python3.12/site-packages/oslo_config/cfg.py:3253}}
Jul 06 17:47:57.081126 np0000004649 nova-scheduler[93180]: DEBUG cotyledon.oslo_config_glue [-] oslo_limit.status_code_retry_delay = None {{(pid=93180) log_opt_values /opt/stack/data/venv/lib/python3.12/site-packages/oslo_config/cfg.py:3253}}
Jul 06 17:47:57.081126 np0000004649 nova-scheduler[93180]: DEBUG cotyledon.oslo_config_glue [-] oslo_limit.timeout = None {{(pid=93180) log_opt_values /opt/stack/data/venv/lib/python3.12/site-packages/oslo_config/cfg.py:3253}}
Jul 06 17:47:57.081126 np0000004649 nova-scheduler[93180]: DEBUG cotyledon.oslo_config_glue [-] oslo_limit.valid_interfaces = None {{(pid=93180) log_opt_values /opt/stack/data/venv/lib/python3.12/site-packages/oslo_config/cfg.py:3253}}
Jul 06 17:47:57.081126 np0000004649 nova-scheduler[93180]: DEBUG cotyledon.oslo_config_glue [-] oslo_limit.version = None {{(pid=93180) log_opt_values /opt/stack/data/venv/lib/python3.12/site-packages/oslo_config/cfg.py:3253}}
Jul 06 17:47:57.081381 np0000004649 nova-scheduler[93180]: DEBUG cotyledon.oslo_config_glue [-] oslo_reports.file_event_handler = None {{(pid=93180) log_opt_values /opt/stack/data/venv/lib/python3.12/site-packages/oslo_config/cfg.py:3253}}
Jul 06 17:47:57.081381 np0000004649 nova-scheduler[93180]: DEBUG cotyledon.oslo_config_glue [-] oslo_reports.file_event_handler_interval = 1 {{(pid=93180) log_opt_values /opt/stack/data/venv/lib/python3.12/site-packages/oslo_config/cfg.py:3253}}
Jul 06 17:47:57.081381 np0000004649 nova-scheduler[93180]: DEBUG cotyledon.oslo_config_glue [-] oslo_reports.log_dir = None {{(pid=93180) log_opt_values /opt/stack/data/venv/lib/python3.12/site-packages/oslo_config/cfg.py:3253}}
Jul 06 17:47:57.081381 np0000004649 nova-scheduler[93180]: DEBUG cotyledon.oslo_config_glue [-] ******************************************************************************** {{(pid=93180) log_opt_values /opt/stack/data/venv/lib/python3.12/site-packages/oslo_config/cfg.py:3260}}
Jul 06 17:47:57.081381 np0000004649 nova-scheduler[93180]: DEBUG cotyledon._service_worker [-] Run service ServiceWrapper(2) [93180] {{(pid=93180) wait_forever /opt/stack/data/venv/lib/python3.12/site-packages/cotyledon/_service_worker.py:218}}
Jul 06 17:47:57.081381 np0000004649 nova-scheduler[93180]: INFO nova.service [-] Starting scheduler node (version 33.1.0)
Jul 06 17:47:57.081381 np0000004649 nova-scheduler[93180]: INFO dbcounter [None req-55aaf030-5d2e-43bb-a162-f61accdfeee5 None None] Registered counter for database nova_cell0
Jul 06 17:47:57.109300 np0000004649 nova-scheduler[93172]: DEBUG oslo_db.sqlalchemy.engines [None req-8a005623-cfc2-48fc-81be-46fe65bfbffa None None] MySQL server mode set to STRICT_TRANS_TABLES,STRICT_ALL_TABLES,NO_ZERO_IN_DATE,NO_ZERO_DATE,ERROR_FOR_DIVISION_BY_ZERO,TRADITIONAL,NO_ENGINE_SUBSTITUTION {{(pid=93172) _check_effective_sql_mode /opt/stack/data/venv/lib/python3.12/site-packages/oslo_db/sqlalchemy/engines.py:325}}
Jul 06 17:47:57.113289 np0000004649 nova-scheduler[93177]: DEBUG oslo_db.sqlalchemy.engines [None req-61354659-9901-4d6e-ac39-47b942c1c54c None None] MySQL server mode set to STRICT_TRANS_TABLES,STRICT_ALL_TABLES,NO_ZERO_IN_DATE,NO_ZERO_DATE,ERROR_FOR_DIVISION_BY_ZERO,TRADITIONAL,NO_ENGINE_SUBSTITUTION {{(pid=93177) _check_effective_sql_mode /opt/stack/data/venv/lib/python3.12/site-packages/oslo_db/sqlalchemy/engines.py:325}}
Jul 06 17:47:57.118036 np0000004649 nova-scheduler[93180]: DEBUG oslo_db.sqlalchemy.engines [None req-55aaf030-5d2e-43bb-a162-f61accdfeee5 None None] MySQL server mode set to STRICT_TRANS_TABLES,STRICT_ALL_TABLES,NO_ZERO_IN_DATE,NO_ZERO_DATE,ERROR_FOR_DIVISION_BY_ZERO,TRADITIONAL,NO_ENGINE_SUBSTITUTION {{(pid=93180) _check_effective_sql_mode /opt/stack/data/venv/lib/python3.12/site-packages/oslo_db/sqlalchemy/engines.py:325}}
Jul 06 17:47:57.118559 np0000004649 nova-scheduler[93172]: DEBUG dbcounter [-] [93172] Writer thread running {{(pid=93172) stat_writer /opt/stack/data/venv/lib/python3.12/site-packages/dbcounter.py:102}}
Jul 06 17:47:57.122961 np0000004649 nova-scheduler[93177]: DEBUG dbcounter [-] [93177] Writer thread running {{(pid=93177) stat_writer /opt/stack/data/venv/lib/python3.12/site-packages/dbcounter.py:102}}
Jul 06 17:47:57.130608 np0000004649 nova-scheduler[93180]: DEBUG dbcounter [-] [93180] Writer thread running {{(pid=93180) stat_writer /opt/stack/data/venv/lib/python3.12/site-packages/dbcounter.py:102}}
Jul 06 17:47:57.133514 np0000004649 nova-scheduler[93172]: DEBUG nova.service [None req-8a005623-cfc2-48fc-81be-46fe65bfbffa None None] Creating RPC server for service: nova-scheduler on topic: scheduler {{(pid=93172) start /opt/stack/nova/nova/service.py:196}}
Jul 06 17:47:57.137905 np0000004649 nova-scheduler[93177]: DEBUG nova.service [None req-61354659-9901-4d6e-ac39-47b942c1c54c None None] Creating RPC server for service: nova-scheduler on topic: scheduler {{(pid=93177) start /opt/stack/nova/nova/service.py:196}}
Jul 06 17:47:57.149812 np0000004649 nova-scheduler[93180]: DEBUG nova.service [None req-55aaf030-5d2e-43bb-a162-f61accdfeee5 None None] Creating RPC server for service: nova-scheduler on topic: scheduler {{(pid=93180) start /opt/stack/nova/nova/service.py:196}}
Jul 06 17:47:57.156616 np0000004649 nova-scheduler[93177]: DEBUG nova.service [None req-61354659-9901-4d6e-ac39-47b942c1c54c None None] Join ServiceGroup membership for this service scheduler {{(pid=93177) start /opt/stack/nova/nova/service.py:222}}
Jul 06 17:47:57.156833 np0000004649 nova-scheduler[93177]: DEBUG nova.servicegroup.drivers.db [None req-61354659-9901-4d6e-ac39-47b942c1c54c None None] DB_Driver: join new ServiceGroup member np0000004649 to the scheduler group, service = {{(pid=93177) join /opt/stack/nova/nova/servicegroup/drivers/db.py:44}}
Jul 06 17:47:57.164438 np0000004649 nova-scheduler[93172]: DEBUG nova.service [None req-8a005623-cfc2-48fc-81be-46fe65bfbffa None None] Join ServiceGroup membership for this service scheduler {{(pid=93172) start /opt/stack/nova/nova/service.py:222}}
Jul 06 17:47:57.164688 np0000004649 nova-scheduler[93172]: DEBUG nova.servicegroup.drivers.db [None req-8a005623-cfc2-48fc-81be-46fe65bfbffa None None] DB_Driver: join new ServiceGroup member np0000004649 to the scheduler group, service = {{(pid=93172) join /opt/stack/nova/nova/servicegroup/drivers/db.py:44}}
Jul 06 17:47:57.167311 np0000004649 nova-scheduler[93180]: DEBUG nova.service [None req-55aaf030-5d2e-43bb-a162-f61accdfeee5 None None] Join ServiceGroup membership for this service scheduler {{(pid=93180) start /opt/stack/nova/nova/service.py:222}}
Jul 06 17:47:57.167555 np0000004649 nova-scheduler[93180]: DEBUG nova.servicegroup.drivers.db [None req-55aaf030-5d2e-43bb-a162-f61accdfeee5 None None] DB_Driver: join new ServiceGroup member np0000004649 to the scheduler group, service = {{(pid=93180) join /opt/stack/nova/nova/servicegroup/drivers/db.py:44}}
Jul 06 17:48:02.175859 np0000004649 nova-scheduler[93177]: DEBUG oslo.service.backend._threading.loopingcall [-] Fixed interval looping call 'nova.servicegroup.drivers.db.DbDriver._report_state' sleeping for 119.98 seconds {{(pid=93177) _run_loop /opt/stack/data/venv/lib/python3.12/site-packages/oslo_service/backend/_threading/loopingcall.py:125}}
Jul 06 17:48:02.181257 np0000004649 nova-scheduler[93180]: DEBUG oslo.service.backend._threading.loopingcall [-] Fixed interval looping call 'nova.servicegroup.drivers.db.DbDriver._report_state' sleeping for 119.99 seconds {{(pid=93180) _run_loop /opt/stack/data/venv/lib/python3.12/site-packages/oslo_service/backend/_threading/loopingcall.py:125}}
Jul 06 17:48:02.181898 np0000004649 nova-scheduler[93172]: DEBUG oslo.service.backend._threading.loopingcall [-] Fixed interval looping call 'nova.servicegroup.drivers.db.DbDriver._report_state' sleeping for 119.98 seconds {{(pid=93172) _run_loop /opt/stack/data/venv/lib/python3.12/site-packages/oslo_service/backend/_threading/loopingcall.py:125}}
Jul 06 17:48:05.733041 np0000004649 nova-scheduler[91967]: DEBUG dbcounter [-] [91967] Writing DB stats nova_api:SELECT=3 {{(pid=91967) stat_writer /opt/stack/data/venv/lib/python3.12/site-packages/dbcounter.py:115}}
Jul 06 17:48:05.863638 np0000004649 nova-scheduler[91967]: DEBUG dbcounter [-] [91967] Writing DB stats nova_cell0:SELECT=1 {{(pid=91967) stat_writer /opt/stack/data/venv/lib/python3.12/site-packages/dbcounter.py:115}}
Jul 06 17:48:05.870475 np0000004649 nova-scheduler[91967]: DEBUG dbcounter [-] [91967] Writing DB stats nova_cell1:SELECT=1 {{(pid=91967) stat_writer /opt/stack/data/venv/lib/python3.12/site-packages/dbcounter.py:115}}
Jul 06 17:48:10.166559 np0000004649 nova-scheduler[93172]: DEBUG oslo.service.backend._threading.loopingcall [None req-fcc730b9-0639-4692-8a1f-b4ed88a7689c None None] Dynamic interval looping call 'nova.service.Service.periodic_tasks' sleeping for 60.00 seconds {{(pid=93172) _run_loop /opt/stack/data/venv/lib/python3.12/site-packages/oslo_service/backend/_threading/loopingcall.py:125}}
Jul 06 17:48:12.169541 np0000004649 nova-scheduler[93177]: DEBUG dbcounter [-] [93177] Writing DB stats nova_cell0:SELECT=5,nova_cell0:INSERT=1,nova_cell0:UPDATE=1 {{(pid=93177) stat_writer /opt/stack/data/venv/lib/python3.12/site-packages/dbcounter.py:115}}
Jul 06 17:48:12.175139 np0000004649 nova-scheduler[93180]: DEBUG dbcounter [-] [93180] Writing DB stats nova_cell0:SELECT=4,nova_cell0:INSERT=1 {{(pid=93180) stat_writer /opt/stack/data/venv/lib/python3.12/site-packages/dbcounter.py:115}}
Jul 06 17:48:12.177755 np0000004649 nova-scheduler[93172]: DEBUG dbcounter [-] [93172] Writing DB stats nova_cell0:SELECT=4,nova_cell0:INSERT=1,nova_cell0:UPDATE=1 {{(pid=93172) stat_writer /opt/stack/data/venv/lib/python3.12/site-packages/dbcounter.py:115}}
Jul 06 17:48:35.169716 np0000004649 nova-scheduler[93180]: DEBUG oslo.service.backend._threading.loopingcall [None req-f25cf919-97a2-4a54-b219-fe6924b2d651 None None] Dynamic interval looping call 'nova.service.Service.periodic_tasks' sleeping for 60.00 seconds {{(pid=93180) _run_loop /opt/stack/data/venv/lib/python3.12/site-packages/oslo_service/backend/_threading/loopingcall.py:125}}
Jul 06 17:48:48.161967 np0000004649 nova-scheduler[93177]: DEBUG oslo.service.backend._threading.loopingcall [None req-ce2a84c2-9873-44e6-8dcf-61ba6c4ceca4 None None] Dynamic interval looping call 'nova.service.Service.periodic_tasks' sleeping for 60.00 seconds {{(pid=93177) _run_loop /opt/stack/data/venv/lib/python3.12/site-packages/oslo_service/backend/_threading/loopingcall.py:125}}
Jul 06 17:49:10.167085 np0000004649 nova-scheduler[93172]: DEBUG oslo.service.backend._threading.loopingcall [None req-fcc730b9-0639-4692-8a1f-b4ed88a7689c None None] Dynamic interval looping call 'nova.service.Service.periodic_tasks' sleeping for 60.00 seconds {{(pid=93172) _run_loop /opt/stack/data/venv/lib/python3.12/site-packages/oslo_service/backend/_threading/loopingcall.py:125}}
Jul 06 17:49:35.170180 np0000004649 nova-scheduler[93180]: DEBUG oslo.service.backend._threading.loopingcall [None req-f25cf919-97a2-4a54-b219-fe6924b2d651 None None] Dynamic interval looping call 'nova.service.Service.periodic_tasks' sleeping for 60.00 seconds {{(pid=93180) _run_loop /opt/stack/data/venv/lib/python3.12/site-packages/oslo_service/backend/_threading/loopingcall.py:125}}
Jul 06 17:49:48.162479 np0000004649 nova-scheduler[93177]: DEBUG oslo.service.backend._threading.loopingcall [None req-ce2a84c2-9873-44e6-8dcf-61ba6c4ceca4 None None] Dynamic interval looping call 'nova.service.Service.periodic_tasks' sleeping for 60.00 seconds {{(pid=93177) _run_loop /opt/stack/data/venv/lib/python3.12/site-packages/oslo_service/backend/_threading/loopingcall.py:125}}
Jul 06 17:50:02.164711 np0000004649 nova-scheduler[93177]: DEBUG oslo.service.backend._threading.loopingcall [-] Fixed interval looping call 'nova.servicegroup.drivers.db.DbDriver._report_state' sleeping for 119.99 seconds {{(pid=93177) _run_loop /opt/stack/data/venv/lib/python3.12/site-packages/oslo_service/backend/_threading/loopingcall.py:125}}
Jul 06 17:50:02.165624 np0000004649 nova-scheduler[93172]: DEBUG oslo.service.backend._threading.loopingcall [-] Fixed interval looping call 'nova.servicegroup.drivers.db.DbDriver._report_state' sleeping for 120.00 seconds {{(pid=93172) _run_loop /opt/stack/data/venv/lib/python3.12/site-packages/oslo_service/backend/_threading/loopingcall.py:125}}
Jul 06 17:50:02.174744 np0000004649 nova-scheduler[93180]: DEBUG oslo.service.backend._threading.loopingcall [-] Fixed interval looping call 'nova.servicegroup.drivers.db.DbDriver._report_state' sleeping for 120.00 seconds {{(pid=93180) _run_loop /opt/stack/data/venv/lib/python3.12/site-packages/oslo_service/backend/_threading/loopingcall.py:125}}
Jul 06 17:50:10.167628 np0000004649 nova-scheduler[93172]: DEBUG oslo.service.backend._threading.loopingcall [None req-fcc730b9-0639-4692-8a1f-b4ed88a7689c None None] Dynamic interval looping call 'nova.service.Service.periodic_tasks' sleeping for 60.00 seconds {{(pid=93172) _run_loop /opt/stack/data/venv/lib/python3.12/site-packages/oslo_service/backend/_threading/loopingcall.py:125}}
Jul 06 17:50:12.160103 np0000004649 nova-scheduler[93177]: DEBUG dbcounter [-] [93177] Writing DB stats nova_cell0:SELECT=1,nova_cell0:UPDATE=1 {{(pid=93177) stat_writer /opt/stack/data/venv/lib/python3.12/site-packages/dbcounter.py:115}}
Jul 06 17:50:12.165650 np0000004649 nova-scheduler[93172]: DEBUG dbcounter [-] [93172] Writing DB stats nova_cell0:SELECT=1,nova_cell0:UPDATE=1 {{(pid=93172) stat_writer /opt/stack/data/venv/lib/python3.12/site-packages/dbcounter.py:115}}
Jul 06 17:50:12.173024 np0000004649 nova-scheduler[93180]: DEBUG dbcounter [-] [93180] Writing DB stats nova_cell0:SELECT=1 {{(pid=93180) stat_writer /opt/stack/data/venv/lib/python3.12/site-packages/dbcounter.py:115}}
Jul 06 17:50:29.025430 np0000004649 nova-scheduler[93177]: DEBUG nova.scheduler.manager [None req-916eb363-c260-42c1-bf12-c7b958e51636 tempest-ServerStableDeviceRescueTest-259703873 tempest-ServerStableDeviceRescueTest-259703873-project-member] Starting to schedule for instances: ['79bc163c-8e74-4b8a-b32d-98488c506fe1'] {{(pid=93177) select_destinations /opt/stack/nova/nova/scheduler/manager.py:209}}
Jul 06 17:50:29.025959 np0000004649 nova-scheduler[93177]: DEBUG nova.scheduler.request_filter [None req-916eb363-c260-42c1-bf12-c7b958e51636 tempest-ServerStableDeviceRescueTest-259703873 tempest-ServerStableDeviceRescueTest-259703873-project-member] compute_status_filter request filter added forbidden trait COMPUTE_STATUS_DISABLED {{(pid=93177) compute_status_filter /opt/stack/nova/nova/scheduler/request_filter.py:253}}
Jul 06 17:50:29.026123 np0000004649 nova-scheduler[93177]: DEBUG nova.scheduler.request_filter [None req-916eb363-c260-42c1-bf12-c7b958e51636 tempest-ServerStableDeviceRescueTest-259703873 tempest-ServerStableDeviceRescueTest-259703873-project-member] Request filter 'compute_status_filter' took 0.0 seconds {{(pid=93177) wrapper /opt/stack/nova/nova/scheduler/request_filter.py:46}}
Jul 06 17:50:29.026724 np0000004649 nova-scheduler[93177]: DEBUG nova.scheduler.request_filter [None req-916eb363-c260-42c1-bf12-c7b958e51636 tempest-ServerStableDeviceRescueTest-259703873 tempest-ServerStableDeviceRescueTest-259703873-project-member] Request filter 'accelerators_filter' took 0.0 seconds {{(pid=93177) wrapper /opt/stack/nova/nova/scheduler/request_filter.py:46}}
Jul 06 17:50:29.026920 np0000004649 nova-scheduler[93177]: DEBUG nova.scheduler.request_filter [None req-916eb363-c260-42c1-bf12-c7b958e51636 tempest-ServerStableDeviceRescueTest-259703873 tempest-ServerStableDeviceRescueTest-259703873-project-member] Request filter 'packed_virtqueue_filter' took 0.0 seconds {{(pid=93177) wrapper /opt/stack/nova/nova/scheduler/request_filter.py:46}}
Jul 06 17:50:29.027216 np0000004649 nova-scheduler[93177]: DEBUG nova.scheduler.request_filter [None req-916eb363-c260-42c1-bf12-c7b958e51636 tempest-ServerStableDeviceRescueTest-259703873 tempest-ServerStableDeviceRescueTest-259703873-project-member] Request filter 'remote_managed_ports_filter' took 0.0 seconds {{(pid=93177) wrapper /opt/stack/nova/nova/scheduler/request_filter.py:46}}
Jul 06 17:50:29.027394 np0000004649 nova-scheduler[93177]: DEBUG nova.scheduler.request_filter [None req-916eb363-c260-42c1-bf12-c7b958e51636 tempest-ServerStableDeviceRescueTest-259703873 tempest-ServerStableDeviceRescueTest-259703873-project-member] ephemeral_encryption_filter skipped {{(pid=93177) ephemeral_encryption_filter /opt/stack/nova/nova/scheduler/request_filter.py:426}}
Jul 06 17:50:29.027555 np0000004649 nova-scheduler[93177]: DEBUG nova.scheduler.request_filter [None req-916eb363-c260-42c1-bf12-c7b958e51636 tempest-ServerStableDeviceRescueTest-259703873 tempest-ServerStableDeviceRescueTest-259703873-project-member] virtio_sound_filter skipped {{(pid=93177) virtio_sound_filter /opt/stack/nova/nova/scheduler/request_filter.py:460}}
Jul 06 17:50:29.027720 np0000004649 nova-scheduler[93177]: DEBUG nova.scheduler.request_filter [None req-916eb363-c260-42c1-bf12-c7b958e51636 tempest-ServerStableDeviceRescueTest-259703873 tempest-ServerStableDeviceRescueTest-259703873-project-member] tpm_secret_security_filter skipped {{(pid=93177) tpm_secret_security_filter /opt/stack/nova/nova/scheduler/request_filter.py:477}}
Jul 06 17:50:29.644742 np0000004649 nova-scheduler[93177]: INFO nova.utils [None req-916eb363-c260-42c1-bf12-c7b958e51636 tempest-ServerStableDeviceRescueTest-259703873 tempest-ServerStableDeviceRescueTest-259703873-project-member] The cell worker thread pool ForkProcess-2.cell_worker is initialized
Jul 06 17:50:29.645236 np0000004649 nova-scheduler[93177]: DEBUG oslo_concurrency.lockutils [None req-916eb363-c260-42c1-bf12-c7b958e51636 tempest-ServerStableDeviceRescueTest-259703873 tempest-ServerStableDeviceRescueTest-259703873-project-member] Acquiring lock "65bd0552-8698-4ee6-adc9-ffbcce99e6ed" by "nova.context.set_target_cell..get_or_set_cached_cell_and_set_connections" {{(pid=93177) inner /opt/stack/data/venv/lib/python3.12/site-packages/oslo_concurrency/lockutils.py:511}}
Jul 06 17:50:29.645540 np0000004649 nova-scheduler[93177]: DEBUG oslo_concurrency.lockutils [None req-916eb363-c260-42c1-bf12-c7b958e51636 tempest-ServerStableDeviceRescueTest-259703873 tempest-ServerStableDeviceRescueTest-259703873-project-member] Lock "65bd0552-8698-4ee6-adc9-ffbcce99e6ed" acquired by "nova.context.set_target_cell..get_or_set_cached_cell_and_set_connections" :: waited 0.000s {{(pid=93177) inner /opt/stack/data/venv/lib/python3.12/site-packages/oslo_concurrency/lockutils.py:524}}
Jul 06 17:50:29.647894 np0000004649 nova-scheduler[93177]: DEBUG oslo_concurrency.lockutils [None req-916eb363-c260-42c1-bf12-c7b958e51636 tempest-ServerStableDeviceRescueTest-259703873 tempest-ServerStableDeviceRescueTest-259703873-project-member] Lock "65bd0552-8698-4ee6-adc9-ffbcce99e6ed" "released" by "nova.context.set_target_cell..get_or_set_cached_cell_and_set_connections" :: held 0.002s {{(pid=93177) inner /opt/stack/data/venv/lib/python3.12/site-packages/oslo_concurrency/lockutils.py:543}}
Jul 06 17:50:29.650791 np0000004649 nova-scheduler[93177]: INFO dbcounter [None req-916eb363-c260-42c1-bf12-c7b958e51636 tempest-ServerStableDeviceRescueTest-259703873 tempest-ServerStableDeviceRescueTest-259703873-project-member] Registered counter for database nova_cell1
Jul 06 17:50:29.704515 np0000004649 nova-scheduler[93177]: DEBUG oslo_db.sqlalchemy.engines [None req-916eb363-c260-42c1-bf12-c7b958e51636 tempest-ServerStableDeviceRescueTest-259703873 tempest-ServerStableDeviceRescueTest-259703873-project-member] MySQL server mode set to STRICT_TRANS_TABLES,STRICT_ALL_TABLES,NO_ZERO_IN_DATE,NO_ZERO_DATE,ERROR_FOR_DIVISION_BY_ZERO,TRADITIONAL,NO_ENGINE_SUBSTITUTION {{(pid=93177) _check_effective_sql_mode /opt/stack/data/venv/lib/python3.12/site-packages/oslo_db/sqlalchemy/engines.py:325}}
Jul 06 17:50:29.711863 np0000004649 nova-scheduler[93177]: DEBUG dbcounter [-] [93177] Writer thread running {{(pid=93177) stat_writer /opt/stack/data/venv/lib/python3.12/site-packages/dbcounter.py:102}}
Jul 06 17:50:29.731958 np0000004649 nova-scheduler[93177]: DEBUG oslo_db.sqlalchemy.engines [None req-916eb363-c260-42c1-bf12-c7b958e51636 tempest-ServerStableDeviceRescueTest-259703873 tempest-ServerStableDeviceRescueTest-259703873-project-member] Parent process 91967 forked (93177) with an open database connection, which is being discarded and recreated. {{(pid=93177) checkout /opt/stack/data/venv/lib/python3.12/site-packages/oslo_db/sqlalchemy/engines.py:402}}
Jul 06 17:50:29.776386 np0000004649 nova-scheduler[93177]: DEBUG dbcounter [-] [93177] Writer thread running {{(pid=93177) stat_writer /opt/stack/data/venv/lib/python3.12/site-packages/dbcounter.py:102}}
Jul 06 17:50:29.780668 np0000004649 nova-scheduler[93177]: DEBUG oslo_concurrency.lockutils [None req-916eb363-c260-42c1-bf12-c7b958e51636 tempest-ServerStableDeviceRescueTest-259703873 tempest-ServerStableDeviceRescueTest-259703873-project-member] Acquiring lock "65bd0552-8698-4ee6-adc9-ffbcce99e6ed" by "nova.context.set_target_cell..get_or_set_cached_cell_and_set_connections" {{(pid=93177) inner /opt/stack/data/venv/lib/python3.12/site-packages/oslo_concurrency/lockutils.py:511}}
Jul 06 17:50:29.780668 np0000004649 nova-scheduler[93177]: DEBUG oslo_concurrency.lockutils [None req-916eb363-c260-42c1-bf12-c7b958e51636 tempest-ServerStableDeviceRescueTest-259703873 tempest-ServerStableDeviceRescueTest-259703873-project-member] Lock "65bd0552-8698-4ee6-adc9-ffbcce99e6ed" acquired by "nova.context.set_target_cell..get_or_set_cached_cell_and_set_connections" :: waited 0.000s {{(pid=93177) inner /opt/stack/data/venv/lib/python3.12/site-packages/oslo_concurrency/lockutils.py:524}}
Jul 06 17:50:29.780668 np0000004649 nova-scheduler[93177]: DEBUG oslo_concurrency.lockutils [None req-916eb363-c260-42c1-bf12-c7b958e51636 tempest-ServerStableDeviceRescueTest-259703873 tempest-ServerStableDeviceRescueTest-259703873-project-member] Lock "65bd0552-8698-4ee6-adc9-ffbcce99e6ed" "released" by "nova.context.set_target_cell..get_or_set_cached_cell_and_set_connections" :: held 0.000s {{(pid=93177) inner /opt/stack/data/venv/lib/python3.12/site-packages/oslo_concurrency/lockutils.py:543}}
Jul 06 17:50:29.786425 np0000004649 nova-scheduler[93177]: DEBUG oslo_concurrency.lockutils [None req-916eb363-c260-42c1-bf12-c7b958e51636 tempest-ServerStableDeviceRescueTest-259703873 tempest-ServerStableDeviceRescueTest-259703873-project-member] Acquiring lock "np0000004649-np0000004649" by "nova.scheduler.host_manager.HostState.update.._locked_update" {{(pid=93177) inner /opt/stack/data/venv/lib/python3.12/site-packages/oslo_concurrency/lockutils.py:511}}
Jul 06 17:50:29.786683 np0000004649 nova-scheduler[93177]: DEBUG oslo_concurrency.lockutils [None req-916eb363-c260-42c1-bf12-c7b958e51636 tempest-ServerStableDeviceRescueTest-259703873 tempest-ServerStableDeviceRescueTest-259703873-project-member] Lock "np0000004649-np0000004649" acquired by "nova.scheduler.host_manager.HostState.update.._locked_update" :: waited 0.000s {{(pid=93177) inner /opt/stack/data/venv/lib/python3.12/site-packages/oslo_concurrency/lockutils.py:524}}
Jul 06 17:50:29.788233 np0000004649 nova-scheduler[93177]: DEBUG nova.scheduler.host_manager [None req-916eb363-c260-42c1-bf12-c7b958e51636 tempest-ServerStableDeviceRescueTest-259703873 tempest-ServerStableDeviceRescueTest-259703873-project-member] Update host state from compute node: ComputeNode(cpu_allocation_ratio=4.0,cpu_info='{"arch": "x86_64", "model": "EPYC-Milan", "vendor": "AMD", "topology": {"cells": 1, "sockets": 16, "cores": 1, "threads": 1}, "maxphysaddr": {"mode": "emulate", "bits": 40}, "features": ["vpclmulqdq", "svm", "sep", "pfthreshold", "osvw", "fma", "npt", "xgetbv1", "adx", "xsave", "mce", "ssbd", "movbe", "tsc_adjust", "v-vmsave-vmload", "lbrv", "amd-stibp", "avx2", "cr8legacy", "bmi2", "pschange-mc-no", "xsaveopt", "lm", "mmx", "vme", "wbnoinvd", "fsgsbase", "pae", "lfence-always-serializing", "pse", "abm", "rdseed", "amd-psfd", "smep", "aes", "rdtscp", "fpu", "fxsr", "ibrs", "clwb", "invpcid", "hypervisor", "sse", "arch-capabilities", "nrip-save", "avx", "svme-addr-chk", "null-sel-clr-base", "gds-no", "ssse3", "sse4.1", "arat", "pat", "sse2", "sse4.2", "clflushopt", "x2apic", "sse4a", "3dnowprefetch", "bmi1", "cx16", "lahf_lm", "cx8", "tsc", "msr", "pdpe1gb", "tsc-scale", "stibp", "ibpb", "vaes", "vmcb-clean", "erms", "mds-no", "cmp_legacy", "nx", "syscall", "pse36", "pcid", "de", "spec-ctrl", "flushbyasid", "pni", "cmov", "misalignsse", "mtrr", "skip-l1dfl-vmentry", "sha-ni", "pclmuldq", "pku", "smap", "fsrm", "apic", "mca", "amd-ssbd", "f16c", "mmxext", "rdpid", "pause-filter", "rdctl-no", "umip", "fxsr_opt", "xsavec", "no-nested-data-bp", "clzero", "vgif", "pge", "rdrand", "virt-ssbd", "popcnt", "tsc-deadline", "clflush", "topoext", "perfctr_core", "xsaveerptr", "xsaves", "stibp-always-on"]}',created_at=2026-07-06T17:48:22Z,current_workload=0,deleted=False,deleted_at=None,disk_allocation_ratio=1.0,disk_available_least=73,free_disk_gb=95,free_ram_mb=62765,host='np0000004649',host_ip=10.4.3.238,hypervisor_hostname='np0000004649',hypervisor_type='QEMU',hypervisor_version=8002002,id=1,local_gb=95,local_gb_used=0,mapped=1,memory_mb=63277,memory_mb_used=512,metrics='[]',numa_topology='{"nova_object.name": "NUMATopology", "nova_object.namespace": "nova", "nova_object.version": "1.2", "nova_object.data": {"cells": [{"nova_object.name": "NUMACell", "nova_object.namespace": "nova", "nova_object.version": "1.5", "nova_object.data": {"id": 0, "cpuset": [0, 1, 2, 3, 4, 5, 6, 7, 8, 9, 10, 11, 12, 13, 14, 15], "pcpuset": [0, 1, 2, 3, 4, 5, 6, 7, 8, 9, 10, 11, 12, 13, 14, 15], "memory": 63277, "cpu_usage": 0, "memory_usage": 0, "pinned_cpus": [], "siblings": [[6], [12], [2], [15], [5], [11], [8], [14], [4], [1], [7], [10], [0], [13], [3], [9]], "mempages": [{"nova_object.name": "NUMAPagesTopology", "nova_object.namespace": "nova", "nova_object.version": "1.1", "nova_object.data": {"size_kb": 4, "total": 16177929, "used": 0, "reserved": 0}, "nova_object.changes": ["used", "size_kb", "reserved", "total"]}, {"nova_object.name": "NUMAPagesTopology", "nova_object.namespace": "nova", "nova_object.version": "1.1", "nova_object.data": {"size_kb": 2048, "total": 41, "used": 0, "reserved": 0}, "nova_object.changes": ["used", "size_kb", "reserved", "total"]}, {"nova_object.name": "NUMAPagesTopology", "nova_object.namespace": "nova", "nova_object.version": "1.1", "nova_object.data": {"size_kb": 1048576, "total": 0, "used": 0, "reserved": 0}, "nova_object.changes": ["used", "size_kb", "reserved", "total"]}], "network_metadata": {"nova_object.name": "NetworkMetadata", "nova_object.namespace": "nova", "nova_object.version": "1.0", "nova_object.data": {"physnets": [], "tunneled": false}, "nova_object.changes": ["tunneled", "physnets"]}, "socket": null}, "nova_object.changes": ["memory_usage", "pcpuset", "memory", "socket", "cpuset", "cpu_usage", "siblings", "network_metadata", "mempages", "pinned_cpus", "id"]}]}, "nova_object.changes": ["cells"]}',pci_device_pools=PciDevicePoolList,ram_allocation_ratio=1.0,running_vms=0,service_id=2,stats={failed_builds='0',uptime=' 17:50:07 up 13 min, 2 users, load average: 2.17, 1.80, 0.99
Jul 06 17:50:29.788233 np0000004649 nova-scheduler[93177]: '},supported_hv_specs=[HVSpec,HVSpec,HVSpec,HVSpec,HVSpec,HVSpec,HVSpec,HVSpec,HVSpec,HVSpec,HVSpec,HVSpec,HVSpec,HVSpec,HVSpec,HVSpec,HVSpec,HVSpec,HVSpec,HVSpec,HVSpec,HVSpec,HVSpec,HVSpec,HVSpec],updated_at=2026-07-06T17:50:10Z,uuid=d9d844ee-1e2b-40da-a5c3-7fc5562459df,vcpus=16,vcpus_used=0) {{(pid=93177) _locked_update /opt/stack/nova/nova/scheduler/host_manager.py:168}}
Jul 06 17:50:29.789433 np0000004649 nova-scheduler[93177]: DEBUG nova.scheduler.host_manager [None req-916eb363-c260-42c1-bf12-c7b958e51636 tempest-ServerStableDeviceRescueTest-259703873 tempest-ServerStableDeviceRescueTest-259703873-project-member] Update host state with aggregates: [] {{(pid=93177) _locked_update /opt/stack/nova/nova/scheduler/host_manager.py:171}}
Jul 06 17:50:29.789518 np0000004649 nova-scheduler[93177]: DEBUG nova.scheduler.host_manager [None req-916eb363-c260-42c1-bf12-c7b958e51636 tempest-ServerStableDeviceRescueTest-259703873 tempest-ServerStableDeviceRescueTest-259703873-project-member] Update host state with service dict: {'id': 2, 'uuid': 'c5c9493c-44cc-4150-ab43-e026bed91d63', 'host': 'np0000004649', 'binary': 'nova-compute', 'topic': 'compute', 'report_count': 1, 'disabled': False, 'disabled_reason': None, 'last_seen_up': datetime.datetime(2026, 7, 6, 17, 48, 31, tzinfo=datetime.timezone.utc), 'forced_down': False, 'version': 72, 'created_at': datetime.datetime(2026, 7, 6, 17, 48, 21, tzinfo=datetime.timezone.utc), 'updated_at': datetime.datetime(2026, 7, 6, 17, 48, 31, tzinfo=datetime.timezone.utc), 'deleted_at': None, 'deleted': False} {{(pid=93177) _locked_update /opt/stack/nova/nova/scheduler/host_manager.py:174}}
Jul 06 17:50:29.789689 np0000004649 nova-scheduler[93177]: DEBUG nova.scheduler.host_manager [None req-916eb363-c260-42c1-bf12-c7b958e51636 tempest-ServerStableDeviceRescueTest-259703873 tempest-ServerStableDeviceRescueTest-259703873-project-member] Update host state with instances: [] {{(pid=93177) _locked_update /opt/stack/nova/nova/scheduler/host_manager.py:177}}
Jul 06 17:50:29.789854 np0000004649 nova-scheduler[93177]: DEBUG oslo_concurrency.lockutils [None req-916eb363-c260-42c1-bf12-c7b958e51636 tempest-ServerStableDeviceRescueTest-259703873 tempest-ServerStableDeviceRescueTest-259703873-project-member] Lock "np0000004649-np0000004649" "released" by "nova.scheduler.host_manager.HostState.update.._locked_update" :: held 0.003s {{(pid=93177) inner /opt/stack/data/venv/lib/python3.12/site-packages/oslo_concurrency/lockutils.py:543}}
Jul 06 17:50:29.790415 np0000004649 nova-scheduler[93177]: DEBUG nova.filters [None req-916eb363-c260-42c1-bf12-c7b958e51636 tempest-ServerStableDeviceRescueTest-259703873 tempest-ServerStableDeviceRescueTest-259703873-project-member] Starting with 1 host(s) {{(pid=93177) get_filtered_objects /opt/stack/nova/nova/filters.py:70}}
Jul 06 17:50:29.790788 np0000004649 nova-scheduler[93177]: DEBUG nova.filters [None req-916eb363-c260-42c1-bf12-c7b958e51636 tempest-ServerStableDeviceRescueTest-259703873 tempest-ServerStableDeviceRescueTest-259703873-project-member] Filter ComputeFilter returned 1 host(s) {{(pid=93177) get_filtered_objects /opt/stack/nova/nova/filters.py:102}}
Jul 06 17:50:29.790897 np0000004649 nova-scheduler[93177]: DEBUG nova.filters [None req-916eb363-c260-42c1-bf12-c7b958e51636 tempest-ServerStableDeviceRescueTest-259703873 tempest-ServerStableDeviceRescueTest-259703873-project-member] Filter ComputeCapabilitiesFilter returned 1 host(s) {{(pid=93177) get_filtered_objects /opt/stack/nova/nova/filters.py:102}}
Jul 06 17:50:29.791191 np0000004649 nova-scheduler[93177]: DEBUG nova.filters [None req-916eb363-c260-42c1-bf12-c7b958e51636 tempest-ServerStableDeviceRescueTest-259703873 tempest-ServerStableDeviceRescueTest-259703873-project-member] Filter ImagePropertiesFilter returned 1 host(s) {{(pid=93177) get_filtered_objects /opt/stack/nova/nova/filters.py:102}}
Jul 06 17:50:29.791399 np0000004649 nova-scheduler[93177]: DEBUG nova.filters [None req-916eb363-c260-42c1-bf12-c7b958e51636 tempest-ServerStableDeviceRescueTest-259703873 tempest-ServerStableDeviceRescueTest-259703873-project-member] Filter ServerGroupAntiAffinityFilter returned 1 host(s) {{(pid=93177) get_filtered_objects /opt/stack/nova/nova/filters.py:102}}
Jul 06 17:50:29.791562 np0000004649 nova-scheduler[93177]: DEBUG nova.filters [None req-916eb363-c260-42c1-bf12-c7b958e51636 tempest-ServerStableDeviceRescueTest-259703873 tempest-ServerStableDeviceRescueTest-259703873-project-member] Filter ServerGroupAffinityFilter returned 1 host(s) {{(pid=93177) get_filtered_objects /opt/stack/nova/nova/filters.py:102}}
Jul 06 17:50:29.791745 np0000004649 nova-scheduler[93177]: DEBUG nova.filters [None req-916eb363-c260-42c1-bf12-c7b958e51636 tempest-ServerStableDeviceRescueTest-259703873 tempest-ServerStableDeviceRescueTest-259703873-project-member] Filter SameHostFilter returned 1 host(s) {{(pid=93177) get_filtered_objects /opt/stack/nova/nova/filters.py:102}}
Jul 06 17:50:29.792102 np0000004649 nova-scheduler[93177]: DEBUG nova.filters [None req-916eb363-c260-42c1-bf12-c7b958e51636 tempest-ServerStableDeviceRescueTest-259703873 tempest-ServerStableDeviceRescueTest-259703873-project-member] Filter DifferentHostFilter returned 1 host(s) {{(pid=93177) get_filtered_objects /opt/stack/nova/nova/filters.py:102}}
Jul 06 17:50:29.792102 np0000004649 nova-scheduler[93177]: DEBUG nova.scheduler.manager [None req-916eb363-c260-42c1-bf12-c7b958e51636 tempest-ServerStableDeviceRescueTest-259703873 tempest-ServerStableDeviceRescueTest-259703873-project-member] Filtered [(np0000004649, np0000004649) ram: 62765MB disk: 74752MB io_ops: 0 instances: 0, allocation_candidates: 1] {{(pid=93177) _get_sorted_hosts /opt/stack/nova/nova/scheduler/manager.py:742}}
Jul 06 17:50:29.792806 np0000004649 nova-scheduler[93177]: DEBUG nova.scheduler.manager [None req-916eb363-c260-42c1-bf12-c7b958e51636 tempest-ServerStableDeviceRescueTest-259703873 tempest-ServerStableDeviceRescueTest-259703873-project-member] Weighed [WeighedHost [host: (np0000004649, np0000004649) ram: 62765MB disk: 74752MB io_ops: 0 instances: 0, allocation_candidates: 1, weight: 0.0]] {{(pid=93177) _get_sorted_hosts /opt/stack/nova/nova/scheduler/manager.py:764}}
Jul 06 17:50:29.793306 np0000004649 nova-scheduler[93177]: DEBUG nova.scheduler.utils [None req-916eb363-c260-42c1-bf12-c7b958e51636 tempest-ServerStableDeviceRescueTest-259703873 tempest-ServerStableDeviceRescueTest-259703873-project-member] Attempting to claim resources in the placement API for instance 79bc163c-8e74-4b8a-b32d-98488c506fe1 {{(pid=93177) claim_resources /opt/stack/nova/nova/scheduler/utils.py:1345}}
Jul 06 17:50:29.948197 np0000004649 nova-scheduler[93177]: DEBUG nova.scheduler.manager [None req-916eb363-c260-42c1-bf12-c7b958e51636 tempest-ServerStableDeviceRescueTest-259703873 tempest-ServerStableDeviceRescueTest-259703873-project-member] [instance: 79bc163c-8e74-4b8a-b32d-98488c506fe1] Selected host: (np0000004649, np0000004649) ram: 62765MB disk: 74752MB io_ops: 0 instances: 0, allocation_candidates: 1 {{(pid=93177) _consume_selected_host /opt/stack/nova/nova/scheduler/manager.py:624}}
Jul 06 17:50:29.948707 np0000004649 nova-scheduler[93177]: DEBUG oslo_concurrency.lockutils [None req-916eb363-c260-42c1-bf12-c7b958e51636 tempest-ServerStableDeviceRescueTest-259703873 tempest-ServerStableDeviceRescueTest-259703873-project-member] Acquiring lock "np0000004649-np0000004649" by "nova.scheduler.host_manager.HostState.consume_from_request.._locked" {{(pid=93177) inner /opt/stack/data/venv/lib/python3.12/site-packages/oslo_concurrency/lockutils.py:511}}
Jul 06 17:50:29.948707 np0000004649 nova-scheduler[93177]: DEBUG oslo_concurrency.lockutils [None req-916eb363-c260-42c1-bf12-c7b958e51636 tempest-ServerStableDeviceRescueTest-259703873 tempest-ServerStableDeviceRescueTest-259703873-project-member] Lock "np0000004649-np0000004649" acquired by "nova.scheduler.host_manager.HostState.consume_from_request.._locked" :: waited 0.000s {{(pid=93177) inner /opt/stack/data/venv/lib/python3.12/site-packages/oslo_concurrency/lockutils.py:524}}
Jul 06 17:50:29.948816 np0000004649 nova-scheduler[93177]: DEBUG oslo_concurrency.lockutils [None req-916eb363-c260-42c1-bf12-c7b958e51636 tempest-ServerStableDeviceRescueTest-259703873 tempest-ServerStableDeviceRescueTest-259703873-project-member] Lock "np0000004649-np0000004649" "released" by "nova.scheduler.host_manager.HostState.consume_from_request.._locked" :: held 0.000s {{(pid=93177) inner /opt/stack/data/venv/lib/python3.12/site-packages/oslo_concurrency/lockutils.py:543}}
Jul 06 17:50:31.659282 np0000004649 nova-scheduler[93172]: DEBUG nova.scheduler.manager [None req-a3dbef17-ffcf-4975-82eb-c97569bad78c tempest-TaggedAttachmentsTest-1511463526 tempest-TaggedAttachmentsTest-1511463526-project-member] Starting to schedule for instances: ['bbcd6d20-19ca-491a-ac8e-68e8d1aa5361'] {{(pid=93172) select_destinations /opt/stack/nova/nova/scheduler/manager.py:209}}
Jul 06 17:50:31.659764 np0000004649 nova-scheduler[93172]: DEBUG nova.scheduler.request_filter [None req-a3dbef17-ffcf-4975-82eb-c97569bad78c tempest-TaggedAttachmentsTest-1511463526 tempest-TaggedAttachmentsTest-1511463526-project-member] compute_status_filter request filter added forbidden trait COMPUTE_STATUS_DISABLED {{(pid=93172) compute_status_filter /opt/stack/nova/nova/scheduler/request_filter.py:253}}
Jul 06 17:50:31.659880 np0000004649 nova-scheduler[93172]: DEBUG nova.scheduler.request_filter [None req-a3dbef17-ffcf-4975-82eb-c97569bad78c tempest-TaggedAttachmentsTest-1511463526 tempest-TaggedAttachmentsTest-1511463526-project-member] Request filter 'compute_status_filter' took 0.0 seconds {{(pid=93172) wrapper /opt/stack/nova/nova/scheduler/request_filter.py:46}}
Jul 06 17:50:31.660160 np0000004649 nova-scheduler[93172]: DEBUG nova.scheduler.request_filter [None req-a3dbef17-ffcf-4975-82eb-c97569bad78c tempest-TaggedAttachmentsTest-1511463526 tempest-TaggedAttachmentsTest-1511463526-project-member] Request filter 'accelerators_filter' took 0.0 seconds {{(pid=93172) wrapper /opt/stack/nova/nova/scheduler/request_filter.py:46}}
Jul 06 17:50:31.660276 np0000004649 nova-scheduler[93172]: DEBUG nova.scheduler.request_filter [None req-a3dbef17-ffcf-4975-82eb-c97569bad78c tempest-TaggedAttachmentsTest-1511463526 tempest-TaggedAttachmentsTest-1511463526-project-member] Request filter 'packed_virtqueue_filter' took 0.0 seconds {{(pid=93172) wrapper /opt/stack/nova/nova/scheduler/request_filter.py:46}}
Jul 06 17:50:31.660564 np0000004649 nova-scheduler[93172]: DEBUG nova.scheduler.request_filter [None req-a3dbef17-ffcf-4975-82eb-c97569bad78c tempest-TaggedAttachmentsTest-1511463526 tempest-TaggedAttachmentsTest-1511463526-project-member] Request filter 'remote_managed_ports_filter' took 0.0 seconds {{(pid=93172) wrapper /opt/stack/nova/nova/scheduler/request_filter.py:46}}
Jul 06 17:50:31.660723 np0000004649 nova-scheduler[93172]: DEBUG nova.scheduler.request_filter [None req-a3dbef17-ffcf-4975-82eb-c97569bad78c tempest-TaggedAttachmentsTest-1511463526 tempest-TaggedAttachmentsTest-1511463526-project-member] ephemeral_encryption_filter skipped {{(pid=93172) ephemeral_encryption_filter /opt/stack/nova/nova/scheduler/request_filter.py:426}}
Jul 06 17:50:31.660868 np0000004649 nova-scheduler[93172]: DEBUG nova.scheduler.request_filter [None req-a3dbef17-ffcf-4975-82eb-c97569bad78c tempest-TaggedAttachmentsTest-1511463526 tempest-TaggedAttachmentsTest-1511463526-project-member] virtio_sound_filter skipped {{(pid=93172) virtio_sound_filter /opt/stack/nova/nova/scheduler/request_filter.py:460}}
Jul 06 17:50:31.661550 np0000004649 nova-scheduler[93172]: DEBUG nova.scheduler.request_filter [None req-a3dbef17-ffcf-4975-82eb-c97569bad78c tempest-TaggedAttachmentsTest-1511463526 tempest-TaggedAttachmentsTest-1511463526-project-member] tpm_secret_security_filter skipped {{(pid=93172) tpm_secret_security_filter /opt/stack/nova/nova/scheduler/request_filter.py:477}}
Jul 06 17:50:31.764818 np0000004649 nova-scheduler[93172]: INFO nova.utils [None req-a3dbef17-ffcf-4975-82eb-c97569bad78c tempest-TaggedAttachmentsTest-1511463526 tempest-TaggedAttachmentsTest-1511463526-project-member] The cell worker thread pool ForkProcess-1.cell_worker is initialized
Jul 06 17:50:31.765162 np0000004649 nova-scheduler[93172]: DEBUG oslo_concurrency.lockutils [None req-a3dbef17-ffcf-4975-82eb-c97569bad78c tempest-TaggedAttachmentsTest-1511463526 tempest-TaggedAttachmentsTest-1511463526-project-member] Acquiring lock "65bd0552-8698-4ee6-adc9-ffbcce99e6ed" by "nova.context.set_target_cell..get_or_set_cached_cell_and_set_connections" {{(pid=93172) inner /opt/stack/data/venv/lib/python3.12/site-packages/oslo_concurrency/lockutils.py:511}}
Jul 06 17:50:31.765489 np0000004649 nova-scheduler[93172]: DEBUG oslo_concurrency.lockutils [None req-a3dbef17-ffcf-4975-82eb-c97569bad78c tempest-TaggedAttachmentsTest-1511463526 tempest-TaggedAttachmentsTest-1511463526-project-member] Lock "65bd0552-8698-4ee6-adc9-ffbcce99e6ed" acquired by "nova.context.set_target_cell..get_or_set_cached_cell_and_set_connections" :: waited 0.000s {{(pid=93172) inner /opt/stack/data/venv/lib/python3.12/site-packages/oslo_concurrency/lockutils.py:524}}
Jul 06 17:50:31.766927 np0000004649 nova-scheduler[93172]: DEBUG oslo_concurrency.lockutils [None req-a3dbef17-ffcf-4975-82eb-c97569bad78c tempest-TaggedAttachmentsTest-1511463526 tempest-TaggedAttachmentsTest-1511463526-project-member] Lock "65bd0552-8698-4ee6-adc9-ffbcce99e6ed" "released" by "nova.context.set_target_cell..get_or_set_cached_cell_and_set_connections" :: held 0.001s {{(pid=93172) inner /opt/stack/data/venv/lib/python3.12/site-packages/oslo_concurrency/lockutils.py:543}}
Jul 06 17:50:31.770329 np0000004649 nova-scheduler[93172]: INFO dbcounter [None req-a3dbef17-ffcf-4975-82eb-c97569bad78c tempest-TaggedAttachmentsTest-1511463526 tempest-TaggedAttachmentsTest-1511463526-project-member] Registered counter for database nova_cell1
Jul 06 17:50:31.813112 np0000004649 nova-scheduler[93172]: DEBUG oslo_db.sqlalchemy.engines [None req-a3dbef17-ffcf-4975-82eb-c97569bad78c tempest-TaggedAttachmentsTest-1511463526 tempest-TaggedAttachmentsTest-1511463526-project-member] MySQL server mode set to STRICT_TRANS_TABLES,STRICT_ALL_TABLES,NO_ZERO_IN_DATE,NO_ZERO_DATE,ERROR_FOR_DIVISION_BY_ZERO,TRADITIONAL,NO_ENGINE_SUBSTITUTION {{(pid=93172) _check_effective_sql_mode /opt/stack/data/venv/lib/python3.12/site-packages/oslo_db/sqlalchemy/engines.py:325}}
Jul 06 17:50:31.819706 np0000004649 nova-scheduler[93172]: DEBUG dbcounter [-] [93172] Writer thread running {{(pid=93172) stat_writer /opt/stack/data/venv/lib/python3.12/site-packages/dbcounter.py:102}}
Jul 06 17:50:31.877256 np0000004649 nova-scheduler[93172]: DEBUG dbcounter [-] [93172] Writer thread running {{(pid=93172) stat_writer /opt/stack/data/venv/lib/python3.12/site-packages/dbcounter.py:102}}
Jul 06 17:50:31.880089 np0000004649 nova-scheduler[93172]: DEBUG oslo_concurrency.lockutils [None req-a3dbef17-ffcf-4975-82eb-c97569bad78c tempest-TaggedAttachmentsTest-1511463526 tempest-TaggedAttachmentsTest-1511463526-project-member] Acquiring lock "65bd0552-8698-4ee6-adc9-ffbcce99e6ed" by "nova.context.set_target_cell..get_or_set_cached_cell_and_set_connections" {{(pid=93172) inner /opt/stack/data/venv/lib/python3.12/site-packages/oslo_concurrency/lockutils.py:511}}
Jul 06 17:50:31.880089 np0000004649 nova-scheduler[93172]: DEBUG oslo_concurrency.lockutils [None req-a3dbef17-ffcf-4975-82eb-c97569bad78c tempest-TaggedAttachmentsTest-1511463526 tempest-TaggedAttachmentsTest-1511463526-project-member] Lock "65bd0552-8698-4ee6-adc9-ffbcce99e6ed" acquired by "nova.context.set_target_cell..get_or_set_cached_cell_and_set_connections" :: waited 0.000s {{(pid=93172) inner /opt/stack/data/venv/lib/python3.12/site-packages/oslo_concurrency/lockutils.py:524}}
Jul 06 17:50:31.880089 np0000004649 nova-scheduler[93172]: DEBUG oslo_concurrency.lockutils [None req-a3dbef17-ffcf-4975-82eb-c97569bad78c tempest-TaggedAttachmentsTest-1511463526 tempest-TaggedAttachmentsTest-1511463526-project-member] Lock "65bd0552-8698-4ee6-adc9-ffbcce99e6ed" "released" by "nova.context.set_target_cell..get_or_set_cached_cell_and_set_connections" :: held 0.000s {{(pid=93172) inner /opt/stack/data/venv/lib/python3.12/site-packages/oslo_concurrency/lockutils.py:543}}
Jul 06 17:50:31.883460 np0000004649 nova-scheduler[93172]: DEBUG oslo_concurrency.lockutils [None req-a3dbef17-ffcf-4975-82eb-c97569bad78c tempest-TaggedAttachmentsTest-1511463526 tempest-TaggedAttachmentsTest-1511463526-project-member] Acquiring lock "np0000004649-np0000004649" by "nova.scheduler.host_manager.HostState.update.._locked_update" {{(pid=93172) inner /opt/stack/data/venv/lib/python3.12/site-packages/oslo_concurrency/lockutils.py:511}}
Jul 06 17:50:31.884137 np0000004649 nova-scheduler[93172]: DEBUG oslo_concurrency.lockutils [None req-a3dbef17-ffcf-4975-82eb-c97569bad78c tempest-TaggedAttachmentsTest-1511463526 tempest-TaggedAttachmentsTest-1511463526-project-member] Lock "np0000004649-np0000004649" acquired by "nova.scheduler.host_manager.HostState.update.._locked_update" :: waited 0.000s {{(pid=93172) inner /opt/stack/data/venv/lib/python3.12/site-packages/oslo_concurrency/lockutils.py:524}}
