Jul 06 17:47:42.500908 np0000004649 devstack@neutron-api.service[87352]: DEBUG ovsdbapp.backend.ovs_idl.transaction [-] Running txn n=1 command(idx=0): LrAddCommand(_result=None, router=neutron-dc0c5207-ba75-497a-8144-51a0e5c44b56, may_exist=True, columns={'external_ids': {'neutron:router_name': 'router1', 'neutron:revision_number': '1', 'neutron:availability_zone_hints': ''}, 'enabled': True, 'options': {'always_learn_from_arp_request': 'false', 'dynamic_neigh_routers': 'true', 'mac_binding_age_threshold': '300'}}) {{(pid=87352) do_commit /opt/stack/data/venv/lib/python3.12/site-packages/ovsdbapp/backend/ovs_idl/transaction.py:89}}
Jul 06 17:47:42.503622 np0000004649 devstack@neutron-api.service[87352]: DEBUG neutron.plugins.ml2.drivers.ovn.mech_driver.ovsdb.ovsdb_monitor [-] Hash Ring: Node 1216493e5098596c872794737fd516fe (host: np0000004649) handling event "create" for row 02284739-655d-405b-ba89-17acd958901d (table: Logical_Router) {{(pid=87352) notify /opt/stack/neutron/neutron/plugins/ml2/drivers/ovn/mech_driver/ovsdb/ovsdb_monitor.py:1015}}
Jul 06 17:47:42.505064 np0000004649 devstack@neutron-api.service[87350]: DEBUG neutron.plugins.ml2.drivers.ovn.mech_driver.ovsdb.ovsdb_monitor [-] Hash Ring: Node b1951f1e7c385e66bf3e1e90fe9086ed (host: np0000004649) handling event "create" for row 02284739-655d-405b-ba89-17acd958901d (table: Logical_Router) {{(pid=87350) notify /opt/stack/neutron/neutron/plugins/ml2/drivers/ovn/mech_driver/ovsdb/ovsdb_monitor.py:1015}}
Jul 06 17:47:42.508627 np0000004649 devstack@neutron-api.service[87351]: DEBUG neutron.plugins.ml2.drivers.ovn.mech_driver.ovsdb.ovsdb_monitor [-] Hash Ring: Node 408f1b4f4aea51a88b2a4d85a1cb7af8 (host: np0000004649) handling event "create" for row ff2bc50c-61bf-4ddb-870d-7973d2bbafe6 (table: Datapath_Binding) {{(pid=87351) notify /opt/stack/neutron/neutron/plugins/ml2/drivers/ovn/mech_driver/ovsdb/ovsdb_monitor.py:1015}}
Jul 06 17:47:42.525115 np0000004649 devstack@neutron-api.service[87352]: DEBUG neutron.plugins.ml2.drivers.ovn.mech_driver.ovsdb.ovsdb_monitor [-] Hash Ring: Node 1216493e5098596c872794737fd516fe (host: np0000004649) handling event "create" for row ff2bc50c-61bf-4ddb-870d-7973d2bbafe6 (table: Datapath_Binding) {{(pid=87352) notify /opt/stack/neutron/neutron/plugins/ml2/drivers/ovn/mech_driver/ovsdb/ovsdb_monitor.py:1015}}
Jul 06 17:47:42.592582 np0000004649 devstack@neutron-api.service[87352]: INFO neutron.db.ovn_revision_numbers_db [None req-91f6c3b1-0024-44a8-bccd-7620e1312287 admin admin] Successfully bumped revision number for resource dc0c5207-ba75-497a-8144-51a0e5c44b56 (type: routers) to 1
Jul 06 17:47:42.601961 np0000004649 devstack@neutron-api.service[87352]: DEBUG neutron_lib.callbacks.manager [None req-91f6c3b1-0024-44a8-bccd-7620e1312287 admin admin] Publish callbacks [] for router (None), before_response {{(pid=87352) _notify_loop /opt/stack/data/venv/lib/python3.12/site-packages/neutron_lib/callbacks/manager.py:184}}
Jul 06 17:47:42.602776 np0000004649 devstack@neutron-api.service[87352]: [pid: 87352|app: 0|req: 6/14] 10.4.3.238 () {68 vars in 1323 bytes} [Mon Jul 6 17:47:42 2026] POST /networking/v2.0/routers => generated 599 bytes in 213 msecs (HTTP/1.1 201) 4 headers in 162 bytes (1 switches on core 0)
Jul 06 17:47:42.839002 np0000004649 devstack@neutron-api.service[87351]: DEBUG neutron.api.wsgi [None req-f0f0f9d6-db4f-4c6c-b3e3-0c44e0df304f admin admin] Missing Content-Type {{(pid=87351) get_content_type /opt/stack/neutron/neutron/api/wsgi.py:80}}
Jul 06 17:47:42.839427 np0000004649 devstack@neutron-api.service[87351]: DEBUG neutron.api.wsgi [None req-f0f0f9d6-db4f-4c6c-b3e3-0c44e0df304f admin admin] https://10.4.3.238/networking/v2.0/extensions returned with HTTP 200 {{(pid=87351) __call__ /opt/stack/neutron/neutron/api/wsgi.py:540}}
Jul 06 17:47:42.839740 np0000004649 devstack@neutron-api.service[87351]: [pid: 87351|app: 0|req: 5/15] 10.4.3.238 () {64 vars in 1292 bytes} [Mon Jul 6 17:47:42 2026] GET /networking/v2.0/extensions => generated 16171 bytes in 3 msecs (HTTP/1.1 200) 4 headers in 159 bytes (1 switches on core 0)
Jul 06 17:47:43.110913 np0000004649 devstack@neutron-api.service[87350]: DEBUG neutron.api.v2.base [None req-9b253af9-d35e-4916-9402-7eff19ad642f admin admin] Request body: {'network': {'name': 'public', 'provider:network_type': 'flat', 'admin_state_up': True, 'router:external': True, 'is_default': True, 'provider:physical_network': 'public'}} {{(pid=87350) prepare_request_body /opt/stack/neutron/neutron/api/v2/base.py:727}}
Jul 06 17:47:43.126401 np0000004649 devstack@neutron-api.service[87350]: DEBUG neutron.pecan_wsgi.hooks.quota_enforcement [None req-9b253af9-d35e-4916-9402-7eff19ad642f admin admin] Made reservation on behalf of a521a65a3ef442af8f90aec0ed13522e for: {'network': 1} {{(pid=87350) before /opt/stack/neutron/neutron/pecan_wsgi/hooks/quota_enforcement.py:66}}
Jul 06 17:47:43.130070 np0000004649 devstack@neutron-api.service[87350]: DEBUG neutron_lib.callbacks.manager [None req-9b253af9-d35e-4916-9402-7eff19ad642f admin admin] Publish callbacks ['neutron.plugins.ml2.plugin.SecurityGroupDbMixin._ensure_default_security_group_handler-32566385'] for network (None), before_create {{(pid=87350) _notify_loop /opt/stack/data/venv/lib/python3.12/site-packages/neutron_lib/callbacks/manager.py:184}}
Jul 06 17:47:43.163704 np0000004649 devstack@neutron-api.service[87350]: DEBUG neutron.plugins.ml2.drivers.type_flat [None req-9b253af9-d35e-4916-9402-7eff19ad642f admin admin] Reserving flat network on physical network public {{(pid=87350) reserve_provider_segment /opt/stack/neutron/neutron/plugins/ml2/drivers/type_flat.py:100}}
Jul 06 17:47:43.175355 np0000004649 devstack@neutron-api.service[87350]: DEBUG neutron_lib.callbacks.manager [None req-9b253af9-d35e-4916-9402-7eff19ad642f admin admin] Publish callbacks ['neutron.services.segments.db._add_segment_host_mapping_for_segment-8008553011844', 'neutron.plugins.ml2.plugin.Ml2Plugin._handle_segment_change-32969919'] for segment (67f06c4c-f6d5-4921-b9dd-9adcde933e82), precommit_create {{(pid=87350) _notify_loop /opt/stack/data/venv/lib/python3.12/site-packages/neutron_lib/callbacks/manager.py:184}}
Jul 06 17:47:43.175610 np0000004649 devstack@neutron-api.service[87350]: DEBUG neutron_lib.callbacks.manager [None req-9b253af9-d35e-4916-9402-7eff19ad642f admin admin] Unsubscribe: segment precommit_create {{(pid=87350) unsubscribe /opt/stack/data/venv/lib/python3.12/site-packages/neutron_lib/callbacks/manager.py:90}}
Jul 06 17:47:43.175805 np0000004649 devstack@neutron-api.service[87350]: INFO neutron.db.segments_db [None req-9b253af9-d35e-4916-9402-7eff19ad642f admin admin] Added segment 67f06c4c-f6d5-4921-b9dd-9adcde933e82 of type flat for network 5ea943dc-8fa6-4980-ba00-07f585c4c4a3
Jul 06 17:47:43.215971 np0000004649 devstack@neutron-api.service[87350]: DEBUG neutron_lib.callbacks.manager [None req-9b253af9-d35e-4916-9402-7eff19ad642f admin admin] Publish callbacks ['neutron.services.auto_allocate.db._ensure_external_network_default_value_callback-8008551273686'] for network (5ea943dc-8fa6-4980-ba00-07f585c4c4a3), precommit_create {{(pid=87350) _notify_loop /opt/stack/data/venv/lib/python3.12/site-packages/neutron_lib/callbacks/manager.py:184}}
Jul 06 17:47:43.234312 np0000004649 devstack@neutron-api.service[87350]: DEBUG neutron.plugins.ml2.drivers.ovn.mech_driver.mech_driver [None req-9b253af9-d35e-4916-9402-7eff19ad642f admin admin] Validating network segment with type flat, segmentation ID None, physical network public {{(pid=87350) _validate_network_segments /opt/stack/neutron/neutron/plugins/ml2/drivers/ovn/mech_driver/mech_driver.py:646}}
Jul 06 17:47:43.234472 np0000004649 devstack@neutron-api.service[87350]: DEBUG neutron.db.ovn_revision_numbers_db [None req-9b253af9-d35e-4916-9402-7eff19ad642f admin admin] create_initial_revision uuid=5ea943dc-8fa6-4980-ba00-07f585c4c4a3, type=networks, rev=-1 {{(pid=87350) create_initial_revision /opt/stack/neutron/neutron/db/ovn_revision_numbers_db.py:98}}
Jul 06 17:47:43.252516 np0000004649 devstack@neutron-api.service[87350]: DEBUG neutron_lib.callbacks.manager [None req-9b253af9-d35e-4916-9402-7eff19ad642f admin admin] Publish callbacks ['neutron.plugins.ml2.ovo_rpc._ObjectChangeHandler.handle_event-3137787'] for network (5ea943dc-8fa6-4980-ba00-07f585c4c4a3), after_create {{(pid=87350) _notify_loop /opt/stack/data/venv/lib/python3.12/site-packages/neutron_lib/callbacks/manager.py:184}}
Jul 06 17:47:43.300049 np0000004649 devstack@neutron-api.service[87350]: DEBUG neutron.api.rpc.handlers.resources_rpc [None req-9b253af9-d35e-4916-9402-7eff19ad642f admin admin] Pushing event updated for resources: {'Network': ['ID=5ea943dc-8fa6-4980-ba00-07f585c4c4a3,revision_number=1']} {{(pid=87350) push /opt/stack/neutron/neutron/api/rpc/handlers/resources_rpc.py:237}}
Jul 06 17:47:43.305578 np0000004649 devstack@neutron-api.service[87350]: DEBUG neutron.api.rpc.callbacks.version_manager [None req-9b253af9-d35e-4916-9402-7eff19ad642f admin admin] Tracked resource versions report:
Jul 06 17:47:43.305578 np0000004649 devstack@neutron-api.service[87350]: pushed versions:
Jul 06 17:47:43.305578 np0000004649 devstack@neutron-api.service[87350]: { 'AddressGroup': {'1.2'},
Jul 06 17:47:43.305578 np0000004649 devstack@neutron-api.service[87350]: 'Agent': {'1.1'},
Jul 06 17:47:43.305578 np0000004649 devstack@neutron-api.service[87350]: 'ConntrackHelper': {'1.0'},
Jul 06 17:47:43.305578 np0000004649 devstack@neutron-api.service[87350]: 'LocalIPAssociation': {'1.0'},
Jul 06 17:47:43.305578 np0000004649 devstack@neutron-api.service[87350]: 'Log': {'1.0'},
Jul 06 17:47:43.305578 np0000004649 devstack@neutron-api.service[87350]: 'NDPProxy': {'1.0'},
Jul 06 17:47:43.305578 np0000004649 devstack@neutron-api.service[87350]: 'Network': {'1.3'},
Jul 06 17:47:43.305578 np0000004649 devstack@neutron-api.service[87350]: 'Port': {'1.11'},
Jul 06 17:47:43.305578 np0000004649 devstack@neutron-api.service[87350]: 'PortForwarding': {'1.3'},
Jul 06 17:47:43.305578 np0000004649 devstack@neutron-api.service[87350]: 'QosPolicy': {'1.10'},
Jul 06 17:47:43.305578 np0000004649 devstack@neutron-api.service[87350]: 'SecurityGroup': {'1.6'},
Jul 06 17:47:43.305578 np0000004649 devstack@neutron-api.service[87350]: 'SecurityGroupRule': {'1.3'},
Jul 06 17:47:43.305578 np0000004649 devstack@neutron-api.service[87350]: 'SubPort': {'1.0'},
Jul 06 17:47:43.305578 np0000004649 devstack@neutron-api.service[87350]: 'Subnet': {'1.2'},
Jul 06 17:47:43.305578 np0000004649 devstack@neutron-api.service[87350]: 'Trunk': {'1.1'}}
Jul 06 17:47:43.305578 np0000004649 devstack@neutron-api.service[87350]: consumer versions:
Jul 06 17:47:43.305578 np0000004649 devstack@neutron-api.service[87350]: { OVN Controller Gateway agent@np0000004649: {},
Jul 06 17:47:43.305578 np0000004649 devstack@neutron-api.service[87350]: OVN Neutron agent@np0000004649: {}}
Jul 06 17:47:43.305578 np0000004649 devstack@neutron-api.service[87350]: {{(pid=87350) report /opt/stack/neutron/neutron/api/rpc/callbacks/version_manager.py:183}}
Jul 06 17:47:43.322499 np0000004649 devstack@neutron-api.service[87350]: DEBUG ovsdbapp.backend.ovs_idl.transaction [-] Running txn n=1 command(idx=0): AddNetworkCommand(_result=None, network_uuid=5ea943dc-8fa6-4980-ba00-07f585c4c4a3, may_exist=True, columns={'external_ids': {'neutron:network_name': 'public', 'neutron:mtu': '1430', 'neutron:revision_number': '1', 'neutron:availability_zone_hints': '', 'neutron:provnet-network-type': 'flat', 'neutron:provnet-physical-network': 'public'}, 'other_config': {'mcast_snoop': 'false', 'mcast_flood_unregistered': 'false', 'vlan-passthru': 'false', 'fdb_age_threshold': '300', 'broadcast-arps-to-all-routers': 'true'}}) {{(pid=87350) do_commit /opt/stack/data/venv/lib/python3.12/site-packages/ovsdbapp/backend/ovs_idl/transaction.py:89}}
Jul 06 17:47:43.322952 np0000004649 devstack@neutron-api.service[87350]: DEBUG neutron.common.ovn.utils [-] OVS persist_uuid supported=True {{(pid=87350) ovs_persist_uuid_supported /opt/stack/neutron/neutron/common/ovn/utils.py:1562}}
Jul 06 17:47:43.323325 np0000004649 devstack@neutron-api.service[87350]: DEBUG ovsdbapp.backend.ovs_idl.transaction [-] Running txn n=1 command(idx=1): AddLSwitchPortCommand(_result=None, lport=provnet-67f06c4c-f6d5-4921-b9dd-9adcde933e82, lswitch=neutron-5ea943dc-8fa6-4980-ba00-07f585c4c4a3, may_exist=True, network_uuid=5ea943dc-8fa6-4980-ba00-07f585c4c4a3, columns={'addresses': ['unknown'], 'external_ids': {'neutron:provnet-physical-network': 'public'}, 'type': 'localnet', 'tag_request': [], 'options': {'network_name': 'public', 'mcast_flood_reports': 'true', 'mcast_flood': 'false', 'localnet_learn_fdb': 'false'}}) {{(pid=87350) do_commit /opt/stack/data/venv/lib/python3.12/site-packages/ovsdbapp/backend/ovs_idl/transaction.py:89}}
Jul 06 17:47:43.326498 np0000004649 devstack@neutron-api.service[87352]: DEBUG neutron.plugins.ml2.drivers.ovn.mech_driver.ovsdb.ovsdb_monitor [-] Hash Ring: Node 1216493e5098596c872794737fd516fe (host: np0000004649) handling event "create" for row 5ea943dc-8fa6-4980-ba00-07f585c4c4a3 (table: Logical_Switch) {{(pid=87352) notify /opt/stack/neutron/neutron/plugins/ml2/drivers/ovn/mech_driver/ovsdb/ovsdb_monitor.py:1015}}
Jul 06 17:47:43.326721 np0000004649 devstack@neutron-api.service[87352]: DEBUG neutron.plugins.ml2.drivers.ovn.mech_driver.ovsdb.ovsdb_monitor [-] Hash Ring: Node 1216493e5098596c872794737fd516fe (host: np0000004649) handling event "create" for row 428c772f-1d17-47cc-975c-d5f802266182 (table: Logical_Switch_Port) {{(pid=87352) notify /opt/stack/neutron/neutron/plugins/ml2/drivers/ovn/mech_driver/ovsdb/ovsdb_monitor.py:1015}}
Jul 06 17:47:43.327941 np0000004649 devstack@neutron-api.service[87352]: DEBUG neutron.plugins.ml2.drivers.ovn.mech_driver.ovsdb.ovsdb_monitor [-] Hash Ring: Node 1216493e5098596c872794737fd516fe (host: np0000004649) handling event "update" for row 428c772f-1d17-47cc-975c-d5f802266182 (table: Logical_Switch_Port) {{(pid=87352) notify /opt/stack/neutron/neutron/plugins/ml2/drivers/ovn/mech_driver/ovsdb/ovsdb_monitor.py:1015}}
Jul 06 17:47:43.333742 np0000004649 devstack@neutron-api.service[87352]: DEBUG neutron.plugins.ml2.drivers.ovn.mech_driver.ovsdb.ovsdb_monitor [-] Hash Ring: Node 1216493e5098596c872794737fd516fe (host: np0000004649) handling event "create" for row db9dc50e-eb4e-4d35-88c4-0028fc0cf62b (table: Datapath_Binding) {{(pid=87352) notify /opt/stack/neutron/neutron/plugins/ml2/drivers/ovn/mech_driver/ovsdb/ovsdb_monitor.py:1015}}
Jul 06 17:47:43.333865 np0000004649 devstack@neutron-api.service[87352]: DEBUG neutron.plugins.ml2.drivers.ovn.mech_driver.ovsdb.ovsdb_monitor [-] Hash Ring: Node 1216493e5098596c872794737fd516fe (host: np0000004649) handling event "create" for row 5eecc5a8-e078-4a77-a655-7b2ac7698a87 (table: Port_Binding) {{(pid=87352) notify /opt/stack/neutron/neutron/plugins/ml2/drivers/ovn/mech_driver/ovsdb/ovsdb_monitor.py:1015}}
Jul 06 17:47:43.334497 np0000004649 devstack@neutron-api.service[87351]: DEBUG neutron.plugins.ml2.drivers.ovn.mech_driver.ovsdb.ovsdb_monitor [-] Hash Ring: Node 408f1b4f4aea51a88b2a4d85a1cb7af8 (host: np0000004649) handling event "create" for row db9dc50e-eb4e-4d35-88c4-0028fc0cf62b (table: Datapath_Binding) {{(pid=87351) notify /opt/stack/neutron/neutron/plugins/ml2/drivers/ovn/mech_driver/ovsdb/ovsdb_monitor.py:1015}}
Jul 06 17:47:43.357014 np0000004649 devstack@neutron-api.service[87350]: INFO neutron.db.ovn_revision_numbers_db [None req-9b253af9-d35e-4916-9402-7eff19ad642f admin admin] Successfully bumped revision number for resource 5ea943dc-8fa6-4980-ba00-07f585c4c4a3 (type: networks) to 1
Jul 06 17:47:43.583973 np0000004649 devstack@neutron-api.service[87350]: DEBUG neutron_lib.callbacks.manager [None req-9b253af9-d35e-4916-9402-7eff19ad642f admin admin] Publish callbacks ['neutron.plugins.ml2.plugin.SecurityGroupDbMixin._ensure_default_security_group_handler-32566385'] for port (None), before_create {{(pid=87350) _notify_loop /opt/stack/data/venv/lib/python3.12/site-packages/neutron_lib/callbacks/manager.py:184}}
Jul 06 17:47:43.665782 np0000004649 devstack@neutron-api.service[87350]: DEBUG neutron_lib.callbacks.manager [None req-9b253af9-d35e-4916-9402-7eff19ad642f admin admin] Publish callbacks ['neutron.plugins.ml2.drivers.ovn.mech_driver.mech_driver.OVNMechanismDriver._validate_allowed_address_pairs-1958520'] for allowed_address_pair (11c99db3-0fff-4e06-93cc-b6a67ce4ed1e), before_create {{(pid=87350) _notify_loop /opt/stack/data/venv/lib/python3.12/site-packages/neutron_lib/callbacks/manager.py:184}}
Jul 06 17:47:43.666377 np0000004649 devstack@neutron-api.service[87350]: DEBUG neutron_lib.callbacks.manager [None req-9b253af9-d35e-4916-9402-7eff19ad642f admin admin] Publish callbacks [] for port (11c99db3-0fff-4e06-93cc-b6a67ce4ed1e), precommit_create {{(pid=87350) _notify_loop /opt/stack/data/venv/lib/python3.12/site-packages/neutron_lib/callbacks/manager.py:184}}
Jul 06 17:47:43.666586 np0000004649 devstack@neutron-api.service[87350]: DEBUG neutron.plugins.ml2.drivers.ovn.mech_driver.mech_driver [None req-9b253af9-d35e-4916-9402-7eff19ad642f admin admin] No provisioning block for port 11c99db3-0fff-4e06-93cc-b6a67ce4ed1e since it does not have a host {{(pid=87350) _is_port_provisioning_required /opt/stack/neutron/neutron/plugins/ml2/drivers/ovn/mech_driver/mech_driver.py:899}}
Jul 06 17:47:43.666695 np0000004649 devstack@neutron-api.service[87350]: DEBUG neutron.db.ovn_revision_numbers_db [None req-9b253af9-d35e-4916-9402-7eff19ad642f admin admin] create_initial_revision uuid=11c99db3-0fff-4e06-93cc-b6a67ce4ed1e, type=ports, rev=-1 {{(pid=87350) create_initial_revision /opt/stack/neutron/neutron/db/ovn_revision_numbers_db.py:98}}
Jul 06 17:47:43.707455 np0000004649 devstack@neutron-api.service[87350]: DEBUG neutron_lib.callbacks.manager [None req-9b253af9-d35e-4916-9402-7eff19ad642f admin admin] Publish callbacks ['neutron.plugins.ml2.ovo_rpc._ObjectChangeHandler.handle_event-3137802'] for port (11c99db3-0fff-4e06-93cc-b6a67ce4ed1e), after_create {{(pid=87350) _notify_loop /opt/stack/data/venv/lib/python3.12/site-packages/neutron_lib/callbacks/manager.py:184}}
Jul 06 17:47:43.754766 np0000004649 devstack@neutron-api.service[87350]: DEBUG neutron.api.rpc.handlers.resources_rpc [None req-9b253af9-d35e-4916-9402-7eff19ad642f admin admin] Pushing event updated for resources: {'Port': ['ID=11c99db3-0fff-4e06-93cc-b6a67ce4ed1e,revision_number=1']} {{(pid=87350) push /opt/stack/neutron/neutron/api/rpc/handlers/resources_rpc.py:237}}
Jul 06 17:47:43.782836 np0000004649 devstack@neutron-api.service[87350]: DEBUG neutron.plugins.ml2.drivers.ovn.mech_driver.ovsdb.commands [None req-9b253af9-d35e-4916-9402-7eff19ad642f admin admin] Converting tag [] to a tag_request {{(pid=87350) _tag_column_to_tag_request /opt/stack/neutron/neutron/plugins/ml2/drivers/ovn/mech_driver/ovsdb/commands.py:205}}
Jul 06 17:47:43.783615 np0000004649 devstack@neutron-api.service[87350]: DEBUG ovsdbapp.backend.ovs_idl.transaction [-] Running txn n=1 command(idx=0): AddLSwitchPortCommand(_result=None, lport=11c99db3-0fff-4e06-93cc-b6a67ce4ed1e, lswitch=neutron-5ea943dc-8fa6-4980-ba00-07f585c4c4a3, may_exist=True, network_uuid=5ea943dc-8fa6-4980-ba00-07f585c4c4a3, columns={'addresses': ['fa:16:3e:46:1f:d5'], 'external_ids': {'neutron:port_name': '', 'neutron:device_id': 'ovnmeta-5ea943dc-8fa6-4980-ba00-07f585c4c4a3', 'neutron:project_id': 'a521a65a3ef442af8f90aec0ed13522e', 'neutron:cidrs': '', 'neutron:device_owner': 'network:distributed', 'neutron:subnet_pool_addr_scope4': '', 'neutron:subnet_pool_addr_scope6': '', 'neutron:network_name': 'neutron-5ea943dc-8fa6-4980-ba00-07f585c4c4a3', 'neutron:security_group_ids': '', 'neutron:revision_number': '1', 'neutron:vnic_type': 'normal', 'neutron:port_capabilities': '', 'neutron:mtu': '1430'}, 'parent_name': [], 'enabled': True, 'options': {}, 'type': 'localport', 'port_security': [], 'dhcpv4_options': [], 'dhcpv6_options': [], 'tag_request': []}) {{(pid=87350) do_commit /opt/stack/data/venv/lib/python3.12/site-packages/ovsdbapp/backend/ovs_idl/transaction.py:89}}
Jul 06 17:47:43.784129 np0000004649 devstack@neutron-api.service[87350]: DEBUG ovsdbapp.backend.ovs_idl.transaction [-] Running txn n=1 command(idx=1): QoSDelCommand(_result=None, switch=neutron-5ea943dc-8fa6-4980-ba00-07f585c4c4a3, conditions=[('direction', '=', 'to-lport'), ('priority', '=', 2002), ('match', '=', 'outport == "11c99db3-0fff-4e06-93cc-b6a67ce4ed1e"')], if_exists=True) {{(pid=87350) do_commit /opt/stack/data/venv/lib/python3.12/site-packages/ovsdbapp/backend/ovs_idl/transaction.py:89}}
Jul 06 17:47:43.784314 np0000004649 devstack@neutron-api.service[87350]: DEBUG ovsdbapp.backend.ovs_idl.transaction [-] Running txn n=1 command(idx=2): QoSDelCommand(_result=None, switch=neutron-5ea943dc-8fa6-4980-ba00-07f585c4c4a3, conditions=[('direction', '=', 'from-lport'), ('priority', '=', 2002), ('match', '=', 'inport == "11c99db3-0fff-4e06-93cc-b6a67ce4ed1e"')], if_exists=True) {{(pid=87350) do_commit /opt/stack/data/venv/lib/python3.12/site-packages/ovsdbapp/backend/ovs_idl/transaction.py:89}}
Jul 06 17:47:43.784495 np0000004649 devstack@neutron-api.service[87350]: DEBUG ovsdbapp.backend.ovs_idl.transaction [-] Running txn n=1 command(idx=3): UpdateLSwitchPortQosOptionsCommand(_result=None, lport=AddLSwitchPortCommand(_result=4b2d687f-85fd-4d03-a1ec-5e76005c8891, lport=11c99db3-0fff-4e06-93cc-b6a67ce4ed1e, lswitch=neutron-5ea943dc-8fa6-4980-ba00-07f585c4c4a3, may_exist=True, network_uuid=5ea943dc-8fa6-4980-ba00-07f585c4c4a3, columns={'addresses': ['fa:16:3e:46:1f:d5'], 'external_ids': {'neutron:port_name': '', 'neutron:device_id': 'ovnmeta-5ea943dc-8fa6-4980-ba00-07f585c4c4a3', 'neutron:project_id': 'a521a65a3ef442af8f90aec0ed13522e', 'neutron:cidrs': '', 'neutron:device_owner': 'network:distributed', 'neutron:subnet_pool_addr_scope4': '', 'neutron:subnet_pool_addr_scope6': '', 'neutron:network_name': 'neutron-5ea943dc-8fa6-4980-ba00-07f585c4c4a3', 'neutron:security_group_ids': '', 'neutron:revision_number': '1', 'neutron:vnic_type': 'normal', 'neutron:port_capabilities': '', 'neutron:mtu': '1430'}, 'parent_name': [], 'enabled': True, 'options': {}, 'type': 'localport', 'port_security': [], 'tag_request': []}), if_exists=True, qos={'qos_max_rate': None, 'qos_burst': None, 'qos_min_rate': None}) {{(pid=87350) do_commit /opt/stack/data/venv/lib/python3.12/site-packages/ovsdbapp/backend/ovs_idl/transaction.py:89}}
Jul 06 17:47:43.793723 np0000004649 devstack@neutron-api.service[87351]: DEBUG neutron.plugins.ml2.drivers.ovn.mech_driver.ovsdb.ovsdb_monitor [-] Hash Ring: Node 408f1b4f4aea51a88b2a4d85a1cb7af8 (host: np0000004649) handling event "create" for row 9d2088d4-9c29-4a08-8551-5ddaa7cfc0fd (table: Port_Binding) {{(pid=87351) notify /opt/stack/neutron/neutron/plugins/ml2/drivers/ovn/mech_driver/ovsdb/ovsdb_monitor.py:1015}}
Jul 06 17:47:43.796434 np0000004649 devstack@neutron-api.service[87352]: DEBUG neutron.plugins.ml2.drivers.ovn.mech_driver.ovsdb.ovsdb_monitor [-] Hash Ring: Node 1216493e5098596c872794737fd516fe (host: np0000004649) handling event "update" for row 5ea943dc-8fa6-4980-ba00-07f585c4c4a3 (table: Logical_Switch) {{(pid=87352) notify /opt/stack/neutron/neutron/plugins/ml2/drivers/ovn/mech_driver/ovsdb/ovsdb_monitor.py:1015}}
Jul 06 17:47:43.796434 np0000004649 devstack@neutron-api.service[87352]: DEBUG neutron.plugins.ml2.drivers.ovn.mech_driver.ovsdb.ovsdb_monitor [-] Hash Ring: Node 1216493e5098596c872794737fd516fe (host: np0000004649) handling event "create" for row 33e2d342-d5bb-4ec0-82cd-a2384b250fda (table: Logical_Switch_Port) {{(pid=87352) notify /opt/stack/neutron/neutron/plugins/ml2/drivers/ovn/mech_driver/ovsdb/ovsdb_monitor.py:1015}}
Jul 06 17:47:43.800662 np0000004649 devstack@neutron-api.service[87352]: DEBUG ovsdbapp.backend.ovs_idl.event [-] Matched CREATE: LogicalSwitchPortCreateEvent(events=('create',), table='Logical_Switch_Port', conditions=[], old_conditions=None), priority=20 to row=Logical_Switch_Port(uuid=33e2d342-d5bb-4ec0-82cd-a2384b250fda, addresses=['fa:16:3e:46:1f:d5'], dhcpv4_options=[], dhcpv6_options=[], dynamic_addresses=[], enabled=True, external_ids={'neutron:cidrs': '', 'neutron:device_id': 'ovnmeta-5ea943dc-8fa6-4980-ba00-07f585c4c4a3', 'neutron:device_owner': 'network:distributed', 'neutron:mtu': '1430', 'neutron:network_name': 'neutron-5ea943dc-8fa6-4980-ba00-07f585c4c4a3', 'neutron:port_capabilities': '', 'neutron:port_name': '', 'neutron:project_id': 'a521a65a3ef442af8f90aec0ed13522e', 'neutron:revision_number': '1', 'neutron:security_group_ids': '', 'neutron:subnet_pool_addr_scope4': '', 'neutron:subnet_pool_addr_scope6': '', 'neutron:vnic_type': 'normal'}, ha_chassis_group=[], mirror_rules=[], name='11c99db3-0fff-4e06-93cc-b6a67ce4ed1e', options={}, parent_name=[], port_security=[], tag=[], tag_request=[], type='localport', up=[]) old= {{(pid=87352) matches /opt/stack/data/venv/lib/python3.12/site-packages/ovsdbapp/backend/ovs_idl/event.py:55}}
Jul 06 17:47:43.801075 np0000004649 devstack@neutron-api.service[87352]: DEBUG neutron.plugins.ml2.drivers.ovn.mech_driver.ovsdb.ovsdb_monitor [-] Hash Ring: Node 1216493e5098596c872794737fd516fe (host: np0000004649) handling event "create" for row 9d2088d4-9c29-4a08-8551-5ddaa7cfc0fd (table: Port_Binding) {{(pid=87352) notify /opt/stack/neutron/neutron/plugins/ml2/drivers/ovn/mech_driver/ovsdb/ovsdb_monitor.py:1015}}
Jul 06 17:47:43.802342 np0000004649 devstack@neutron-api.service[87352]: INFO neutron.plugins.ml2.drivers.ovn.mech_driver.mech_driver [None req-a17c5306-e003-449b-b15d-4ae40bab3f72 None None] OVN reports status down for port: 11c99db3-0fff-4e06-93cc-b6a67ce4ed1e
Jul 06 17:47:43.802577 np0000004649 devstack@neutron-api.service[87352]: DEBUG neutron.plugins.ml2.drivers.ovn.mech_driver.ovsdb.ovsdb_monitor [-] Hash Ring: Node 1216493e5098596c872794737fd516fe (host: np0000004649) handling event "update" for row 33e2d342-d5bb-4ec0-82cd-a2384b250fda (table: Logical_Switch_Port) {{(pid=87352) notify /opt/stack/neutron/neutron/plugins/ml2/drivers/ovn/mech_driver/ovsdb/ovsdb_monitor.py:1015}}
Jul 06 17:47:43.824456 np0000004649 devstack@neutron-api.service[87352]: DEBUG neutron.db.provisioning_blocks [None req-a17c5306-e003-449b-b15d-4ae40bab3f72 None None] Transition to ACTIVE for port object 11c99db3-0fff-4e06-93cc-b6a67ce4ed1e will not be triggered until provisioned by entity L2. {{(pid=87352) add_provisioning_component /opt/stack/neutron/neutron/db/provisioning_blocks.py:74}}
Jul 06 17:47:43.837836 np0000004649 devstack@neutron-api.service[87350]: INFO neutron.db.ovn_revision_numbers_db [None req-9b253af9-d35e-4916-9402-7eff19ad642f admin admin] Successfully bumped revision number for resource 11c99db3-0fff-4e06-93cc-b6a67ce4ed1e (type: ports) to 1
Jul 06 17:47:43.841550 np0000004649 devstack@neutron-api.service[87352]: DEBUG neutron.plugins.ml2.plugin [None req-a17c5306-e003-449b-b15d-4ae40bab3f72 None None] Current status of the port 11c99db3-0fff-4e06-93cc-b6a67ce4ed1e is: DOWN; New status is: DOWN {{(pid=87352) _update_individual_port_db_status /opt/stack/neutron/neutron/plugins/ml2/plugin.py:2473}}
Jul 06 17:47:43.842766 np0000004649 devstack@neutron-api.service[87352]: DEBUG ovsdbapp.backend.ovs_idl.transaction [-] Running txn n=1 command(idx=0): DbRemoveCommand(_result=None, table=Logical_Switch_Port, record=11c99db3-0fff-4e06-93cc-b6a67ce4ed1e, column=external_ids, values=('neutron:host_id',), keyvalues={}, if_exists=True) {{(pid=87352) do_commit /opt/stack/data/venv/lib/python3.12/site-packages/ovsdbapp/backend/ovs_idl/transaction.py:89}}
Jul 06 17:47:43.850852 np0000004649 devstack@neutron-api.service[87350]: DEBUG neutron.pecan_wsgi.hooks.policy_enforcement [None req-9b253af9-d35e-4916-9402-7eff19ad642f admin admin] Attributes excluded by policy engine: ['standard_attr_id'] {{(pid=87350) _exclude_attributes_by_policy /opt/stack/neutron/neutron/pecan_wsgi/hooks/policy_enforcement.py:259}}
Jul 06 17:47:43.851229 np0000004649 devstack@neutron-api.service[87350]: DEBUG neutron_lib.callbacks.manager [None req-9b253af9-d35e-4916-9402-7eff19ad642f admin admin] Publish callbacks [] for network (None), before_response {{(pid=87350) _notify_loop /opt/stack/data/venv/lib/python3.12/site-packages/neutron_lib/callbacks/manager.py:184}}
Jul 06 17:47:43.863275 np0000004649 devstack@neutron-api.service[87350]: [pid: 87350|app: 0|req: 5/16] 10.4.3.238 () {68 vars in 1327 bytes} [Mon Jul 6 17:47:43 2026] POST /networking/v2.0/networks => generated 679 bytes in 755 msecs (HTTP/1.1 201) 4 headers in 162 bytes (1 switches on core 0)
Jul 06 17:47:44.121710 np0000004649 devstack@neutron-api.service[87352]: DEBUG neutron.pecan_wsgi.hooks.policy_enforcement [None req-962ca5db-3059-43c5-895c-044ae23db887 admin admin] Attributes excluded by policy engine: ['standard_attr_id', 'shared'] {{(pid=87352) _exclude_attributes_by_policy /opt/stack/neutron/neutron/pecan_wsgi/hooks/policy_enforcement.py:259}}
Jul 06 17:47:44.122919 np0000004649 devstack@neutron-api.service[87352]: [pid: 87352|app: 0|req: 7/17] 10.4.3.238 () {64 vars in 1381 bytes} [Mon Jul 6 17:47:44 2026] GET /networking/v2.0/subnets/16fb746d-9c84-4589-8c2a-c3aba428ed62 => generated 666 bytes in 20 msecs (HTTP/1.1 200) 4 headers in 157 bytes (1 switches on core 0)
Jul 06 17:47:44.133225 np0000004649 devstack@neutron-api.service[87351]: DEBUG neutron.api.wsgi [None req-8050e935-6eab-47f8-891c-3bd8e1e6a483 admin admin] Missing Content-Type {{(pid=87351) get_content_type /opt/stack/neutron/neutron/api/wsgi.py:80}}
Jul 06 17:47:44.211075 np0000004649 devstack@neutron-api.service[87351]: [pid: 87351|app: 0|req: 6/18] 10.4.3.238 () {64 vars in 1381 bytes} [Mon Jul 6 17:47:44 2026] GET /networking/v2.0/routers/dc0c5207-ba75-497a-8144-51a0e5c44b56 => generated 599 bytes in 80 msecs (HTTP/1.1 200) 4 headers in 157 bytes (1 switches on core 0)
Jul 06 17:47:44.347512 np0000004649 devstack@neutron-api.service[87350]: DEBUG neutron_lib.callbacks.manager [None req-662848a7-e9b5-440a-89f9-a03406478da9 admin admin] Publish callbacks ['neutron.plugins.ml2.plugin.SecurityGroupDbMixin._ensure_default_security_group_handler-32566385'] for port (None), before_create {{(pid=87350) _notify_loop /opt/stack/data/venv/lib/python3.12/site-packages/neutron_lib/callbacks/manager.py:184}}
Jul 06 17:47:44.443353 np0000004649 devstack@neutron-api.service[87350]: DEBUG neutron.db.db_base_plugin_common [None req-662848a7-e9b5-440a-89f9-a03406478da9 admin admin] Allocated IP 10.1.0.1 (2f147ecf-4db0-48a1-a5d5-eb53c9a760c0/16fb746d-9c84-4589-8c2a-c3aba428ed62/588ed667-38ed-4ead-bdc0-bfd3d575a54e) {{(pid=87350) _store_ip_allocation /opt/stack/neutron/neutron/db/db_base_plugin_common.py:131}}
Jul 06 17:47:44.500186 np0000004649 devstack@neutron-api.service[87350]: DEBUG neutron_lib.callbacks.manager [None req-662848a7-e9b5-440a-89f9-a03406478da9 admin admin] Publish callbacks ['neutron.plugins.ml2.drivers.ovn.mech_driver.mech_driver.OVNMechanismDriver._validate_allowed_address_pairs-1958520'] for allowed_address_pair (588ed667-38ed-4ead-bdc0-bfd3d575a54e), before_create {{(pid=87350) _notify_loop /opt/stack/data/venv/lib/python3.12/site-packages/neutron_lib/callbacks/manager.py:184}}
Jul 06 17:47:44.500806 np0000004649 devstack@neutron-api.service[87350]: DEBUG neutron_lib.callbacks.manager [None req-662848a7-e9b5-440a-89f9-a03406478da9 admin admin] Publish callbacks [] for port (588ed667-38ed-4ead-bdc0-bfd3d575a54e), precommit_create {{(pid=87350) _notify_loop /opt/stack/data/venv/lib/python3.12/site-packages/neutron_lib/callbacks/manager.py:184}}
Jul 06 17:47:44.500992 np0000004649 devstack@neutron-api.service[87350]: DEBUG neutron.plugins.ml2.drivers.ovn.mech_driver.mech_driver [None req-662848a7-e9b5-440a-89f9-a03406478da9 admin admin] No provisioning block for port 588ed667-38ed-4ead-bdc0-bfd3d575a54e since it does not have a host {{(pid=87350) _is_port_provisioning_required /opt/stack/neutron/neutron/plugins/ml2/drivers/ovn/mech_driver/mech_driver.py:899}}
Jul 06 17:47:44.501123 np0000004649 devstack@neutron-api.service[87350]: DEBUG neutron.db.ovn_revision_numbers_db [None req-662848a7-e9b5-440a-89f9-a03406478da9 admin admin] create_initial_revision uuid=588ed667-38ed-4ead-bdc0-bfd3d575a54e, type=ports, rev=-1 {{(pid=87350) create_initial_revision /opt/stack/neutron/neutron/db/ovn_revision_numbers_db.py:98}}
Jul 06 17:47:44.558635 np0000004649 devstack@neutron-api.service[87350]: DEBUG neutron.db.ovn_revision_numbers_db [None req-662848a7-e9b5-440a-89f9-a03406478da9 admin admin] create_initial_revision uuid=588ed667-38ed-4ead-bdc0-bfd3d575a54e, type=router_ports, rev=-1 {{(pid=87350) create_initial_revision /opt/stack/neutron/neutron/db/ovn_revision_numbers_db.py:98}}
Jul 06 17:47:44.580043 np0000004649 devstack@neutron-api.service[87350]: DEBUG neutron_lib.callbacks.manager [None req-662848a7-e9b5-440a-89f9-a03406478da9 admin admin] Publish callbacks ['neutron.plugins.ml2.ovo_rpc._ObjectChangeHandler.handle_event-3137802'] for port (588ed667-38ed-4ead-bdc0-bfd3d575a54e), after_create {{(pid=87350) _notify_loop /opt/stack/data/venv/lib/python3.12/site-packages/neutron_lib/callbacks/manager.py:184}}
Jul 06 17:47:44.599606 np0000004649 devstack@neutron-api.service[87350]: DEBUG neutron.api.rpc.handlers.resources_rpc [None req-662848a7-e9b5-440a-89f9-a03406478da9 admin admin] Pushing event updated for resources: {'Port': ['ID=588ed667-38ed-4ead-bdc0-bfd3d575a54e,revision_number=1']} {{(pid=87350) push /opt/stack/neutron/neutron/api/rpc/handlers/resources_rpc.py:237}}
Jul 06 17:47:44.650602 np0000004649 devstack@neutron-api.service[87350]: DEBUG neutron.plugins.ml2.drivers.ovn.mech_driver.ovsdb.commands [None req-662848a7-e9b5-440a-89f9-a03406478da9 admin admin] Converting tag [] to a tag_request {{(pid=87350) _tag_column_to_tag_request /opt/stack/neutron/neutron/plugins/ml2/drivers/ovn/mech_driver/ovsdb/commands.py:205}}
Jul 06 17:47:44.651090 np0000004649 devstack@neutron-api.service[87350]: DEBUG ovsdbapp.backend.ovs_idl.transaction [-] Running txn n=1 command(idx=0): AddLSwitchPortCommand(_result=None, lport=588ed667-38ed-4ead-bdc0-bfd3d575a54e, lswitch=neutron-2f147ecf-4db0-48a1-a5d5-eb53c9a760c0, may_exist=True, network_uuid=2f147ecf-4db0-48a1-a5d5-eb53c9a760c0, columns={'addresses': ['unknown'], 'external_ids': {'neutron:port_name': '', 'neutron:device_id': 'dc0c5207-ba75-497a-8144-51a0e5c44b56', 'neutron:project_id': 'a521a65a3ef442af8f90aec0ed13522e', 'neutron:cidrs': '10.1.0.1/26', 'neutron:device_owner': 'network:router_interface', 'neutron:subnet_pool_addr_scope4': '', 'neutron:subnet_pool_addr_scope6': '', 'neutron:network_name': 'neutron-2f147ecf-4db0-48a1-a5d5-eb53c9a760c0', 'neutron:security_group_ids': '', 'neutron:revision_number': '1', 'neutron:vnic_type': 'normal', 'neutron:port_capabilities': '', 'neutron:mtu': ''}, 'parent_name': [], 'enabled': True, 'options': {}, 'type': '', 'port_security': [], 'dhcpv4_options': [], 'dhcpv6_options': [], 'tag_request': []}) {{(pid=87350) do_commit /opt/stack/data/venv/lib/python3.12/site-packages/ovsdbapp/backend/ovs_idl/transaction.py:89}}
Jul 06 17:47:44.651538 np0000004649 devstack@neutron-api.service[87350]: DEBUG ovsdbapp.backend.ovs_idl.transaction [-] Running txn n=1 command(idx=1): QoSDelCommand(_result=None, switch=neutron-2f147ecf-4db0-48a1-a5d5-eb53c9a760c0, conditions=[('direction', '=', 'to-lport'), ('priority', '=', 2002), ('match', '=', 'outport == "588ed667-38ed-4ead-bdc0-bfd3d575a54e"')], if_exists=True) {{(pid=87350) do_commit /opt/stack/data/venv/lib/python3.12/site-packages/ovsdbapp/backend/ovs_idl/transaction.py:89}}
Jul 06 17:47:44.651687 np0000004649 devstack@neutron-api.service[87350]: DEBUG ovsdbapp.backend.ovs_idl.transaction [-] Running txn n=1 command(idx=2): QoSDelCommand(_result=None, switch=neutron-2f147ecf-4db0-48a1-a5d5-eb53c9a760c0, conditions=[('direction', '=', 'from-lport'), ('priority', '=', 2002), ('match', '=', 'inport == "588ed667-38ed-4ead-bdc0-bfd3d575a54e"')], if_exists=True) {{(pid=87350) do_commit /opt/stack/data/venv/lib/python3.12/site-packages/ovsdbapp/backend/ovs_idl/transaction.py:89}}
Jul 06 17:47:44.654553 np0000004649 devstack@neutron-api.service[87352]: DEBUG neutron.plugins.ml2.drivers.ovn.mech_driver.ovsdb.ovsdb_monitor [-] Hash Ring: Node 1216493e5098596c872794737fd516fe (host: np0000004649) handling event "update" for row 2f147ecf-4db0-48a1-a5d5-eb53c9a760c0 (table: Logical_Switch) {{(pid=87352) notify /opt/stack/neutron/neutron/plugins/ml2/drivers/ovn/mech_driver/ovsdb/ovsdb_monitor.py:1015}}
Jul 06 17:47:44.654774 np0000004649 devstack@neutron-api.service[87352]: DEBUG neutron.plugins.ml2.drivers.ovn.mech_driver.ovsdb.ovsdb_monitor [-] Hash Ring: Node 1216493e5098596c872794737fd516fe (host: np0000004649) handling event "create" for row 75c22236-28f3-44e1-8ef8-2b8c887077ba (table: Logical_Switch_Port) {{(pid=87352) notify /opt/stack/neutron/neutron/plugins/ml2/drivers/ovn/mech_driver/ovsdb/ovsdb_monitor.py:1015}}
Jul 06 17:47:44.656265 np0000004649 devstack@neutron-api.service[87352]: DEBUG ovsdbapp.backend.ovs_idl.event [-] Matched CREATE: LogicalSwitchPortCreateEvent(events=('create',), table='Logical_Switch_Port', conditions=[], old_conditions=None), priority=20 to row=Logical_Switch_Port(uuid=75c22236-28f3-44e1-8ef8-2b8c887077ba, addresses=['unknown'], dhcpv4_options=[], dhcpv6_options=[], dynamic_addresses=[], enabled=True, external_ids={'neutron:cidrs': '10.1.0.1/26', 'neutron:device_id': 'dc0c5207-ba75-497a-8144-51a0e5c44b56', 'neutron:device_owner': 'network:router_interface', 'neutron:mtu': '', 'neutron:network_name': 'neutron-2f147ecf-4db0-48a1-a5d5-eb53c9a760c0', 'neutron:port_capabilities': '', 'neutron:port_name': '', 'neutron:project_id': 'a521a65a3ef442af8f90aec0ed13522e', 'neutron:revision_number': '1', 'neutron:security_group_ids': '', 'neutron:subnet_pool_addr_scope4': '', 'neutron:subnet_pool_addr_scope6': '', 'neutron:vnic_type': 'normal'}, ha_chassis_group=[], mirror_rules=[], name='588ed667-38ed-4ead-bdc0-bfd3d575a54e', options={}, parent_name=[], port_security=[], tag=[], tag_request=[], type='', up=[]) old= {{(pid=87352) matches /opt/stack/data/venv/lib/python3.12/site-packages/ovsdbapp/backend/ovs_idl/event.py:55}}
Jul 06 17:47:44.657007 np0000004649 devstack@neutron-api.service[87352]: INFO neutron.plugins.ml2.drivers.ovn.mech_driver.mech_driver [None req-a17c5306-e003-449b-b15d-4ae40bab3f72 None None] OVN reports status down for port: 588ed667-38ed-4ead-bdc0-bfd3d575a54e
Jul 06 17:47:44.660001 np0000004649 devstack@neutron-api.service[87351]: DEBUG neutron.plugins.ml2.drivers.ovn.mech_driver.ovsdb.ovsdb_monitor [-] Hash Ring: Node 408f1b4f4aea51a88b2a4d85a1cb7af8 (host: np0000004649) handling event "create" for row 75c22236-28f3-44e1-8ef8-2b8c887077ba (table: Logical_Switch_Port) {{(pid=87351) notify /opt/stack/neutron/neutron/plugins/ml2/drivers/ovn/mech_driver/ovsdb/ovsdb_monitor.py:1015}}
Jul 06 17:47:44.660001 np0000004649 devstack@neutron-api.service[87351]: DEBUG ovsdbapp.backend.ovs_idl.event [-] Matched CREATE: LogicalSwitchPortCreateEvent(events=('create',), table='Logical_Switch_Port', conditions=[], old_conditions=None), priority=20 to row=Logical_Switch_Port(uuid=75c22236-28f3-44e1-8ef8-2b8c887077ba, addresses=['unknown'], dhcpv4_options=[], dhcpv6_options=[], dynamic_addresses=[], enabled=True, external_ids={'neutron:cidrs': '10.1.0.1/26', 'neutron:device_id': 'dc0c5207-ba75-497a-8144-51a0e5c44b56', 'neutron:device_owner': 'network:router_interface', 'neutron:mtu': '', 'neutron:network_name': 'neutron-2f147ecf-4db0-48a1-a5d5-eb53c9a760c0', 'neutron:port_capabilities': '', 'neutron:port_name': '', 'neutron:project_id': 'a521a65a3ef442af8f90aec0ed13522e', 'neutron:revision_number': '1', 'neutron:security_group_ids': '', 'neutron:subnet_pool_addr_scope4': '', 'neutron:subnet_pool_addr_scope6': '', 'neutron:vnic_type': 'normal'}, ha_chassis_group=[], mirror_rules=[], name='588ed667-38ed-4ead-bdc0-bfd3d575a54e', options={}, parent_name=[], port_security=[], tag=[], tag_request=[], type='', up=[]) old= {{(pid=87351) matches /opt/stack/data/venv/lib/python3.12/site-packages/ovsdbapp/backend/ovs_idl/event.py:55}}
Jul 06 17:47:44.660177 np0000004649 devstack@neutron-api.service[87352]: DEBUG neutron.plugins.ml2.drivers.ovn.mech_driver.ovsdb.ovsdb_monitor [-] Hash Ring: Node 1216493e5098596c872794737fd516fe (host: np0000004649) handling event "create" for row 3d5cd5b4-09fd-4c32-9e91-b986d103ba76 (table: Port_Binding) {{(pid=87352) notify /opt/stack/neutron/neutron/plugins/ml2/drivers/ovn/mech_driver/ovsdb/ovsdb_monitor.py:1015}}
Jul 06 17:47:44.661426 np0000004649 devstack@neutron-api.service[87352]: DEBUG neutron.plugins.ml2.drivers.ovn.mech_driver.ovsdb.ovsdb_monitor [-] Hash Ring: Node 1216493e5098596c872794737fd516fe (host: np0000004649) handling event "update" for row 75c22236-28f3-44e1-8ef8-2b8c887077ba (table: Logical_Switch_Port) {{(pid=87352) notify /opt/stack/neutron/neutron/plugins/ml2/drivers/ovn/mech_driver/ovsdb/ovsdb_monitor.py:1015}}
Jul 06 17:47:44.662779 np0000004649 devstack@neutron-api.service[87351]: INFO neutron.plugins.ml2.drivers.ovn.mech_driver.mech_driver [-] OVN reports status down for port: 588ed667-38ed-4ead-bdc0-bfd3d575a54e
Jul 06 17:47:44.664332 np0000004649 devstack@neutron-api.service[87351]: DEBUG neutron.plugins.ml2.drivers.ovn.mech_driver.ovsdb.ovsdb_monitor [-] Hash Ring: Node 408f1b4f4aea51a88b2a4d85a1cb7af8 (host: np0000004649) handling event "create" for row 3d5cd5b4-09fd-4c32-9e91-b986d103ba76 (table: Port_Binding) {{(pid=87351) notify /opt/stack/neutron/neutron/plugins/ml2/drivers/ovn/mech_driver/ovsdb/ovsdb_monitor.py:1015}}
Jul 06 17:47:44.664958 np0000004649 devstack@neutron-api.service[87351]: DEBUG neutron.plugins.ml2.drivers.ovn.mech_driver.ovsdb.ovsdb_monitor [-] Hash Ring: Node 408f1b4f4aea51a88b2a4d85a1cb7af8 (host: np0000004649) handling event "update" for row 75c22236-28f3-44e1-8ef8-2b8c887077ba (table: Logical_Switch_Port) {{(pid=87351) notify /opt/stack/neutron/neutron/plugins/ml2/drivers/ovn/mech_driver/ovsdb/ovsdb_monitor.py:1015}}
Jul 06 17:47:44.680514 np0000004649 devstack@neutron-api.service[87352]: DEBUG neutron.db.provisioning_blocks [None req-a17c5306-e003-449b-b15d-4ae40bab3f72 None None] Transition to ACTIVE for port object 588ed667-38ed-4ead-bdc0-bfd3d575a54e will not be triggered until provisioned by entity L2. {{(pid=87352) add_provisioning_component /opt/stack/neutron/neutron/db/provisioning_blocks.py:74}}
Jul 06 17:47:44.688331 np0000004649 devstack@neutron-api.service[87350]: INFO neutron.db.ovn_revision_numbers_db [None req-662848a7-e9b5-440a-89f9-a03406478da9 admin admin] Successfully bumped revision number for resource 588ed667-38ed-4ead-bdc0-bfd3d575a54e (type: ports) to 1
Jul 06 17:47:44.696109 np0000004649 devstack@neutron-api.service[87350]: DEBUG neutron_lib.callbacks.manager [None req-662848a7-e9b5-440a-89f9-a03406478da9 admin admin] Publish callbacks [] for router_interface (dc0c5207-ba75-497a-8144-51a0e5c44b56), before_create {{(pid=87350) _notify_loop /opt/stack/data/venv/lib/python3.12/site-packages/neutron_lib/callbacks/manager.py:184}}
Jul 06 17:47:44.698702 np0000004649 devstack@neutron-api.service[87352]: DEBUG neutron.plugins.ml2.plugin [None req-a17c5306-e003-449b-b15d-4ae40bab3f72 None None] Current status of the port 588ed667-38ed-4ead-bdc0-bfd3d575a54e is: DOWN; New status is: DOWN {{(pid=87352) _update_individual_port_db_status /opt/stack/neutron/neutron/plugins/ml2/plugin.py:2473}}
Jul 06 17:47:44.701406 np0000004649 devstack@neutron-api.service[87352]: DEBUG ovsdbapp.backend.ovs_idl.transaction [-] Running txn n=1 command(idx=0): DbRemoveCommand(_result=None, table=Logical_Switch_Port, record=588ed667-38ed-4ead-bdc0-bfd3d575a54e, column=external_ids, values=('neutron:host_id',), keyvalues={}, if_exists=True) {{(pid=87352) do_commit /opt/stack/data/venv/lib/python3.12/site-packages/ovsdbapp/backend/ovs_idl/transaction.py:89}}
Jul 06 17:47:44.906744 np0000004649 devstack@neutron-api.service[87351]: DEBUG neutron.db.provisioning_blocks [None req-44315dd1-a6c0-4e66-82d0-b04b95f3681f None None] Ignored duplicate provisioning block setup for port 588ed667-38ed-4ead-bdc0-bfd3d575a54e by entity L2. {{(pid=87351) add_provisioning_component /opt/stack/neutron/neutron/db/provisioning_blocks.py:69}}
Jul 06 17:47:44.907725 np0000004649 devstack@neutron-api.service[87350]: DEBUG neutron_lib.callbacks.manager [None req-662848a7-e9b5-440a-89f9-a03406478da9 admin admin] Publish callbacks ['neutron.plugins.ml2.plugin.SecurityGroupDbMixin._ensure_default_security_group_handler-32566385', 'neutron.services.ovn_l3.plugin.OVNL3RouterPlugin._port_update-8008551327314', 'neutron.db.l3_db.L3_NAT_dbonly_mixin._prevent_internal_ip_change_for_fip-8008552862904'] for port (588ed667-38ed-4ead-bdc0-bfd3d575a54e), before_update {{(pid=87350) _notify_loop /opt/stack/data/venv/lib/python3.12/site-packages/neutron_lib/callbacks/manager.py:184}}
Jul 06 17:47:44.937491 np0000004649 devstack@neutron-api.service[87351]: DEBUG neutron.plugins.ml2.plugin [None req-44315dd1-a6c0-4e66-82d0-b04b95f3681f None None] Current status of the port 588ed667-38ed-4ead-bdc0-bfd3d575a54e is: DOWN; New status is: DOWN {{(pid=87351) _update_individual_port_db_status /opt/stack/neutron/neutron/plugins/ml2/plugin.py:2473}}
Jul 06 17:47:44.938709 np0000004649 devstack@neutron-api.service[87351]: DEBUG ovsdbapp.backend.ovs_idl.transaction [-] Running txn n=1 command(idx=0): DbRemoveCommand(_result=None, table=Logical_Switch_Port, record=588ed667-38ed-4ead-bdc0-bfd3d575a54e, column=external_ids, values=('neutron:host_id',), keyvalues={}, if_exists=True) {{(pid=87351) do_commit /opt/stack/data/venv/lib/python3.12/site-packages/ovsdbapp/backend/ovs_idl/transaction.py:89}}
Jul 06 17:47:45.047072 np0000004649 devstack@neutron-api.service[87350]: DEBUG neutron_lib.callbacks.manager [None req-662848a7-e9b5-440a-89f9-a03406478da9 admin admin] Publish callbacks [] for port (588ed667-38ed-4ead-bdc0-bfd3d575a54e), precommit_update {{(pid=87350) _notify_loop /opt/stack/data/venv/lib/python3.12/site-packages/neutron_lib/callbacks/manager.py:184}}
Jul 06 17:47:45.047340 np0000004649 devstack@neutron-api.service[87350]: DEBUG neutron.plugins.ml2.drivers.ovn.mech_driver.mech_driver [None req-662848a7-e9b5-440a-89f9-a03406478da9 admin admin] No provisioning block for port 588ed667-38ed-4ead-bdc0-bfd3d575a54e since it does not have a host {{(pid=87350) _is_port_provisioning_required /opt/stack/neutron/neutron/plugins/ml2/drivers/ovn/mech_driver/mech_driver.py:899}}
Jul 06 17:47:45.098083 np0000004649 devstack@neutron-api.service[87350]: DEBUG neutron_lib.callbacks.manager [None req-662848a7-e9b5-440a-89f9-a03406478da9 admin admin] Publish callbacks ['neutron.plugins.ml2.ovo_rpc._ObjectChangeHandler.handle_event-3137802', 'neutron.services.ovn_l3.plugin.OVNL3RouterPlugin._port_update-8008551327314'] for port (588ed667-38ed-4ead-bdc0-bfd3d575a54e), after_update {{(pid=87350) _notify_loop /opt/stack/data/venv/lib/python3.12/site-packages/neutron_lib/callbacks/manager.py:184}}
Jul 06 17:47:45.133402 np0000004649 devstack@neutron-api.service[87350]: DEBUG neutron.api.rpc.handlers.resources_rpc [None req-662848a7-e9b5-440a-89f9-a03406478da9 admin admin] Pushing event updated for resources: {'Port': ['ID=588ed667-38ed-4ead-bdc0-bfd3d575a54e,revision_number=1']} {{(pid=87350) push /opt/stack/neutron/neutron/api/rpc/handlers/resources_rpc.py:237}}
Jul 06 17:47:45.236790 np0000004649 devstack@neutron-api.service[87350]: DEBUG neutron.plugins.ml2.drivers.ovn.mech_driver.ovsdb.commands [None req-662848a7-e9b5-440a-89f9-a03406478da9 admin admin] Converting tag [] to a tag_request {{(pid=87350) _tag_column_to_tag_request /opt/stack/neutron/neutron/plugins/ml2/drivers/ovn/mech_driver/ovsdb/commands.py:205}}
Jul 06 17:47:45.238281 np0000004649 devstack@neutron-api.service[87350]: DEBUG ovsdbapp.backend.ovs_idl.transaction [-] Running txn n=1 command(idx=0): CheckRevisionNumberCommand(_result=None, name=588ed667-38ed-4ead-bdc0-bfd3d575a54e, resource={'id': '588ed667-38ed-4ead-bdc0-bfd3d575a54e', 'name': '', 'network_id': '2f147ecf-4db0-48a1-a5d5-eb53c9a760c0', 'project_id': 'a521a65a3ef442af8f90aec0ed13522e', 'mac_address': 'fa:16:3e:1c:e5:0f', 'admin_state_up': True, 'status': 'DOWN', 'device_id': 'dc0c5207-ba75-497a-8144-51a0e5c44b56', 'device_owner': 'network:router_interface', 'standard_attr_id': 21, 'fixed_ips': [{'subnet_id': '16fb746d-9c84-4589-8c2a-c3aba428ed62', 'ip_address': '10.1.0.1'}], 'allowed_address_pairs': [], 'extra_dhcp_opts': [], 'security_groups': [], 'description': '', 'binding:vnic_type': 'normal', 'binding:profile': {}, 'binding:host_id': '', 'binding:vif_type': 'unbound', 'binding:vif_details': {}, 'port_security_enabled': False, 'tags': [], 'created_at': '2026-07-06T17:47:44Z', 'updated_at': '2026-07-06T17:47:44Z', 'revision_number': 1, 'tenant_id': 'a521a65a3ef442af8f90aec0ed13522e', 'network': {'id': '2f147ecf-4db0-48a1-a5d5-eb53c9a760c0', 'name': 'private', 'tenant_id': 'a521a65a3ef442af8f90aec0ed13522e', 'project_id': 'a521a65a3ef442af8f90aec0ed13522e', 'admin_state_up': True, 'mtu': 1372, 'status': 'ACTIVE', 'subnets': ['16fb746d-9c84-4589-8c2a-c3aba428ed62', 'af047b12-7910-4bc2-bf6f-05409be04c3e'], 'standard_attr_id': 12, 'shared': False, 'availability_zone_hints': [], 'availability_zones': [], 'ipv4_address_scope': None, 'ipv6_address_scope': None, 'router:external': False, 'qinq': False, 'vlan_transparent': False, 'description': '', 'port_security_enabled': True, 'tags': [], 'created_at': '2026-07-06T17:47:38Z', 'updated_at': '2026-07-06T17:47:41Z', 'revision_number': 3, 'provider:network_type': 'geneve', 'provider:physical_network': None, 'provider:segmentation_id': 9930}}, resource_type=ports, if_exists=True) {{(pid=87350) do_commit /opt/stack/data/venv/lib/python3.12/site-packages/ovsdbapp/backend/ovs_idl/transaction.py:89}}
