Jul 23 07:49:54.359808 np0000005732 devstack@placement-api.service[93134]: INFO placement.requestlog [req-2cb1bb9a-613f-4600-8361-09968263a722 req-81c59b89-e94f-48f9-a3ee-ad2532fe34ae service nova] 10.4.3.64 "GET /placement/resource_providers/f5f9a680-32d6-4257-b41c-e6518f888464/inventories" status: 200 len: 399 microversion: 1.0
Jul 23 07:49:54.360170 np0000005732 devstack@placement-api.service[93134]: [pid: 93134|app: 0|req: 150/597] 10.4.3.64 () {66 vars in 1505 bytes} [Thu Jul 23 07:49:54 2026] GET /placement/resource_providers/f5f9a680-32d6-4257-b41c-e6518f888464/inventories => generated 399 bytes in 20 msecs (HTTP/1.1 200) 6 headers in 224 bytes (1 switches on core 0)
Jul 23 07:49:54.409230 np0000005732 devstack@placement-api.service[93136]: DEBUG placement.requestlog [req-2cb1bb9a-613f-4600-8361-09968263a722 req-7a2b97c2-5fc2-4a23-9e75-ea4f7ec985e0 None None] Starting request: 10.4.3.64 "GET /placement/resource_providers/f5f9a680-32d6-4257-b41c-e6518f888464/aggregates" {{(pid=93136) __call__ /opt/stack/placement/placement/requestlog.py:55}}
Jul 23 07:49:54.438478 np0000005732 devstack@placement-api.service[93136]: INFO placement.requestlog [req-2cb1bb9a-613f-4600-8361-09968263a722 req-7a2b97c2-5fc2-4a23-9e75-ea4f7ec985e0 service nova] 10.4.3.64 "GET /placement/resource_providers/f5f9a680-32d6-4257-b41c-e6518f888464/aggregates" status: 200 len: 54 microversion: 1.19
Jul 23 07:49:54.439022 np0000005732 devstack@placement-api.service[93136]: [pid: 93136|app: 0|req: 150/598] 10.4.3.64 () {68 vars in 1546 bytes} [Thu Jul 23 07:49:54 2026] GET /placement/resource_providers/f5f9a680-32d6-4257-b41c-e6518f888464/aggregates => generated 54 bytes in 30 msecs (HTTP/1.1 200) 8 headers in 295 bytes (1 switches on core 0)
Jul 23 07:49:54.499313 np0000005732 devstack@placement-api.service[93137]: DEBUG placement.requestlog [req-2cb1bb9a-613f-4600-8361-09968263a722 req-21ad5a3d-b70f-425f-b520-e5b635cb0d95 None None] Starting request: 10.4.3.64 "GET /placement/resource_providers/f5f9a680-32d6-4257-b41c-e6518f888464/traits" {{(pid=93137) __call__ /opt/stack/placement/placement/requestlog.py:55}}
Jul 23 07:49:54.522602 np0000005732 devstack@placement-api.service[93137]: INFO placement.requestlog [req-2cb1bb9a-613f-4600-8361-09968263a722 req-21ad5a3d-b70f-425f-b520-e5b635cb0d95 service nova] 10.4.3.64 "GET /placement/resource_providers/f5f9a680-32d6-4257-b41c-e6518f888464/traits" status: 200 len: 2027 microversion: 1.6
Jul 23 07:49:54.523077 np0000005732 devstack@placement-api.service[93137]: [pid: 93137|app: 0|req: 150/599] 10.4.3.64 () {68 vars in 1533 bytes} [Thu Jul 23 07:49:54 2026] GET /placement/resource_providers/f5f9a680-32d6-4257-b41c-e6518f888464/traits => generated 2027 bytes in 24 msecs (HTTP/1.1 200) 6 headers in 225 bytes (1 switches on core 0)
Jul 23 07:49:54.590220 np0000005732 devstack@placement-api.service[93135]: DEBUG placement.requestlog [req-2cb1bb9a-613f-4600-8361-09968263a722 req-40559478-b179-41e1-ac5d-6b948f3083b9 None None] Starting request: 10.4.3.64 "GET /placement/resource_providers/f5f9a680-32d6-4257-b41c-e6518f888464/allocations" {{(pid=93135) __call__ /opt/stack/placement/placement/requestlog.py:55}}
Jul 23 07:49:54.609630 np0000005732 devstack@placement-api.service[93135]: INFO placement.requestlog [req-2cb1bb9a-613f-4600-8361-09968263a722 req-40559478-b179-41e1-ac5d-6b948f3083b9 service nova] 10.4.3.64 "GET /placement/resource_providers/f5f9a680-32d6-4257-b41c-e6518f888464/allocations" status: 200 len: 1125 microversion: 1.0
Jul 23 07:49:54.609851 np0000005732 devstack@placement-api.service[93135]: [pid: 93135|app: 0|req: 150/600] 10.4.3.64 () {66 vars in 1505 bytes} [Thu Jul 23 07:49:54 2026] GET /placement/resource_providers/f5f9a680-32d6-4257-b41c-e6518f888464/allocations => generated 1125 bytes in 20 msecs (HTTP/1.1 200) 6 headers in 225 bytes (1 switches on core 0)
Jul 23 07:49:54.661962 np0000005732 devstack@placement-api.service[93134]: DEBUG placement.requestlog [req-2cb1bb9a-613f-4600-8361-09968263a722 req-3dae0c7b-ad49-42c1-8498-70c45b5c9455 None None] Starting request: 10.4.3.64 "GET /placement/allocations/37085940-48bc-4920-85f4-e5278238f4b3" {{(pid=93134) __call__ /opt/stack/placement/placement/requestlog.py:55}}
Jul 23 07:49:54.670581 np0000005732 devstack@placement-api.service[93134]: INFO placement.requestlog [req-2cb1bb9a-613f-4600-8361-09968263a722 req-3dae0c7b-ad49-42c1-8498-70c45b5c9455 service nova] 10.4.3.64 "GET /placement/allocations/37085940-48bc-4920-85f4-e5278238f4b3" status: 200 len: 258 microversion: 1.28
Jul 23 07:49:54.670872 np0000005732 devstack@placement-api.service[93134]: [pid: 93134|app: 0|req: 151/601] 10.4.3.64 () {68 vars in 1492 bytes} [Thu Jul 23 07:49:54 2026] GET /placement/allocations/37085940-48bc-4920-85f4-e5278238f4b3 => generated 258 bytes in 9 msecs (HTTP/1.1 200) 8 headers in 296 bytes (1 switches on core 0)
Jul 23 07:49:54.722810 np0000005732 devstack@placement-api.service[93136]: DEBUG placement.requestlog [req-2cb1bb9a-613f-4600-8361-09968263a722 req-f7b5e9e7-7287-4771-af74-d4797a2cb2d5 None None] Starting request: 10.4.3.64 "GET /placement/allocations/723a8d29-a954-4b10-8553-998340df68c3" {{(pid=93136) __call__ /opt/stack/placement/placement/requestlog.py:55}}
Jul 23 07:49:54.741938 np0000005732 devstack@placement-api.service[93136]: INFO placement.requestlog [req-2cb1bb9a-613f-4600-8361-09968263a722 req-f7b5e9e7-7287-4771-af74-d4797a2cb2d5 service nova] 10.4.3.64 "GET /placement/allocations/723a8d29-a954-4b10-8553-998340df68c3" status: 200 len: 258 microversion: 1.28
Jul 23 07:49:54.742579 np0000005732 devstack@placement-api.service[93136]: [pid: 93136|app: 0|req: 151/602] 10.4.3.64 () {68 vars in 1492 bytes} [Thu Jul 23 07:49:54 2026] GET /placement/allocations/723a8d29-a954-4b10-8553-998340df68c3 => generated 258 bytes in 20 msecs (HTTP/1.1 200) 8 headers in 296 bytes (2 switches on core 0)
Jul 23 07:49:54.788912 np0000005732 devstack@placement-api.service[93137]: DEBUG placement.requestlog [req-2cb1bb9a-613f-4600-8361-09968263a722 req-c45dab86-45ca-4347-9aa5-b2b97ab0fa4c None None] Starting request: 10.4.3.64 "GET /placement/allocations/76dc94b7-a6ea-4385-bf84-e22b0098b676" {{(pid=93137) __call__ /opt/stack/placement/placement/requestlog.py:55}}
Jul 23 07:49:54.800617 np0000005732 devstack@placement-api.service[93137]: INFO placement.requestlog [req-2cb1bb9a-613f-4600-8361-09968263a722 req-c45dab86-45ca-4347-9aa5-b2b97ab0fa4c service nova] 10.4.3.64 "GET /placement/allocations/76dc94b7-a6ea-4385-bf84-e22b0098b676" status: 200 len: 258 microversion: 1.28
Jul 23 07:49:54.800873 np0000005732 devstack@placement-api.service[93137]: [pid: 93137|app: 0|req: 151/603] 10.4.3.64 () {68 vars in 1492 bytes} [Thu Jul 23 07:49:54 2026] GET /placement/allocations/76dc94b7-a6ea-4385-bf84-e22b0098b676 => generated 258 bytes in 12 msecs (HTTP/1.1 200) 8 headers in 296 bytes (1 switches on core 0)
Jul 23 07:49:54.849852 np0000005732 devstack@placement-api.service[93135]: DEBUG placement.requestlog [req-2cb1bb9a-613f-4600-8361-09968263a722 req-677f8c32-c848-4b65-9e29-72c19f285c0d None None] Starting request: 10.4.3.64 "GET /placement/allocations/694145e8-3b51-4868-a6d9-bcc33884af96" {{(pid=93135) __call__ /opt/stack/placement/placement/requestlog.py:55}}
Jul 23 07:49:54.871501 np0000005732 devstack@placement-api.service[93135]: INFO placement.requestlog [req-2cb1bb9a-613f-4600-8361-09968263a722 req-677f8c32-c848-4b65-9e29-72c19f285c0d service nova] 10.4.3.64 "GET /placement/allocations/694145e8-3b51-4868-a6d9-bcc33884af96" status: 200 len: 258 microversion: 1.28
Jul 23 07:49:54.871501 np0000005732 devstack@placement-api.service[93135]: [pid: 93135|app: 0|req: 151/604] 10.4.3.64 () {68 vars in 1492 bytes} [Thu Jul 23 07:49:54 2026] GET /placement/allocations/694145e8-3b51-4868-a6d9-bcc33884af96 => generated 258 bytes in 22 msecs (HTTP/1.1 200) 8 headers in 296 bytes (2 switches on core 0)
Jul 23 07:49:54.910933 np0000005732 devstack@placement-api.service[93134]: DEBUG placement.requestlog [req-2cb1bb9a-613f-4600-8361-09968263a722 req-b9ea505b-573a-4ed5-b2de-db66cd15d42e None None] Starting request: 10.4.3.64 "GET /placement/allocations/2fc1198d-e3d8-40c4-a9bb-7a1ad52478ed" {{(pid=93134) __call__ /opt/stack/placement/placement/requestlog.py:55}}
Jul 23 07:49:54.919986 np0000005732 devstack@placement-api.service[93134]: INFO placement.requestlog [req-2cb1bb9a-613f-4600-8361-09968263a722 req-b9ea505b-573a-4ed5-b2de-db66cd15d42e service nova] 10.4.3.64 "GET /placement/allocations/2fc1198d-e3d8-40c4-a9bb-7a1ad52478ed" status: 200 len: 244 microversion: 1.28
Jul 23 07:49:54.920206 np0000005732 devstack@placement-api.service[93134]: [pid: 93134|app: 0|req: 152/605] 10.4.3.64 () {68 vars in 1492 bytes} [Thu Jul 23 07:49:54 2026] GET /placement/allocations/2fc1198d-e3d8-40c4-a9bb-7a1ad52478ed => generated 244 bytes in 9 msecs (HTTP/1.1 200) 8 headers in 296 bytes (1 switches on core 0)
Jul 23 07:49:54.975397 np0000005732 devstack@placement-api.service[93136]: DEBUG placement.requestlog [req-2cb1bb9a-613f-4600-8361-09968263a722 req-4bd959bb-413b-40a8-b12a-4dd4dc3dc069 None None] Starting request: 10.4.3.64 "GET /placement/allocations/3ac0d001-261e-46cb-884c-f883de465f74" {{(pid=93136) __call__ /opt/stack/placement/placement/requestlog.py:55}}
Jul 23 07:49:54.988940 np0000005732 devstack@placement-api.service[93136]: INFO placement.requestlog [req-2cb1bb9a-613f-4600-8361-09968263a722 req-4bd959bb-413b-40a8-b12a-4dd4dc3dc069 service nova] 10.4.3.64 "GET /placement/allocations/3ac0d001-261e-46cb-884c-f883de465f74" status: 200 len: 258 microversion: 1.28
Jul 23 07:49:54.989170 np0000005732 devstack@placement-api.service[93136]: [pid: 93136|app: 0|req: 152/606] 10.4.3.64 () {68 vars in 1492 bytes} [Thu Jul 23 07:49:54 2026] GET /placement/allocations/3ac0d001-261e-46cb-884c-f883de465f74 => generated 258 bytes in 14 msecs (HTTP/1.1 200) 8 headers in 296 bytes (1 switches on core 0)
Jul 23 07:49:55.037265 np0000005732 devstack@placement-api.service[93137]: DEBUG placement.requestlog [req-2cb1bb9a-613f-4600-8361-09968263a722 req-9501303d-3d7a-4738-9753-f4506b6204a4 None None] Starting request: 10.4.3.64 "GET /placement/allocations/609f7dcb-99ba-4584-b965-86aec9ef6941" {{(pid=93137) __call__ /opt/stack/placement/placement/requestlog.py:55}}
Jul 23 07:49:55.056005 np0000005732 devstack@placement-api.service[93137]: INFO placement.requestlog [req-2cb1bb9a-613f-4600-8361-09968263a722 req-9501303d-3d7a-4738-9753-f4506b6204a4 service nova] 10.4.3.64 "GET /placement/allocations/609f7dcb-99ba-4584-b965-86aec9ef6941" status: 200 len: 258 microversion: 1.28
Jul 23 07:49:55.056005 np0000005732 devstack@placement-api.service[93137]: [pid: 93137|app: 0|req: 152/607] 10.4.3.64 () {68 vars in 1492 bytes} [Thu Jul 23 07:49:55 2026] GET /placement/allocations/609f7dcb-99ba-4584-b965-86aec9ef6941 => generated 258 bytes in 19 msecs (HTTP/1.1 200) 8 headers in 296 bytes (1 switches on core 0)
Jul 23 07:49:55.110462 np0000005732 devstack@placement-api.service[93135]: DEBUG placement.requestlog [req-87da6489-9376-4ca9-89ac-c22f38c011cd req-15378a0f-890f-4a08-b7b9-26d4afdb142a None None] Starting request: 10.4.3.64 "GET /placement/allocations/2fc1198d-e3d8-40c4-a9bb-7a1ad52478ed" {{(pid=93135) __call__ /opt/stack/placement/placement/requestlog.py:55}}
Jul 23 07:49:55.120613 np0000005732 devstack@placement-api.service[93134]: DEBUG placement.requestlog [req-2cb1bb9a-613f-4600-8361-09968263a722 req-77d4bddd-7474-451a-ad2c-6fea8ccfebed None None] Starting request: 10.4.3.64 "GET /placement/allocations/de0b81e6-0a85-4880-8538-21b0a3b02cbb" {{(pid=93134) __call__ /opt/stack/placement/placement/requestlog.py:55}}
Jul 23 07:49:55.134592 np0000005732 devstack@placement-api.service[93134]: INFO placement.requestlog [req-2cb1bb9a-613f-4600-8361-09968263a722 req-77d4bddd-7474-451a-ad2c-6fea8ccfebed service nova] 10.4.3.64 "GET /placement/allocations/de0b81e6-0a85-4880-8538-21b0a3b02cbb" status: 200 len: 258 microversion: 1.28
Jul 23 07:49:55.134866 np0000005732 devstack@placement-api.service[93134]: [pid: 93134|app: 0|req: 153/608] 10.4.3.64 () {68 vars in 1492 bytes} [Thu Jul 23 07:49:55 2026] GET /placement/allocations/de0b81e6-0a85-4880-8538-21b0a3b02cbb => generated 258 bytes in 14 msecs (HTTP/1.1 200) 8 headers in 296 bytes (1 switches on core 0)
Jul 23 07:49:55.158210 np0000005732 devstack@placement-api.service[93136]: DEBUG placement.requestlog [req-b818f3bf-86c4-41fb-88f6-98a9678ce246 req-492e8884-b112-48cf-bb01-f059cd4fe850 None None] Starting request: 10.4.3.64 "GET /placement/allocation_candidates?limit=1000&resources=MEMORY_MB%3A192%2CVCPU%3A1&root_required=%21COMPUTE_STATUS_DISABLED" {{(pid=93136) __call__ /opt/stack/placement/placement/requestlog.py:55}}
Jul 23 07:49:55.183146 np0000005732 devstack@placement-api.service[93136]: DEBUG placement.objects.research_context [req-b818f3bf-86c4-41fb-88f6-98a9678ce246 req-492e8884-b112-48cf-bb01-f059cd4fe850 service nova] getting providers with 192 MEMORY_MB {{(pid=93136) __init__ /opt/stack/placement/placement/objects/research_context.py:137}}
Jul 23 07:49:55.187331 np0000005732 devstack@placement-api.service[93136]: DEBUG placement.objects.research_context [req-b818f3bf-86c4-41fb-88f6-98a9678ce246 req-492e8884-b112-48cf-bb01-f059cd4fe850 service nova] getting providers with 1 VCPU {{(pid=93136) __init__ /opt/stack/placement/placement/objects/research_context.py:137}}
Jul 23 07:49:55.193061 np0000005732 devstack@placement-api.service[93136]: DEBUG placement.objects.research_context [req-b818f3bf-86c4-41fb-88f6-98a9678ce246 req-492e8884-b112-48cf-bb01-f059cd4fe850 service nova] found 1 providers with available 192 MEMORY_MB {{(pid=93136) get_provider_ids_matching /opt/stack/placement/placement/objects/research_context.py:563}}
Jul 23 07:49:55.193186 np0000005732 devstack@placement-api.service[93136]: DEBUG placement.objects.research_context [req-b818f3bf-86c4-41fb-88f6-98a9678ce246 req-492e8884-b112-48cf-bb01-f059cd4fe850 service nova] found 1 providers with available 1 VCPU {{(pid=93136) get_provider_ids_matching /opt/stack/placement/placement/objects/research_context.py:563}}
Jul 23 07:49:55.193596 np0000005732 devstack@placement-api.service[93136]: DEBUG placement.objects.research_context [req-b818f3bf-86c4-41fb-88f6-98a9678ce246 req-492e8884-b112-48cf-bb01-f059cd4fe850 service nova] found 1 providers after filtering by previous result {{(pid=93136) get_provider_ids_matching /opt/stack/placement/placement/objects/research_context.py:594}}
Jul 23 07:49:55.200952 np0000005732 devstack@placement-api.service[93137]: DEBUG placement.requestlog [req-2cb1bb9a-613f-4600-8361-09968263a722 req-a28681e3-253f-4ba3-876b-721eab423c92 None None] Starting request: 10.4.3.64 "GET /placement/allocations/78e2b138-bf5f-4e87-826c-a02a551f57bb" {{(pid=93137) __call__ /opt/stack/placement/placement/requestlog.py:55}}
Jul 23 07:49:55.206514 np0000005732 devstack@placement-api.service[93136]: DEBUG placement.objects.allocation_candidate [req-b818f3bf-86c4-41fb-88f6-98a9678ce246 req-492e8884-b112-48cf-bb01-f059cd4fe850 service nova] RequestGroup(use_same_provider=False, resources={MEMORY_MB:192, VCPU:1}, traits=(), aggregates=[]) (suffix '') returned 1 matches {{(pid=93136) _get_by_requests /opt/stack/placement/placement/objects/allocation_candidate.py:158}}
Jul 23 07:49:55.206928 np0000005732 devstack@placement-api.service[93136]: DEBUG placement.objects.allocation_candidate [req-b818f3bf-86c4-41fb-88f6-98a9678ce246 req-492e8884-b112-48cf-bb01-f059cd4fe850 service nova] Merging candidates yields 1 allocation requests and 1 provider summaries {{(pid=93136) _merge_candidates /opt/stack/placement/placement/objects/allocation_candidate.py:908}}
Jul 23 07:49:55.208433 np0000005732 devstack@placement-api.service[93136]: INFO placement.requestlog [req-b818f3bf-86c4-41fb-88f6-98a9678ce246 req-492e8884-b112-48cf-bb01-f059cd4fe850 service nova] 10.4.3.64 "GET /placement/allocation_candidates?limit=1000&resources=MEMORY_MB%3A192%2CVCPU%3A1&root_required=%21COMPUTE_STATUS_DISABLED" status: 200 len: 2480 microversion: 1.36
Jul 23 07:49:55.208747 np0000005732 devstack@placement-api.service[93136]: [pid: 93136|app: 0|req: 153/609] 10.4.3.64 () {68 vars in 1590 bytes} [Thu Jul 23 07:49:55 2026] GET /placement/allocation_candidates?limit=1000&resources=MEMORY_MB%3A192%2CVCPU%3A1&root_required=%21COMPUTE_STATUS_DISABLED => generated 2480 bytes in 51 msecs (HTTP/1.1 200) 8 headers in 297 bytes (1 switches on core 0)
Jul 23 07:49:55.210642 np0000005732 devstack@placement-api.service[93137]: INFO placement.requestlog [req-2cb1bb9a-613f-4600-8361-09968263a722 req-a28681e3-253f-4ba3-876b-721eab423c92 service nova] 10.4.3.64 "GET /placement/allocations/78e2b138-bf5f-4e87-826c-a02a551f57bb" status: 200 len: 244 microversion: 1.28
Jul 23 07:49:55.210916 np0000005732 devstack@placement-api.service[93137]: [pid: 93137|app: 0|req: 153/610] 10.4.3.64 () {68 vars in 1492 bytes} [Thu Jul 23 07:49:55 2026] GET /placement/allocations/78e2b138-bf5f-4e87-826c-a02a551f57bb => generated 244 bytes in 10 msecs (HTTP/1.1 200) 8 headers in 296 bytes (1 switches on core 0)
Jul 23 07:49:55.230270 np0000005732 devstack@placement-api.service[93135]: INFO placement.requestlog [req-87da6489-9376-4ca9-89ac-c22f38c011cd req-15378a0f-890f-4a08-b7b9-26d4afdb142a service nova] 10.4.3.64 "GET /placement/allocations/2fc1198d-e3d8-40c4-a9bb-7a1ad52478ed" status: 200 len: 244 microversion: 1.28
Jul 23 07:49:55.230409 np0000005732 devstack@placement-api.service[93135]: [pid: 93135|app: 0|req: 152/611] 10.4.3.64 () {68 vars in 1494 bytes} [Thu Jul 23 07:49:55 2026] GET /placement/allocations/2fc1198d-e3d8-40c4-a9bb-7a1ad52478ed => generated 244 bytes in 120 msecs (HTTP/1.1 200) 8 headers in 296 bytes (1 switches on core 0)
Jul 23 07:49:55.250818 np0000005732 devstack@placement-api.service[93134]: DEBUG placement.requestlog [req-2cb1bb9a-613f-4600-8361-09968263a722 req-93ba4b35-d946-415c-a4fa-5cb9362672ed None None] Starting request: 10.4.3.64 "GET /placement/allocations/b37ec277-566f-458b-ba29-e8ad4ae2430a" {{(pid=93134) __call__ /opt/stack/placement/placement/requestlog.py:55}}
Jul 23 07:49:55.260120 np0000005732 devstack@placement-api.service[93134]: INFO placement.requestlog [req-2cb1bb9a-613f-4600-8361-09968263a722 req-93ba4b35-d946-415c-a4fa-5cb9362672ed service nova] 10.4.3.64 "GET /placement/allocations/b37ec277-566f-458b-ba29-e8ad4ae2430a" status: 200 len: 258 microversion: 1.28
Jul 23 07:49:55.262582 np0000005732 devstack@placement-api.service[93134]: [pid: 93134|app: 0|req: 154/612] 10.4.3.64 () {68 vars in 1492 bytes} [Thu Jul 23 07:49:55 2026] GET /placement/allocations/b37ec277-566f-458b-ba29-e8ad4ae2430a => generated 258 bytes in 10 msecs (HTTP/1.1 200) 8 headers in 296 bytes (1 switches on core 0)
Jul 23 07:49:55.270709 np0000005732 devstack@placement-api.service[93136]: DEBUG placement.requestlog [req-b818f3bf-86c4-41fb-88f6-98a9678ce246 req-8bff2487-0da4-4df7-9051-fe57f6078db9 None None] Starting request: 10.4.3.64 "GET /placement/allocations/42c5d28e-16ca-4614-b3a9-a4ed57601238" {{(pid=93136) __call__ /opt/stack/placement/placement/requestlog.py:55}}
Jul 23 07:49:55.277629 np0000005732 devstack@placement-api.service[93137]: DEBUG placement.requestlog [req-87da6489-9376-4ca9-89ac-c22f38c011cd req-13a69066-ef85-4e83-90c6-e482b5f6a50d None None] Starting request: 10.4.3.64 "GET /placement/allocations/2fc1198d-e3d8-40c4-a9bb-7a1ad52478ed" {{(pid=93137) __call__ /opt/stack/placement/placement/requestlog.py:55}}
Jul 23 07:49:55.283863 np0000005732 devstack@placement-api.service[93136]: INFO placement.requestlog [req-b818f3bf-86c4-41fb-88f6-98a9678ce246 req-8bff2487-0da4-4df7-9051-fe57f6078db9 service nova] 10.4.3.64 "GET /placement/allocations/42c5d28e-16ca-4614-b3a9-a4ed57601238" status: 200 len: 19 microversion: 1.28
Jul 23 07:49:55.284191 np0000005732 devstack@placement-api.service[93136]: [pid: 93136|app: 0|req: 154/613] 10.4.3.64 () {68 vars in 1494 bytes} [Thu Jul 23 07:49:55 2026] GET /placement/allocations/42c5d28e-16ca-4614-b3a9-a4ed57601238 => generated 19 bytes in 14 msecs (HTTP/1.1 200) 8 headers in 295 bytes (1 switches on core 0)
Jul 23 07:49:55.294953 np0000005732 devstack@placement-api.service[93137]: INFO placement.requestlog [req-87da6489-9376-4ca9-89ac-c22f38c011cd req-13a69066-ef85-4e83-90c6-e482b5f6a50d service nova] 10.4.3.64 "GET /placement/allocations/2fc1198d-e3d8-40c4-a9bb-7a1ad52478ed" status: 200 len: 244 microversion: 1.28
Jul 23 07:49:55.295317 np0000005732 devstack@placement-api.service[93137]: [pid: 93137|app: 0|req: 154/614] 10.4.3.64 () {68 vars in 1494 bytes} [Thu Jul 23 07:49:55 2026] GET /placement/allocations/2fc1198d-e3d8-40c4-a9bb-7a1ad52478ed => generated 244 bytes in 18 msecs (HTTP/1.1 200) 8 headers in 296 bytes (1 switches on core 0)
Jul 23 07:49:55.313666 np0000005732 devstack@placement-api.service[93135]: DEBUG placement.requestlog [req-2cb1bb9a-613f-4600-8361-09968263a722 req-9de4d355-55e2-4622-ae4d-3a58bbbeb865 None None] Starting request: 10.4.3.64 "GET /placement/allocations/8088a2d8-7f28-4b7a-9f9c-a47cce873cb4" {{(pid=93135) __call__ /opt/stack/placement/placement/requestlog.py:55}}
Jul 23 07:49:55.321900 np0000005732 devstack@placement-api.service[93134]: DEBUG placement.requestlog [req-b818f3bf-86c4-41fb-88f6-98a9678ce246 req-2c86c4a0-4fd6-498b-a468-b72129cd54eb None None] Starting request: 10.4.3.64 "PUT /placement/allocations/42c5d28e-16ca-4614-b3a9-a4ed57601238" {{(pid=93134) __call__ /opt/stack/placement/placement/requestlog.py:55}}
Jul 23 07:49:55.334611 np0000005732 devstack@placement-api.service[93135]: INFO placement.requestlog [req-2cb1bb9a-613f-4600-8361-09968263a722 req-9de4d355-55e2-4622-ae4d-3a58bbbeb865 service nova] 10.4.3.64 "GET /placement/allocations/8088a2d8-7f28-4b7a-9f9c-a47cce873cb4" status: 200 len: 258 microversion: 1.28
Jul 23 07:49:55.334611 np0000005732 devstack@placement-api.service[93135]: [pid: 93135|app: 0|req: 153/615] 10.4.3.64 () {68 vars in 1492 bytes} [Thu Jul 23 07:49:55 2026] GET /placement/allocations/8088a2d8-7f28-4b7a-9f9c-a47cce873cb4 => generated 258 bytes in 21 msecs (HTTP/1.1 200) 8 headers in 296 bytes (1 switches on core 0)
Jul 23 07:49:55.343640 np0000005732 devstack@placement-api.service[93136]: DEBUG placement.requestlog [req-87da6489-9376-4ca9-89ac-c22f38c011cd req-528e55db-f7b2-48a6-9c89-c2438ef95ae7 None None] Starting request: 10.4.3.64 "GET /placement/allocations/a09c2d29-8bed-46db-86ac-434dc48fb1b1" {{(pid=93136) __call__ /opt/stack/placement/placement/requestlog.py:55}}
Jul 23 07:49:55.350708 np0000005732 devstack@placement-api.service[93136]: INFO placement.requestlog [req-87da6489-9376-4ca9-89ac-c22f38c011cd req-528e55db-f7b2-48a6-9c89-c2438ef95ae7 service nova] 10.4.3.64 "GET /placement/allocations/a09c2d29-8bed-46db-86ac-434dc48fb1b1" status: 200 len: 19 microversion: 1.28
Jul 23 07:49:55.350837 np0000005732 devstack@placement-api.service[93136]: [pid: 93136|app: 0|req: 155/616] 10.4.3.64 () {68 vars in 1494 bytes} [Thu Jul 23 07:49:55 2026] GET /placement/allocations/a09c2d29-8bed-46db-86ac-434dc48fb1b1 => generated 19 bytes in 7 msecs (HTTP/1.1 200) 8 headers in 295 bytes (1 switches on core 0)
Jul 23 07:49:55.382998 np0000005732 devstack@placement-api.service[93134]: DEBUG placement.handlers.allocation [req-b818f3bf-86c4-41fb-88f6-98a9678ce246 req-2c86c4a0-4fd6-498b-a468-b72129cd54eb service nova] Successfully wrote allocations [, ] {{(pid=93134) _update_consumers_and_create_allocations /opt/stack/placement/placement/handlers/allocation.py:462}}
Jul 23 07:49:55.387861 np0000005732 devstack@placement-api.service[93134]: INFO placement.requestlog [req-b818f3bf-86c4-41fb-88f6-98a9678ce246 req-2c86c4a0-4fd6-498b-a468-b72129cd54eb service nova] 10.4.3.64 "PUT /placement/allocations/42c5d28e-16ca-4614-b3a9-a4ed57601238" status: 204 len: 0 microversion: 1.36
Jul 23 07:49:55.388163 np0000005732 devstack@placement-api.service[93134]: [pid: 93134|app: 0|req: 155/617] 10.4.3.64 () {72 vars in 1547 bytes} [Thu Jul 23 07:49:55 2026] PUT /placement/allocations/42c5d28e-16ca-4614-b3a9-a4ed57601238 => generated 0 bytes in 66 msecs (HTTP/1.1 204) 5 headers in 199 bytes (1 switches on core 0)
Jul 23 07:49:55.391449 np0000005732 devstack@placement-api.service[93137]: DEBUG placement.requestlog [req-87da6489-9376-4ca9-89ac-c22f38c011cd req-408a7f5f-e57d-4e55-991c-56c23d7e96e3 None None] Starting request: 10.4.3.64 "POST /placement/allocations" {{(pid=93137) __call__ /opt/stack/placement/placement/requestlog.py:55}}
Jul 23 07:49:55.436127 np0000005732 devstack@placement-api.service[93135]: DEBUG placement.requestlog [req-2cb1bb9a-613f-4600-8361-09968263a722 req-21ad0db8-39d4-4e7a-b956-04c0da640136 None None] Starting request: 10.4.3.64 "DELETE /placement/allocations/694145e8-3b51-4868-a6d9-bcc33884af96" {{(pid=93135) __call__ /opt/stack/placement/placement/requestlog.py:55}}
Jul 23 07:49:55.454959 np0000005732 devstack@placement-api.service[93135]: DEBUG placement.handlers.allocation [req-2cb1bb9a-613f-4600-8361-09968263a722 req-21ad0db8-39d4-4e7a-b956-04c0da640136 service nova] Successfully deleted allocations [, , ] {{(pid=93135) delete_allocations /opt/stack/placement/placement/handlers/allocation.py:627}}
Jul 23 07:49:55.456015 np0000005732 devstack@placement-api.service[93135]: INFO placement.requestlog [req-2cb1bb9a-613f-4600-8361-09968263a722 req-21ad0db8-39d4-4e7a-b956-04c0da640136 service nova] 10.4.3.64 "DELETE /placement/allocations/694145e8-3b51-4868-a6d9-bcc33884af96" status: 204 len: 0 microversion: 1.0
Jul 23 07:49:55.456015 np0000005732 devstack@placement-api.service[93135]: [pid: 93135|app: 0|req: 154/618] 10.4.3.64 () {68 vars in 1470 bytes} [Thu Jul 23 07:49:55 2026] DELETE /placement/allocations/694145e8-3b51-4868-a6d9-bcc33884af96 => generated 0 bytes in 20 msecs (HTTP/1.1 204) 5 headers in 198 bytes (1 switches on core 0)
Jul 23 07:49:55.460881 np0000005732 devstack@placement-api.service[93137]: DEBUG placement.handlers.allocation [req-87da6489-9376-4ca9-89ac-c22f38c011cd req-408a7f5f-e57d-4e55-991c-56c23d7e96e3 service nova] Successfully wrote allocations [, , , ] {{(pid=93137) _update_consumers_and_create_allocations /opt/stack/placement/placement/handlers/allocation.py:572}}
Jul 23 07:49:55.466576 np0000005732 devstack@placement-api.service[93137]: INFO placement.requestlog [req-87da6489-9376-4ca9-89ac-c22f38c011cd req-408a7f5f-e57d-4e55-991c-56c23d7e96e3 service nova] 10.4.3.64 "POST /placement/allocations" status: 204 len: 0 microversion: 1.28
Jul 23 07:49:55.466877 np0000005732 devstack@placement-api.service[93137]: [pid: 93137|app: 0|req: 155/619] 10.4.3.64 () {72 vars in 1437 bytes} [Thu Jul 23 07:49:55 2026] POST /placement/allocations => generated 0 bytes in 75 msecs (HTTP/1.1 204) 5 headers in 199 bytes (1 switches on core 0)
Jul 23 07:49:55.642855 np0000005732 devstack@placement-api.service[93136]: DEBUG placement.requestlog [req-b818f3bf-86c4-41fb-88f6-98a9678ce246 req-648f743b-3101-4bb9-abfe-811639a57b22 None None] Starting request: 10.4.3.64 "GET /placement/allocations/42c5d28e-16ca-4614-b3a9-a4ed57601238" {{(pid=93136) __call__ /opt/stack/placement/placement/requestlog.py:55}}
Jul 23 07:49:55.649187 np0000005732 devstack@placement-api.service[93136]: INFO placement.requestlog [req-b818f3bf-86c4-41fb-88f6-98a9678ce246 req-648f743b-3101-4bb9-abfe-811639a57b22 service nova] 10.4.3.64 "GET /placement/allocations/42c5d28e-16ca-4614-b3a9-a4ed57601238" status: 200 len: 244 microversion: 1.28
Jul 23 07:49:55.649461 np0000005732 devstack@placement-api.service[93136]: [pid: 93136|app: 0|req: 156/620] 10.4.3.64 () {68 vars in 1492 bytes} [Thu Jul 23 07:49:55 2026] GET /placement/allocations/42c5d28e-16ca-4614-b3a9-a4ed57601238 => generated 244 bytes in 10 msecs (HTTP/1.1 200) 8 headers in 296 bytes (1 switches on core 0)
Jul 23 07:49:55.759218 np0000005732 devstack@placement-api.service[93134]: DEBUG placement.requestlog [req-b818f3bf-86c4-41fb-88f6-98a9678ce246 req-15468565-fbc7-4aeb-995c-812d619debba None None] Starting request: 10.4.3.64 "GET /placement/resource_providers/f5f9a680-32d6-4257-b41c-e6518f888464/allocations" {{(pid=93134) __call__ /opt/stack/placement/placement/requestlog.py:55}}
Jul 23 07:49:55.770792 np0000005732 devstack@placement-api.service[93134]: INFO placement.requestlog [req-b818f3bf-86c4-41fb-88f6-98a9678ce246 req-15468565-fbc7-4aeb-995c-812d619debba service nova] 10.4.3.64 "GET /placement/resource_providers/f5f9a680-32d6-4257-b41c-e6518f888464/allocations" status: 200 len: 1111 microversion: 1.0
Jul 23 07:49:55.770792 np0000005732 devstack@placement-api.service[93134]: [pid: 93134|app: 0|req: 156/621] 10.4.3.64 () {66 vars in 1505 bytes} [Thu Jul 23 07:49:55 2026] GET /placement/resource_providers/f5f9a680-32d6-4257-b41c-e6518f888464/allocations => generated 1111 bytes in 11 msecs (HTTP/1.1 200) 6 headers in 225 bytes (1 switches on core 0)
Jul 23 07:49:55.808610 np0000005732 devstack@placement-api.service[93135]: DEBUG placement.requestlog [req-b818f3bf-86c4-41fb-88f6-98a9678ce246 req-be89c84a-0448-4169-9a21-074afbea6116 None None] Starting request: 10.4.3.64 "GET /placement/allocations/37085940-48bc-4920-85f4-e5278238f4b3" {{(pid=93135) __call__ /opt/stack/placement/placement/requestlog.py:55}}
Jul 23 07:49:55.822941 np0000005732 devstack@placement-api.service[93135]: INFO placement.requestlog [req-b818f3bf-86c4-41fb-88f6-98a9678ce246 req-be89c84a-0448-4169-9a21-074afbea6116 service nova] 10.4.3.64 "GET /placement/allocations/37085940-48bc-4920-85f4-e5278238f4b3" status: 200 len: 258 microversion: 1.28
Jul 23 07:49:55.825539 np0000005732 devstack@placement-api.service[93135]: [pid: 93135|app: 0|req: 155/622] 10.4.3.64 () {68 vars in 1492 bytes} [Thu Jul 23 07:49:55 2026] GET /placement/allocations/37085940-48bc-4920-85f4-e5278238f4b3 => generated 258 bytes in 17 msecs (HTTP/1.1 200) 8 headers in 296 bytes (1 switches on core 0)
Jul 23 07:49:55.865586 np0000005732 devstack@placement-api.service[93137]: DEBUG placement.requestlog [req-b818f3bf-86c4-41fb-88f6-98a9678ce246 req-65ab17da-9c8a-4e4a-a328-7ec1dc316381 None None] Starting request: 10.4.3.64 "GET /placement/allocations/723a8d29-a954-4b10-8553-998340df68c3" {{(pid=93137) __call__ /opt/stack/placement/placement/requestlog.py:55}}
Jul 23 07:49:55.873967 np0000005732 devstack@placement-api.service[93137]: INFO placement.requestlog [req-b818f3bf-86c4-41fb-88f6-98a9678ce246 req-65ab17da-9c8a-4e4a-a328-7ec1dc316381 service nova] 10.4.3.64 "GET /placement/allocations/723a8d29-a954-4b10-8553-998340df68c3" status: 200 len: 258 microversion: 1.28
Jul 23 07:49:55.874176 np0000005732 devstack@placement-api.service[93137]: [pid: 93137|app: 0|req: 156/623] 10.4.3.64 () {68 vars in 1492 bytes} [Thu Jul 23 07:49:55 2026] GET /placement/allocations/723a8d29-a954-4b10-8553-998340df68c3 => generated 258 bytes in 10 msecs (HTTP/1.1 200) 8 headers in 296 bytes (1 switches on core 0)
Jul 23 07:49:55.906624 np0000005732 devstack@placement-api.service[93136]: DEBUG placement.requestlog [req-b818f3bf-86c4-41fb-88f6-98a9678ce246 req-d279d145-423d-4d72-a0d8-a1f14c8a9444 None None] Starting request: 10.4.3.64 "GET /placement/allocations/a09c2d29-8bed-46db-86ac-434dc48fb1b1" {{(pid=93136) __call__ /opt/stack/placement/placement/requestlog.py:55}}
Jul 23 07:49:55.915427 np0000005732 devstack@placement-api.service[93136]: INFO placement.requestlog [req-b818f3bf-86c4-41fb-88f6-98a9678ce246 req-d279d145-423d-4d72-a0d8-a1f14c8a9444 service nova] 10.4.3.64 "GET /placement/allocations/a09c2d29-8bed-46db-86ac-434dc48fb1b1" status: 200 len: 244 microversion: 1.28
Jul 23 07:49:55.915681 np0000005732 devstack@placement-api.service[93136]: [pid: 93136|app: 0|req: 157/624] 10.4.3.64 () {68 vars in 1492 bytes} [Thu Jul 23 07:49:55 2026] GET /placement/allocations/a09c2d29-8bed-46db-86ac-434dc48fb1b1 => generated 244 bytes in 9 msecs (HTTP/1.1 200) 8 headers in 296 bytes (1 switches on core 0)
Jul 23 07:49:55.949871 np0000005732 devstack@placement-api.service[93134]: DEBUG placement.requestlog [req-b818f3bf-86c4-41fb-88f6-98a9678ce246 req-08cf399e-6dc8-49ec-a7e6-9dab64c3ed73 None None] Starting request: 10.4.3.64 "GET /placement/allocations/76dc94b7-a6ea-4385-bf84-e22b0098b676" {{(pid=93134) __call__ /opt/stack/placement/placement/requestlog.py:55}}
Jul 23 07:49:55.959837 np0000005732 devstack@placement-api.service[93134]: INFO placement.requestlog [req-b818f3bf-86c4-41fb-88f6-98a9678ce246 req-08cf399e-6dc8-49ec-a7e6-9dab64c3ed73 service nova] 10.4.3.64 "GET /placement/allocations/76dc94b7-a6ea-4385-bf84-e22b0098b676" status: 200 len: 258 microversion: 1.28
Jul 23 07:49:55.959837 np0000005732 devstack@placement-api.service[93134]: [pid: 93134|app: 0|req: 157/625] 10.4.3.64 () {68 vars in 1492 bytes} [Thu Jul 23 07:49:55 2026] GET /placement/allocations/76dc94b7-a6ea-4385-bf84-e22b0098b676 => generated 258 bytes in 9 msecs (HTTP/1.1 200) 8 headers in 296 bytes (1 switches on core 0)
Jul 23 07:49:56.001899 np0000005732 devstack@placement-api.service[93135]: DEBUG placement.requestlog [req-b818f3bf-86c4-41fb-88f6-98a9678ce246 req-8c7f79a3-21b4-4acd-a900-b90690f842d4 None None] Starting request: 10.4.3.64 "GET /placement/allocations/3ac0d001-261e-46cb-884c-f883de465f74" {{(pid=93135) __call__ /opt/stack/placement/placement/requestlog.py:55}}
Jul 23 07:49:56.012809 np0000005732 devstack@placement-api.service[93137]: DEBUG placement.requestlog [req-87da6489-9376-4ca9-89ac-c22f38c011cd req-e65d372b-1e9d-475a-b826-09114cd74303 None None] Starting request: 10.4.3.64 "GET /placement/allocation_candidates?limit=1000&resources=MEMORY_MB%3A256%2CVCPU%3A1&root_required=%21COMPUTE_STATUS_DISABLED" {{(pid=93137) __call__ /opt/stack/placement/placement/requestlog.py:55}}
Jul 23 07:49:56.015697 np0000005732 devstack@placement-api.service[93135]: INFO placement.requestlog [req-b818f3bf-86c4-41fb-88f6-98a9678ce246 req-8c7f79a3-21b4-4acd-a900-b90690f842d4 service nova] 10.4.3.64 "GET /placement/allocations/3ac0d001-261e-46cb-884c-f883de465f74" status: 200 len: 258 microversion: 1.28
Jul 23 07:49:56.015972 np0000005732 devstack@placement-api.service[93135]: [pid: 93135|app: 0|req: 156/626] 10.4.3.64 () {68 vars in 1492 bytes} [Thu Jul 23 07:49:56 2026] GET /placement/allocations/3ac0d001-261e-46cb-884c-f883de465f74 => generated 258 bytes in 14 msecs (HTTP/1.1 200) 8 headers in 296 bytes (1 switches on core 0)
Jul 23 07:49:56.043347 np0000005732 devstack@placement-api.service[93137]: DEBUG placement.objects.research_context [req-87da6489-9376-4ca9-89ac-c22f38c011cd req-e65d372b-1e9d-475a-b826-09114cd74303 service nova] getting providers with 256 MEMORY_MB {{(pid=93137) __init__ /opt/stack/placement/placement/objects/research_context.py:137}}
Jul 23 07:49:56.046518 np0000005732 devstack@placement-api.service[93137]: DEBUG placement.objects.research_context [req-87da6489-9376-4ca9-89ac-c22f38c011cd req-e65d372b-1e9d-475a-b826-09114cd74303 service nova] getting providers with 1 VCPU {{(pid=93137) __init__ /opt/stack/placement/placement/objects/research_context.py:137}}
Jul 23 07:49:56.050475 np0000005732 devstack@placement-api.service[93137]: DEBUG placement.objects.research_context [req-87da6489-9376-4ca9-89ac-c22f38c011cd req-e65d372b-1e9d-475a-b826-09114cd74303 service nova] found 1 providers with available 256 MEMORY_MB {{(pid=93137) get_provider_ids_matching /opt/stack/placement/placement/objects/research_context.py:563}}
Jul 23 07:49:56.050590 np0000005732 devstack@placement-api.service[93137]: DEBUG placement.objects.research_context [req-87da6489-9376-4ca9-89ac-c22f38c011cd req-e65d372b-1e9d-475a-b826-09114cd74303 service nova] found 1 providers with available 1 VCPU {{(pid=93137) get_provider_ids_matching /opt/stack/placement/placement/objects/research_context.py:563}}
Jul 23 07:49:56.050723 np0000005732 devstack@placement-api.service[93137]: DEBUG placement.objects.research_context [req-87da6489-9376-4ca9-89ac-c22f38c011cd req-e65d372b-1e9d-475a-b826-09114cd74303 service nova] found 1 providers after filtering by previous result {{(pid=93137) get_provider_ids_matching /opt/stack/placement/placement/objects/research_context.py:594}}
Jul 23 07:49:56.057732 np0000005732 devstack@placement-api.service[93137]: DEBUG placement.objects.allocation_candidate [req-87da6489-9376-4ca9-89ac-c22f38c011cd req-e65d372b-1e9d-475a-b826-09114cd74303 service nova] RequestGroup(use_same_provider=False, resources={MEMORY_MB:256, VCPU:1}, traits=(), aggregates=[]) (suffix '') returned 1 matches {{(pid=93137) _get_by_requests /opt/stack/placement/placement/objects/allocation_candidate.py:158}}
Jul 23 07:49:56.057902 np0000005732 devstack@placement-api.service[93137]: DEBUG placement.objects.allocation_candidate [req-87da6489-9376-4ca9-89ac-c22f38c011cd req-e65d372b-1e9d-475a-b826-09114cd74303 service nova] Merging candidates yields 1 allocation requests and 1 provider summaries {{(pid=93137) _merge_candidates /opt/stack/placement/placement/objects/allocation_candidate.py:908}}
Jul 23 07:49:56.059951 np0000005732 devstack@placement-api.service[93137]: INFO placement.requestlog [req-87da6489-9376-4ca9-89ac-c22f38c011cd req-e65d372b-1e9d-475a-b826-09114cd74303 service nova] 10.4.3.64 "GET /placement/allocation_candidates?limit=1000&resources=MEMORY_MB%3A256%2CVCPU%3A1&root_required=%21COMPUTE_STATUS_DISABLED" status: 200 len: 2480 microversion: 1.36
Jul 23 07:49:56.060320 np0000005732 devstack@placement-api.service[93137]: [pid: 93137|app: 0|req: 157/627] 10.4.3.64 () {68 vars in 1590 bytes} [Thu Jul 23 07:49:56 2026] GET /placement/allocation_candidates?limit=1000&resources=MEMORY_MB%3A256%2CVCPU%3A1&root_required=%21COMPUTE_STATUS_DISABLED => generated 2480 bytes in 49 msecs (HTTP/1.1 200) 8 headers in 297 bytes (1 switches on core 0)
Jul 23 07:49:56.062763 np0000005732 devstack@placement-api.service[93136]: DEBUG placement.requestlog [req-b818f3bf-86c4-41fb-88f6-98a9678ce246 req-1c1108f9-934e-4d23-ad87-a78d5c8e0f06 None None] Starting request: 10.4.3.64 "GET /placement/allocations/609f7dcb-99ba-4584-b965-86aec9ef6941" {{(pid=93136) __call__ /opt/stack/placement/placement/requestlog.py:55}}
Jul 23 07:49:56.072331 np0000005732 devstack@placement-api.service[93136]: INFO placement.requestlog [req-b818f3bf-86c4-41fb-88f6-98a9678ce246 req-1c1108f9-934e-4d23-ad87-a78d5c8e0f06 service nova] 10.4.3.64 "GET /placement/allocations/609f7dcb-99ba-4584-b965-86aec9ef6941" status: 200 len: 258 microversion: 1.28
Jul 23 07:49:56.072573 np0000005732 devstack@placement-api.service[93136]: [pid: 93136|app: 0|req: 158/628] 10.4.3.64 () {68 vars in 1492 bytes} [Thu Jul 23 07:49:56 2026] GET /placement/allocations/609f7dcb-99ba-4584-b965-86aec9ef6941 => generated 258 bytes in 10 msecs (HTTP/1.1 200) 8 headers in 296 bytes (1 switches on core 0)
Jul 23 07:49:56.130607 np0000005732 devstack@placement-api.service[93134]: DEBUG placement.requestlog [req-b818f3bf-86c4-41fb-88f6-98a9678ce246 req-75e38ec7-deca-45c3-9b1d-27f1b190da70 None None] Starting request: 10.4.3.64 "GET /placement/allocations/de0b81e6-0a85-4880-8538-21b0a3b02cbb" {{(pid=93134) __call__ /opt/stack/placement/placement/requestlog.py:55}}
Jul 23 07:49:56.132816 np0000005732 devstack@placement-api.service[93135]: DEBUG placement.requestlog [req-87da6489-9376-4ca9-89ac-c22f38c011cd req-c8f85410-dd5c-4ebc-90a2-ce8927288ce8 None None] Starting request: 10.4.3.64 "GET /placement/allocations/2fc1198d-e3d8-40c4-a9bb-7a1ad52478ed" {{(pid=93135) __call__ /opt/stack/placement/placement/requestlog.py:55}}
Jul 23 07:49:56.139688 np0000005732 devstack@placement-api.service[93134]: INFO placement.requestlog [req-b818f3bf-86c4-41fb-88f6-98a9678ce246 req-75e38ec7-deca-45c3-9b1d-27f1b190da70 service nova] 10.4.3.64 "GET /placement/allocations/de0b81e6-0a85-4880-8538-21b0a3b02cbb" status: 200 len: 258 microversion: 1.28
Jul 23 07:49:56.139944 np0000005732 devstack@placement-api.service[93134]: [pid: 93134|app: 0|req: 158/629] 10.4.3.64 () {68 vars in 1492 bytes} [Thu Jul 23 07:49:56 2026] GET /placement/allocations/de0b81e6-0a85-4880-8538-21b0a3b02cbb => generated 258 bytes in 9 msecs (HTTP/1.1 200) 8 headers in 296 bytes (1 switches on core 0)
Jul 23 07:49:56.145223 np0000005732 devstack@placement-api.service[93135]: INFO placement.requestlog [req-87da6489-9376-4ca9-89ac-c22f38c011cd req-c8f85410-dd5c-4ebc-90a2-ce8927288ce8 service nova] 10.4.3.64 "GET /placement/allocations/2fc1198d-e3d8-40c4-a9bb-7a1ad52478ed" status: 200 len: 19 microversion: 1.28
Jul 23 07:49:56.145454 np0000005732 devstack@placement-api.service[93135]: [pid: 93135|app: 0|req: 157/630] 10.4.3.64 () {68 vars in 1494 bytes} [Thu Jul 23 07:49:56 2026] GET /placement/allocations/2fc1198d-e3d8-40c4-a9bb-7a1ad52478ed => generated 19 bytes in 13 msecs (HTTP/1.1 200) 8 headers in 295 bytes (1 switches on core 0)
Jul 23 07:49:56.183707 np0000005732 devstack@placement-api.service[93137]: DEBUG placement.requestlog [req-b818f3bf-86c4-41fb-88f6-98a9678ce246 req-032159ed-16d5-4d84-a3a3-2bad2718ac80 None None] Starting request: 10.4.3.64 "GET /placement/allocations/78e2b138-bf5f-4e87-826c-a02a551f57bb" {{(pid=93137) __call__ /opt/stack/placement/placement/requestlog.py:55}}
Jul 23 07:49:56.203946 np0000005732 devstack@placement-api.service[93137]: INFO placement.requestlog [req-b818f3bf-86c4-41fb-88f6-98a9678ce246 req-032159ed-16d5-4d84-a3a3-2bad2718ac80 service nova] 10.4.3.64 "GET /placement/allocations/78e2b138-bf5f-4e87-826c-a02a551f57bb" status: 200 len: 244 microversion: 1.28
Jul 23 07:49:56.204191 np0000005732 devstack@placement-api.service[93137]: [pid: 93137|app: 0|req: 158/631] 10.4.3.64 () {68 vars in 1492 bytes} [Thu Jul 23 07:49:56 2026] GET /placement/allocations/78e2b138-bf5f-4e87-826c-a02a551f57bb => generated 244 bytes in 21 msecs (HTTP/1.1 200) 8 headers in 296 bytes (1 switches on core 0)
Jul 23 07:49:56.216083 np0000005732 devstack@placement-api.service[93136]: DEBUG placement.requestlog [req-87da6489-9376-4ca9-89ac-c22f38c011cd req-5a5220af-23e1-499c-993e-b399776cae05 None None] Starting request: 10.4.3.64 "PUT /placement/allocations/2fc1198d-e3d8-40c4-a9bb-7a1ad52478ed" {{(pid=93136) __call__ /opt/stack/placement/placement/requestlog.py:55}}
Jul 23 07:49:56.248910 np0000005732 devstack@placement-api.service[93134]: DEBUG placement.requestlog [req-b818f3bf-86c4-41fb-88f6-98a9678ce246 req-24fa218e-f6fc-4dc4-a3f1-3dc3ac158434 None None] Starting request: 10.4.3.64 "GET /placement/allocations/b37ec277-566f-458b-ba29-e8ad4ae2430a" {{(pid=93134) __call__ /opt/stack/placement/placement/requestlog.py:55}}
Jul 23 07:49:56.260877 np0000005732 devstack@placement-api.service[93134]: INFO placement.requestlog [req-b818f3bf-86c4-41fb-88f6-98a9678ce246 req-24fa218e-f6fc-4dc4-a3f1-3dc3ac158434 service nova] 10.4.3.64 "GET /placement/allocations/b37ec277-566f-458b-ba29-e8ad4ae2430a" status: 200 len: 258 microversion: 1.28
Jul 23 07:49:56.261171 np0000005732 devstack@placement-api.service[93134]: [pid: 93134|app: 0|req: 159/632] 10.4.3.64 () {68 vars in 1492 bytes} [Thu Jul 23 07:49:56 2026] GET /placement/allocations/b37ec277-566f-458b-ba29-e8ad4ae2430a => generated 258 bytes in 12 msecs (HTTP/1.1 200) 8 headers in 296 bytes (1 switches on core 0)
Jul 23 07:49:56.275479 np0000005732 devstack@placement-api.service[93136]: DEBUG placement.handlers.allocation [req-87da6489-9376-4ca9-89ac-c22f38c011cd req-5a5220af-23e1-499c-993e-b399776cae05 service nova] Successfully wrote allocations [, ] {{(pid=93136) _update_consumers_and_create_allocations /opt/stack/placement/placement/handlers/allocation.py:462}}
Jul 23 07:49:56.279972 np0000005732 devstack@placement-api.service[93136]: INFO placement.requestlog [req-87da6489-9376-4ca9-89ac-c22f38c011cd req-5a5220af-23e1-499c-993e-b399776cae05 service nova] 10.4.3.64 "PUT /placement/allocations/2fc1198d-e3d8-40c4-a9bb-7a1ad52478ed" status: 204 len: 0 microversion: 1.36
Jul 23 07:49:56.280306 np0000005732 devstack@placement-api.service[93136]: [pid: 93136|app: 0|req: 159/633] 10.4.3.64 () {72 vars in 1547 bytes} [Thu Jul 23 07:49:56 2026] PUT /placement/allocations/2fc1198d-e3d8-40c4-a9bb-7a1ad52478ed => generated 0 bytes in 64 msecs (HTTP/1.1 204) 5 headers in 199 bytes (1 switches on core 0)
Jul 23 07:49:56.304185 np0000005732 devstack@placement-api.service[93135]: DEBUG placement.requestlog [req-b818f3bf-86c4-41fb-88f6-98a9678ce246 req-9adf10a2-7ddc-4ff8-bd88-35a7382233a9 None None] Starting request: 10.4.3.64 "GET /placement/allocations/8088a2d8-7f28-4b7a-9f9c-a47cce873cb4" {{(pid=93135) __call__ /opt/stack/placement/placement/requestlog.py:55}}
Jul 23 07:49:56.315844 np0000005732 devstack@placement-api.service[93135]: INFO placement.requestlog [req-b818f3bf-86c4-41fb-88f6-98a9678ce246 req-9adf10a2-7ddc-4ff8-bd88-35a7382233a9 service nova] 10.4.3.64 "GET /placement/allocations/8088a2d8-7f28-4b7a-9f9c-a47cce873cb4" status: 200 len: 258 microversion: 1.28
Jul 23 07:49:56.315844 np0000005732 devstack@placement-api.service[93135]: [pid: 93135|app: 0|req: 158/634] 10.4.3.64 () {68 vars in 1492 bytes} [Thu Jul 23 07:49:56 2026] GET /placement/allocations/8088a2d8-7f28-4b7a-9f9c-a47cce873cb4 => generated 258 bytes in 12 msecs (HTTP/1.1 200) 8 headers in 296 bytes (1 switches on core 0)
Jul 23 07:49:56.375696 np0000005732 devstack@placement-api.service[93137]: DEBUG placement.requestlog [req-b818f3bf-86c4-41fb-88f6-98a9678ce246 req-d1f2323f-7e61-4363-80b2-2a1ea49a07a7 None None] Starting request: 10.4.3.64 "GET /placement/allocations/42c5d28e-16ca-4614-b3a9-a4ed57601238" {{(pid=93137) __call__ /opt/stack/placement/placement/requestlog.py:55}}
Jul 23 07:49:56.388198 np0000005732 devstack@placement-api.service[93137]: INFO placement.requestlog [req-b818f3bf-86c4-41fb-88f6-98a9678ce246 req-d1f2323f-7e61-4363-80b2-2a1ea49a07a7 service nova] 10.4.3.64 "GET /placement/allocations/42c5d28e-16ca-4614-b3a9-a4ed57601238" status: 200 len: 244 microversion: 1.28
Jul 23 07:49:56.388359 np0000005732 devstack@placement-api.service[93137]: [pid: 93137|app: 0|req: 159/635] 10.4.3.64 () {68 vars in 1492 bytes} [Thu Jul 23 07:49:56 2026] GET /placement/allocations/42c5d28e-16ca-4614-b3a9-a4ed57601238 => generated 244 bytes in 13 msecs (HTTP/1.1 200) 8 headers in 296 bytes (1 switches on core 0)
Jul 23 07:49:56.485637 np0000005732 devstack@placement-api.service[93134]: DEBUG placement.requestlog [req-87da6489-9376-4ca9-89ac-c22f38c011cd req-964ae9dd-c040-4433-9444-fd4a4bba29ae None None] Starting request: 10.4.3.64 "GET /placement/allocations/2fc1198d-e3d8-40c4-a9bb-7a1ad52478ed" {{(pid=93134) __call__ /opt/stack/placement/placement/requestlog.py:55}}
Jul 23 07:49:56.492279 np0000005732 devstack@placement-api.service[93134]: INFO placement.requestlog [req-87da6489-9376-4ca9-89ac-c22f38c011cd req-964ae9dd-c040-4433-9444-fd4a4bba29ae service nova] 10.4.3.64 "GET /placement/allocations/2fc1198d-e3d8-40c4-a9bb-7a1ad52478ed" status: 200 len: 244 microversion: 1.28
Jul 23 07:49:56.492678 np0000005732 devstack@placement-api.service[93134]: [pid: 93134|app: 0|req: 160/636] 10.4.3.64 () {68 vars in 1492 bytes} [Thu Jul 23 07:49:56 2026] GET /placement/allocations/2fc1198d-e3d8-40c4-a9bb-7a1ad52478ed => generated 244 bytes in 8 msecs (HTTP/1.1 200) 8 headers in 296 bytes (1 switches on core 0)
Jul 23 07:49:56.616112 np0000005732 devstack@placement-api.service[93136]: DEBUG placement.requestlog [req-87da6489-9376-4ca9-89ac-c22f38c011cd req-fe944430-f971-4e95-9df4-f15eebd80610 None None] Starting request: 10.4.3.64 "GET /placement/resource_providers/f5f9a680-32d6-4257-b41c-e6518f888464/allocations" {{(pid=93136) __call__ /opt/stack/placement/placement/requestlog.py:55}}
Jul 23 07:49:56.631128 np0000005732 devstack@placement-api.service[93136]: INFO placement.requestlog [req-87da6489-9376-4ca9-89ac-c22f38c011cd req-fe944430-f971-4e95-9df4-f15eebd80610 service nova] 10.4.3.64 "GET /placement/resource_providers/f5f9a680-32d6-4257-b41c-e6518f888464/allocations" status: 200 len: 1197 microversion: 1.0
Jul 23 07:49:56.631398 np0000005732 devstack@placement-api.service[93136]: [pid: 93136|app: 0|req: 160/637] 10.4.3.64 () {66 vars in 1505 bytes} [Thu Jul 23 07:49:56 2026] GET /placement/resource_providers/f5f9a680-32d6-4257-b41c-e6518f888464/allocations => generated 1197 bytes in 15 msecs (HTTP/1.1 200) 6 headers in 225 bytes (1 switches on core 0)
Jul 23 07:49:56.673016 np0000005732 devstack@placement-api.service[93135]: DEBUG placement.requestlog [req-87da6489-9376-4ca9-89ac-c22f38c011cd req-5b7a1e3d-fe7e-4c43-b223-1b5918948c5e None None] Starting request: 10.4.3.64 "GET /placement/allocations/37085940-48bc-4920-85f4-e5278238f4b3" {{(pid=93135) __call__ /opt/stack/placement/placement/requestlog.py:55}}
Jul 23 07:49:56.682080 np0000005732 devstack@placement-api.service[93135]: INFO placement.requestlog [req-87da6489-9376-4ca9-89ac-c22f38c011cd req-5b7a1e3d-fe7e-4c43-b223-1b5918948c5e service nova] 10.4.3.64 "GET /placement/allocations/37085940-48bc-4920-85f4-e5278238f4b3" status: 200 len: 258 microversion: 1.28
Jul 23 07:49:56.682382 np0000005732 devstack@placement-api.service[93135]: [pid: 93135|app: 0|req: 159/638] 10.4.3.64 () {68 vars in 1492 bytes} [Thu Jul 23 07:49:56 2026] GET /placement/allocations/37085940-48bc-4920-85f4-e5278238f4b3 => generated 258 bytes in 10 msecs (HTTP/1.1 200) 8 headers in 296 bytes (1 switches on core 0)
Jul 23 07:49:56.768078 np0000005732 devstack@placement-api.service[93137]: DEBUG placement.requestlog [req-87da6489-9376-4ca9-89ac-c22f38c011cd req-e077f8b9-4957-428a-8df3-18cc00fb6cc0 None None] Starting request: 10.4.3.64 "GET /placement/allocations/723a8d29-a954-4b10-8553-998340df68c3" {{(pid=93137) __call__ /opt/stack/placement/placement/requestlog.py:55}}
Jul 23 07:49:56.784269 np0000005732 devstack@placement-api.service[93137]: INFO placement.requestlog [req-87da6489-9376-4ca9-89ac-c22f38c011cd req-e077f8b9-4957-428a-8df3-18cc00fb6cc0 service nova] 10.4.3.64 "GET /placement/allocations/723a8d29-a954-4b10-8553-998340df68c3" status: 200 len: 258 microversion: 1.28
