Jul 11 16:31:21.456669 np0000005078 devstack@g-api.service[103009]: DEBUG glance_store.location [-] Registering scheme swift+config with {'store': , 'location_class': , 'store_entry': 'swift'} {{(pid=103009) register_scheme_map /opt/stack/data/venv/lib/python3.12/site-packages/glance_store/location.py:146}}
Jul 11 16:31:21.456696 np0000005078 devstack@g-api.service[103009]: DEBUG glance_store.backend [-] Attempting to import store http {{(pid=103009) _load_store /opt/stack/data/venv/lib/python3.12/site-packages/glance_store/backend.py:215}}
Jul 11 16:31:21.456862 np0000005078 devstack@g-api.service[103009]: DEBUG glance_store.capabilities [-] Store glance_store._drivers.http.Store doesn't support updating dynamic storage capabilities. Please overwrite 'update_capabilities' method of the store to implement updating logics if needed. {{(pid=103009) update_capabilities /opt/stack/data/venv/lib/python3.12/site-packages/glance_store/capabilities.py:91}}
Jul 11 16:31:21.456903 np0000005078 devstack@g-api.service[103009]: DEBUG glance_store.backend [-] Registering store http with schemes ('http', 'https') {{(pid=103009) create_stores /opt/stack/data/venv/lib/python3.12/site-packages/glance_store/backend.py:261}}
Jul 11 16:31:21.456961 np0000005078 devstack@g-api.service[103009]: DEBUG glance_store.driver [-] Late loading location class glance_store._drivers.http.StoreLocation {{(pid=103009) get_store_location_class /opt/stack/data/venv/lib/python3.12/site-packages/glance_store/driver.py:134}}
Jul 11 16:31:21.457020 np0000005078 devstack@g-api.service[103009]: DEBUG glance_store.location [-] Registering scheme http with {'store': , 'location_class': , 'store_entry': 'http'} {{(pid=103009) register_scheme_map /opt/stack/data/venv/lib/python3.12/site-packages/glance_store/location.py:146}}
Jul 11 16:31:21.457081 np0000005078 devstack@g-api.service[103009]: DEBUG glance_store.location [-] Registering scheme https with {'store': , 'location_class': , 'store_entry': 'http'} {{(pid=103009) register_scheme_map /opt/stack/data/venv/lib/python3.12/site-packages/glance_store/location.py:146}}
Jul 11 16:31:21.457192 np0000005078 devstack@g-api.service[103009]: DEBUG glance_store.backend [-] Attempting to import store swift {{(pid=103009) _load_store /opt/stack/data/venv/lib/python3.12/site-packages/glance_store/backend.py:215}}
Jul 11 16:31:21.458261 np0000005078 devstack@g-api.service[103009]: DEBUG glance_store.capabilities [-] Store glance_store._drivers.swift.store.SingleTenantStore doesn't support updating dynamic storage capabilities. Please overwrite 'update_capabilities' method of the store to implement updating logics if needed. {{(pid=103009) update_capabilities /opt/stack/data/venv/lib/python3.12/site-packages/glance_store/capabilities.py:91}}
Jul 11 16:31:21.458358 np0000005078 devstack@g-api.service[103009]: DEBUG glance_store.driver [-] Late loading location class glance_store._drivers.swift.store.StoreLocation {{(pid=103009) get_store_location_class /opt/stack/data/venv/lib/python3.12/site-packages/glance_store/driver.py:134}}
Jul 11 16:31:21.458444 np0000005078 devstack@g-api.service[103009]: DEBUG glance_store.location [-] Registering scheme swift+https with {'store': , 'location_class': , 'store_entry': 'swift'} {{(pid=103009) register_scheme_map /opt/stack/data/venv/lib/python3.12/site-packages/glance_store/location.py:146}}
Jul 11 16:31:21.458504 np0000005078 devstack@g-api.service[103009]: DEBUG glance_store.location [-] Registering scheme swift+https with {'store': , 'location_class': , 'store_entry': 'swift'} {{(pid=103009) register_scheme_map /opt/stack/data/venv/lib/python3.12/site-packages/glance_store/location.py:146}}
Jul 11 16:31:21.458581 np0000005078 devstack@g-api.service[103009]: DEBUG glance_store.location [-] Registering scheme swift with {'store': , 'location_class': , 'store_entry': 'swift'} {{(pid=103009) register_scheme_map /opt/stack/data/venv/lib/python3.12/site-packages/glance_store/location.py:146}}
Jul 11 16:31:21.458633 np0000005078 devstack@g-api.service[103009]: DEBUG glance_store.location [-] Registering scheme swift+https with {'store': , 'location_class': , 'store_entry': 'swift'} {{(pid=103009) register_scheme_map /opt/stack/data/venv/lib/python3.12/site-packages/glance_store/location.py:146}}
Jul 11 16:31:21.458659 np0000005078 devstack@g-api.service[103009]: DEBUG glance_store.location [-] Registering scheme swift with {'store': , 'location_class': , 'store_entry': 'swift'} {{(pid=103009) register_scheme_map /opt/stack/data/venv/lib/python3.12/site-packages/glance_store/location.py:146}}
Jul 11 16:31:21.458716 np0000005078 devstack@g-api.service[103009]: DEBUG glance_store.location [-] Registering scheme swift+http with {'store': , 'location_class': , 'store_entry': 'swift'} {{(pid=103009) register_scheme_map /opt/stack/data/venv/lib/python3.12/site-packages/glance_store/location.py:146}}
Jul 11 16:31:21.458774 np0000005078 devstack@g-api.service[103009]: DEBUG glance_store.location [-] Registering scheme swift+https with {'store': , 'location_class': , 'store_entry': 'swift'} {{(pid=103009) register_scheme_map /opt/stack/data/venv/lib/python3.12/site-packages/glance_store/location.py:146}}
Jul 11 16:31:21.458830 np0000005078 devstack@g-api.service[103009]: DEBUG glance_store.location [-] Registering scheme swift with {'store': , 'location_class': , 'store_entry': 'swift'} {{(pid=103009) register_scheme_map /opt/stack/data/venv/lib/python3.12/site-packages/glance_store/location.py:146}}
Jul 11 16:31:21.458830 np0000005078 devstack@g-api.service[103009]: DEBUG glance_store.location [-] Registering scheme swift+http with {'store': , 'location_class': , 'store_entry': 'swift'} {{(pid=103009) register_scheme_map /opt/stack/data/venv/lib/python3.12/site-packages/glance_store/location.py:146}}
Jul 11 16:31:21.458892 np0000005078 devstack@g-api.service[103009]: DEBUG glance_store.location [-] Registering scheme swift+config with {'store': , 'location_class': , 'store_entry': 'swift'} {{(pid=103009) register_scheme_map /opt/stack/data/venv/lib/python3.12/site-packages/glance_store/location.py:146}}
Jul 11 16:31:21.459157 np0000005078 devstack@g-api.service[103009]: DEBUG glance.sqlite_migration [-] SQLite caching database not located, skipping migration {{(pid=103009) get_db_path /opt/stack/glance/glance/sqlite_migration.py:68}}
Jul 11 16:31:21.459361 np0000005078 devstack@g-api.service[103009]: WARNING glance.common.wsgi_app [-] Import methods are enabled but staging directory /tmp/staging/ does not exist; Imports will fail!
Jul 11 16:31:21.491633 np0000005078 devstack@g-api.service[103010]: DEBUG glance_store.backend [-] Attempting to import store cinder {{(pid=103010) _load_store /opt/stack/data/venv/lib/python3.12/site-packages/glance_store/backend.py:215}}
Jul 11 16:31:21.491796 np0000005078 devstack@g-api.service[103010]: DEBUG glance_store.backend [-] Attempting to import store file {{(pid=103010) _load_store /opt/stack/data/venv/lib/python3.12/site-packages/glance_store/backend.py:215}}
Jul 11 16:31:21.491891 np0000005078 devstack@g-api.service[103010]: DEBUG glance_store.backend [-] Attempting to import store glance.store.cinder.Store {{(pid=103010) _load_store /opt/stack/data/venv/lib/python3.12/site-packages/glance_store/backend.py:215}}
Jul 11 16:31:21.491936 np0000005078 devstack@g-api.service[103010]: DEBUG glance_store.backend [-] Attempting to import store glance.store.filesystem.Store {{(pid=103010) _load_store /opt/stack/data/venv/lib/python3.12/site-packages/glance_store/backend.py:215}}
Jul 11 16:31:21.492004 np0000005078 devstack@g-api.service[103010]: DEBUG glance_store.backend [-] Attempting to import store glance.store.http.Store {{(pid=103010) _load_store /opt/stack/data/venv/lib/python3.12/site-packages/glance_store/backend.py:215}}
Jul 11 16:31:21.492086 np0000005078 devstack@g-api.service[103010]: DEBUG glance_store.backend [-] Attempting to import store glance.store.rbd.Store {{(pid=103010) _load_store /opt/stack/data/venv/lib/python3.12/site-packages/glance_store/backend.py:215}}
Jul 11 16:31:21.492154 np0000005078 devstack@g-api.service[103010]: DEBUG glance_store.backend [-] Attempting to import store glance.store.s3.Store {{(pid=103010) _load_store /opt/stack/data/venv/lib/python3.12/site-packages/glance_store/backend.py:215}}
Jul 11 16:31:21.492238 np0000005078 devstack@g-api.service[103010]: DEBUG glance_store.backend [-] Attempting to import store glance.store.swift.Store {{(pid=103010) _load_store /opt/stack/data/venv/lib/python3.12/site-packages/glance_store/backend.py:215}}
Jul 11 16:31:21.492310 np0000005078 devstack@g-api.service[103010]: DEBUG glance_store.backend [-] Attempting to import store glance.store.vmware_datastore.Store {{(pid=103010) _load_store /opt/stack/data/venv/lib/python3.12/site-packages/glance_store/backend.py:215}}
Jul 11 16:31:21.492385 np0000005078 devstack@g-api.service[103010]: DEBUG glance_store.backend [-] Attempting to import store http {{(pid=103010) _load_store /opt/stack/data/venv/lib/python3.12/site-packages/glance_store/backend.py:215}}
Jul 11 16:31:21.492477 np0000005078 devstack@g-api.service[103010]: DEBUG glance_store.backend [-] Attempting to import store no_conf {{(pid=103010) _load_store /opt/stack/data/venv/lib/python3.12/site-packages/glance_store/backend.py:215}}
Jul 11 16:31:21.492548 np0000005078 devstack@g-api.service[103010]: DEBUG glance_store.backend [-] Attempting to import store rbd {{(pid=103010) _load_store /opt/stack/data/venv/lib/python3.12/site-packages/glance_store/backend.py:215}}
Jul 11 16:31:21.492619 np0000005078 devstack@g-api.service[103010]: DEBUG glance_store.backend [-] Attempting to import store s3 {{(pid=103010) _load_store /opt/stack/data/venv/lib/python3.12/site-packages/glance_store/backend.py:215}}
Jul 11 16:31:21.492688 np0000005078 devstack@g-api.service[103010]: DEBUG glance_store.backend [-] Attempting to import store swift {{(pid=103010) _load_store /opt/stack/data/venv/lib/python3.12/site-packages/glance_store/backend.py:215}}
Jul 11 16:31:21.492759 np0000005078 devstack@g-api.service[103010]: DEBUG glance_store.backend [-] Attempting to import store vmware {{(pid=103010) _load_store /opt/stack/data/venv/lib/python3.12/site-packages/glance_store/backend.py:215}}
Jul 11 16:31:21.492849 np0000005078 devstack@g-api.service[103010]: DEBUG glance_store.backend [-] Registering options for group glance_store {{(pid=103010) register_opts /opt/stack/data/venv/lib/python3.12/site-packages/glance_store/backend.py:144}}
Jul 11 16:31:21.493001 np0000005078 devstack@g-api.service[103010]: DEBUG glance_store.backend [-] Registering options for group glance_store {{(pid=103010) register_opts /opt/stack/data/venv/lib/python3.12/site-packages/glance_store/backend.py:144}}
Jul 11 16:31:21.493514 np0000005078 devstack@g-api.service[103010]: WARNING oslo_config.cfg [-] Deprecated: Option "stores" from group "glance_store" is deprecated for removal (
Jul 11 16:31:21.493514 np0000005078 devstack@g-api.service[103010]: This option is deprecated against new config option
Jul 11 16:31:21.493514 np0000005078 devstack@g-api.service[103010]: ``enabled_backends`` which helps to configure multiple backend stores
Jul 11 16:31:21.493514 np0000005078 devstack@g-api.service[103010]: of different schemes.
Jul 11 16:31:21.493514 np0000005078 devstack@g-api.service[103010]: This option is scheduled for removal in the U development
Jul 11 16:31:21.493514 np0000005078 devstack@g-api.service[103010]: cycle.
Jul 11 16:31:21.493514 np0000005078 devstack@g-api.service[103010]: ). Its value may be silently ignored in the future.
Jul 11 16:31:21.493662 np0000005078 devstack@g-api.service[103010]: DEBUG glance_store.backend [-] Attempting to import store file {{(pid=103010) _load_store /opt/stack/data/venv/lib/python3.12/site-packages/glance_store/backend.py:215}}
Jul 11 16:31:21.494112 np0000005078 devstack@g-api.service[103010]: DEBUG glance_store.capabilities [-] Store glance_store._drivers.filesystem.Store doesn't support updating dynamic storage capabilities. Please overwrite 'update_capabilities' method of the store to implement updating logics if needed. {{(pid=103010) update_capabilities /opt/stack/data/venv/lib/python3.12/site-packages/glance_store/capabilities.py:91}}
Jul 11 16:31:21.494155 np0000005078 devstack@g-api.service[103010]: DEBUG glance_store.backend [-] Registering store file with schemes ('file', 'filesystem') {{(pid=103010) create_stores /opt/stack/data/venv/lib/python3.12/site-packages/glance_store/backend.py:261}}
Jul 11 16:31:21.494238 np0000005078 devstack@g-api.service[103010]: DEBUG glance_store.driver [-] Late loading location class glance_store._drivers.filesystem.StoreLocation {{(pid=103010) get_store_location_class /opt/stack/data/venv/lib/python3.12/site-packages/glance_store/driver.py:134}}
Jul 11 16:31:21.494286 np0000005078 devstack@g-api.service[103010]: DEBUG glance_store.location [-] Registering scheme file with {'store': , 'location_class': , 'store_entry': 'file'} {{(pid=103010) register_scheme_map /opt/stack/data/venv/lib/python3.12/site-packages/glance_store/location.py:146}}
Jul 11 16:31:21.494344 np0000005078 devstack@g-api.service[103010]: DEBUG glance_store.location [-] Registering scheme filesystem with {'store': , 'location_class': , 'store_entry': 'file'} {{(pid=103010) register_scheme_map /opt/stack/data/venv/lib/python3.12/site-packages/glance_store/location.py:146}}
Jul 11 16:31:21.494522 np0000005078 devstack@g-api.service[103010]: DEBUG glance_store.backend [-] Attempting to import store swift {{(pid=103010) _load_store /opt/stack/data/venv/lib/python3.12/site-packages/glance_store/backend.py:215}}
Jul 11 16:31:21.494696 np0000005078 devstack@g-api.service[103010]: WARNING oslo_config.cfg [-] Deprecated: Option "default_store" from group "glance_store" is deprecated for removal (
Jul 11 16:31:21.494696 np0000005078 devstack@g-api.service[103010]: This option is deprecated against new config option
Jul 11 16:31:21.494696 np0000005078 devstack@g-api.service[103010]: ``default_backend`` which acts similar to ``default_store`` config
Jul 11 16:31:21.494696 np0000005078 devstack@g-api.service[103010]: option.
Jul 11 16:31:21.494696 np0000005078 devstack@g-api.service[103010]: This option is scheduled for removal in the U development
Jul 11 16:31:21.494696 np0000005078 devstack@g-api.service[103010]: cycle.
Jul 11 16:31:21.494696 np0000005078 devstack@g-api.service[103010]: ). Its value may be silently ignored in the future.
Jul 11 16:31:21.495867 np0000005078 devstack@g-api.service[103010]: DEBUG glance_store.capabilities [-] Store glance_store._drivers.swift.store.SingleTenantStore doesn't support updating dynamic storage capabilities. Please overwrite 'update_capabilities' method of the store to implement updating logics if needed. {{(pid=103010) update_capabilities /opt/stack/data/venv/lib/python3.12/site-packages/glance_store/capabilities.py:91}}
Jul 11 16:31:21.495912 np0000005078 devstack@g-api.service[103010]: DEBUG glance_store.backend [-] Registering store swift with schemes ('swift+https', 'swift', 'swift+http', 'swift+config') {{(pid=103010) create_stores /opt/stack/data/venv/lib/python3.12/site-packages/glance_store/backend.py:261}}
Jul 11 16:31:21.495988 np0000005078 devstack@g-api.service[103010]: DEBUG glance_store.driver [-] Late loading location class glance_store._drivers.swift.store.StoreLocation {{(pid=103010) get_store_location_class /opt/stack/data/venv/lib/python3.12/site-packages/glance_store/driver.py:134}}
Jul 11 16:31:21.496065 np0000005078 devstack@g-api.service[103010]: DEBUG glance_store.location [-] Registering scheme swift+https with {'store': , 'location_class': , 'store_entry': 'swift'} {{(pid=103010) register_scheme_map /opt/stack/data/venv/lib/python3.12/site-packages/glance_store/location.py:146}}
Jul 11 16:31:21.496132 np0000005078 devstack@g-api.service[103010]: DEBUG glance_store.location [-] Registering scheme swift with {'store': , 'location_class': , 'store_entry': 'swift'} {{(pid=103010) register_scheme_map /opt/stack/data/venv/lib/python3.12/site-packages/glance_store/location.py:146}}
Jul 11 16:31:21.496132 np0000005078 devstack@g-api.service[103010]: DEBUG glance_store.location [-] Registering scheme swift+http with {'store': , 'location_class': , 'store_entry': 'swift'} {{(pid=103010) register_scheme_map /opt/stack/data/venv/lib/python3.12/site-packages/glance_store/location.py:146}}
Jul 11 16:31:21.496178 np0000005078 devstack@g-api.service[103010]: DEBUG glance_store.location [-] Registering scheme swift+config with {'store': , 'location_class': , 'store_entry': 'swift'} {{(pid=103010) register_scheme_map /opt/stack/data/venv/lib/python3.12/site-packages/glance_store/location.py:146}}
Jul 11 16:31:21.496240 np0000005078 devstack@g-api.service[103010]: DEBUG glance_store.backend [-] Attempting to import store http {{(pid=103010) _load_store /opt/stack/data/venv/lib/python3.12/site-packages/glance_store/backend.py:215}}
Jul 11 16:31:21.496440 np0000005078 devstack@g-api.service[103010]: DEBUG glance_store.capabilities [-] Store glance_store._drivers.http.Store doesn't support updating dynamic storage capabilities. Please overwrite 'update_capabilities' method of the store to implement updating logics if needed. {{(pid=103010) update_capabilities /opt/stack/data/venv/lib/python3.12/site-packages/glance_store/capabilities.py:91}}
Jul 11 16:31:21.496503 np0000005078 devstack@g-api.service[103010]: DEBUG glance_store.backend [-] Registering store http with schemes ('http', 'https') {{(pid=103010) create_stores /opt/stack/data/venv/lib/python3.12/site-packages/glance_store/backend.py:261}}
Jul 11 16:31:21.496576 np0000005078 devstack@g-api.service[103010]: DEBUG glance_store.driver [-] Late loading location class glance_store._drivers.http.StoreLocation {{(pid=103010) get_store_location_class /opt/stack/data/venv/lib/python3.12/site-packages/glance_store/driver.py:134}}
Jul 11 16:31:21.496646 np0000005078 devstack@g-api.service[103010]: DEBUG glance_store.location [-] Registering scheme http with {'store': , 'location_class': , 'store_entry': 'http'} {{(pid=103010) register_scheme_map /opt/stack/data/venv/lib/python3.12/site-packages/glance_store/location.py:146}}
Jul 11 16:31:21.496700 np0000005078 devstack@g-api.service[103010]: DEBUG glance_store.location [-] Registering scheme https with {'store': , 'location_class': , 'store_entry': 'http'} {{(pid=103010) register_scheme_map /opt/stack/data/venv/lib/python3.12/site-packages/glance_store/location.py:146}}
Jul 11 16:31:21.496790 np0000005078 devstack@g-api.service[103010]: DEBUG glance_store.backend [-] Attempting to import store swift {{(pid=103010) _load_store /opt/stack/data/venv/lib/python3.12/site-packages/glance_store/backend.py:215}}
Jul 11 16:31:21.497798 np0000005078 devstack@g-api.service[103010]: DEBUG glance_store.capabilities [-] Store glance_store._drivers.swift.store.SingleTenantStore doesn't support updating dynamic storage capabilities. Please overwrite 'update_capabilities' method of the store to implement updating logics if needed. {{(pid=103010) update_capabilities /opt/stack/data/venv/lib/python3.12/site-packages/glance_store/capabilities.py:91}}
Jul 11 16:31:21.497844 np0000005078 devstack@g-api.service[103010]: DEBUG glance_store.driver [-] Late loading location class glance_store._drivers.swift.store.StoreLocation {{(pid=103010) get_store_location_class /opt/stack/data/venv/lib/python3.12/site-packages/glance_store/driver.py:134}}
Jul 11 16:31:21.497905 np0000005078 devstack@g-api.service[103010]: DEBUG glance_store.location [-] Registering scheme swift+https with {'store': , 'location_class': , 'store_entry': 'swift'} {{(pid=103010) register_scheme_map /opt/stack/data/venv/lib/python3.12/site-packages/glance_store/location.py:146}}
Jul 11 16:31:21.497948 np0000005078 devstack@g-api.service[103010]: DEBUG glance_store.location [-] Registering scheme swift+https with {'store': , 'location_class': , 'store_entry': 'swift'} {{(pid=103010) register_scheme_map /opt/stack/data/venv/lib/python3.12/site-packages/glance_store/location.py:146}}
Jul 11 16:31:21.498028 np0000005078 devstack@g-api.service[103010]: DEBUG glance_store.location [-] Registering scheme swift with {'store': , 'location_class': , 'store_entry': 'swift'} {{(pid=103010) register_scheme_map /opt/stack/data/venv/lib/python3.12/site-packages/glance_store/location.py:146}}
Jul 11 16:31:21.498106 np0000005078 devstack@g-api.service[103010]: DEBUG glance_store.location [-] Registering scheme swift+https with {'store': , 'location_class': , 'store_entry': 'swift'} {{(pid=103010) register_scheme_map /opt/stack/data/venv/lib/python3.12/site-packages/glance_store/location.py:146}}
Jul 11 16:31:21.498106 np0000005078 devstack@g-api.service[103010]: DEBUG glance_store.location [-] Registering scheme swift with {'store': , 'location_class': , 'store_entry': 'swift'} {{(pid=103010) register_scheme_map /opt/stack/data/venv/lib/python3.12/site-packages/glance_store/location.py:146}}
Jul 11 16:31:21.498150 np0000005078 devstack@g-api.service[103010]: DEBUG glance_store.location [-] Registering scheme swift+http with {'store': , 'location_class': , 'store_entry': 'swift'} {{(pid=103010) register_scheme_map /opt/stack/data/venv/lib/python3.12/site-packages/glance_store/location.py:146}}
Jul 11 16:31:21.498207 np0000005078 devstack@g-api.service[103010]: DEBUG glance_store.location [-] Registering scheme swift+https with {'store': , 'location_class': , 'store_entry': 'swift'} {{(pid=103010) register_scheme_map /opt/stack/data/venv/lib/python3.12/site-packages/glance_store/location.py:146}}
Jul 11 16:31:21.498259 np0000005078 devstack@g-api.service[103010]: DEBUG glance_store.location [-] Registering scheme swift with {'store': , 'location_class': , 'store_entry': 'swift'} {{(pid=103010) register_scheme_map /opt/stack/data/venv/lib/python3.12/site-packages/glance_store/location.py:146}}
Jul 11 16:31:21.498305 np0000005078 devstack@g-api.service[103010]: DEBUG glance_store.location [-] Registering scheme swift+http with {'store': , 'location_class': , 'store_entry': 'swift'} {{(pid=103010) register_scheme_map /opt/stack/data/venv/lib/python3.12/site-packages/glance_store/location.py:146}}
Jul 11 16:31:21.498373 np0000005078 devstack@g-api.service[103010]: DEBUG glance_store.location [-] Registering scheme swift+config with {'store': , 'location_class': , 'store_entry': 'swift'} {{(pid=103010) register_scheme_map /opt/stack/data/venv/lib/python3.12/site-packages/glance_store/location.py:146}}
Jul 11 16:31:21.498658 np0000005078 devstack@g-api.service[103010]: DEBUG glance.sqlite_migration [-] SQLite caching database not located, skipping migration {{(pid=103010) get_db_path /opt/stack/glance/glance/sqlite_migration.py:68}}
Jul 11 16:31:21.498853 np0000005078 devstack@g-api.service[103010]: WARNING glance.common.wsgi_app [-] Import methods are enabled but staging directory /tmp/staging/ does not exist; Imports will fail!
Jul 11 16:31:21.515090 np0000005078 devstack@g-api.service[103008]: DEBUG glance.common.config [None req-8f91d08d-b94c-49e1-ba5c-c6acc96f4a72 None None] Loading glance-api-keystone+cachemanagement from /etc/glance/glance-api-paste.ini {{(pid=103008) load_paste_app /opt/stack/glance/glance/common/config.py:765}}
Jul 11 16:31:21.557295 np0000005078 devstack@g-api.service[103007]: DEBUG glance.common.config [None req-2d44c8db-7487-401b-9a0e-b90d6d4ad4ad None None] Loading glance-api-keystone+cachemanagement from /etc/glance/glance-api-paste.ini {{(pid=103007) load_paste_app /opt/stack/glance/glance/common/config.py:765}}
Jul 11 16:31:21.605308 np0000005078 devstack@g-api.service[103009]: DEBUG glance.common.config [None req-b380a8b2-f2bf-4314-9768-5a4cfe0af1c2 None None] Loading glance-api-keystone+cachemanagement from /etc/glance/glance-api-paste.ini {{(pid=103009) load_paste_app /opt/stack/glance/glance/common/config.py:765}}
Jul 11 16:31:21.637410 np0000005078 devstack@g-api.service[103010]: DEBUG glance.common.config [None req-79bf7765-78f6-4ae1-ab81-deff7494c6fa None None] Loading glance-api-keystone+cachemanagement from /etc/glance/glance-api-paste.ini {{(pid=103010) load_paste_app /opt/stack/glance/glance/common/config.py:765}}
Jul 11 16:31:22.118192 np0000005078 devstack@g-api.service[103008]: INFO glance.image_cache [None req-8f91d08d-b94c-49e1-ba5c-c6acc96f4a72 None None] Image cache loaded driver 'centralized_db'.
Jul 11 16:31:22.118724 np0000005078 devstack@g-api.service[103007]: INFO glance.image_cache [None req-2d44c8db-7487-401b-9a0e-b90d6d4ad4ad None None] Image cache loaded driver 'centralized_db'.
Jul 11 16:31:22.130616 np0000005078 devstack@g-api.service[103009]: INFO glance.image_cache [None req-b380a8b2-f2bf-4314-9768-5a4cfe0af1c2 None None] Image cache loaded driver 'centralized_db'.
Jul 11 16:31:22.162261 np0000005078 devstack@g-api.service[103008]: INFO dbcounter [None req-8f91d08d-b94c-49e1-ba5c-c6acc96f4a72 None None] Registered counter for database glance
Jul 11 16:31:22.164440 np0000005078 devstack@g-api.service[103007]: INFO dbcounter [None req-2d44c8db-7487-401b-9a0e-b90d6d4ad4ad None None] Registered counter for database glance
Jul 11 16:31:22.179013 np0000005078 devstack@g-api.service[103009]: INFO dbcounter [None req-b380a8b2-f2bf-4314-9768-5a4cfe0af1c2 None None] Registered counter for database glance
Jul 11 16:31:22.185409 np0000005078 devstack@g-api.service[103010]: INFO glance.image_cache [None req-79bf7765-78f6-4ae1-ab81-deff7494c6fa None None] Image cache loaded driver 'centralized_db'.
Jul 11 16:31:22.206829 np0000005078 devstack@g-api.service[103008]: DEBUG oslo_db.sqlalchemy.engines [None req-8f91d08d-b94c-49e1-ba5c-c6acc96f4a72 None None] MySQL server mode set to STRICT_TRANS_TABLES,STRICT_ALL_TABLES,NO_ZERO_IN_DATE,NO_ZERO_DATE,ERROR_FOR_DIVISION_BY_ZERO,TRADITIONAL,NO_ENGINE_SUBSTITUTION {{(pid=103008) _check_effective_sql_mode /opt/stack/data/venv/lib/python3.12/site-packages/oslo_db/sqlalchemy/engines.py:325}}
Jul 11 16:31:22.209775 np0000005078 devstack@g-api.service[103007]: DEBUG oslo_db.sqlalchemy.engines [None req-2d44c8db-7487-401b-9a0e-b90d6d4ad4ad None None] MySQL server mode set to STRICT_TRANS_TABLES,STRICT_ALL_TABLES,NO_ZERO_IN_DATE,NO_ZERO_DATE,ERROR_FOR_DIVISION_BY_ZERO,TRADITIONAL,NO_ENGINE_SUBSTITUTION {{(pid=103007) _check_effective_sql_mode /opt/stack/data/venv/lib/python3.12/site-packages/oslo_db/sqlalchemy/engines.py:325}}
Jul 11 16:31:22.226668 np0000005078 devstack@g-api.service[103009]: DEBUG oslo_db.sqlalchemy.engines [None req-b380a8b2-f2bf-4314-9768-5a4cfe0af1c2 None None] MySQL server mode set to STRICT_TRANS_TABLES,STRICT_ALL_TABLES,NO_ZERO_IN_DATE,NO_ZERO_DATE,ERROR_FOR_DIVISION_BY_ZERO,TRADITIONAL,NO_ENGINE_SUBSTITUTION {{(pid=103009) _check_effective_sql_mode /opt/stack/data/venv/lib/python3.12/site-packages/oslo_db/sqlalchemy/engines.py:325}}
Jul 11 16:31:22.234426 np0000005078 devstack@g-api.service[103007]: DEBUG dbcounter [-] [103007] Writer thread running {{(pid=103007) stat_writer /opt/stack/data/venv/lib/python3.12/site-packages/dbcounter.py:102}}
Jul 11 16:31:22.238589 np0000005078 devstack@g-api.service[103008]: DEBUG dbcounter [-] [103008] Writer thread running {{(pid=103008) stat_writer /opt/stack/data/venv/lib/python3.12/site-packages/dbcounter.py:102}}
Jul 11 16:31:22.242251 np0000005078 devstack@g-api.service[103008]: DEBUG glance.image_cache.drivers.centralized_db [None req-8f91d08d-b94c-49e1-ba5c-c6acc96f4a72 None None] Node reference is already recorded, ignoring it {{(pid=103008) configure /opt/stack/glance/glance/image_cache/drivers/centralized_db.py:71}}
Jul 11 16:31:22.246063 np0000005078 devstack@g-api.service[103007]: INFO glance.image_cache [None req-2d44c8db-7487-401b-9a0e-b90d6d4ad4ad None None] Image cache loaded driver 'centralized_db'.
Jul 11 16:31:22.250036 np0000005078 devstack@g-api.service[103010]: INFO dbcounter [None req-79bf7765-78f6-4ae1-ab81-deff7494c6fa None None] Registered counter for database glance
Jul 11 16:31:22.250802 np0000005078 devstack@g-api.service[103008]: INFO glance.image_cache [None req-8f91d08d-b94c-49e1-ba5c-c6acc96f4a72 None None] Image cache loaded driver 'centralized_db'.
Jul 11 16:31:22.251009 np0000005078 devstack@g-api.service[103009]: DEBUG dbcounter [-] [103009] Writer thread running {{(pid=103009) stat_writer /opt/stack/data/venv/lib/python3.12/site-packages/dbcounter.py:102}}
Jul 11 16:31:22.254411 np0000005078 devstack@g-api.service[103007]: DEBUG glance.image_cache.drivers.centralized_db [None req-2d44c8db-7487-401b-9a0e-b90d6d4ad4ad None None] Node reference is already recorded, ignoring it {{(pid=103007) configure /opt/stack/glance/glance/image_cache/drivers/centralized_db.py:71}}
Jul 11 16:31:22.254587 np0000005078 devstack@g-api.service[103009]: DEBUG glance.image_cache.drivers.centralized_db [None req-b380a8b2-f2bf-4314-9768-5a4cfe0af1c2 None None] Node reference is already recorded, ignoring it {{(pid=103009) configure /opt/stack/glance/glance/image_cache/drivers/centralized_db.py:71}}
Jul 11 16:31:22.260131 np0000005078 devstack@g-api.service[103009]: INFO glance.image_cache [None req-b380a8b2-f2bf-4314-9768-5a4cfe0af1c2 None None] Image cache loaded driver 'centralized_db'.
Jul 11 16:31:22.263134 np0000005078 devstack@g-api.service[103008]: DEBUG glance.image_cache.drivers.centralized_db [None req-8f91d08d-b94c-49e1-ba5c-c6acc96f4a72 None None] Node reference is already recorded, ignoring it {{(pid=103008) configure /opt/stack/glance/glance/image_cache/drivers/centralized_db.py:71}}
Jul 11 16:31:22.306248 np0000005078 devstack@g-api.service[103010]: DEBUG oslo_db.sqlalchemy.engines [None req-79bf7765-78f6-4ae1-ab81-deff7494c6fa None None] MySQL server mode set to STRICT_TRANS_TABLES,STRICT_ALL_TABLES,NO_ZERO_IN_DATE,NO_ZERO_DATE,ERROR_FOR_DIVISION_BY_ZERO,TRADITIONAL,NO_ENGINE_SUBSTITUTION {{(pid=103010) _check_effective_sql_mode /opt/stack/data/venv/lib/python3.12/site-packages/oslo_db/sqlalchemy/engines.py:325}}
Jul 11 16:31:22.334497 np0000005078 devstack@g-api.service[103010]: DEBUG dbcounter [-] [103010] Writer thread running {{(pid=103010) stat_writer /opt/stack/data/venv/lib/python3.12/site-packages/dbcounter.py:102}}
Jul 11 16:31:22.337183 np0000005078 devstack@g-api.service[103010]: DEBUG glance.image_cache.drivers.centralized_db [None req-79bf7765-78f6-4ae1-ab81-deff7494c6fa None None] Node reference is already recorded, ignoring it {{(pid=103010) configure /opt/stack/glance/glance/image_cache/drivers/centralized_db.py:71}}
Jul 11 16:31:22.344334 np0000005078 devstack@g-api.service[103010]: INFO glance.image_cache [None req-79bf7765-78f6-4ae1-ab81-deff7494c6fa None None] Image cache loaded driver 'centralized_db'.
Jul 11 16:31:22.351583 np0000005078 devstack@g-api.service[103007]: DEBUG glance.api.v2.cached_images [None req-2d44c8db-7487-401b-9a0e-b90d6d4ad4ad None None] Started cache worker thread {{(pid=103007) __init__ /opt/stack/glance/glance/api/v2/cached_images.py:71}}
Jul 11 16:31:22.352561 np0000005078 devstack@g-api.service[103007]: INFO glance.image_cache [None req-2d44c8db-7487-401b-9a0e-b90d6d4ad4ad None None] Image cache loaded driver 'centralized_db'.
Jul 11 16:31:22.361382 np0000005078 devstack@g-api.service[103007]: DEBUG glance.image_cache.drivers.centralized_db [None req-2d44c8db-7487-401b-9a0e-b90d6d4ad4ad None None] Node reference is already recorded, ignoring it {{(pid=103007) configure /opt/stack/glance/glance/image_cache/drivers/centralized_db.py:71}}
Jul 11 16:31:22.363732 np0000005078 devstack@g-api.service[103008]: DEBUG glance.api.v2.cached_images [None req-8f91d08d-b94c-49e1-ba5c-c6acc96f4a72 None None] Started cache worker thread {{(pid=103008) __init__ /opt/stack/glance/glance/api/v2/cached_images.py:71}}
Jul 11 16:31:22.364547 np0000005078 devstack@g-api.service[103008]: INFO glance.image_cache [None req-8f91d08d-b94c-49e1-ba5c-c6acc96f4a72 None None] Image cache loaded driver 'centralized_db'.
Jul 11 16:31:22.366241 np0000005078 devstack@g-api.service[103007]: INFO glance.api.middleware.cache_manage [None req-2d44c8db-7487-401b-9a0e-b90d6d4ad4ad None None] Initialized image cache management middleware
Jul 11 16:31:22.366385 np0000005078 devstack@g-api.service[103007]: INFO glance.image_cache [None req-2d44c8db-7487-401b-9a0e-b90d6d4ad4ad None None] Image cache loaded driver 'centralized_db'.
Jul 11 16:31:22.371122 np0000005078 devstack@g-api.service[103008]: DEBUG glance.image_cache.drivers.centralized_db [None req-8f91d08d-b94c-49e1-ba5c-c6acc96f4a72 None None] Node reference is already recorded, ignoring it {{(pid=103008) configure /opt/stack/glance/glance/image_cache/drivers/centralized_db.py:71}}
Jul 11 16:31:22.372648 np0000005078 devstack@g-api.service[103007]: DEBUG glance.image_cache.drivers.centralized_db [None req-2d44c8db-7487-401b-9a0e-b90d6d4ad4ad None None] Node reference is already recorded, ignoring it {{(pid=103007) configure /opt/stack/glance/glance/image_cache/drivers/centralized_db.py:71}}
Jul 11 16:31:22.375890 np0000005078 devstack@g-api.service[103008]: INFO glance.api.middleware.cache_manage [None req-8f91d08d-b94c-49e1-ba5c-c6acc96f4a72 None None] Initialized image cache management middleware
Jul 11 16:31:22.376037 np0000005078 devstack@g-api.service[103008]: INFO glance.image_cache [None req-8f91d08d-b94c-49e1-ba5c-c6acc96f4a72 None None] Image cache loaded driver 'centralized_db'.
Jul 11 16:31:22.376325 np0000005078 devstack@g-api.service[103007]: INFO glance.api.middleware.cache [None req-2d44c8db-7487-401b-9a0e-b90d6d4ad4ad None None] Initialized image cache middleware
Jul 11 16:31:22.379595 np0000005078 devstack@g-api.service[103009]: DEBUG glance.image_cache.drivers.centralized_db [None req-b380a8b2-f2bf-4314-9768-5a4cfe0af1c2 None None] Node reference is already recorded, ignoring it {{(pid=103009) configure /opt/stack/glance/glance/image_cache/drivers/centralized_db.py:71}}
Jul 11 16:31:22.382707 np0000005078 devstack@g-api.service[103008]: DEBUG glance.image_cache.drivers.centralized_db [None req-8f91d08d-b94c-49e1-ba5c-c6acc96f4a72 None None] Node reference is already recorded, ignoring it {{(pid=103008) configure /opt/stack/glance/glance/image_cache/drivers/centralized_db.py:71}}
Jul 11 16:31:22.384774 np0000005078 devstack@g-api.service[103009]: DEBUG glance.api.v2.cached_images [None req-b380a8b2-f2bf-4314-9768-5a4cfe0af1c2 None None] Started cache worker thread {{(pid=103009) __init__ /opt/stack/glance/glance/api/v2/cached_images.py:71}}
Jul 11 16:31:22.385622 np0000005078 devstack@g-api.service[103009]: INFO glance.image_cache [None req-b380a8b2-f2bf-4314-9768-5a4cfe0af1c2 None None] Image cache loaded driver 'centralized_db'.
Jul 11 16:31:22.386586 np0000005078 devstack@g-api.service[103008]: INFO glance.api.middleware.cache [None req-8f91d08d-b94c-49e1-ba5c-c6acc96f4a72 None None] Initialized image cache middleware
Jul 11 16:31:22.386812 np0000005078 devstack@g-api.service[103007]: DEBUG glance.common.config [None req-2d44c8db-7487-401b-9a0e-b90d6d4ad4ad None None] ******************************************************************************** {{(pid=103007) log_opt_values /opt/stack/data/venv/lib/python3.12/site-packages/oslo_config/cfg.py:3226}}
Jul 11 16:31:22.386882 np0000005078 devstack@g-api.service[103007]: DEBUG glance.common.config [None req-2d44c8db-7487-401b-9a0e-b90d6d4ad4ad None None] Configuration options gathered from: {{(pid=103007) log_opt_values /opt/stack/data/venv/lib/python3.12/site-packages/oslo_config/cfg.py:3227}}
Jul 11 16:31:22.388209 np0000005078 devstack@g-api.service[103007]: DEBUG glance.common.config [None req-2d44c8db-7487-401b-9a0e-b90d6d4ad4ad None None] command line args: [] {{(pid=103007) log_opt_values /opt/stack/data/venv/lib/python3.12/site-packages/oslo_config/cfg.py:3228}}
Jul 11 16:31:22.388347 np0000005078 devstack@g-api.service[103007]: DEBUG glance.common.config [None req-2d44c8db-7487-401b-9a0e-b90d6d4ad4ad None None] config files: ['/etc/glance/glance-image-import.conf', '/etc/glance/glance-api.conf'] {{(pid=103007) log_opt_values /opt/stack/data/venv/lib/python3.12/site-packages/oslo_config/cfg.py:3229}}
Jul 11 16:31:22.388458 np0000005078 devstack@g-api.service[103007]: DEBUG glance.common.config [None req-2d44c8db-7487-401b-9a0e-b90d6d4ad4ad None None] ================================================================================ {{(pid=103007) log_opt_values /opt/stack/data/venv/lib/python3.12/site-packages/oslo_config/cfg.py:3234}}
Jul 11 16:31:22.388567 np0000005078 devstack@g-api.service[103007]: DEBUG glance.common.config [None req-2d44c8db-7487-401b-9a0e-b90d6d4ad4ad None None] allow_anonymous_access = False {{(pid=103007) log_opt_values /opt/stack/data/venv/lib/python3.12/site-packages/oslo_config/cfg.py:3242}}
Jul 11 16:31:22.388676 np0000005078 devstack@g-api.service[103007]: DEBUG glance.common.config [None req-2d44c8db-7487-401b-9a0e-b90d6d4ad4ad None None] api_limit_max = 1000 {{(pid=103007) log_opt_values /opt/stack/data/venv/lib/python3.12/site-packages/oslo_config/cfg.py:3242}}
Jul 11 16:31:22.388798 np0000005078 devstack@g-api.service[103007]: DEBUG glance.common.config [None req-2d44c8db-7487-401b-9a0e-b90d6d4ad4ad None None] config_dir = [] {{(pid=103007) log_opt_values /opt/stack/data/venv/lib/python3.12/site-packages/oslo_config/cfg.py:3242}}
Jul 11 16:31:22.388882 np0000005078 devstack@g-api.service[103007]: DEBUG glance.common.config [None req-2d44c8db-7487-401b-9a0e-b90d6d4ad4ad None None] config_file = ['/etc/glance/glance-image-import.conf', '/etc/glance/glance-api.conf'] {{(pid=103007) log_opt_values /opt/stack/data/venv/lib/python3.12/site-packages/oslo_config/cfg.py:3242}}
Jul 11 16:31:22.388966 np0000005078 devstack@g-api.service[103007]: DEBUG glance.common.config [None req-2d44c8db-7487-401b-9a0e-b90d6d4ad4ad None None] config_source = [] {{(pid=103007) log_opt_values /opt/stack/data/venv/lib/python3.12/site-packages/oslo_config/cfg.py:3242}}
Jul 11 16:31:22.389080 np0000005078 devstack@g-api.service[103007]: DEBUG glance.common.config [None req-2d44c8db-7487-401b-9a0e-b90d6d4ad4ad None None] control_exchange = glance {{(pid=103007) log_opt_values /opt/stack/data/venv/lib/python3.12/site-packages/oslo_config/cfg.py:3242}}
Jul 11 16:31:22.389162 np0000005078 devstack@g-api.service[103007]: DEBUG glance.common.config [None req-2d44c8db-7487-401b-9a0e-b90d6d4ad4ad None None] debug = True {{(pid=103007) log_opt_values /opt/stack/data/venv/lib/python3.12/site-packages/oslo_config/cfg.py:3242}}
Jul 11 16:31:22.389336 np0000005078 devstack@g-api.service[103007]: DEBUG glance.common.config [None req-2d44c8db-7487-401b-9a0e-b90d6d4ad4ad None None] default_log_levels = ['amqp=WARN', 'boto=WARN', 'sqlalchemy=WARN', 'suds=INFO', 'oslo.messaging=INFO', 'oslo_messaging=INFO', 'iso8601=WARN', 'requests.packages.urllib3.connectionpool=WARN', 'urllib3.connectionpool=WARN', 'websocket=WARN', 'requests.packages.urllib3.util.retry=WARN', 'urllib3.util.retry=WARN', 'keystonemiddleware=WARN', 'routes.middleware=WARN', 'stevedore=WARN', 'taskflow=WARN', 'keystoneauth=WARN', 'oslo.cache=INFO', 'oslo_policy=INFO', 'dogpile.core.dogpile=INFO'] {{(pid=103007) log_opt_values /opt/stack/data/venv/lib/python3.12/site-packages/oslo_config/cfg.py:3242}}
Jul 11 16:31:22.389512 np0000005078 devstack@g-api.service[103007]: DEBUG glance.common.config [None req-2d44c8db-7487-401b-9a0e-b90d6d4ad4ad None None] default_publisher_id = image.localhost {{(pid=103007) log_opt_values /opt/stack/data/venv/lib/python3.12/site-packages/oslo_config/cfg.py:3242}}
Jul 11 16:31:22.389589 np0000005078 devstack@g-api.service[103007]: DEBUG glance.common.config [None req-2d44c8db-7487-401b-9a0e-b90d6d4ad4ad None None] delayed_delete = False {{(pid=103007) log_opt_values /opt/stack/data/venv/lib/python3.12/site-packages/oslo_config/cfg.py:3242}}
Jul 11 16:31:22.389679 np0000005078 devstack@g-api.service[103007]: DEBUG glance.common.config [None req-2d44c8db-7487-401b-9a0e-b90d6d4ad4ad None None] digest_algorithm = sha256 {{(pid=103007) log_opt_values /opt/stack/data/venv/lib/python3.12/site-packages/oslo_config/cfg.py:3242}}
Jul 11 16:31:22.389771 np0000005078 devstack@g-api.service[103007]: DEBUG glance.common.config [None req-2d44c8db-7487-401b-9a0e-b90d6d4ad4ad None None] disabled_notifications = [] {{(pid=103007) log_opt_values /opt/stack/data/venv/lib/python3.12/site-packages/oslo_config/cfg.py:3242}}
Jul 11 16:31:22.389867 np0000005078 devstack@g-api.service[103007]: DEBUG glance.common.config [None req-2d44c8db-7487-401b-9a0e-b90d6d4ad4ad None None] do_secure_hash = True {{(pid=103007) log_opt_values /opt/stack/data/venv/lib/python3.12/site-packages/oslo_config/cfg.py:3242}}
Jul 11 16:31:22.389950 np0000005078 devstack@g-api.service[103007]: DEBUG glance.common.config [None req-2d44c8db-7487-401b-9a0e-b90d6d4ad4ad None None] enabled_backends = None {{(pid=103007) log_opt_values /opt/stack/data/venv/lib/python3.12/site-packages/oslo_config/cfg.py:3242}}
Jul 11 16:31:22.390094 np0000005078 devstack@g-api.service[103007]: DEBUG glance.common.config [None req-2d44c8db-7487-401b-9a0e-b90d6d4ad4ad None None] enabled_import_methods = ['glance-direct', 'web-download', 'copy-image'] {{(pid=103007) log_opt_values /opt/stack/data/venv/lib/python3.12/site-packages/oslo_config/cfg.py:3242}}
Jul 11 16:31:22.390183 np0000005078 devstack@g-api.service[103007]: DEBUG glance.common.config [None req-2d44c8db-7487-401b-9a0e-b90d6d4ad4ad None None] fatal_deprecations = False {{(pid=103007) log_opt_values /opt/stack/data/venv/lib/python3.12/site-packages/oslo_config/cfg.py:3242}}
Jul 11 16:31:22.390276 np0000005078 devstack@g-api.service[103007]: DEBUG glance.common.config [None req-2d44c8db-7487-401b-9a0e-b90d6d4ad4ad None None] hashing_algorithm = sha512 {{(pid=103007) log_opt_values /opt/stack/data/venv/lib/python3.12/site-packages/oslo_config/cfg.py:3242}}
Jul 11 16:31:22.390364 np0000005078 devstack@g-api.service[103007]: DEBUG glance.common.config [None req-2d44c8db-7487-401b-9a0e-b90d6d4ad4ad None None] http_retries = 3 {{(pid=103007) log_opt_values /opt/stack/data/venv/lib/python3.12/site-packages/oslo_config/cfg.py:3242}}
Jul 11 16:31:22.390477 np0000005078 devstack@g-api.service[103007]: DEBUG glance.common.config [None req-2d44c8db-7487-401b-9a0e-b90d6d4ad4ad None None] image_cache_dir = /opt/stack/data/glance/cache/ {{(pid=103007) log_opt_values /opt/stack/data/venv/lib/python3.12/site-packages/oslo_config/cfg.py:3242}}
Jul 11 16:31:22.390569 np0000005078 devstack@g-api.service[103007]: DEBUG glance.common.config [None req-2d44c8db-7487-401b-9a0e-b90d6d4ad4ad None None] image_cache_driver = centralized_db {{(pid=103007) log_opt_values /opt/stack/data/venv/lib/python3.12/site-packages/oslo_config/cfg.py:3242}}
Jul 11 16:31:22.390673 np0000005078 devstack@g-api.service[103007]: DEBUG glance.common.config [None req-2d44c8db-7487-401b-9a0e-b90d6d4ad4ad None None] image_cache_max_size = 10737418240 {{(pid=103007) log_opt_values /opt/stack/data/venv/lib/python3.12/site-packages/oslo_config/cfg.py:3242}}
Jul 11 16:31:22.390806 np0000005078 devstack@g-api.service[103007]: DEBUG glance.common.config [None req-2d44c8db-7487-401b-9a0e-b90d6d4ad4ad None None] image_cache_sqlite_db = cache.db {{(pid=103007) log_opt_values /opt/stack/data/venv/lib/python3.12/site-packages/oslo_config/cfg.py:3242}}
Jul 11 16:31:22.390892 np0000005078 devstack@g-api.service[103007]: DEBUG glance.common.config [None req-2d44c8db-7487-401b-9a0e-b90d6d4ad4ad None None] image_cache_stall_time = 86400 {{(pid=103007) log_opt_values /opt/stack/data/venv/lib/python3.12/site-packages/oslo_config/cfg.py:3242}}
Jul 11 16:31:22.390974 np0000005078 devstack@g-api.service[103007]: DEBUG glance.common.config [None req-2d44c8db-7487-401b-9a0e-b90d6d4ad4ad None None] image_location_quota = 10 {{(pid=103007) log_opt_values /opt/stack/data/venv/lib/python3.12/site-packages/oslo_config/cfg.py:3242}}
Jul 11 16:31:22.391072 np0000005078 devstack@g-api.service[103007]: DEBUG glance.common.config [None req-2d44c8db-7487-401b-9a0e-b90d6d4ad4ad None None] image_member_quota = 128 {{(pid=103007) log_opt_values /opt/stack/data/venv/lib/python3.12/site-packages/oslo_config/cfg.py:3242}}
Jul 11 16:31:22.391164 np0000005078 devstack@g-api.service[103007]: DEBUG glance.common.config [None req-2d44c8db-7487-401b-9a0e-b90d6d4ad4ad None None] image_property_quota = 128 {{(pid=103007) log_opt_values /opt/stack/data/venv/lib/python3.12/site-packages/oslo_config/cfg.py:3242}}
Jul 11 16:31:22.391236 np0000005078 devstack@g-api.service[103007]: DEBUG glance.common.config [None req-2d44c8db-7487-401b-9a0e-b90d6d4ad4ad None None] image_size_cap = 1099511627776 {{(pid=103007) log_opt_values /opt/stack/data/venv/lib/python3.12/site-packages/oslo_config/cfg.py:3242}}
Jul 11 16:31:22.391327 np0000005078 devstack@g-api.service[103007]: DEBUG glance.common.config [None req-2d44c8db-7487-401b-9a0e-b90d6d4ad4ad None None] image_tag_quota = 128 {{(pid=103007) log_opt_values /opt/stack/data/venv/lib/python3.12/site-packages/oslo_config/cfg.py:3242}}
Jul 11 16:31:22.391450 np0000005078 devstack@g-api.service[103007]: DEBUG glance.common.config [None req-2d44c8db-7487-401b-9a0e-b90d6d4ad4ad None None] instance_format = [instance: %(uuid)s] {{(pid=103007) log_opt_values /opt/stack/data/venv/lib/python3.12/site-packages/oslo_config/cfg.py:3242}}
Jul 11 16:31:22.391554 np0000005078 devstack@g-api.service[103007]: DEBUG glance.common.config [None req-2d44c8db-7487-401b-9a0e-b90d6d4ad4ad None None] instance_uuid_format = [instance: %(uuid)s] {{(pid=103007) log_opt_values /opt/stack/data/venv/lib/python3.12/site-packages/oslo_config/cfg.py:3242}}
Jul 11 16:31:22.391605 np0000005078 devstack@g-api.service[103007]: DEBUG glance.common.config [None req-2d44c8db-7487-401b-9a0e-b90d6d4ad4ad None None] limit_param_default = 25 {{(pid=103007) log_opt_values /opt/stack/data/venv/lib/python3.12/site-packages/oslo_config/cfg.py:3242}}
Jul 11 16:31:22.391723 np0000005078 devstack@g-api.service[103007]: DEBUG glance.common.config [None req-2d44c8db-7487-401b-9a0e-b90d6d4ad4ad None None] log_color = False {{(pid=103007) log_opt_values /opt/stack/data/venv/lib/python3.12/site-packages/oslo_config/cfg.py:3242}}
Jul 11 16:31:22.391814 np0000005078 devstack@g-api.service[103007]: DEBUG glance.common.config [None req-2d44c8db-7487-401b-9a0e-b90d6d4ad4ad None None] log_config_append = None {{(pid=103007) log_opt_values /opt/stack/data/venv/lib/python3.12/site-packages/oslo_config/cfg.py:3242}}
Jul 11 16:31:22.391906 np0000005078 devstack@g-api.service[103007]: DEBUG glance.common.config [None req-2d44c8db-7487-401b-9a0e-b90d6d4ad4ad None None] log_date_format = %Y-%m-%d %H:%M:%S {{(pid=103007) log_opt_values /opt/stack/data/venv/lib/python3.12/site-packages/oslo_config/cfg.py:3242}}
Jul 11 16:31:22.391994 np0000005078 devstack@g-api.service[103007]: DEBUG glance.common.config [None req-2d44c8db-7487-401b-9a0e-b90d6d4ad4ad None None] log_dir = None {{(pid=103007) log_opt_values /opt/stack/data/venv/lib/python3.12/site-packages/oslo_config/cfg.py:3242}}
Jul 11 16:31:22.392091 np0000005078 devstack@g-api.service[103007]: DEBUG glance.common.config [None req-2d44c8db-7487-401b-9a0e-b90d6d4ad4ad None None] log_file = None {{(pid=103007) log_opt_values /opt/stack/data/venv/lib/python3.12/site-packages/oslo_config/cfg.py:3242}}
Jul 11 16:31:22.392201 np0000005078 devstack@g-api.service[103007]: DEBUG glance.common.config [None req-2d44c8db-7487-401b-9a0e-b90d6d4ad4ad None None] log_rotate_interval = 1 {{(pid=103007) log_opt_values /opt/stack/data/venv/lib/python3.12/site-packages/oslo_config/cfg.py:3242}}
Jul 11 16:31:22.392298 np0000005078 devstack@g-api.service[103007]: DEBUG glance.common.config [None req-2d44c8db-7487-401b-9a0e-b90d6d4ad4ad None None] log_rotate_interval_type = days {{(pid=103007) log_opt_values /opt/stack/data/venv/lib/python3.12/site-packages/oslo_config/cfg.py:3242}}
Jul 11 16:31:22.392390 np0000005078 devstack@g-api.service[103007]: DEBUG glance.common.config [None req-2d44c8db-7487-401b-9a0e-b90d6d4ad4ad None None] log_rotation_type = none {{(pid=103007) log_opt_values /opt/stack/data/venv/lib/python3.12/site-packages/oslo_config/cfg.py:3242}}
Jul 11 16:31:22.392489 np0000005078 devstack@g-api.service[103007]: DEBUG glance.common.config [None req-2d44c8db-7487-401b-9a0e-b90d6d4ad4ad None None] logging_context_format_string = %(color)s%(levelname)s %(name)s [%(global_request_id)s %(request_id)s %(project_name)s %(user_name)s%(color)s] %(instance)s%(color)s%(message)s {{(pid=103007) log_opt_values /opt/stack/data/venv/lib/python3.12/site-packages/oslo_config/cfg.py:3242}}
Jul 11 16:31:22.392574 np0000005078 devstack@g-api.service[103007]: DEBUG glance.common.config [None req-2d44c8db-7487-401b-9a0e-b90d6d4ad4ad None None] logging_debug_format_suffix = {{(pid=%(process)d) %(funcName)s %(pathname)s:%(lineno)d}} {{(pid=103007) log_opt_values /opt/stack/data/venv/lib/python3.12/site-packages/oslo_config/cfg.py:3242}}
Jul 11 16:31:22.392650 np0000005078 devstack@g-api.service[103007]: DEBUG glance.common.config [None req-2d44c8db-7487-401b-9a0e-b90d6d4ad4ad None None] logging_default_format_string = %(color)s%(levelname)s %(name)s [-%(color)s] %(instance)s%(color)s%(message)s {{(pid=103007) log_opt_values /opt/stack/data/venv/lib/python3.12/site-packages/oslo_config/cfg.py:3242}}
Jul 11 16:31:22.392756 np0000005078 devstack@g-api.service[103007]: DEBUG glance.common.config [None req-2d44c8db-7487-401b-9a0e-b90d6d4ad4ad None None] logging_exception_prefix = ERROR %(name)s %(instance)s {{(pid=103007) log_opt_values /opt/stack/data/venv/lib/python3.12/site-packages/oslo_config/cfg.py:3242}}
