Jul 11 16:30:32.297559 np0000005078 devstack@neutron-api.service[90792]: DEBUG neutron.api.extensions [None req-c8c8f874-c384-4039-92c8-82ae5faaee1c None None] Loading extension file: extraroute.py {{(pid=90792) _load_all_extensions_from_path /opt/stack/neutron/neutron/api/extensions.py:449}}
Jul 11 16:30:32.297647 np0000005078 devstack@neutron-api.service[90791]: DEBUG neutron.api.extensions [None req-a9a9edf7-f362-440c-b158-91809d9dd93b None None] Ext name="Subnet Pool Prefix Operations" alias="subnetpool-prefix-ops" description="Provides support for adjusting the prefix list of subnet pools" updated="2019-02-08T10:00:00-00:00" {{(pid=90791) _check_extension /opt/stack/neutron/neutron/api/extensions.py:415}}
Jul 11 16:30:32.297723 np0000005078 devstack@neutron-api.service[90792]: DEBUG neutron.api.extensions [None req-c8c8f874-c384-4039-92c8-82ae5faaee1c None None] Ext name="Neutron Extra Route" alias="extraroute" description="Extra routes configuration for L3 router" updated="2013-02-01T10:00:00-00:00" {{(pid=90792) _check_extension /opt/stack/neutron/neutron/api/extensions.py:415}}
Jul 11 16:30:32.297805 np0000005078 devstack@neutron-api.service[90791]: INFO neutron.api.extensions [None req-a9a9edf7-f362-440c-b158-91809d9dd93b None None] Loaded extension: subnetpool-prefix-ops
Jul 11 16:30:32.297903 np0000005078 devstack@neutron-api.service[90792]: INFO neutron.api.extensions [None req-c8c8f874-c384-4039-92c8-82ae5faaee1c None None] Loaded extension: extraroute
Jul 11 16:30:32.297992 np0000005078 devstack@neutron-api.service[90791]: DEBUG neutron.api.extensions [None req-a9a9edf7-f362-440c-b158-91809d9dd93b None None] Loading extension file: tag_creation.py {{(pid=90791) _load_all_extensions_from_path /opt/stack/neutron/neutron/api/extensions.py:449}}
Jul 11 16:30:32.298065 np0000005078 devstack@neutron-api.service[90792]: DEBUG neutron.api.extensions [None req-c8c8f874-c384-4039-92c8-82ae5faaee1c None None] Loading extension file: extraroute_atomic.py {{(pid=90792) _load_all_extensions_from_path /opt/stack/neutron/neutron/api/extensions.py:449}}
Jul 11 16:30:32.298151 np0000005078 devstack@neutron-api.service[90791]: DEBUG neutron.api.extensions [None req-a9a9edf7-f362-440c-b158-91809d9dd93b None None] Ext name="Tag creation extension" alias="tag-creation" description="Allow to create multiple tags for a resource" updated="2024-23-07T10:00:00-00:00" {{(pid=90791) _check_extension /opt/stack/neutron/neutron/api/extensions.py:415}}
Jul 11 16:30:32.298252 np0000005078 devstack@neutron-api.service[90792]: DEBUG neutron.api.extensions [None req-c8c8f874-c384-4039-92c8-82ae5faaee1c None None] Ext name="Atomically add/remove extra routes" alias="extraroute-atomic" description="Edit extra routes of a router on server side by atomically adding/removing extra routes" updated="2019-07-10T00:00:00+00:00" {{(pid=90792) _check_extension /opt/stack/neutron/neutron/api/extensions.py:415}}
Jul 11 16:30:32.298339 np0000005078 devstack@neutron-api.service[90791]: INFO neutron.api.extensions [None req-a9a9edf7-f362-440c-b158-91809d9dd93b None None] Loaded extension: tag-creation
Jul 11 16:30:32.298339 np0000005078 devstack@neutron-api.service[90791]: DEBUG neutron.api.extensions [None req-a9a9edf7-f362-440c-b158-91809d9dd93b None None] Loading extension file: tag_ports_during_bulk_creation.py {{(pid=90791) _load_all_extensions_from_path /opt/stack/neutron/neutron/api/extensions.py:449}}
Jul 11 16:30:32.298517 np0000005078 devstack@neutron-api.service[90792]: INFO neutron.api.extensions [None req-c8c8f874-c384-4039-92c8-82ae5faaee1c None None] Loaded extension: extraroute-atomic
Jul 11 16:30:32.298517 np0000005078 devstack@neutron-api.service[90792]: DEBUG neutron.api.extensions [None req-c8c8f874-c384-4039-92c8-82ae5faaee1c None None] Loading extension file: filter_validation.py {{(pid=90792) _load_all_extensions_from_path /opt/stack/neutron/neutron/api/extensions.py:449}}
Jul 11 16:30:32.298659 np0000005078 devstack@neutron-api.service[90791]: DEBUG neutron.api.extensions [None req-a9a9edf7-f362-440c-b158-91809d9dd93b None None] Ext name="Tag Ports During Bulk Creation" alias="tag-ports-during-bulk-creation" description="Allow to tag ports during bulk creation" updated="2019-12-29T19:00:00-00:00" {{(pid=90791) _check_extension /opt/stack/neutron/neutron/api/extensions.py:415}}
Jul 11 16:30:32.298659 np0000005078 devstack@neutron-api.service[90791]: INFO neutron.api.extensions [None req-a9a9edf7-f362-440c-b158-91809d9dd93b None None] Extension tag-ports-during-bulk-creation not supported by any of loaded plugins
Jul 11 16:30:32.298772 np0000005078 devstack@neutron-api.service[90792]: DEBUG neutron.api.extensions [None req-c8c8f874-c384-4039-92c8-82ae5faaee1c None None] Ext name="Filter parameters validation" alias="filter-validation" description="Provides validation on filter parameters." updated="2018-07-04T10:00:00-00:00" {{(pid=90792) _check_extension /opt/stack/neutron/neutron/api/extensions.py:415}}
Jul 11 16:30:32.298872 np0000005078 devstack@neutron-api.service[90791]: DEBUG neutron.api.extensions [None req-a9a9edf7-f362-440c-b158-91809d9dd93b None None] Loading extension file: tagging.py {{(pid=90791) _load_all_extensions_from_path /opt/stack/neutron/neutron/api/extensions.py:449}}
Jul 11 16:30:32.298998 np0000005078 devstack@neutron-api.service[90792]: INFO neutron.api.extensions [None req-c8c8f874-c384-4039-92c8-82ae5faaee1c None None] Loaded extension: filter-validation
Jul 11 16:30:32.298998 np0000005078 devstack@neutron-api.service[90792]: DEBUG neutron.api.extensions [None req-c8c8f874-c384-4039-92c8-82ae5faaee1c None None] Loading extension file: fip_pf_description.py {{(pid=90792) _load_all_extensions_from_path /opt/stack/neutron/neutron/api/extensions.py:449}}
Jul 11 16:30:32.298998 np0000005078 devstack@neutron-api.service[90792]: DEBUG neutron.api.extensions [None req-c8c8f874-c384-4039-92c8-82ae5faaee1c None None] Ext name="Floating IP Port Forwarding new attribute description" alias="floating-ip-port-forwarding-description" description="Add a description field to Port Forwarding rules" updated="2019-11-01T10:00:00-00:00" {{(pid=90792) _check_extension /opt/stack/neutron/neutron/api/extensions.py:415}}
Jul 11 16:30:32.298998 np0000005078 devstack@neutron-api.service[90792]: INFO neutron.api.extensions [None req-c8c8f874-c384-4039-92c8-82ae5faaee1c None None] Extension floating-ip-port-forwarding-description not supported by any of loaded plugins
Jul 11 16:30:32.298998 np0000005078 devstack@neutron-api.service[90792]: DEBUG neutron.api.extensions [None req-c8c8f874-c384-4039-92c8-82ae5faaee1c None None] Loading extension file: fip_pf_detail.py {{(pid=90792) _load_all_extensions_from_path /opt/stack/neutron/neutron/api/extensions.py:449}}
Jul 11 16:30:32.299172 np0000005078 devstack@neutron-api.service[90791]: DEBUG neutron.api.extensions [None req-a9a9edf7-f362-440c-b158-91809d9dd93b None None] Ext name="Tag support for resources with standard attribute: port, subnet, subnetpool, network, security_group, router, floatingip, policy, trunk, network_segment_range" alias="standard-attr-tag" description="Enables to set tag on resources with standard attribute." updated="2017-01-01T00:00:00-00:00" {{(pid=90791) _check_extension /opt/stack/neutron/neutron/api/extensions.py:415}}
Jul 11 16:30:32.299172 np0000005078 devstack@neutron-api.service[90791]: INFO neutron.api.extensions [None req-a9a9edf7-f362-440c-b158-91809d9dd93b None None] Loaded extension: standard-attr-tag
Jul 11 16:30:32.299322 np0000005078 devstack@neutron-api.service[90792]: DEBUG neutron.api.extensions [None req-c8c8f874-c384-4039-92c8-82ae5faaee1c None None] Ext name="Floating IP port forwarding detail" alias="floating-ip-port-forwarding-detail" description="Allow list floating ip return more port forwarding data, include'id' and 'internal_port_id'" updated="2022-05-06T10:00:00-00:00" {{(pid=90792) _check_extension /opt/stack/neutron/neutron/api/extensions.py:415}}
Jul 11 16:30:32.299488 np0000005078 devstack@neutron-api.service[90791]: DEBUG neutron.api.extensions [None req-a9a9edf7-f362-440c-b158-91809d9dd93b None None] Loading extension file: timestamp.py {{(pid=90791) _load_all_extensions_from_path /opt/stack/neutron/neutron/api/extensions.py:449}}
Jul 11 16:30:32.299595 np0000005078 devstack@neutron-api.service[90792]: INFO neutron.api.extensions [None req-c8c8f874-c384-4039-92c8-82ae5faaee1c None None] Loaded extension: floating-ip-port-forwarding-detail
Jul 11 16:30:32.299595 np0000005078 devstack@neutron-api.service[90792]: DEBUG neutron.api.extensions [None req-c8c8f874-c384-4039-92c8-82ae5faaee1c None None] Loading extension file: fip_pf_port_range.py {{(pid=90792) _load_all_extensions_from_path /opt/stack/neutron/neutron/api/extensions.py:449}}
Jul 11 16:30:32.299814 np0000005078 devstack@neutron-api.service[90791]: DEBUG neutron.api.extensions [None req-a9a9edf7-f362-440c-b158-91809d9dd93b None None] Ext name="Resource timestamps" alias="standard-attr-timestamp" description="Adds created_at and updated_at fields to all Neutron resources that have Neutron standard attributes." updated="2016-09-12T10:00:00-00:00" {{(pid=90791) _check_extension /opt/stack/neutron/neutron/api/extensions.py:415}}
Jul 11 16:30:32.299814 np0000005078 devstack@neutron-api.service[90791]: INFO neutron.api.extensions [None req-a9a9edf7-f362-440c-b158-91809d9dd93b None None] Loaded extension: standard-attr-timestamp
Jul 11 16:30:32.299996 np0000005078 devstack@neutron-api.service[90792]: DEBUG neutron.api.extensions [None req-c8c8f874-c384-4039-92c8-82ae5faaee1c None None] Ext name="Floating IP Port Forwarding support port ranges" alias="floating-ip-port-forwarding-port-ranges" description="Add support to port ranges" updated="2020-07-01T10:00:00-00:00" {{(pid=90792) _check_extension /opt/stack/neutron/neutron/api/extensions.py:415}}
Jul 11 16:30:32.300136 np0000005078 devstack@neutron-api.service[90791]: DEBUG neutron.api.extensions [None req-a9a9edf7-f362-440c-b158-91809d9dd93b None None] Loading extension file: trunk.py {{(pid=90791) _load_all_extensions_from_path /opt/stack/neutron/neutron/api/extensions.py:449}}
Jul 11 16:30:32.300315 np0000005078 devstack@neutron-api.service[90792]: INFO neutron.api.extensions [None req-c8c8f874-c384-4039-92c8-82ae5faaee1c None None] Extension floating-ip-port-forwarding-port-ranges not supported by any of loaded plugins
Jul 11 16:30:32.300315 np0000005078 devstack@neutron-api.service[90792]: DEBUG neutron.api.extensions [None req-c8c8f874-c384-4039-92c8-82ae5faaee1c None None] Loading extension file: fip_port_details.py {{(pid=90792) _load_all_extensions_from_path /opt/stack/neutron/neutron/api/extensions.py:449}}
Jul 11 16:30:32.300507 np0000005078 devstack@neutron-api.service[90791]: DEBUG neutron.api.extensions [None req-a9a9edf7-f362-440c-b158-91809d9dd93b None None] Ext name="Trunk Extension" alias="trunk" description="Provides support for trunk ports" updated="2016-01-01T10:00:00-00:00" {{(pid=90791) _check_extension /opt/stack/neutron/neutron/api/extensions.py:415}}
Jul 11 16:30:32.300507 np0000005078 devstack@neutron-api.service[90791]: INFO neutron.api.extensions [None req-a9a9edf7-f362-440c-b158-91809d9dd93b None None] Extension trunk not supported by any of loaded plugins
Jul 11 16:30:32.300710 np0000005078 devstack@neutron-api.service[90792]: DEBUG neutron.api.extensions [None req-c8c8f874-c384-4039-92c8-82ae5faaee1c None None] Ext name="Floating IP Port Details Extension" alias="fip-port-details" description="Add port_details attribute to Floating IP resource" updated="2018-04-09T10:00:00-00:00" {{(pid=90792) _check_extension /opt/stack/neutron/neutron/api/extensions.py:415}}
Jul 11 16:30:32.300825 np0000005078 devstack@neutron-api.service[90791]: DEBUG neutron.api.extensions [None req-a9a9edf7-f362-440c-b158-91809d9dd93b None None] Loading extension file: trunk_details.py {{(pid=90791) _load_all_extensions_from_path /opt/stack/neutron/neutron/api/extensions.py:449}}
Jul 11 16:30:32.300983 np0000005078 devstack@neutron-api.service[90792]: INFO neutron.api.extensions [None req-c8c8f874-c384-4039-92c8-82ae5faaee1c None None] Loaded extension: fip-port-details
Jul 11 16:30:32.300983 np0000005078 devstack@neutron-api.service[90792]: DEBUG neutron.api.extensions [None req-c8c8f874-c384-4039-92c8-82ae5faaee1c None None] Loading extension file: flavors.py {{(pid=90792) _load_all_extensions_from_path /opt/stack/neutron/neutron/api/extensions.py:449}}
Jul 11 16:30:32.301134 np0000005078 devstack@neutron-api.service[90791]: DEBUG neutron.api.extensions [None req-a9a9edf7-f362-440c-b158-91809d9dd93b None None] Ext name="Trunk port details" alias="trunk-details" description="Expose trunk port details" updated="2016-01-01T10:00:00-00:00" {{(pid=90791) _check_extension /opt/stack/neutron/neutron/api/extensions.py:415}}
Jul 11 16:30:32.301134 np0000005078 devstack@neutron-api.service[90791]: INFO neutron.api.extensions [None req-a9a9edf7-f362-440c-b158-91809d9dd93b None None] Extension trunk-details not supported by any of loaded plugins
Jul 11 16:30:32.301134 np0000005078 devstack@neutron-api.service[90791]: DEBUG neutron.api.extensions [None req-a9a9edf7-f362-440c-b158-91809d9dd93b None None] Loading extension file: uplink_status_propagation.py {{(pid=90791) _load_all_extensions_from_path /opt/stack/neutron/neutron/api/extensions.py:449}}
Jul 11 16:30:32.301346 np0000005078 devstack@neutron-api.service[90792]: DEBUG neutron.api.extensions [None req-c8c8f874-c384-4039-92c8-82ae5faaee1c None None] Ext name="Neutron Service Flavors" alias="flavors" description="Flavor specification for Neutron advanced services." updated="2015-09-17T10:00:00-00:00" {{(pid=90792) _check_extension /opt/stack/neutron/neutron/api/extensions.py:415}}
Jul 11 16:30:32.301346 np0000005078 devstack@neutron-api.service[90792]: INFO neutron.api.extensions [None req-c8c8f874-c384-4039-92c8-82ae5faaee1c None None] Loaded extension: flavors
Jul 11 16:30:32.301519 np0000005078 devstack@neutron-api.service[90791]: DEBUG neutron.api.extensions [None req-a9a9edf7-f362-440c-b158-91809d9dd93b None None] Ext name="Uplink status propagation extension" alias="uplink-status-propagation" description="Provides ability to propagate port uplink status." updated="2018-05-31T18:00:00-00:00" {{(pid=90791) _check_extension /opt/stack/neutron/neutron/api/extensions.py:415}}
Jul 11 16:30:32.301651 np0000005078 devstack@neutron-api.service[90792]: DEBUG neutron.api.extensions [None req-c8c8f874-c384-4039-92c8-82ae5faaee1c None None] Loading extension file: floating_ip_port_forwarding.py {{(pid=90792) _load_all_extensions_from_path /opt/stack/neutron/neutron/api/extensions.py:449}}
Jul 11 16:30:32.301770 np0000005078 devstack@neutron-api.service[90791]: INFO neutron.api.extensions [None req-a9a9edf7-f362-440c-b158-91809d9dd93b None None] Extension uplink-status-propagation not supported by any of loaded plugins
Jul 11 16:30:32.301770 np0000005078 devstack@neutron-api.service[90791]: DEBUG neutron.api.extensions [None req-a9a9edf7-f362-440c-b158-91809d9dd93b None None] Loading extension file: uplink_status_propagation_updatable.py {{(pid=90791) _load_all_extensions_from_path /opt/stack/neutron/neutron/api/extensions.py:449}}
Jul 11 16:30:32.301919 np0000005078 devstack@neutron-api.service[90792]: DEBUG neutron.api.extensions [None req-c8c8f874-c384-4039-92c8-82ae5faaee1c None None] Ext name="Floating IP Port Forwarding" alias="floating-ip-port-forwarding" description="Allow port forwarding from floating IP port to an internal port" updated="2018-01-19T10:00:00-00:00" {{(pid=90792) _check_extension /opt/stack/neutron/neutron/api/extensions.py:415}}
Jul 11 16:30:32.302035 np0000005078 devstack@neutron-api.service[90794]: DEBUG neutron_lib.callbacks.manager [None req-8e76e5ed-a825-47d3-bf33-af544ea7d8c7 None None] Subscribe: > router before_delete 55550000, False {{(pid=90794) subscribe /opt/stack/data/venv/lib/python3.12/site-packages/neutron_lib/callbacks/manager.py:52}}
Jul 11 16:30:32.302136 np0000005078 devstack@neutron-api.service[90791]: DEBUG neutron.api.extensions [None req-a9a9edf7-f362-440c-b158-91809d9dd93b None None] Ext name="Uplink status propagation updatable extension" alias="uplink-status-propagation-updatable" description="Provides ability to update the port uplink status." updated="2024-09-03T18:00:00-00:00" {{(pid=90791) _check_extension /opt/stack/neutron/neutron/api/extensions.py:415}}
Jul 11 16:30:32.302212 np0000005078 devstack@neutron-api.service[90794]: DEBUG neutron_lib.callbacks.manager [None req-8e76e5ed-a825-47d3-bf33-af544ea7d8c7 None None] Subscribe: port before_update 55550000, False {{(pid=90794) subscribe /opt/stack/data/venv/lib/python3.12/site-packages/neutron_lib/callbacks/manager.py:52}}
Jul 11 16:30:32.302293 np0000005078 devstack@neutron-api.service[90792]: INFO neutron.api.extensions [None req-c8c8f874-c384-4039-92c8-82ae5faaee1c None None] Extension floating-ip-port-forwarding not supported by any of loaded plugins
Jul 11 16:30:32.302377 np0000005078 devstack@neutron-api.service[90794]: DEBUG neutron_lib.callbacks.manager [None req-8e76e5ed-a825-47d3-bf33-af544ea7d8c7 None None] Subscribe: port after_update 55550000, False {{(pid=90794) subscribe /opt/stack/data/venv/lib/python3.12/site-packages/neutron_lib/callbacks/manager.py:52}}
Jul 11 16:30:32.302512 np0000005078 devstack@neutron-api.service[90791]: INFO neutron.api.extensions [None req-a9a9edf7-f362-440c-b158-91809d9dd93b None None] Extension uplink-status-propagation-updatable not supported by any of loaded plugins
Jul 11 16:30:32.302607 np0000005078 devstack@neutron-api.service[90792]: DEBUG neutron.api.extensions [None req-c8c8f874-c384-4039-92c8-82ae5faaee1c None None] Loading extension file: floatingip_pools.py {{(pid=90792) _load_all_extensions_from_path /opt/stack/neutron/neutron/api/extensions.py:449}}
Jul 11 16:30:32.302694 np0000005078 devstack@neutron-api.service[90794]: DEBUG neutron_lib.callbacks.manager [None req-8e76e5ed-a825-47d3-bf33-af544ea7d8c7 None None] Subscribe: > port precommit_delete 55550000, False {{(pid=90794) subscribe /opt/stack/data/venv/lib/python3.12/site-packages/neutron_lib/callbacks/manager.py:52}}
Jul 11 16:30:32.302767 np0000005078 devstack@neutron-api.service[90791]: DEBUG neutron.api.extensions [None req-a9a9edf7-f362-440c-b158-91809d9dd93b None None] Loading extension file: vlantransparent.py {{(pid=90791) _load_all_extensions_from_path /opt/stack/neutron/neutron/api/extensions.py:449}}
Jul 11 16:30:32.302868 np0000005078 devstack@neutron-api.service[90794]: DEBUG neutron_lib.callbacks.manager [None req-8e76e5ed-a825-47d3-bf33-af544ea7d8c7 None None] Subscribe: port before_update 55550000, False {{(pid=90794) subscribe /opt/stack/data/venv/lib/python3.12/site-packages/neutron_lib/callbacks/manager.py:52}}
Jul 11 16:30:32.302868 np0000005078 devstack@neutron-api.service[90794]: DEBUG neutron_lib.callbacks.manager [None req-8e76e5ed-a825-47d3-bf33-af544ea7d8c7 None None] Subscribe: port before_delete 55550000, False {{(pid=90794) subscribe /opt/stack/data/venv/lib/python3.12/site-packages/neutron_lib/callbacks/manager.py:52}}
Jul 11 16:30:32.302868 np0000005078 devstack@neutron-api.service[90794]: DEBUG neutron_lib.callbacks.manager [None req-8e76e5ed-a825-47d3-bf33-af544ea7d8c7 None None] Subscribe: > router precommit_create 55550000, False {{(pid=90794) subscribe /opt/stack/data/venv/lib/python3.12/site-packages/neutron_lib/callbacks/manager.py:52}}
Jul 11 16:30:32.303006 np0000005078 devstack@neutron-api.service[90792]: DEBUG neutron.api.extensions [None req-c8c8f874-c384-4039-92c8-82ae5faaee1c None None] Ext name="Floating IP Pools Extension" alias="floatingip-pools" description="Provides a floating IP pools API." updated="2018-03-21T10:00:00-00:00" {{(pid=90792) _check_extension /opt/stack/neutron/neutron/api/extensions.py:415}}
Jul 11 16:30:32.303101 np0000005078 devstack@neutron-api.service[90794]: DEBUG neutron_lib.callbacks.manager [None req-8e76e5ed-a825-47d3-bf33-af544ea7d8c7 None None] Subscribe: > router precommit_create 55550000, False {{(pid=90794) subscribe /opt/stack/data/venv/lib/python3.12/site-packages/neutron_lib/callbacks/manager.py:52}}
Jul 11 16:30:32.303101 np0000005078 devstack@neutron-api.service[90794]: DEBUG neutron_lib.callbacks.manager [None req-8e76e5ed-a825-47d3-bf33-af544ea7d8c7 None None] Subscribe: > router precommit_update 55550000, False {{(pid=90794) subscribe /opt/stack/data/venv/lib/python3.12/site-packages/neutron_lib/callbacks/manager.py:52}}
Jul 11 16:30:32.303203 np0000005078 devstack@neutron-api.service[90791]: DEBUG neutron.api.extensions [None req-a9a9edf7-f362-440c-b158-91809d9dd93b None None] Ext name="Vlantransparent" alias="vlan-transparent" description="Provides Vlan Transparent Networks" updated="2015-03-23T09:00:00-00:00" {{(pid=90791) _check_extension /opt/stack/neutron/neutron/api/extensions.py:415}}
Jul 11 16:30:32.303293 np0000005078 devstack@neutron-api.service[90792]: INFO neutron.api.extensions [None req-c8c8f874-c384-4039-92c8-82ae5faaee1c None None] Loaded extension: floatingip-pools
Jul 11 16:30:32.303377 np0000005078 devstack@neutron-api.service[90794]: DEBUG neutron_lib.callbacks.manager [None req-8e76e5ed-a825-47d3-bf33-af544ea7d8c7 None None] Subscribe: subnet after_update 55550000, False {{(pid=90794) subscribe /opt/stack/data/venv/lib/python3.12/site-packages/neutron_lib/callbacks/manager.py:52}}
Jul 11 16:30:32.303521 np0000005078 devstack@neutron-api.service[90791]: INFO neutron.api.extensions [None req-a9a9edf7-f362-440c-b158-91809d9dd93b None None] Loaded extension: vlan-transparent
Jul 11 16:30:32.303613 np0000005078 devstack@neutron-api.service[90792]: DEBUG neutron.api.extensions [None req-c8c8f874-c384-4039-92c8-82ae5faaee1c None None] Loading extension file: ip_allocation.py {{(pid=90792) _load_all_extensions_from_path /opt/stack/neutron/neutron/api/extensions.py:449}}
Jul 11 16:30:32.303690 np0000005078 devstack@neutron-api.service[90794]: DEBUG neutron.quota.resource_registry [None req-8e76e5ed-a825-47d3-bf33-af544ea7d8c7 None None] Tracking information for resource: router configured {{(pid=90794) set_tracked_resource /opt/stack/neutron/neutron/quota/resource_registry.py:203}}
Jul 11 16:30:32.303690 np0000005078 devstack@neutron-api.service[90794]: DEBUG neutron.quota.resource_registry [None req-8e76e5ed-a825-47d3-bf33-af544ea7d8c7 None None] Tracking information for resource: floatingip configured {{(pid=90794) set_tracked_resource /opt/stack/neutron/neutron/quota/resource_registry.py:203}}
Jul 11 16:30:32.303690 np0000005078 devstack@neutron-api.service[90794]: INFO neutron.services.ovn_l3.plugin [None req-8e76e5ed-a825-47d3-bf33-af544ea7d8c7 None None] Starting OVNL3RouterPlugin
Jul 11 16:30:32.303814 np0000005078 devstack@neutron-api.service[90792]: DEBUG neutron.api.extensions [None req-c8c8f874-c384-4039-92c8-82ae5faaee1c None None] Ext name="IP Allocation" alias="ip_allocation" description="IP allocation extension." updated="2016-06-10T23:00:00-00:00" {{(pid=90792) _check_extension /opt/stack/neutron/neutron/api/extensions.py:415}}
Jul 11 16:30:32.303900 np0000005078 devstack@neutron-api.service[90794]: DEBUG neutron_lib.callbacks.manager [None req-8e76e5ed-a825-47d3-bf33-af544ea7d8c7 None None] Subscribe: > port_forwarding_plugin after_init 55550000, False {{(pid=90794) subscribe /opt/stack/data/venv/lib/python3.12/site-packages/neutron_lib/callbacks/manager.py:52}}
Jul 11 16:30:32.303973 np0000005078 devstack@neutron-api.service[90792]: INFO neutron.api.extensions [None req-c8c8f874-c384-4039-92c8-82ae5faaee1c None None] Extension ip_allocation not supported by any of loaded plugins
Jul 11 16:30:32.303973 np0000005078 devstack@neutron-api.service[90792]: DEBUG neutron.api.extensions [None req-c8c8f874-c384-4039-92c8-82ae5faaee1c None None] Loading extension file: ip_substring_port_filtering.py {{(pid=90792) _load_all_extensions_from_path /opt/stack/neutron/neutron/api/extensions.py:449}}
Jul 11 16:30:32.304075 np0000005078 devstack@neutron-api.service[90794]: DEBUG neutron_lib.callbacks.manager [None req-8e76e5ed-a825-47d3-bf33-af544ea7d8c7 None None] Subscribe: > router before_create 55550100, False {{(pid=90794) subscribe /opt/stack/data/venv/lib/python3.12/site-packages/neutron_lib/callbacks/manager.py:52}}
Jul 11 16:30:32.304075 np0000005078 devstack@neutron-api.service[90794]: DEBUG neutron_lib.callbacks.manager [None req-8e76e5ed-a825-47d3-bf33-af544ea7d8c7 None None] Subscribe: > router precommit_delete 55550100, False {{(pid=90794) subscribe /opt/stack/data/venv/lib/python3.12/site-packages/neutron_lib/callbacks/manager.py:52}}
Jul 11 16:30:32.304075 np0000005078 devstack@neutron-api.service[90794]: DEBUG neutron_lib.callbacks.manager [None req-8e76e5ed-a825-47d3-bf33-af544ea7d8c7 None None] Subscribe: > router precommit_create 55550100, False {{(pid=90794) subscribe /opt/stack/data/venv/lib/python3.12/site-packages/neutron_lib/callbacks/manager.py:52}}
Jul 11 16:30:32.304194 np0000005078 devstack@neutron-api.service[90792]: DEBUG neutron.api.extensions [None req-c8c8f874-c384-4039-92c8-82ae5faaee1c None None] Ext name="IP address substring filtering" alias="ip-substring-filtering" description="Provides IP address substring filtering when listing ports" updated="2017-11-28T09:00:00-00:00" {{(pid=90792) _check_extension /opt/stack/neutron/neutron/api/extensions.py:415}}
Jul 11 16:30:32.304275 np0000005078 devstack@neutron-api.service[90794]: DEBUG neutron_lib.callbacks.manager [None req-8e76e5ed-a825-47d3-bf33-af544ea7d8c7 None None] Subscribe: > router precommit_update 55550100, False {{(pid=90794) subscribe /opt/stack/data/venv/lib/python3.12/site-packages/neutron_lib/callbacks/manager.py:52}}
Jul 11 16:30:32.304349 np0000005078 devstack@neutron-api.service[90792]: INFO neutron.api.extensions [None req-c8c8f874-c384-4039-92c8-82ae5faaee1c None None] Extension ip-substring-filtering not supported by any of loaded plugins
Jul 11 16:30:32.304349 np0000005078 devstack@neutron-api.service[90792]: DEBUG neutron.api.extensions [None req-c8c8f874-c384-4039-92c8-82ae5faaee1c None None] Loading extension file: l2_adjacency.py {{(pid=90792) _load_all_extensions_from_path /opt/stack/neutron/neutron/api/extensions.py:449}}
Jul 11 16:30:32.304349 np0000005078 devstack@neutron-api.service[90792]: DEBUG neutron.api.extensions [None req-c8c8f874-c384-4039-92c8-82ae5faaee1c None None] Ext name="L2 Adjacency" alias="l2_adjacency" description="Display L2 Adjacency for Neutron Networks." updated="2016-04-12T16:00:00-00:00" {{(pid=90792) _check_extension /opt/stack/neutron/neutron/api/extensions.py:415}}
Jul 11 16:30:32.304349 np0000005078 devstack@neutron-api.service[90792]: INFO neutron.api.extensions [None req-c8c8f874-c384-4039-92c8-82ae5faaee1c None None] Extension l2_adjacency not supported by any of loaded plugins
Jul 11 16:30:32.304349 np0000005078 devstack@neutron-api.service[90792]: DEBUG neutron.api.extensions [None req-c8c8f874-c384-4039-92c8-82ae5faaee1c None None] Loading extension file: l3.py {{(pid=90792) _load_all_extensions_from_path /opt/stack/neutron/neutron/api/extensions.py:449}}
Jul 11 16:30:32.304633 np0000005078 devstack@neutron-api.service[90791]: INFO neutron.quota.resource_registry [None req-a9a9edf7-f362-440c-b158-91809d9dd93b None None] Creating instance of TrackedResource for resource:network
Jul 11 16:30:32.304633 np0000005078 devstack@neutron-api.service[90791]: INFO neutron.quota.resource_registry [None req-a9a9edf7-f362-440c-b158-91809d9dd93b None None] Creating instance of TrackedResource for resource:subnet
Jul 11 16:30:32.304633 np0000005078 devstack@neutron-api.service[90791]: INFO neutron.quota.resource_registry [None req-a9a9edf7-f362-440c-b158-91809d9dd93b None None] Creating instance of TrackedResource for resource:subnetpool
Jul 11 16:30:32.304633 np0000005078 devstack@neutron-api.service[90791]: INFO neutron.quota.resource_registry [None req-a9a9edf7-f362-440c-b158-91809d9dd93b None None] Creating instance of TrackedResource for resource:port
Jul 11 16:30:32.304761 np0000005078 devstack@neutron-api.service[90792]: DEBUG neutron.api.extensions [None req-c8c8f874-c384-4039-92c8-82ae5faaee1c None None] Ext name="Neutron L3 Router" alias="router" description="Router abstraction for basic L3 forwarding between L2 Neutron networks and access to external networks via a NAT gateway." updated="2012-07-20T10:00:00-00:00" {{(pid=90792) _check_extension /opt/stack/neutron/neutron/api/extensions.py:415}}
Jul 11 16:30:32.304761 np0000005078 devstack@neutron-api.service[90792]: INFO neutron.api.extensions [None req-c8c8f874-c384-4039-92c8-82ae5faaee1c None None] Loaded extension: router
Jul 11 16:30:32.304761 np0000005078 devstack@neutron-api.service[90792]: DEBUG neutron.api.extensions [None req-c8c8f874-c384-4039-92c8-82ae5faaee1c None None] Loading extension file: l3_agent_scheduler_ha_chassis_priority.py {{(pid=90792) _load_all_extensions_from_path /opt/stack/neutron/neutron/api/extensions.py:449}}
Jul 11 16:30:32.304761 np0000005078 devstack@neutron-api.service[90792]: DEBUG neutron.api.extensions [None req-c8c8f874-c384-4039-92c8-82ae5faaee1c None None] Ext name="L3 Agent Scheduler HA Chassis Priority" alias="l3-agent-scheduler-ha-chassis-priority" description="Exposes the HA_Chassis priority in the L3 Agent Scheduler API responses and allows setting priority when scheduling a router to a chassis." updated="2026-03-31T00:00:00-00:00" {{(pid=90792) _check_extension /opt/stack/neutron/neutron/api/extensions.py:415}}
Jul 11 16:30:32.304761 np0000005078 devstack@neutron-api.service[90792]: INFO neutron.api.extensions [None req-c8c8f874-c384-4039-92c8-82ae5faaee1c None None] Loaded extension: l3-agent-scheduler-ha-chassis-priority
Jul 11 16:30:32.304761 np0000005078 devstack@neutron-api.service[90792]: DEBUG neutron.api.extensions [None req-c8c8f874-c384-4039-92c8-82ae5faaee1c None None] Loading extension file: l3_conntrack_helper.py {{(pid=90792) _load_all_extensions_from_path /opt/stack/neutron/neutron/api/extensions.py:449}}
Jul 11 16:30:32.304993 np0000005078 devstack@neutron-api.service[90791]: INFO neutron.quota.resource_registry [None req-a9a9edf7-f362-440c-b158-91809d9dd93b None None] Creating instance of CountableResource for resource:router_route
Jul 11 16:30:32.304993 np0000005078 devstack@neutron-api.service[90791]: DEBUG neutron.api.v2.resource_helper [None req-a9a9edf7-f362-440c-b158-91809d9dd93b None None] Service L3_ROUTER_NAT assigned prefix: {{(pid=90791) build_resource_info /opt/stack/neutron/neutron/api/v2/resource_helper.py:77}}
Jul 11 16:30:32.304993 np0000005078 devstack@neutron-api.service[90791]: DEBUG neutron.api.v2.resource_helper [None req-a9a9edf7-f362-440c-b158-91809d9dd93b None None] Service FLAVORS assigned prefix: {{(pid=90791) build_resource_info /opt/stack/neutron/neutron/api/v2/resource_helper.py:77}}
Jul 11 16:30:32.305115 np0000005078 devstack@neutron-api.service[90792]: DEBUG neutron.api.extensions [None req-c8c8f874-c384-4039-92c8-82ae5faaee1c None None] Ext name="L3 Conntrack helper" alias="l3-conntrack-helper" description="Allow adding CT target rules for conntrack helper" updated="2019-04-04T10:00:00-00:00" {{(pid=90792) _check_extension /opt/stack/neutron/neutron/api/extensions.py:415}}
Jul 11 16:30:32.305198 np0000005078 devstack@neutron-api.service[90794]: DEBUG neutron.services.provider_configuration [None req-8e76e5ed-a825-47d3-bf33-af544ea7d8c7 None None] Service providers = [] {{(pid=90794) parse_service_provider_opt /opt/stack/neutron/neutron/services/provider_configuration.py:170}}
Jul 11 16:30:32.305364 np0000005078 devstack@neutron-api.service[90792]: INFO neutron.api.extensions [None req-c8c8f874-c384-4039-92c8-82ae5faaee1c None None] Extension l3-conntrack-helper not supported by any of loaded plugins
Jul 11 16:30:32.305521 np0000005078 devstack@neutron-api.service[90794]: DEBUG neutron.db.servicetype_db [None req-8e76e5ed-a825-47d3-bf33-af544ea7d8c7 None None] Adding provider configuration for service L3_ROUTER_NAT {{(pid=90794) add_provider_configuration /opt/stack/neutron/neutron/db/servicetype_db.py:45}}
Jul 11 16:30:32.305635 np0000005078 devstack@neutron-api.service[90792]: DEBUG neutron.api.extensions [None req-c8c8f874-c384-4039-92c8-82ae5faaee1c None None] Loading extension file: l3_enable_default_route_bfd.py {{(pid=90792) _load_all_extensions_from_path /opt/stack/neutron/neutron/api/extensions.py:449}}
Jul 11 16:30:32.305765 np0000005078 devstack@neutron-api.service[90791]: DEBUG neutron.api.v2.resource_helper [None req-a9a9edf7-f362-440c-b158-91809d9dd93b None None] Service L3_ROUTER_NAT assigned prefix: {{(pid=90791) build_resource_info /opt/stack/neutron/neutron/api/v2/resource_helper.py:77}}
Jul 11 16:30:32.305900 np0000005078 devstack@neutron-api.service[90792]: DEBUG neutron.api.extensions [None req-c8c8f874-c384-4039-92c8-82ae5faaee1c None None] Ext name="Enable Default Route BFD" alias="enable-default-route-bfd" description="Enables configurable BFD behavior for default routes" updated="2023-02-27T00:00:00-00:00" {{(pid=90792) _check_extension /opt/stack/neutron/neutron/api/extensions.py:415}}
Jul 11 16:30:32.306026 np0000005078 devstack@neutron-api.service[90791]: DEBUG neutron.api.v2.resource_helper [None req-a9a9edf7-f362-440c-b158-91809d9dd93b None None] Service L3_ROUTER_NAT assigned prefix: {{(pid=90791) build_resource_info /opt/stack/neutron/neutron/api/v2/resource_helper.py:77}}
Jul 11 16:30:32.306189 np0000005078 devstack@neutron-api.service[90792]: INFO neutron.api.extensions [None req-c8c8f874-c384-4039-92c8-82ae5faaee1c None None] Loaded extension: enable-default-route-bfd
Jul 11 16:30:32.306325 np0000005078 devstack@neutron-api.service[90791]: INFO neutron.quota.resource_registry [None req-a9a9edf7-f362-440c-b158-91809d9dd93b None None] Creating instance of TrackedResource for resource:router
Jul 11 16:30:32.306515 np0000005078 devstack@neutron-api.service[90792]: DEBUG neutron.api.extensions [None req-c8c8f874-c384-4039-92c8-82ae5faaee1c None None] Loading extension file: l3_enable_default_route_ecmp.py {{(pid=90792) _load_all_extensions_from_path /opt/stack/neutron/neutron/api/extensions.py:449}}
Jul 11 16:30:32.306607 np0000005078 devstack@neutron-api.service[90791]: INFO neutron.quota.resource_registry [None req-a9a9edf7-f362-440c-b158-91809d9dd93b None None] Creating instance of TrackedResource for resource:floatingip
Jul 11 16:30:32.306683 np0000005078 devstack@neutron-api.service[90792]: DEBUG neutron.api.extensions [None req-c8c8f874-c384-4039-92c8-82ae5faaee1c None None] Ext name="Enable Default Route ECMP" alias="enable-default-route-ecmp" description="Enables configurable ECMP behavior for default routes" updated="2023-02-27T00:00:00-00:00" {{(pid=90792) _check_extension /opt/stack/neutron/neutron/api/extensions.py:415}}
Jul 11 16:30:32.306683 np0000005078 devstack@neutron-api.service[90792]: INFO neutron.api.extensions [None req-c8c8f874-c384-4039-92c8-82ae5faaee1c None None] Loaded extension: enable-default-route-ecmp
Jul 11 16:30:32.306683 np0000005078 devstack@neutron-api.service[90792]: DEBUG neutron.api.extensions [None req-c8c8f874-c384-4039-92c8-82ae5faaee1c None None] Loading extension file: l3_ext_gw_mode.py {{(pid=90792) _load_all_extensions_from_path /opt/stack/neutron/neutron/api/extensions.py:449}}
Jul 11 16:30:32.306823 np0000005078 devstack@neutron-api.service[90794]: DEBUG neutron_lib.callbacks.manager [None req-8e76e5ed-a825-47d3-bf33-af544ea7d8c7 None None] Subscribe: > router precommit_create 55549900, False {{(pid=90794) subscribe /opt/stack/data/venv/lib/python3.12/site-packages/neutron_lib/callbacks/manager.py:52}}
Jul 11 16:30:32.306961 np0000005078 devstack@neutron-api.service[90792]: DEBUG neutron.api.extensions [None req-c8c8f874-c384-4039-92c8-82ae5faaee1c None None] Ext name="Neutron L3 Configurable external gateway mode" alias="ext-gw-mode" description="Extension of the router abstraction for specifying whether SNAT should occur on the external gateway" updated="2013-03-28T10:00:00-00:00" {{(pid=90792) _check_extension /opt/stack/neutron/neutron/api/extensions.py:415}}
Jul 11 16:30:32.307078 np0000005078 devstack@neutron-api.service[90794]: DEBUG neutron_lib.callbacks.manager [None req-8e76e5ed-a825-47d3-bf33-af544ea7d8c7 None None] Subscribe: > router_interface after_create 55550000, False {{(pid=90794) subscribe /opt/stack/data/venv/lib/python3.12/site-packages/neutron_lib/callbacks/manager.py:52}}
Jul 11 16:30:32.307202 np0000005078 devstack@neutron-api.service[90791]: INFO neutron.quota.resource_registry [None req-a9a9edf7-f362-440c-b158-91809d9dd93b None None] Creating instance of CountableResource for resource:rbac_policy
Jul 11 16:30:32.307388 np0000005078 devstack@neutron-api.service[90794]: DEBUG neutron_lib.callbacks.manager [None req-8e76e5ed-a825-47d3-bf33-af544ea7d8c7 None None] Subscribe: > floatingip after_create 55550000, False {{(pid=90794) subscribe /opt/stack/data/venv/lib/python3.12/site-packages/neutron_lib/callbacks/manager.py:52}}
Jul 11 16:30:32.307568 np0000005078 devstack@neutron-api.service[90792]: INFO neutron.api.extensions [None req-c8c8f874-c384-4039-92c8-82ae5faaee1c None None] Loaded extension: ext-gw-mode
Jul 11 16:30:32.307704 np0000005078 devstack@neutron-api.service[90794]: DEBUG neutron_lib.callbacks.manager [None req-8e76e5ed-a825-47d3-bf33-af544ea7d8c7 None None] Subscribe: > floatingip precommit_create 55550000, False {{(pid=90794) subscribe /opt/stack/data/venv/lib/python3.12/site-packages/neutron_lib/callbacks/manager.py:52}}
Jul 11 16:30:32.307817 np0000005078 devstack@neutron-api.service[90792]: DEBUG neutron.api.extensions [None req-c8c8f874-c384-4039-92c8-82ae5faaee1c None None] Loading extension file: l3_ext_ha_mode.py {{(pid=90792) _load_all_extensions_from_path /opt/stack/neutron/neutron/api/extensions.py:449}}
Jul 11 16:30:32.307942 np0000005078 devstack@neutron-api.service[90794]: DEBUG neutron_lib.callbacks.manager [None req-8e76e5ed-a825-47d3-bf33-af544ea7d8c7 None None] Subscribe: > floatingip precommit_update 55550000, False {{(pid=90794) subscribe /opt/stack/data/venv/lib/python3.12/site-packages/neutron_lib/callbacks/manager.py:52}}
Jul 11 16:30:32.307942 np0000005078 devstack@neutron-api.service[90794]: DEBUG neutron_lib.callbacks.manager [None req-8e76e5ed-a825-47d3-bf33-af544ea7d8c7 None None] Subscribe: > floatingip after_delete 55550000, False {{(pid=90794) subscribe /opt/stack/data/venv/lib/python3.12/site-packages/neutron_lib/callbacks/manager.py:52}}
Jul 11 16:30:32.308079 np0000005078 devstack@neutron-api.service[90792]: DEBUG neutron.api.extensions [None req-c8c8f874-c384-4039-92c8-82ae5faaee1c None None] Ext name="HA Router extension" alias="l3-ha" description="Adds HA capability to routers." updated="2014-04-26T00:00:00-00:00" {{(pid=90792) _check_extension /opt/stack/neutron/neutron/api/extensions.py:415}}
Jul 11 16:30:32.308222 np0000005078 devstack@neutron-api.service[90791]: INFO neutron.quota.resource_registry [None req-a9a9edf7-f362-440c-b158-91809d9dd93b None None] Creating instance of TrackedResource for resource:security_group
Jul 11 16:30:32.308327 np0000005078 devstack@neutron-api.service[90794]: DEBUG neutron_lib.callbacks.manager [None req-8e76e5ed-a825-47d3-bf33-af544ea7d8c7 None None] Subscribe: > floatingip after_status_update 55550000, False {{(pid=90794) subscribe /opt/stack/data/venv/lib/python3.12/site-packages/neutron_lib/callbacks/manager.py:52}}
Jul 11 16:30:32.308327 np0000005078 devstack@neutron-api.service[90794]: DEBUG neutron_lib.callbacks.manager [None req-8e76e5ed-a825-47d3-bf33-af544ea7d8c7 None None] Subscribe: > floatingip after_update 55550000, False {{(pid=90794) subscribe /opt/stack/data/venv/lib/python3.12/site-packages/neutron_lib/callbacks/manager.py:52}}
Jul 11 16:30:32.308519 np0000005078 devstack@neutron-api.service[90792]: INFO neutron.api.extensions [None req-c8c8f874-c384-4039-92c8-82ae5faaee1c None None] Loaded extension: l3-ha
Jul 11 16:30:32.308671 np0000005078 devstack@neutron-api.service[90794]: DEBUG neutron_lib.callbacks.manager [None req-8e76e5ed-a825-47d3-bf33-af544ea7d8c7 None None] Subscribe: > port_forwarding after_create 55550000, False {{(pid=90794) subscribe /opt/stack/data/venv/lib/python3.12/site-packages/neutron_lib/callbacks/manager.py:52}}
Jul 11 16:30:32.308791 np0000005078 devstack@neutron-api.service[90791]: INFO neutron.quota.resource_registry [None req-a9a9edf7-f362-440c-b158-91809d9dd93b None None] Creating instance of TrackedResource for resource:security_group_rule
Jul 11 16:30:32.308935 np0000005078 devstack@neutron-api.service[90792]: DEBUG neutron.api.extensions [None req-c8c8f874-c384-4039-92c8-82ae5faaee1c None None] Loading extension file: l3_ext_ndp_proxy.py {{(pid=90792) _load_all_extensions_from_path /opt/stack/neutron/neutron/api/extensions.py:449}}
Jul 11 16:30:32.309075 np0000005078 devstack@neutron-api.service[90794]: DEBUG neutron_lib.callbacks.manager [None req-8e76e5ed-a825-47d3-bf33-af544ea7d8c7 None None] Subscribe: > router_interface after_delete 55550000, False {{(pid=90794) subscribe /opt/stack/data/venv/lib/python3.12/site-packages/neutron_lib/callbacks/manager.py:52}}
Jul 11 16:30:32.309075 np0000005078 devstack@neutron-api.service[90794]: DEBUG neutron_lib.callbacks.manager [None req-8e76e5ed-a825-47d3-bf33-af544ea7d8c7 None None] Subscribe: > router after_create 55550000, False {{(pid=90794) subscribe /opt/stack/data/venv/lib/python3.12/site-packages/neutron_lib/callbacks/manager.py:52}}
Jul 11 16:30:32.309075 np0000005078 devstack@neutron-api.service[90794]: DEBUG neutron_lib.callbacks.manager [None req-8e76e5ed-a825-47d3-bf33-af544ea7d8c7 None None] Subscribe: > router precommit_create 55550000, False {{(pid=90794) subscribe /opt/stack/data/venv/lib/python3.12/site-packages/neutron_lib/callbacks/manager.py:52}}
Jul 11 16:30:32.309285 np0000005078 devstack@neutron-api.service[90792]: DEBUG neutron.api.extensions [None req-c8c8f874-c384-4039-92c8-82ae5faaee1c None None] Ext name="Router support to enable NDP proxy" alias="l3-ext-ndp-proxy" description="Router extension to enable ndp proxy" updated="2020-08-25T00:00:00-00:00" {{(pid=90792) _check_extension /opt/stack/neutron/neutron/api/extensions.py:415}}
Jul 11 16:30:32.309480 np0000005078 devstack@neutron-api.service[90794]: DEBUG neutron_lib.callbacks.manager [None req-8e76e5ed-a825-47d3-bf33-af544ea7d8c7 None None] Subscribe: > router after_delete 55550000, False {{(pid=90794) subscribe /opt/stack/data/venv/lib/python3.12/site-packages/neutron_lib/callbacks/manager.py:52}}
Jul 11 16:30:32.309627 np0000005078 devstack@neutron-api.service[90791]: DEBUG neutron.api.v2.resource_helper [None req-a9a9edf7-f362-440c-b158-91809d9dd93b None None] Service CORE assigned prefix: {{(pid=90791) build_resource_info /opt/stack/neutron/neutron/api/v2/resource_helper.py:77}}
Jul 11 16:30:32.309765 np0000005078 devstack@neutron-api.service[90794]: DEBUG neutron_lib.callbacks.manager [None req-8e76e5ed-a825-47d3-bf33-af544ea7d8c7 None None] Subscribe: > router after_update 55550000, False {{(pid=90794) subscribe /opt/stack/data/venv/lib/python3.12/site-packages/neutron_lib/callbacks/manager.py:52}}
Jul 11 16:30:32.309894 np0000005078 devstack@neutron-api.service[90792]: INFO neutron.api.extensions [None req-c8c8f874-c384-4039-92c8-82ae5faaee1c None None] Extension l3-ext-ndp-proxy not supported by any of loaded plugins
Jul 11 16:30:32.310062 np0000005078 devstack@neutron-api.service[90791]: INFO neutron.quota.resource_registry [None req-a9a9edf7-f362-440c-b158-91809d9dd93b None None] Creating instance of TrackedResource for resource:subnetpool
Jul 11 16:30:32.310199 np0000005078 devstack@neutron-api.service[90794]: DEBUG neutron.services.service_base [None req-8e76e5ed-a825-47d3-bf33-af544ea7d8c7 None None] Loaded 'neutron.services.ovn_l3.service_providers.ovn.OvnDriver' provider for service L3_ROUTER_NAT {{(pid=90794) load_drivers /opt/stack/neutron/neutron/services/service_base.py:49}}
Jul 11 16:30:32.310323 np0000005078 devstack@neutron-api.service[90792]: DEBUG neutron.api.extensions [None req-c8c8f874-c384-4039-92c8-82ae5faaee1c None None] Loading extension file: l3_extra_gws.py {{(pid=90792) _load_all_extensions_from_path /opt/stack/neutron/neutron/api/extensions.py:449}}
Jul 11 16:30:32.310472 np0000005078 devstack@neutron-api.service[90791]: WARNING neutron.quota.resource_registry [None req-a9a9edf7-f362-440c-b158-91809d9dd93b None None] subnetpool is already registered
Jul 11 16:30:32.310611 np0000005078 devstack@neutron-api.service[90794]: DEBUG neutron_lib.callbacks.manager [None req-8e76e5ed-a825-47d3-bf33-af544ea7d8c7 None None] Subscribe: > process after_init 55550001, True {{(pid=90794) subscribe /opt/stack/data/venv/lib/python3.12/site-packages/neutron_lib/callbacks/manager.py:52}}
Jul 11 16:30:32.310611 np0000005078 devstack@neutron-api.service[90794]: DEBUG neutron.manager [None req-8e76e5ed-a825-47d3-bf33-af544ea7d8c7 None None] Successfully loaded L3_ROUTER_NAT plugin. Description: L3 Router Service Plugin for basic L3 forwarding using OVN {{(pid=90794) _create_and_add_service_plugin /opt/stack/neutron/neutron/manager.py:236}}
Jul 11 16:30:32.310768 np0000005078 devstack@neutron-api.service[90791]: DEBUG neutron.api.v2.resource_helper [None req-a9a9edf7-f362-440c-b158-91809d9dd93b None None] Service CORE assigned prefix: {{(pid=90791) build_resource_info /opt/stack/neutron/neutron/api/v2/resource_helper.py:77}}
Jul 11 16:30:32.310980 np0000005078 devstack@neutron-api.service[90792]: DEBUG neutron.api.extensions [None req-c8c8f874-c384-4039-92c8-82ae5faaee1c None None] Ext name="Neutron L3 External Gateway Multihoming" alias="external-gateway-multihoming" description="Allow multiple external gateway ports per router" updated="2023-01-18T00:00:00-00:00" {{(pid=90792) _check_extension /opt/stack/neutron/neutron/api/extensions.py:415}}
Jul 11 16:30:32.311091 np0000005078 devstack@neutron-api.service[90794]: INFO neutron.manager [None req-8e76e5ed-a825-47d3-bf33-af544ea7d8c7 None None] Loading Plugin: auto_allocate
Jul 11 16:30:32.311216 np0000005078 devstack@neutron-api.service[90791]: INFO neutron.quota.resource_registry [None req-a9a9edf7-f362-440c-b158-91809d9dd93b None None] Creating instance of TrackedResource for resource:subnetpool
Jul 11 16:30:32.311345 np0000005078 devstack@neutron-api.service[90792]: INFO neutron.api.extensions [None req-c8c8f874-c384-4039-92c8-82ae5faaee1c None None] Loaded extension: external-gateway-multihoming
Jul 11 16:30:32.311543 np0000005078 devstack@neutron-api.service[90791]: WARNING neutron.quota.resource_registry [None req-a9a9edf7-f362-440c-b158-91809d9dd93b None None] subnetpool is already registered
Jul 11 16:30:32.311661 np0000005078 devstack@neutron-api.service[90792]: DEBUG neutron.api.extensions [None req-c8c8f874-c384-4039-92c8-82ae5faaee1c None None] Loading extension file: l3_flavors.py {{(pid=90792) _load_all_extensions_from_path /opt/stack/neutron/neutron/api/extensions.py:449}}
Jul 11 16:30:32.311661 np0000005078 devstack@neutron-api.service[90792]: DEBUG neutron.api.extensions [None req-c8c8f874-c384-4039-92c8-82ae5faaee1c None None] Ext name="Router Flavor Extension" alias="l3-flavors" description="Flavor support for routers." updated="2016-05-17T00:00:00-00:00" {{(pid=90792) _check_extension /opt/stack/neutron/neutron/api/extensions.py:415}}
Jul 11 16:30:32.311661 np0000005078 devstack@neutron-api.service[90792]: INFO neutron.api.extensions [None req-c8c8f874-c384-4039-92c8-82ae5faaee1c None None] Loaded extension: l3-flavors
Jul 11 16:30:32.311897 np0000005078 devstack@neutron-api.service[90794]: DEBUG neutron_lib.callbacks.manager [None req-8e76e5ed-a825-47d3-bf33-af544ea7d8c7 None None] Subscribe: network precommit_update 55550000, False {{(pid=90794) subscribe /opt/stack/data/venv/lib/python3.12/site-packages/neutron_lib/callbacks/manager.py:52}}
Jul 11 16:30:32.312036 np0000005078 devstack@neutron-api.service[90792]: DEBUG neutron.api.extensions [None req-c8c8f874-c384-4039-92c8-82ae5faaee1c None None] Loading extension file: l3_ndp_proxy.py {{(pid=90792) _load_all_extensions_from_path /opt/stack/neutron/neutron/api/extensions.py:449}}
Jul 11 16:30:32.312186 np0000005078 devstack@neutron-api.service[90794]: DEBUG neutron_lib.callbacks.manager [None req-8e76e5ed-a825-47d3-bf33-af544ea7d8c7 None None] Subscribe: network precommit_create 55550000, False {{(pid=90794) subscribe /opt/stack/data/venv/lib/python3.12/site-packages/neutron_lib/callbacks/manager.py:52}}
Jul 11 16:30:32.312186 np0000005078 devstack@neutron-api.service[90794]: DEBUG neutron.manager [None req-8e76e5ed-a825-47d3-bf33-af544ea7d8c7 None None] Successfully loaded auto-allocated-topology plugin. Description: Auto Allocated Topology - aka get me a network. {{(pid=90794) _create_and_add_service_plugin /opt/stack/neutron/neutron/manager.py:236}}
Jul 11 16:30:32.312186 np0000005078 devstack@neutron-api.service[90794]: INFO neutron.manager [None req-8e76e5ed-a825-47d3-bf33-af544ea7d8c7 None None] Loading Plugin: tag
Jul 11 16:30:32.312378 np0000005078 devstack@neutron-api.service[90792]: DEBUG neutron.api.extensions [None req-c8c8f874-c384-4039-92c8-82ae5faaee1c None None] Ext name="name" alias="l3-ndp-proxy" description="description" updated="2021-06-29T10:00:00-00:00" {{(pid=90792) _check_extension /opt/stack/neutron/neutron/api/extensions.py:415}}
Jul 11 16:30:32.312378 np0000005078 devstack@neutron-api.service[90792]: INFO neutron.api.extensions [None req-c8c8f874-c384-4039-92c8-82ae5faaee1c None None] Extension l3-ndp-proxy not supported by any of loaded plugins
Jul 11 16:30:32.312378 np0000005078 devstack@neutron-api.service[90792]: DEBUG neutron.api.extensions [None req-c8c8f874-c384-4039-92c8-82ae5faaee1c None None] Loading extension file: l3_port_ip_change_not_allowed.py {{(pid=90792) _load_all_extensions_from_path /opt/stack/neutron/neutron/api/extensions.py:449}}
