Jul 23 00:41:08.961019 np0000005681 devstack@c-api.service[97060]: DEBUG cinder.api.openstack.wsgi [None req-1cb7c959-a8fd-4a61-b9b7-36feebca515b tempest-VolumesBackupsV39Test-1130921404 tempest-VolumesBackupsV39Test-1130921404-project-member] Empty body provided in request {{(pid=97060) get_body /opt/stack/cinder/cinder/api/openstack/wsgi.py:725}}
Jul 23 00:41:08.961461 np0000005681 devstack@c-api.service[97060]: DEBUG cinder.api.openstack.wsgi [None req-1cb7c959-a8fd-4a61-b9b7-36feebca515b tempest-VolumesBackupsV39Test-1130921404 tempest-VolumesBackupsV39Test-1130921404-project-member] Calling method 'show' {{(pid=97060) _process_stack /opt/stack/cinder/cinder/api/openstack/wsgi.py:878}}
Jul 23 00:41:08.961698 np0000005681 devstack@c-api.service[97060]: DEBUG cinder.api.v3.backups [None req-1cb7c959-a8fd-4a61-b9b7-36feebca515b tempest-VolumesBackupsV39Test-1130921404 tempest-VolumesBackupsV39Test-1130921404-project-member] Show backup with id 774bb92f-244c-4492-b821-4dd930e5105d. {{(pid=97060) show /opt/stack/cinder/cinder/api/v3/backups.py:75}}
Jul 23 00:41:08.988862 np0000005681 devstack@c-api.service[97060]: /opt/stack/data/venv/lib/python3.12/site-packages/oslo_context/context.py:102: DeprecationWarning: Policy enforcement is depending on the value of is_admin. This key is deprecated. Please update your policy file to use the standard policy values.
Jul 23 00:41:08.988862 np0000005681 devstack@c-api.service[97060]: warnings.warn(
Jul 23 00:41:08.989917 np0000005681 devstack@c-api.service[97060]: INFO cinder.api.openstack.wsgi [None req-1cb7c959-a8fd-4a61-b9b7-36feebca515b tempest-VolumesBackupsV39Test-1130921404 tempest-VolumesBackupsV39Test-1130921404-project-member] https://10.4.3.69/volume/v3/backups/774bb92f-244c-4492-b821-4dd930e5105d returned with HTTP 200
Jul 23 00:41:08.990407 np0000005681 devstack@c-api.service[97060]: [pid: 97060|app: 0|req: 157/464] 10.4.3.69 () {68 vars in 1381 bytes} [Thu Jul 23 00:41:08 2026] GET /volume/v3/backups/774bb92f-244c-4492-b821-4dd930e5105d => generated 794 bytes in 33 msecs (HTTP/1.1 200) 7 headers in 285 bytes (1 switches on core 0)
Jul 23 00:41:10.003601 np0000005681 devstack@c-api.service[97058]: DEBUG cinder.api.middleware.request_id [None req-6b5d6f46-18ab-4cd2-94e7-3de66ffa9966 None None] RequestId filter calling following filter/app {{(pid=97058) _context_setter /opt/stack/cinder/cinder/api/middleware/request_id.py:62}}
Jul 23 00:41:10.005800 np0000005681 devstack@c-api.service[97058]: INFO cinder.api.openstack.wsgi [None req-6b5d6f46-18ab-4cd2-94e7-3de66ffa9966 tempest-VolumesBackupsV39Test-1130921404 tempest-VolumesBackupsV39Test-1130921404-project-member] GET https://10.4.3.69/volume/v3/backups/774bb92f-244c-4492-b821-4dd930e5105d
Jul 23 00:41:10.006095 np0000005681 devstack@c-api.service[97058]: DEBUG cinder.api.openstack.wsgi [None req-6b5d6f46-18ab-4cd2-94e7-3de66ffa9966 tempest-VolumesBackupsV39Test-1130921404 tempest-VolumesBackupsV39Test-1130921404-project-member] Empty body provided in request {{(pid=97058) get_body /opt/stack/cinder/cinder/api/openstack/wsgi.py:725}}
Jul 23 00:41:10.006874 np0000005681 devstack@c-api.service[97058]: DEBUG cinder.api.openstack.wsgi [None req-6b5d6f46-18ab-4cd2-94e7-3de66ffa9966 tempest-VolumesBackupsV39Test-1130921404 tempest-VolumesBackupsV39Test-1130921404-project-member] Calling method 'show' {{(pid=97058) _process_stack /opt/stack/cinder/cinder/api/openstack/wsgi.py:878}}
Jul 23 00:41:10.007043 np0000005681 devstack@c-api.service[97058]: DEBUG cinder.api.v3.backups [None req-6b5d6f46-18ab-4cd2-94e7-3de66ffa9966 tempest-VolumesBackupsV39Test-1130921404 tempest-VolumesBackupsV39Test-1130921404-project-member] Show backup with id 774bb92f-244c-4492-b821-4dd930e5105d. {{(pid=97058) show /opt/stack/cinder/cinder/api/v3/backups.py:75}}
Jul 23 00:41:10.019162 np0000005681 devstack@c-api.service[97058]: /opt/stack/data/venv/lib/python3.12/site-packages/oslo_context/context.py:102: DeprecationWarning: Policy enforcement is depending on the value of is_admin. This key is deprecated. Please update your policy file to use the standard policy values.
Jul 23 00:41:10.019162 np0000005681 devstack@c-api.service[97058]: warnings.warn(
Jul 23 00:41:10.020525 np0000005681 devstack@c-api.service[97058]: INFO cinder.api.openstack.wsgi [None req-6b5d6f46-18ab-4cd2-94e7-3de66ffa9966 tempest-VolumesBackupsV39Test-1130921404 tempest-VolumesBackupsV39Test-1130921404-project-member] https://10.4.3.69/volume/v3/backups/774bb92f-244c-4492-b821-4dd930e5105d returned with HTTP 200
Jul 23 00:41:10.020672 np0000005681 devstack@c-api.service[97058]: [pid: 97058|app: 0|req: 153/465] 10.4.3.69 () {68 vars in 1381 bytes} [Thu Jul 23 00:41:10 2026] GET /volume/v3/backups/774bb92f-244c-4492-b821-4dd930e5105d => generated 794 bytes in 18 msecs (HTTP/1.1 200) 7 headers in 285 bytes (1 switches on core 0)
Jul 23 00:41:10.371204 np0000005681 devstack@c-api.service[97059]: DEBUG cinder.api.middleware.request_id [None req-4d555809-5f59-4721-9474-3400af705f47 None None] RequestId filter calling following filter/app {{(pid=97059) _context_setter /opt/stack/cinder/cinder/api/middleware/request_id.py:62}}
Jul 23 00:41:10.553543 np0000005681 devstack@c-api.service[97059]: INFO cinder.api.openstack.wsgi [None req-4d555809-5f59-4721-9474-3400af705f47 tempest-VolumesServicesTestJSON-5428618 tempest-VolumesServicesTestJSON-5428618-project-admin] GET https://10.4.3.69/volume/v3/os-services
Jul 23 00:41:10.553766 np0000005681 devstack@c-api.service[97059]: DEBUG cinder.api.openstack.wsgi [None req-4d555809-5f59-4721-9474-3400af705f47 tempest-VolumesServicesTestJSON-5428618 tempest-VolumesServicesTestJSON-5428618-project-admin] Empty body provided in request {{(pid=97059) get_body /opt/stack/cinder/cinder/api/openstack/wsgi.py:725}}
Jul 23 00:41:10.554104 np0000005681 devstack@c-api.service[97059]: DEBUG cinder.api.openstack.wsgi [None req-4d555809-5f59-4721-9474-3400af705f47 tempest-VolumesServicesTestJSON-5428618 tempest-VolumesServicesTestJSON-5428618-project-admin] Calling method 'index' {{(pid=97059) _process_stack /opt/stack/cinder/cinder/api/openstack/wsgi.py:878}}
Jul 23 00:41:10.560962 np0000005681 devstack@c-api.service[97059]: INFO cinder.api.openstack.wsgi [None req-4d555809-5f59-4721-9474-3400af705f47 tempest-VolumesServicesTestJSON-5428618 tempest-VolumesServicesTestJSON-5428618-project-admin] https://10.4.3.69/volume/v3/os-services returned with HTTP 200
Jul 23 00:41:10.561286 np0000005681 devstack@c-api.service[97059]: [pid: 97059|app: 0|req: 156/466] 10.4.3.69 () {66 vars in 1242 bytes} [Thu Jul 23 00:41:10 2026] GET /volume/v3/os-services => generated 626 bytes in 190 msecs (HTTP/1.1 200) 7 headers in 285 bytes (1 switches on core 0)
Jul 23 00:41:10.570547 np0000005681 devstack@c-api.service[97060]: DEBUG cinder.api.middleware.request_id [None req-ec64cbe1-34fa-4e90-b974-c127655d4705 None None] RequestId filter calling following filter/app {{(pid=97060) _context_setter /opt/stack/cinder/cinder/api/middleware/request_id.py:62}}
Jul 23 00:41:10.572418 np0000005681 devstack@c-api.service[97060]: INFO cinder.api.openstack.wsgi [None req-ec64cbe1-34fa-4e90-b974-c127655d4705 tempest-VolumesServicesTestJSON-5428618 tempest-VolumesServicesTestJSON-5428618-project-admin] GET https://10.4.3.69/volume/v3/os-services?host=np0000005681
Jul 23 00:41:10.572418 np0000005681 devstack@c-api.service[97060]: DEBUG cinder.api.openstack.wsgi [None req-ec64cbe1-34fa-4e90-b974-c127655d4705 tempest-VolumesServicesTestJSON-5428618 tempest-VolumesServicesTestJSON-5428618-project-admin] Empty body provided in request {{(pid=97060) get_body /opt/stack/cinder/cinder/api/openstack/wsgi.py:725}}
Jul 23 00:41:10.572488 np0000005681 devstack@c-api.service[97060]: DEBUG cinder.api.openstack.wsgi [None req-ec64cbe1-34fa-4e90-b974-c127655d4705 tempest-VolumesServicesTestJSON-5428618 tempest-VolumesServicesTestJSON-5428618-project-admin] Calling method 'index' {{(pid=97060) _process_stack /opt/stack/cinder/cinder/api/openstack/wsgi.py:878}}
Jul 23 00:41:10.578515 np0000005681 devstack@c-api.service[97060]: INFO cinder.api.openstack.wsgi [None req-ec64cbe1-34fa-4e90-b974-c127655d4705 tempest-VolumesServicesTestJSON-5428618 tempest-VolumesServicesTestJSON-5428618-project-admin] https://10.4.3.69/volume/v3/os-services?host=np0000005681 returned with HTTP 200
Jul 23 00:41:10.582707 np0000005681 devstack@c-api.service[97060]: [pid: 97060|app: 0|req: 158/467] 10.4.3.69 () {66 vars in 1277 bytes} [Thu Jul 23 00:41:10 2026] GET /volume/v3/os-services?host=np0000005681 => generated 626 bytes in 9 msecs (HTTP/1.1 200) 7 headers in 285 bytes (1 switches on core 0)
Jul 23 00:41:10.587184 np0000005681 devstack@c-api.service[97058]: DEBUG cinder.api.middleware.request_id [None req-9d4cbf4b-d11b-4f19-b648-8f0969742864 None None] RequestId filter calling following filter/app {{(pid=97058) _context_setter /opt/stack/cinder/cinder/api/middleware/request_id.py:62}}
Jul 23 00:41:10.588994 np0000005681 devstack@c-api.service[97058]: INFO cinder.api.openstack.wsgi [None req-9d4cbf4b-d11b-4f19-b648-8f0969742864 tempest-VolumesServicesTestJSON-5428618 tempest-VolumesServicesTestJSON-5428618-project-admin] GET https://10.4.3.69/volume/v3/os-services?host=np0000005681&binary=cinder-scheduler
Jul 23 00:41:10.589198 np0000005681 devstack@c-api.service[97058]: DEBUG cinder.api.openstack.wsgi [None req-9d4cbf4b-d11b-4f19-b648-8f0969742864 tempest-VolumesServicesTestJSON-5428618 tempest-VolumesServicesTestJSON-5428618-project-admin] Empty body provided in request {{(pid=97058) get_body /opt/stack/cinder/cinder/api/openstack/wsgi.py:725}}
Jul 23 00:41:10.589419 np0000005681 devstack@c-api.service[97058]: DEBUG cinder.api.openstack.wsgi [None req-9d4cbf4b-d11b-4f19-b648-8f0969742864 tempest-VolumesServicesTestJSON-5428618 tempest-VolumesServicesTestJSON-5428618-project-admin] Calling method 'index' {{(pid=97058) _process_stack /opt/stack/cinder/cinder/api/openstack/wsgi.py:878}}
Jul 23 00:41:10.595628 np0000005681 devstack@c-api.service[97058]: INFO cinder.api.openstack.wsgi [None req-9d4cbf4b-d11b-4f19-b648-8f0969742864 tempest-VolumesServicesTestJSON-5428618 tempest-VolumesServicesTestJSON-5428618-project-admin] https://10.4.3.69/volume/v3/os-services?host=np0000005681&binary=cinder-scheduler returned with HTTP 200
Jul 23 00:41:10.596215 np0000005681 devstack@c-api.service[97058]: [pid: 97058|app: 0|req: 154/468] 10.4.3.69 () {66 vars in 1325 bytes} [Thu Jul 23 00:41:10 2026] GET /volume/v3/os-services?host=np0000005681&binary=cinder-scheduler => generated 191 bytes in 9 msecs (HTTP/1.1 200) 7 headers in 285 bytes (1 switches on core 0)
Jul 23 00:41:10.604553 np0000005681 devstack@c-api.service[97059]: DEBUG cinder.api.middleware.request_id [None req-05ca3e56-c924-42da-936d-28d810cc4c46 None None] RequestId filter calling following filter/app {{(pid=97059) _context_setter /opt/stack/cinder/cinder/api/middleware/request_id.py:62}}
Jul 23 00:41:10.606105 np0000005681 devstack@c-api.service[97059]: INFO cinder.api.openstack.wsgi [None req-05ca3e56-c924-42da-936d-28d810cc4c46 tempest-VolumesServicesTestJSON-5428618 tempest-VolumesServicesTestJSON-5428618-project-admin] GET https://10.4.3.69/volume/v3/os-services?binary=cinder-scheduler
Jul 23 00:41:10.606276 np0000005681 devstack@c-api.service[97059]: DEBUG cinder.api.openstack.wsgi [None req-05ca3e56-c924-42da-936d-28d810cc4c46 tempest-VolumesServicesTestJSON-5428618 tempest-VolumesServicesTestJSON-5428618-project-admin] Empty body provided in request {{(pid=97059) get_body /opt/stack/cinder/cinder/api/openstack/wsgi.py:725}}
Jul 23 00:41:10.606452 np0000005681 devstack@c-api.service[97059]: DEBUG cinder.api.openstack.wsgi [None req-05ca3e56-c924-42da-936d-28d810cc4c46 tempest-VolumesServicesTestJSON-5428618 tempest-VolumesServicesTestJSON-5428618-project-admin] Calling method 'index' {{(pid=97059) _process_stack /opt/stack/cinder/cinder/api/openstack/wsgi.py:878}}
Jul 23 00:41:10.611146 np0000005681 devstack@c-api.service[97059]: INFO cinder.api.openstack.wsgi [None req-05ca3e56-c924-42da-936d-28d810cc4c46 tempest-VolumesServicesTestJSON-5428618 tempest-VolumesServicesTestJSON-5428618-project-admin] https://10.4.3.69/volume/v3/os-services?binary=cinder-scheduler returned with HTTP 200
Jul 23 00:41:10.611480 np0000005681 devstack@c-api.service[97059]: [pid: 97059|app: 0|req: 157/469] 10.4.3.69 () {66 vars in 1289 bytes} [Thu Jul 23 00:41:10 2026] GET /volume/v3/os-services?binary=cinder-scheduler => generated 191 bytes in 7 msecs (HTTP/1.1 200) 7 headers in 285 bytes (1 switches on core 0)
Jul 23 00:41:10.621785 np0000005681 devstack@c-api.service[97060]: DEBUG cinder.api.middleware.request_id [None req-63ca775b-bc84-4eb5-8d04-8d0e72aa9a7b None None] RequestId filter calling following filter/app {{(pid=97060) _context_setter /opt/stack/cinder/cinder/api/middleware/request_id.py:62}}
Jul 23 00:41:10.769675 np0000005681 devstack@c-api.service[97060]: INFO cinder.api.openstack.wsgi [None req-63ca775b-bc84-4eb5-8d04-8d0e72aa9a7b tempest-VolumesServicesTestJSON-1322275350 tempest-VolumesServicesTestJSON-1322275350-project-member] POST https://10.4.3.69/volume/v3/volumes
Jul 23 00:41:10.772244 np0000005681 devstack@c-api.service[97060]: DEBUG cinder.api.openstack.wsgi [None req-63ca775b-bc84-4eb5-8d04-8d0e72aa9a7b tempest-VolumesServicesTestJSON-1322275350 tempest-VolumesServicesTestJSON-1322275350-project-member] Action: 'create', calling method: create, body: {"volume": {"size": 1, "name": "tempest-VolumesServicesTestJSON-Volume-321067549"}} {{(pid=97060) _process_stack /opt/stack/cinder/cinder/api/openstack/wsgi.py:876}}
Jul 23 00:41:10.774678 np0000005681 devstack@c-api.service[97060]: DEBUG cinder.api.v3.volumes [None req-63ca775b-bc84-4eb5-8d04-8d0e72aa9a7b tempest-VolumesServicesTestJSON-1322275350 tempest-VolumesServicesTestJSON-1322275350-project-member] Create volume request body: {'volume': {'size': 1, 'name': 'tempest-VolumesServicesTestJSON-Volume-321067549'}} {{(pid=97060) create /opt/stack/cinder/cinder/api/v3/volumes.py:368}}
Jul 23 00:41:10.775034 np0000005681 devstack@c-api.service[97060]: INFO cinder.api.v3.volumes [None req-63ca775b-bc84-4eb5-8d04-8d0e72aa9a7b tempest-VolumesServicesTestJSON-1322275350 tempest-VolumesServicesTestJSON-1322275350-project-member] Create volume of 1 GB
Jul 23 00:41:10.775972 np0000005681 devstack@c-api.service[97058]: DEBUG cinder.api.middleware.request_id [req-15c1f1c5-ed2d-40d6-a6fb-8ef22b19bb3b req-48813ce9-fb6b-4eb5-b43f-68b065d2e632 None None] RequestId filter calling following filter/app {{(pid=97058) _context_setter /opt/stack/cinder/cinder/api/middleware/request_id.py:62}}
Jul 23 00:41:10.778794 np0000005681 devstack@c-api.service[97058]: INFO cinder.api.openstack.wsgi [req-15c1f1c5-ed2d-40d6-a6fb-8ef22b19bb3b req-48813ce9-fb6b-4eb5-b43f-68b065d2e632 tempest-ServerBootFromVolumeStableRescueTest-1027853892 tempest-ServerBootFromVolumeStableRescueTest-1027853892-project-member] GET https://10.4.3.69/volume/v3/volumes/eee89a79-6d73-4222-bda7-7d76b03857b1
Jul 23 00:41:10.779123 np0000005681 devstack@c-api.service[97058]: DEBUG cinder.api.openstack.wsgi [req-15c1f1c5-ed2d-40d6-a6fb-8ef22b19bb3b req-48813ce9-fb6b-4eb5-b43f-68b065d2e632 tempest-ServerBootFromVolumeStableRescueTest-1027853892 tempest-ServerBootFromVolumeStableRescueTest-1027853892-project-member] Empty body provided in request {{(pid=97058) get_body /opt/stack/cinder/cinder/api/openstack/wsgi.py:725}}
Jul 23 00:41:10.779372 np0000005681 devstack@c-api.service[97058]: DEBUG cinder.api.openstack.wsgi [req-15c1f1c5-ed2d-40d6-a6fb-8ef22b19bb3b req-48813ce9-fb6b-4eb5-b43f-68b065d2e632 tempest-ServerBootFromVolumeStableRescueTest-1027853892 tempest-ServerBootFromVolumeStableRescueTest-1027853892-project-member] Calling method 'show' {{(pid=97058) _process_stack /opt/stack/cinder/cinder/api/openstack/wsgi.py:878}}
Jul 23 00:41:10.782353 np0000005681 devstack@c-api.service[97060]: INFO cinder.volume.api [None req-63ca775b-bc84-4eb5-8d04-8d0e72aa9a7b tempest-VolumesServicesTestJSON-1322275350 tempest-VolumesServicesTestJSON-1322275350-project-member] Availability Zones retrieved successfully.
Jul 23 00:41:10.791132 np0000005681 devstack@c-api.service[97060]: DEBUG cinder.volume.api [None req-63ca775b-bc84-4eb5-8d04-8d0e72aa9a7b tempest-VolumesServicesTestJSON-1322275350 tempest-VolumesServicesTestJSON-1322275350-project-member] Flow 'volume_create_api' (f0b43dbd-a0d7-4d4e-90f4-a40b854c6de0) transitioned into state 'RUNNING' from state 'PENDING' {{(pid=97060) _flow_receiver /opt/stack/data/venv/lib/python3.12/site-packages/taskflow/listeners/logging.py:160}}
Jul 23 00:41:10.792575 np0000005681 devstack@c-api.service[97060]: DEBUG cinder.volume.api [None req-63ca775b-bc84-4eb5-8d04-8d0e72aa9a7b tempest-VolumesServicesTestJSON-1322275350 tempest-VolumesServicesTestJSON-1322275350-project-member] Task 'cinder.volume.flows.api.create_volume.ExtractVolumeRequestTask;volume:create' (c75f9473-281d-4c0d-acb6-4b9e3dd5e419) transitioned into state 'RUNNING' from state 'PENDING' {{(pid=97060) _task_receiver /opt/stack/data/venv/lib/python3.12/site-packages/taskflow/listeners/logging.py:242}}
Jul 23 00:41:10.793956 np0000005681 devstack@c-api.service[97060]: DEBUG cinder.volume.flows.api.create_volume [None req-63ca775b-bc84-4eb5-8d04-8d0e72aa9a7b tempest-VolumesServicesTestJSON-1322275350 tempest-VolumesServicesTestJSON-1322275350-project-member] Validating volume size '1' using validate_int {{(pid=97060) _extract_size /opt/stack/cinder/cinder/volume/flows/api/create_volume.py:226}}
Jul 23 00:41:10.796857 np0000005681 devstack@c-api.service[97058]: /opt/stack/data/venv/lib/python3.12/site-packages/oslo_context/context.py:102: DeprecationWarning: Policy enforcement is depending on the value of is_admin. This key is deprecated. Please update your policy file to use the standard policy values.
Jul 23 00:41:10.796857 np0000005681 devstack@c-api.service[97058]: warnings.warn(
Jul 23 00:41:10.805371 np0000005681 devstack@c-api.service[97058]: INFO cinder.volume.api [req-15c1f1c5-ed2d-40d6-a6fb-8ef22b19bb3b req-48813ce9-fb6b-4eb5-b43f-68b065d2e632 tempest-ServerBootFromVolumeStableRescueTest-1027853892 tempest-ServerBootFromVolumeStableRescueTest-1027853892-project-member] Volume info retrieved successfully.
Jul 23 00:41:10.812254 np0000005681 devstack@c-api.service[97058]: INFO cinder.api.openstack.wsgi [req-15c1f1c5-ed2d-40d6-a6fb-8ef22b19bb3b req-48813ce9-fb6b-4eb5-b43f-68b065d2e632 tempest-ServerBootFromVolumeStableRescueTest-1027853892 tempest-ServerBootFromVolumeStableRescueTest-1027853892-project-member] https://10.4.3.69/volume/v3/volumes/eee89a79-6d73-4222-bda7-7d76b03857b1 returned with HTTP 200
Jul 23 00:41:10.812925 np0000005681 devstack@c-api.service[97058]: [pid: 97058|app: 0|req: 155/470] 10.4.3.69 () {68 vars in 1591 bytes} [Thu Jul 23 00:41:10 2026] GET /volume/v3/volumes/eee89a79-6d73-4222-bda7-7d76b03857b1 => generated 1601 bytes in 38 msecs (HTTP/1.1 200) 7 headers in 286 bytes (2 switches on core 0)
Jul 23 00:41:10.835712 np0000005681 devstack@c-api.service[97060]: DEBUG cinder.volume.api [None req-63ca775b-bc84-4eb5-8d04-8d0e72aa9a7b tempest-VolumesServicesTestJSON-1322275350 tempest-VolumesServicesTestJSON-1322275350-project-member] Task 'cinder.volume.flows.api.create_volume.ExtractVolumeRequestTask;volume:create' (c75f9473-281d-4c0d-acb6-4b9e3dd5e419) transitioned into state 'SUCCESS' from state 'RUNNING' with result '{'size': 1, 'snapshot_id': None, 'source_volid': None, 'volume_type': VolumeType(created_at=2026-07-23T00:36:10Z,deleted=False,deleted_at=None,description=None,extra_specs={volume_backend_name='storpool'},id=8a7cffc1-5bde-48bd-982f-c2057167d04c,is_public=True,name='storpool',projects=[],qos_specs=,qos_specs_id=None,updated_at=None), 'volume_type_id': '8a7cffc1-5bde-48bd-982f-c2057167d04c', 'encryption_key_id': None, 'qos_specs': None, 'consistencygroup_id': None, 'cgsnapshot_id': None, 'group_id': None, 'replication_status': 'disabled', 'refresh_az': False, 'backup_id': None, 'multiattach': False, 'availability_zones': ['nova']}' {{(pid=97060) _task_receiver /opt/stack/data/venv/lib/python3.12/site-packages/taskflow/listeners/logging.py:218}}
Jul 23 00:41:10.838007 np0000005681 devstack@c-api.service[97060]: DEBUG cinder.volume.api [None req-63ca775b-bc84-4eb5-8d04-8d0e72aa9a7b tempest-VolumesServicesTestJSON-1322275350 tempest-VolumesServicesTestJSON-1322275350-project-member] Task 'cinder.volume.flows.api.create_volume.QuotaReserveTask;volume:create' (4e8376a6-79a1-454d-9e1a-7de1e66e58ec) transitioned into state 'RUNNING' from state 'PENDING' {{(pid=97060) _task_receiver /opt/stack/data/venv/lib/python3.12/site-packages/taskflow/listeners/logging.py:242}}
Jul 23 00:41:10.930024 np0000005681 devstack@c-api.service[97060]: DEBUG cinder.quota [None req-63ca775b-bc84-4eb5-8d04-8d0e72aa9a7b tempest-VolumesServicesTestJSON-1322275350 tempest-VolumesServicesTestJSON-1322275350-project-member] Created reservations ['c188cd4d-b7bf-460f-8146-c06eefb64cd5', '57f2dd98-de11-4a64-8730-2dfb442d7b2c', '5a8e6b96-a8c9-4363-9719-495e17051991', '57085246-f7e7-4115-8996-a2a584db5093'] {{(pid=97060) reserve /opt/stack/cinder/cinder/quota.py:752}}
Jul 23 00:41:10.931237 np0000005681 devstack@c-api.service[97060]: DEBUG cinder.volume.api [None req-63ca775b-bc84-4eb5-8d04-8d0e72aa9a7b tempest-VolumesServicesTestJSON-1322275350 tempest-VolumesServicesTestJSON-1322275350-project-member] Task 'cinder.volume.flows.api.create_volume.QuotaReserveTask;volume:create' (4e8376a6-79a1-454d-9e1a-7de1e66e58ec) transitioned into state 'SUCCESS' from state 'RUNNING' with result '{'reservations': ['c188cd4d-b7bf-460f-8146-c06eefb64cd5', '57f2dd98-de11-4a64-8730-2dfb442d7b2c', '5a8e6b96-a8c9-4363-9719-495e17051991', '57085246-f7e7-4115-8996-a2a584db5093']}' {{(pid=97060) _task_receiver /opt/stack/data/venv/lib/python3.12/site-packages/taskflow/listeners/logging.py:218}}
Jul 23 00:41:10.932353 np0000005681 devstack@c-api.service[97060]: DEBUG cinder.volume.api [None req-63ca775b-bc84-4eb5-8d04-8d0e72aa9a7b tempest-VolumesServicesTestJSON-1322275350 tempest-VolumesServicesTestJSON-1322275350-project-member] Task 'cinder.volume.flows.api.create_volume.EntryCreateTask;volume:create' (4328b0c3-5398-4d48-bdeb-c9df1af05e64) transitioned into state 'RUNNING' from state 'PENDING' {{(pid=97060) _task_receiver /opt/stack/data/venv/lib/python3.12/site-packages/taskflow/listeners/logging.py:242}}
Jul 23 00:41:10.961610 np0000005681 devstack@c-api.service[97060]: DEBUG cinder.volume.api [None req-63ca775b-bc84-4eb5-8d04-8d0e72aa9a7b tempest-VolumesServicesTestJSON-1322275350 tempest-VolumesServicesTestJSON-1322275350-project-member] Task 'cinder.volume.flows.api.create_volume.EntryCreateTask;volume:create' (4328b0c3-5398-4d48-bdeb-c9df1af05e64) transitioned into state 'SUCCESS' from state 'RUNNING' with result '{'volume_id': '1f4bf3ac-48e3-4042-81e3-7229c5025801', 'volume_properties': VolumeProperties(attach_status='detached',availability_zone='nova',cgsnapshot_id=None,consistencygroup_id=None,display_description=None,display_name='tempest-VolumesServicesTestJSON-Volume-321067549',encryption_key_id=None,group_id=None,group_type_id=,metadata={},multiattach=False,project_id='196f007914fe4a0e9f860c58e0f92710',qos_specs=None,replication_status=,reservations=['c188cd4d-b7bf-460f-8146-c06eefb64cd5','57f2dd98-de11-4a64-8730-2dfb442d7b2c','5a8e6b96-a8c9-4363-9719-495e17051991','57085246-f7e7-4115-8996-a2a584db5093'],size=1,snapshot_id=None,source_replicaid=,source_volid=None,status='creating',user_id='aea24aa4064e43529c3155a0792e7764',volume_type_id=8a7cffc1-5bde-48bd-982f-c2057167d04c), 'volume': Volume(_name_id=None,admin_metadata=,attach_status='detached',availability_zone='nova',bootable=False,cluster=,cluster_name=None,consistencygroup=,consistencygroup_id=None,created_at=2026-07-23T00:41:10Z,deleted=False,deleted_at=None,display_description=None,display_name='tempest-VolumesServicesTestJSON-Volume-321067549',ec2_id=None,encryption_key_id=None,glance_metadata=,group=,group_id=None,host=None,id=1f4bf3ac-48e3-4042-81e3-7229c5025801,launched_at=None,metadata={},migration_status=None,multiattach=False,previous_status=None,project_id='196f007914fe4a0e9f860c58e0f92710',provider_auth=None,provider_geometry=None,provider_id=None,provider_location=None,replication_driver_data=None,replication_extended_status=None,replication_status=None,scheduled_at=None,service_uuid=None,shared_targets=True,size=1,snapshot_id=None,snapshots=,source_volid=None,status='creating',terminated_at=None,updated_at=None,use_quota=True,user_id='aea24aa4064e43529c3155a0792e7764',volume_attachment=VolumeAttachmentList,volume_type=VolumeType(8a7cffc1-5bde-48bd-982f-c2057167d04c),volume_type_id=8a7cffc1-5bde-48bd-982f-c2057167d04c)}' {{(pid=97060) _task_receiver /opt/stack/data/venv/lib/python3.12/site-packages/taskflow/listeners/logging.py:218}}
Jul 23 00:41:10.962907 np0000005681 devstack@c-api.service[97060]: DEBUG cinder.volume.api [None req-63ca775b-bc84-4eb5-8d04-8d0e72aa9a7b tempest-VolumesServicesTestJSON-1322275350 tempest-VolumesServicesTestJSON-1322275350-project-member] Task 'cinder.volume.flows.api.create_volume.QuotaCommitTask;volume:create' (f8bc4b56-f35f-4c44-b70e-5c0b3e527e84) transitioned into state 'RUNNING' from state 'PENDING' {{(pid=97060) _task_receiver /opt/stack/data/venv/lib/python3.12/site-packages/taskflow/listeners/logging.py:242}}
Jul 23 00:41:10.989185 np0000005681 devstack@c-api.service[97060]: DEBUG cinder.volume.api [None req-63ca775b-bc84-4eb5-8d04-8d0e72aa9a7b tempest-VolumesServicesTestJSON-1322275350 tempest-VolumesServicesTestJSON-1322275350-project-member] Task 'cinder.volume.flows.api.create_volume.QuotaCommitTask;volume:create' (f8bc4b56-f35f-4c44-b70e-5c0b3e527e84) transitioned into state 'SUCCESS' from state 'RUNNING' with result '{'volume_properties': VolumeProperties(attach_status='detached',availability_zone='nova',cgsnapshot_id=None,consistencygroup_id=None,display_description=None,display_name='tempest-VolumesServicesTestJSON-Volume-321067549',encryption_key_id=None,group_id=None,group_type_id=,metadata={},multiattach=False,project_id='196f007914fe4a0e9f860c58e0f92710',qos_specs=None,replication_status=,reservations=['c188cd4d-b7bf-460f-8146-c06eefb64cd5','57f2dd98-de11-4a64-8730-2dfb442d7b2c','5a8e6b96-a8c9-4363-9719-495e17051991','57085246-f7e7-4115-8996-a2a584db5093'],size=1,snapshot_id=None,source_replicaid=,source_volid=None,status='creating',user_id='aea24aa4064e43529c3155a0792e7764',volume_type_id=8a7cffc1-5bde-48bd-982f-c2057167d04c)}' {{(pid=97060) _task_receiver /opt/stack/data/venv/lib/python3.12/site-packages/taskflow/listeners/logging.py:218}}
Jul 23 00:41:10.990352 np0000005681 devstack@c-api.service[97060]: DEBUG cinder.volume.api [None req-63ca775b-bc84-4eb5-8d04-8d0e72aa9a7b tempest-VolumesServicesTestJSON-1322275350 tempest-VolumesServicesTestJSON-1322275350-project-member] Task 'cinder.volume.flows.api.create_volume.VolumeCastTask;volume:create' (2d9987a5-f8d8-4cd1-882a-e6e8eb36963a) transitioned into state 'RUNNING' from state 'PENDING' {{(pid=97060) _task_receiver /opt/stack/data/venv/lib/python3.12/site-packages/taskflow/listeners/logging.py:242}}
Jul 23 00:41:11.007956 np0000005681 devstack@c-api.service[97060]: DEBUG cinder.volume.api [None req-63ca775b-bc84-4eb5-8d04-8d0e72aa9a7b tempest-VolumesServicesTestJSON-1322275350 tempest-VolumesServicesTestJSON-1322275350-project-member] Task 'cinder.volume.flows.api.create_volume.VolumeCastTask;volume:create' (2d9987a5-f8d8-4cd1-882a-e6e8eb36963a) transitioned into state 'SUCCESS' from state 'RUNNING' with result 'None' {{(pid=97060) _task_receiver /opt/stack/data/venv/lib/python3.12/site-packages/taskflow/listeners/logging.py:218}}
Jul 23 00:41:11.009060 np0000005681 devstack@c-api.service[97060]: DEBUG cinder.volume.api [None req-63ca775b-bc84-4eb5-8d04-8d0e72aa9a7b tempest-VolumesServicesTestJSON-1322275350 tempest-VolumesServicesTestJSON-1322275350-project-member] Flow 'volume_create_api' (f0b43dbd-a0d7-4d4e-90f4-a40b854c6de0) transitioned into state 'SUCCESS' from state 'RUNNING' {{(pid=97060) _flow_receiver /opt/stack/data/venv/lib/python3.12/site-packages/taskflow/listeners/logging.py:160}}
Jul 23 00:41:11.009465 np0000005681 devstack@c-api.service[97060]: INFO cinder.volume.api [None req-63ca775b-bc84-4eb5-8d04-8d0e72aa9a7b tempest-VolumesServicesTestJSON-1322275350 tempest-VolumesServicesTestJSON-1322275350-project-member] Create volume request issued successfully.
Jul 23 00:41:11.010364 np0000005681 devstack@c-api.service[97060]: INFO cinder.api.openstack.wsgi [None req-63ca775b-bc84-4eb5-8d04-8d0e72aa9a7b tempest-VolumesServicesTestJSON-1322275350 tempest-VolumesServicesTestJSON-1322275350-project-member] https://10.4.3.69/volume/v3/volumes returned with HTTP 202
Jul 23 00:41:11.011036 np0000005681 devstack@c-api.service[97060]: [pid: 97060|app: 0|req: 159/471] 10.4.3.69 () {68 vars in 1251 bytes} [Thu Jul 23 00:41:10 2026] POST /volume/v3/volumes => generated 751 bytes in 390 msecs (HTTP/1.1 202) 7 headers in 291 bytes (1 switches on core 0)
Jul 23 00:41:11.028686 np0000005681 devstack@c-api.service[97059]: DEBUG cinder.api.middleware.request_id [None req-008db631-b522-4ae5-9e37-ab7c6435884f None None] RequestId filter calling following filter/app {{(pid=97059) _context_setter /opt/stack/cinder/cinder/api/middleware/request_id.py:62}}
Jul 23 00:41:11.028686 np0000005681 devstack@c-api.service[97059]: INFO cinder.api.openstack.wsgi [None req-008db631-b522-4ae5-9e37-ab7c6435884f tempest-VolumesServicesTestJSON-1322275350 tempest-VolumesServicesTestJSON-1322275350-project-member] GET https://10.4.3.69/volume/v3/volumes/1f4bf3ac-48e3-4042-81e3-7229c5025801
Jul 23 00:41:11.029302 np0000005681 devstack@c-api.service[97059]: DEBUG cinder.api.openstack.wsgi [None req-008db631-b522-4ae5-9e37-ab7c6435884f tempest-VolumesServicesTestJSON-1322275350 tempest-VolumesServicesTestJSON-1322275350-project-member] Empty body provided in request {{(pid=97059) get_body /opt/stack/cinder/cinder/api/openstack/wsgi.py:725}}
Jul 23 00:41:11.031338 np0000005681 devstack@c-api.service[97059]: DEBUG cinder.api.openstack.wsgi [None req-008db631-b522-4ae5-9e37-ab7c6435884f tempest-VolumesServicesTestJSON-1322275350 tempest-VolumesServicesTestJSON-1322275350-project-member] Calling method 'show' {{(pid=97059) _process_stack /opt/stack/cinder/cinder/api/openstack/wsgi.py:878}}
Jul 23 00:41:11.035778 np0000005681 devstack@c-api.service[97058]: DEBUG cinder.api.middleware.request_id [None req-36d3357b-4423-4c26-9158-c0cd336e6176 None None] RequestId filter calling following filter/app {{(pid=97058) _context_setter /opt/stack/cinder/cinder/api/middleware/request_id.py:62}}
Jul 23 00:41:11.039947 np0000005681 devstack@c-api.service[97059]: /opt/stack/data/venv/lib/python3.12/site-packages/oslo_context/context.py:102: DeprecationWarning: Policy enforcement is depending on the value of is_admin. This key is deprecated. Please update your policy file to use the standard policy values.
Jul 23 00:41:11.039947 np0000005681 devstack@c-api.service[97059]: warnings.warn(
Jul 23 00:41:11.040532 np0000005681 devstack@c-api.service[97058]: INFO cinder.api.openstack.wsgi [None req-36d3357b-4423-4c26-9158-c0cd336e6176 tempest-VolumesBackupsV39Test-1130921404 tempest-VolumesBackupsV39Test-1130921404-project-member] GET https://10.4.3.69/volume/v3/backups/774bb92f-244c-4492-b821-4dd930e5105d
Jul 23 00:41:11.040873 np0000005681 devstack@c-api.service[97058]: DEBUG cinder.api.openstack.wsgi [None req-36d3357b-4423-4c26-9158-c0cd336e6176 tempest-VolumesBackupsV39Test-1130921404 tempest-VolumesBackupsV39Test-1130921404-project-member] Empty body provided in request {{(pid=97058) get_body /opt/stack/cinder/cinder/api/openstack/wsgi.py:725}}
Jul 23 00:41:11.041322 np0000005681 devstack@c-api.service[97058]: DEBUG cinder.api.openstack.wsgi [None req-36d3357b-4423-4c26-9158-c0cd336e6176 tempest-VolumesBackupsV39Test-1130921404 tempest-VolumesBackupsV39Test-1130921404-project-member] Calling method 'show' {{(pid=97058) _process_stack /opt/stack/cinder/cinder/api/openstack/wsgi.py:878}}
Jul 23 00:41:11.041840 np0000005681 devstack@c-api.service[97058]: DEBUG cinder.api.v3.backups [None req-36d3357b-4423-4c26-9158-c0cd336e6176 tempest-VolumesBackupsV39Test-1130921404 tempest-VolumesBackupsV39Test-1130921404-project-member] Show backup with id 774bb92f-244c-4492-b821-4dd930e5105d. {{(pid=97058) show /opt/stack/cinder/cinder/api/v3/backups.py:75}}
Jul 23 00:41:11.044297 np0000005681 devstack@c-api.service[97059]: INFO cinder.volume.api [None req-008db631-b522-4ae5-9e37-ab7c6435884f tempest-VolumesServicesTestJSON-1322275350 tempest-VolumesServicesTestJSON-1322275350-project-member] Volume info retrieved successfully.
Jul 23 00:41:11.052850 np0000005681 devstack@c-api.service[97058]: /opt/stack/data/venv/lib/python3.12/site-packages/oslo_context/context.py:102: DeprecationWarning: Policy enforcement is depending on the value of is_admin. This key is deprecated. Please update your policy file to use the standard policy values.
Jul 23 00:41:11.052850 np0000005681 devstack@c-api.service[97058]: warnings.warn(
Jul 23 00:41:11.053187 np0000005681 devstack@c-api.service[97058]: INFO cinder.api.openstack.wsgi [None req-36d3357b-4423-4c26-9158-c0cd336e6176 tempest-VolumesBackupsV39Test-1130921404 tempest-VolumesBackupsV39Test-1130921404-project-member] https://10.4.3.69/volume/v3/backups/774bb92f-244c-4492-b821-4dd930e5105d returned with HTTP 200
Jul 23 00:41:11.053701 np0000005681 devstack@c-api.service[97058]: [pid: 97058|app: 0|req: 156/472] 10.4.3.69 () {68 vars in 1381 bytes} [Thu Jul 23 00:41:11 2026] GET /volume/v3/backups/774bb92f-244c-4492-b821-4dd930e5105d => generated 794 bytes in 18 msecs (HTTP/1.1 200) 7 headers in 285 bytes (2 switches on core 0)
Jul 23 00:41:11.055386 np0000005681 devstack@c-api.service[97059]: INFO cinder.api.openstack.wsgi [None req-008db631-b522-4ae5-9e37-ab7c6435884f tempest-VolumesServicesTestJSON-1322275350 tempest-VolumesServicesTestJSON-1322275350-project-member] https://10.4.3.69/volume/v3/volumes/1f4bf3ac-48e3-4042-81e3-7229c5025801 returned with HTTP 200
Jul 23 00:41:11.055833 np0000005681 devstack@c-api.service[97059]: [pid: 97059|app: 0|req: 158/473] 10.4.3.69 () {66 vars in 1341 bytes} [Thu Jul 23 00:41:11 2026] GET /volume/v3/volumes/1f4bf3ac-48e3-4042-81e3-7229c5025801 => generated 819 bytes in 30 msecs (HTTP/1.1 200) 7 headers in 285 bytes (1 switches on core 0)
Jul 23 00:41:11.889481 np0000005681 devstack@c-api.service[97060]: DEBUG cinder.api.middleware.request_id [req-33993c2f-5de9-468e-a2ae-f352534d166c req-4234290d-9b2c-4780-8054-e2133d47d8c2 None None] RequestId filter calling following filter/app {{(pid=97060) _context_setter /opt/stack/cinder/cinder/api/middleware/request_id.py:62}}
Jul 23 00:41:11.893670 np0000005681 devstack@c-api.service[97060]: INFO cinder.api.openstack.wsgi [req-33993c2f-5de9-468e-a2ae-f352534d166c req-4234290d-9b2c-4780-8054-e2133d47d8c2 tempest-VolumesGetTestJSON-2090709779 tempest-VolumesGetTestJSON-2090709779-project-member] POST https://10.4.3.69/volume/v3/volumes
Jul 23 00:41:11.893670 np0000005681 devstack@c-api.service[97060]: DEBUG cinder.api.openstack.wsgi [req-33993c2f-5de9-468e-a2ae-f352534d166c req-4234290d-9b2c-4780-8054-e2133d47d8c2 tempest-VolumesGetTestJSON-2090709779 tempest-VolumesGetTestJSON-2090709779-project-member] Action: 'create', calling method: create, body: {"volume": {"size": 1, "consistencygroup_id": null, "snapshot_id": null, "name": "tempest-VolumesGetTestJSON-Volume-1841821959", "description": null, "volume_type": null, "availability_zone": null, "metadata": {"Type": "work"}, "imageRef": null, "source_volid": null, "backup_id": null}} {{(pid=97060) _process_stack /opt/stack/cinder/cinder/api/openstack/wsgi.py:876}}
Jul 23 00:41:11.894806 np0000005681 devstack@c-api.service[97060]: DEBUG cinder.api.v3.volumes [req-33993c2f-5de9-468e-a2ae-f352534d166c req-4234290d-9b2c-4780-8054-e2133d47d8c2 tempest-VolumesGetTestJSON-2090709779 tempest-VolumesGetTestJSON-2090709779-project-member] Create volume request body: {'volume': {'size': 1, 'consistencygroup_id': None, 'snapshot_id': None, 'name': 'tempest-VolumesGetTestJSON-Volume-1841821959', 'description': None, 'volume_type': None, 'availability_zone': None, 'metadata': {'Type': 'work'}, 'imageRef': None, 'source_volid': None, 'backup_id': None}} {{(pid=97060) create /opt/stack/cinder/cinder/api/v3/volumes.py:368}}
Jul 23 00:41:11.895100 np0000005681 devstack@c-api.service[97060]: INFO cinder.api.v3.volumes [req-33993c2f-5de9-468e-a2ae-f352534d166c req-4234290d-9b2c-4780-8054-e2133d47d8c2 tempest-VolumesGetTestJSON-2090709779 tempest-VolumesGetTestJSON-2090709779-project-member] Create volume of 1 GB
Jul 23 00:41:11.895519 np0000005681 devstack@c-api.service[97060]: /opt/stack/data/venv/lib/python3.12/site-packages/oslo_context/context.py:102: DeprecationWarning: Policy enforcement is depending on the value of is_admin. This key is deprecated. Please update your policy file to use the standard policy values.
Jul 23 00:41:11.895519 np0000005681 devstack@c-api.service[97060]: warnings.warn(
Jul 23 00:41:11.904030 np0000005681 devstack@c-api.service[97060]: INFO cinder.volume.api [req-33993c2f-5de9-468e-a2ae-f352534d166c req-4234290d-9b2c-4780-8054-e2133d47d8c2 tempest-VolumesGetTestJSON-2090709779 tempest-VolumesGetTestJSON-2090709779-project-member] Availability Zones retrieved successfully.
Jul 23 00:41:11.917481 np0000005681 devstack@c-api.service[97060]: DEBUG cinder.volume.api [req-33993c2f-5de9-468e-a2ae-f352534d166c req-4234290d-9b2c-4780-8054-e2133d47d8c2 tempest-VolumesGetTestJSON-2090709779 tempest-VolumesGetTestJSON-2090709779-project-member] Flow 'volume_create_api' (0ea3f218-eb66-448b-a58c-3e2bdfb876f9) transitioned into state 'RUNNING' from state 'PENDING' {{(pid=97060) _flow_receiver /opt/stack/data/venv/lib/python3.12/site-packages/taskflow/listeners/logging.py:160}}
Jul 23 00:41:11.918893 np0000005681 devstack@c-api.service[97060]: DEBUG cinder.volume.api [req-33993c2f-5de9-468e-a2ae-f352534d166c req-4234290d-9b2c-4780-8054-e2133d47d8c2 tempest-VolumesGetTestJSON-2090709779 tempest-VolumesGetTestJSON-2090709779-project-member] Task 'cinder.volume.flows.api.create_volume.ExtractVolumeRequestTask;volume:create' (3514f523-d250-4752-9408-49de13248869) transitioned into state 'RUNNING' from state 'PENDING' {{(pid=97060) _task_receiver /opt/stack/data/venv/lib/python3.12/site-packages/taskflow/listeners/logging.py:242}}
Jul 23 00:41:11.920799 np0000005681 devstack@c-api.service[97060]: DEBUG cinder.volume.flows.api.create_volume [req-33993c2f-5de9-468e-a2ae-f352534d166c req-4234290d-9b2c-4780-8054-e2133d47d8c2 tempest-VolumesGetTestJSON-2090709779 tempest-VolumesGetTestJSON-2090709779-project-member] Validating volume size '1' using validate_int {{(pid=97060) _extract_size /opt/stack/cinder/cinder/volume/flows/api/create_volume.py:226}}
Jul 23 00:41:11.959120 np0000005681 devstack@c-api.service[97060]: DEBUG cinder.volume.api [req-33993c2f-5de9-468e-a2ae-f352534d166c req-4234290d-9b2c-4780-8054-e2133d47d8c2 tempest-VolumesGetTestJSON-2090709779 tempest-VolumesGetTestJSON-2090709779-project-member] Task 'cinder.volume.flows.api.create_volume.ExtractVolumeRequestTask;volume:create' (3514f523-d250-4752-9408-49de13248869) transitioned into state 'SUCCESS' from state 'RUNNING' with result '{'size': 1, 'snapshot_id': None, 'source_volid': None, 'volume_type': VolumeType(created_at=2026-07-23T00:36:10Z,deleted=False,deleted_at=None,description=None,extra_specs={volume_backend_name='storpool'},id=8a7cffc1-5bde-48bd-982f-c2057167d04c,is_public=True,name='storpool',projects=[],qos_specs=,qos_specs_id=None,updated_at=None), 'volume_type_id': '8a7cffc1-5bde-48bd-982f-c2057167d04c', 'encryption_key_id': None, 'qos_specs': None, 'consistencygroup_id': None, 'cgsnapshot_id': None, 'group_id': None, 'replication_status': 'disabled', 'refresh_az': False, 'backup_id': None, 'multiattach': False, 'availability_zones': ['nova']}' {{(pid=97060) _task_receiver /opt/stack/data/venv/lib/python3.12/site-packages/taskflow/listeners/logging.py:218}}
Jul 23 00:41:11.960119 np0000005681 devstack@c-api.service[97060]: DEBUG cinder.volume.api [req-33993c2f-5de9-468e-a2ae-f352534d166c req-4234290d-9b2c-4780-8054-e2133d47d8c2 tempest-VolumesGetTestJSON-2090709779 tempest-VolumesGetTestJSON-2090709779-project-member] Task 'cinder.volume.flows.api.create_volume.QuotaReserveTask;volume:create' (0c012741-c10d-47fa-a164-5dd134a5b634) transitioned into state 'RUNNING' from state 'PENDING' {{(pid=97060) _task_receiver /opt/stack/data/venv/lib/python3.12/site-packages/taskflow/listeners/logging.py:242}}
Jul 23 00:41:11.976614 np0000005681 devstack@c-api.service[97058]: DEBUG cinder.api.middleware.request_id [req-13b5d84b-8d62-4393-abd9-5fced4fba602 req-a9521a97-7601-4c0c-93a2-74ed19289fee None None] RequestId filter calling following filter/app {{(pid=97058) _context_setter /opt/stack/cinder/cinder/api/middleware/request_id.py:62}}
Jul 23 00:41:11.979318 np0000005681 devstack@c-api.service[97058]: INFO cinder.api.openstack.wsgi [req-13b5d84b-8d62-4393-abd9-5fced4fba602 req-a9521a97-7601-4c0c-93a2-74ed19289fee tempest-TaggedBootDevicesTest_v242-812050221 tempest-TaggedBootDevicesTest_v242-812050221-project-member] DELETE https://10.4.3.69/volume/v3/attachments/bd354c38-46a2-4fdb-b340-2d3d9491564a
Jul 23 00:41:11.979532 np0000005681 devstack@c-api.service[97058]: DEBUG cinder.api.openstack.wsgi [req-13b5d84b-8d62-4393-abd9-5fced4fba602 req-a9521a97-7601-4c0c-93a2-74ed19289fee tempest-TaggedBootDevicesTest_v242-812050221 tempest-TaggedBootDevicesTest_v242-812050221-project-member] Empty body provided in request {{(pid=97058) get_body /opt/stack/cinder/cinder/api/openstack/wsgi.py:725}}
Jul 23 00:41:11.979795 np0000005681 devstack@c-api.service[97058]: DEBUG cinder.api.openstack.wsgi [req-13b5d84b-8d62-4393-abd9-5fced4fba602 req-a9521a97-7601-4c0c-93a2-74ed19289fee tempest-TaggedBootDevicesTest_v242-812050221 tempest-TaggedBootDevicesTest_v242-812050221-project-member] Calling method 'version_select' {{(pid=97058) _process_stack /opt/stack/cinder/cinder/api/openstack/wsgi.py:878}}
Jul 23 00:41:11.989197 np0000005681 devstack@c-api.service[97058]: /opt/stack/data/venv/lib/python3.12/site-packages/oslo_context/context.py:102: DeprecationWarning: Policy enforcement is depending on the value of is_admin. This key is deprecated. Please update your policy file to use the standard policy values.
Jul 23 00:41:11.989197 np0000005681 devstack@c-api.service[97058]: warnings.warn(
Jul 23 00:41:12.021050 np0000005681 devstack@c-api.service[97060]: DEBUG cinder.quota [req-33993c2f-5de9-468e-a2ae-f352534d166c req-4234290d-9b2c-4780-8054-e2133d47d8c2 tempest-VolumesGetTestJSON-2090709779 tempest-VolumesGetTestJSON-2090709779-project-member] Created reservations ['75a7fb37-1d48-45cc-86c5-c59579dd57a9', '5837b0ed-944d-4300-9c94-b4cecc7ce352', '32eea8a3-003b-4199-812e-952b045a7177', '9e5c55f2-6ace-43ee-b562-df9c3e0f7eeb'] {{(pid=97060) reserve /opt/stack/cinder/cinder/quota.py:752}}
Jul 23 00:41:12.021910 np0000005681 devstack@c-api.service[97060]: DEBUG cinder.volume.api [req-33993c2f-5de9-468e-a2ae-f352534d166c req-4234290d-9b2c-4780-8054-e2133d47d8c2 tempest-VolumesGetTestJSON-2090709779 tempest-VolumesGetTestJSON-2090709779-project-member] Task 'cinder.volume.flows.api.create_volume.QuotaReserveTask;volume:create' (0c012741-c10d-47fa-a164-5dd134a5b634) transitioned into state 'SUCCESS' from state 'RUNNING' with result '{'reservations': ['75a7fb37-1d48-45cc-86c5-c59579dd57a9', '5837b0ed-944d-4300-9c94-b4cecc7ce352', '32eea8a3-003b-4199-812e-952b045a7177', '9e5c55f2-6ace-43ee-b562-df9c3e0f7eeb']}' {{(pid=97060) _task_receiver /opt/stack/data/venv/lib/python3.12/site-packages/taskflow/listeners/logging.py:218}}
Jul 23 00:41:12.022749 np0000005681 devstack@c-api.service[97060]: DEBUG cinder.volume.api [req-33993c2f-5de9-468e-a2ae-f352534d166c req-4234290d-9b2c-4780-8054-e2133d47d8c2 tempest-VolumesGetTestJSON-2090709779 tempest-VolumesGetTestJSON-2090709779-project-member] Task 'cinder.volume.flows.api.create_volume.EntryCreateTask;volume:create' (45651377-89db-4b91-9747-73e130170796) transitioned into state 'RUNNING' from state 'PENDING' {{(pid=97060) _task_receiver /opt/stack/data/venv/lib/python3.12/site-packages/taskflow/listeners/logging.py:242}}
Jul 23 00:41:12.025888 np0000005681 devstack@c-api.service[97058]: INFO cinder.api.openstack.wsgi [req-13b5d84b-8d62-4393-abd9-5fced4fba602 req-a9521a97-7601-4c0c-93a2-74ed19289fee tempest-TaggedBootDevicesTest_v242-812050221 tempest-TaggedBootDevicesTest_v242-812050221-project-member] https://10.4.3.69/volume/v3/attachments/bd354c38-46a2-4fdb-b340-2d3d9491564a returned with HTTP 200
Jul 23 00:41:12.026290 np0000005681 devstack@c-api.service[97058]: [pid: 97058|app: 0|req: 157/474] 10.4.3.69 () {72 vars in 1666 bytes} [Thu Jul 23 00:41:11 2026] DELETE /volume/v3/attachments/bd354c38-46a2-4fdb-b340-2d3d9491564a => generated 19 bytes in 50 msecs (HTTP/1.1 200) 7 headers in 285 bytes (1 switches on core 0)
Jul 23 00:41:12.037992 np0000005681 devstack@c-api.service[97059]: DEBUG cinder.api.middleware.request_id [req-13b5d84b-8d62-4393-abd9-5fced4fba602 req-91b0553d-e8d2-4578-ba6e-c5b4eca64c51 None None] RequestId filter calling following filter/app {{(pid=97059) _context_setter /opt/stack/cinder/cinder/api/middleware/request_id.py:62}}
Jul 23 00:41:12.039893 np0000005681 devstack@c-api.service[97059]: INFO cinder.api.openstack.wsgi [req-13b5d84b-8d62-4393-abd9-5fced4fba602 req-91b0553d-e8d2-4578-ba6e-c5b4eca64c51 tempest-TaggedBootDevicesTest_v242-812050221 tempest-TaggedBootDevicesTest_v242-812050221-project-member] DELETE https://10.4.3.69/volume/v3/attachments/06528d53-8b27-491d-8305-58bccde5b0f5
Jul 23 00:41:12.040071 np0000005681 devstack@c-api.service[97059]: DEBUG cinder.api.openstack.wsgi [req-13b5d84b-8d62-4393-abd9-5fced4fba602 req-91b0553d-e8d2-4578-ba6e-c5b4eca64c51 tempest-TaggedBootDevicesTest_v242-812050221 tempest-TaggedBootDevicesTest_v242-812050221-project-member] Empty body provided in request {{(pid=97059) get_body /opt/stack/cinder/cinder/api/openstack/wsgi.py:725}}
Jul 23 00:41:12.040244 np0000005681 devstack@c-api.service[97059]: DEBUG cinder.api.openstack.wsgi [req-13b5d84b-8d62-4393-abd9-5fced4fba602 req-91b0553d-e8d2-4578-ba6e-c5b4eca64c51 tempest-TaggedBootDevicesTest_v242-812050221 tempest-TaggedBootDevicesTest_v242-812050221-project-member] Calling method 'version_select' {{(pid=97059) _process_stack /opt/stack/cinder/cinder/api/openstack/wsgi.py:878}}
Jul 23 00:41:12.046819 np0000005681 devstack@c-api.service[97059]: /opt/stack/data/venv/lib/python3.12/site-packages/oslo_context/context.py:102: DeprecationWarning: Policy enforcement is depending on the value of is_admin. This key is deprecated. Please update your policy file to use the standard policy values.
Jul 23 00:41:12.046819 np0000005681 devstack@c-api.service[97059]: warnings.warn(
Jul 23 00:41:12.047633 np0000005681 devstack@c-api.service[97060]: DEBUG cinder.volume.api [req-33993c2f-5de9-468e-a2ae-f352534d166c req-4234290d-9b2c-4780-8054-e2133d47d8c2 tempest-VolumesGetTestJSON-2090709779 tempest-VolumesGetTestJSON-2090709779-project-member] Task 'cinder.volume.flows.api.create_volume.EntryCreateTask;volume:create' (45651377-89db-4b91-9747-73e130170796) transitioned into state 'SUCCESS' from state 'RUNNING' with result '{'volume_id': '62da5003-5d1a-49d8-a04e-0388ced1d90f', 'volume_properties': VolumeProperties(attach_status='detached',availability_zone='nova',cgsnapshot_id=None,consistencygroup_id=None,display_description=None,display_name='tempest-VolumesGetTestJSON-Volume-1841821959',encryption_key_id=None,group_id=None,group_type_id=,metadata={Type='work'},multiattach=False,project_id='2619d6540b874b7fa2b4e252802d54e0',qos_specs=None,replication_status=,reservations=['75a7fb37-1d48-45cc-86c5-c59579dd57a9','5837b0ed-944d-4300-9c94-b4cecc7ce352','32eea8a3-003b-4199-812e-952b045a7177','9e5c55f2-6ace-43ee-b562-df9c3e0f7eeb'],size=1,snapshot_id=None,source_replicaid=,source_volid=None,status='creating',user_id='55898d25f6f24af3b380eb959f9801fb',volume_type_id=8a7cffc1-5bde-48bd-982f-c2057167d04c), 'volume': Volume(_name_id=None,admin_metadata=,attach_status='detached',availability_zone='nova',bootable=False,cluster=,cluster_name=None,consistencygroup=,consistencygroup_id=None,created_at=2026-07-23T00:41:12Z,deleted=False,deleted_at=None,display_description=None,display_name='tempest-VolumesGetTestJSON-Volume-1841821959',ec2_id=None,encryption_key_id=None,glance_metadata=,group=,group_id=None,host=None,id=62da5003-5d1a-49d8-a04e-0388ced1d90f,launched_at=None,metadata={Type='work'},migration_status=None,multiattach=False,previous_status=None,project_id='2619d6540b874b7fa2b4e252802d54e0',provider_auth=None,provider_geometry=None,provider_id=None,provider_location=None,replication_driver_data=None,replication_extended_status=None,replication_status=None,scheduled_at=None,service_uuid=None,shared_targets=True,size=1,snapshot_id=None,snapshots=,source_volid=None,status='creating',terminated_at=None,updated_at=None,use_quota=True,user_id='55898d25f6f24af3b380eb959f9801fb',volume_attachment=VolumeAttachmentList,volume_type=VolumeType(8a7cffc1-5bde-48bd-982f-c2057167d04c),volume_type_id=8a7cffc1-5bde-48bd-982f-c2057167d04c)}' {{(pid=97060) _task_receiver /opt/stack/data/venv/lib/python3.12/site-packages/taskflow/listeners/logging.py:218}}
