Aug 18 16:57:49.069679 np0000007670 nova-scheduler[99113]: DEBUG cotyledon.oslo_config_glue [-] workarounds.handle_virt_lifecycle_events = True {{(pid=99113) log_opt_values /opt/stack/data/venv/lib/python3.12/site-packages/oslo_config/cfg.py:3560}}
Aug 18 16:57:49.069739 np0000007670 nova-scheduler[99113]: DEBUG cotyledon.oslo_config_glue [-] workarounds.libvirt_disable_apic = False {{(pid=99113) log_opt_values /opt/stack/data/venv/lib/python3.12/site-packages/oslo_config/cfg.py:3560}}
Aug 18 16:57:49.069799 np0000007670 nova-scheduler[99113]: DEBUG cotyledon.oslo_config_glue [-] workarounds.never_download_image_if_on_rbd = False {{(pid=99113) log_opt_values /opt/stack/data/venv/lib/python3.12/site-packages/oslo_config/cfg.py:3560}}
Aug 18 16:57:49.069852 np0000007670 nova-scheduler[99113]: DEBUG cotyledon.oslo_config_glue [-] workarounds.qemu_monitor_announce_self_count = 3 {{(pid=99113) log_opt_values /opt/stack/data/venv/lib/python3.12/site-packages/oslo_config/cfg.py:3560}}
Aug 18 16:57:49.069917 np0000007670 nova-scheduler[99113]: DEBUG cotyledon.oslo_config_glue [-] workarounds.qemu_monitor_announce_self_interval = 1 {{(pid=99113) log_opt_values /opt/stack/data/venv/lib/python3.12/site-packages/oslo_config/cfg.py:3560}}
Aug 18 16:57:49.069978 np0000007670 nova-scheduler[99113]: DEBUG cotyledon.oslo_config_glue [-] workarounds.reserve_disk_resource_for_image_cache = False {{(pid=99113) log_opt_values /opt/stack/data/venv/lib/python3.12/site-packages/oslo_config/cfg.py:3560}}
Aug 18 16:57:49.070038 np0000007670 nova-scheduler[99113]: DEBUG cotyledon.oslo_config_glue [-] workarounds.skip_cpu_compare_at_startup = False {{(pid=99113) log_opt_values /opt/stack/data/venv/lib/python3.12/site-packages/oslo_config/cfg.py:3560}}
Aug 18 16:57:49.070097 np0000007670 nova-scheduler[99113]: DEBUG cotyledon.oslo_config_glue [-] workarounds.skip_cpu_compare_on_dest = False {{(pid=99113) log_opt_values /opt/stack/data/venv/lib/python3.12/site-packages/oslo_config/cfg.py:3560}}
Aug 18 16:57:49.070156 np0000007670 nova-scheduler[99113]: DEBUG cotyledon.oslo_config_glue [-] workarounds.skip_hypervisor_version_check_on_lm = False {{(pid=99113) log_opt_values /opt/stack/data/venv/lib/python3.12/site-packages/oslo_config/cfg.py:3560}}
Aug 18 16:57:49.070229 np0000007670 nova-scheduler[99113]: DEBUG cotyledon.oslo_config_glue [-] workarounds.skip_reserve_in_use_ironic_nodes = False {{(pid=99113) log_opt_values /opt/stack/data/venv/lib/python3.12/site-packages/oslo_config/cfg.py:3560}}
Aug 18 16:57:49.070298 np0000007670 nova-scheduler[99113]: DEBUG cotyledon.oslo_config_glue [-] workarounds.unified_limits_count_pcpu_as_vcpu = False {{(pid=99113) log_opt_values /opt/stack/data/venv/lib/python3.12/site-packages/oslo_config/cfg.py:3560}}
Aug 18 16:57:49.070358 np0000007670 nova-scheduler[99113]: DEBUG cotyledon.oslo_config_glue [-] workarounds.wait_for_vif_plugged_event_during_hard_reboot = [] {{(pid=99113) log_opt_values /opt/stack/data/venv/lib/python3.12/site-packages/oslo_config/cfg.py:3560}}
Aug 18 16:57:49.070418 np0000007670 nova-scheduler[99113]: DEBUG cotyledon.oslo_config_glue [-] wsgi.api_paste_config = /etc/nova/api-paste.ini {{(pid=99113) log_opt_values /opt/stack/data/venv/lib/python3.12/site-packages/oslo_config/cfg.py:3560}}
Aug 18 16:57:49.070482 np0000007670 nova-scheduler[99113]: DEBUG cotyledon.oslo_config_glue [-] wsgi.secure_proxy_ssl_header = None {{(pid=99113) log_opt_values /opt/stack/data/venv/lib/python3.12/site-packages/oslo_config/cfg.py:3560}}
Aug 18 16:57:49.070554 np0000007670 nova-scheduler[99113]: DEBUG cotyledon.oslo_config_glue [-] zvm.ca_file = None {{(pid=99113) log_opt_values /opt/stack/data/venv/lib/python3.12/site-packages/oslo_config/cfg.py:3560}}
Aug 18 16:57:49.070615 np0000007670 nova-scheduler[99113]: DEBUG cotyledon.oslo_config_glue [-] zvm.cloud_connector_url = None {{(pid=99113) log_opt_values /opt/stack/data/venv/lib/python3.12/site-packages/oslo_config/cfg.py:3560}}
Aug 18 16:57:49.070687 np0000007670 nova-scheduler[99113]: DEBUG cotyledon.oslo_config_glue [-] zvm.image_tmp_path = /opt/stack/data/nova/images {{(pid=99113) log_opt_values /opt/stack/data/venv/lib/python3.12/site-packages/oslo_config/cfg.py:3560}}
Aug 18 16:57:49.070747 np0000007670 nova-scheduler[99113]: DEBUG cotyledon.oslo_config_glue [-] zvm.reachable_timeout = 300 {{(pid=99113) log_opt_values /opt/stack/data/venv/lib/python3.12/site-packages/oslo_config/cfg.py:3560}}
Aug 18 16:57:49.070837 np0000007670 nova-scheduler[99113]: DEBUG cotyledon.oslo_config_glue [-] oslo_versionedobjects.fatal_exception_format_errors = False {{(pid=99113) log_opt_values /opt/stack/data/venv/lib/python3.12/site-packages/oslo_config/cfg.py:3560}}
Aug 18 16:57:49.070930 np0000007670 nova-scheduler[99113]: DEBUG cotyledon.oslo_config_glue [-] oslo_middleware.http_basic_auth_user_file = /etc/htpasswd {{(pid=99113) log_opt_values /opt/stack/data/venv/lib/python3.12/site-packages/oslo_config/cfg.py:3560}}
Aug 18 16:57:49.071015 np0000007670 nova-scheduler[99113]: DEBUG cotyledon.oslo_config_glue [-] oslo_messaging_metrics.metrics_buffer_size = 1000 {{(pid=99113) log_opt_values /opt/stack/data/venv/lib/python3.12/site-packages/oslo_config/cfg.py:3560}}
Aug 18 16:57:49.071096 np0000007670 nova-scheduler[99113]: DEBUG cotyledon.oslo_config_glue [-] oslo_messaging_metrics.metrics_enabled = False {{(pid=99113) log_opt_values /opt/stack/data/venv/lib/python3.12/site-packages/oslo_config/cfg.py:3560}}
Aug 18 16:57:49.071149 np0000007670 nova-scheduler[99113]: DEBUG cotyledon.oslo_config_glue [-] oslo_messaging_metrics.metrics_process_name = {{(pid=99113) log_opt_values /opt/stack/data/venv/lib/python3.12/site-packages/oslo_config/cfg.py:3560}}
Aug 18 16:57:49.071255 np0000007670 nova-scheduler[99113]: DEBUG cotyledon.oslo_config_glue [-] oslo_messaging_metrics.metrics_socket_file = /var/tmp/metrics_collector.sock {{(pid=99113) log_opt_values /opt/stack/data/venv/lib/python3.12/site-packages/oslo_config/cfg.py:3560}}
Aug 18 16:57:49.071312 np0000007670 nova-scheduler[99113]: DEBUG cotyledon.oslo_config_glue [-] oslo_messaging_metrics.metrics_thread_stop_timeout = 10 {{(pid=99113) log_opt_values /opt/stack/data/venv/lib/python3.12/site-packages/oslo_config/cfg.py:3560}}
Aug 18 16:57:49.071404 np0000007670 nova-scheduler[99113]: DEBUG cotyledon.oslo_config_glue [-] profiler.connection_string = messaging:// {{(pid=99113) log_opt_values /opt/stack/data/venv/lib/python3.12/site-packages/oslo_config/cfg.py:3560}}
Aug 18 16:57:49.071474 np0000007670 nova-scheduler[99113]: DEBUG cotyledon.oslo_config_glue [-] profiler.enabled = False {{(pid=99113) log_opt_values /opt/stack/data/venv/lib/python3.12/site-packages/oslo_config/cfg.py:3560}}
Aug 18 16:57:49.071536 np0000007670 nova-scheduler[99113]: DEBUG cotyledon.oslo_config_glue [-] profiler.es_doc_type = notification {{(pid=99113) log_opt_values /opt/stack/data/venv/lib/python3.12/site-packages/oslo_config/cfg.py:3560}}
Aug 18 16:57:49.071597 np0000007670 nova-scheduler[99113]: DEBUG cotyledon.oslo_config_glue [-] profiler.es_scroll_size = 10000 {{(pid=99113) log_opt_values /opt/stack/data/venv/lib/python3.12/site-packages/oslo_config/cfg.py:3560}}
Aug 18 16:57:49.071655 np0000007670 nova-scheduler[99113]: DEBUG cotyledon.oslo_config_glue [-] profiler.es_scroll_time = 2m {{(pid=99113) log_opt_values /opt/stack/data/venv/lib/python3.12/site-packages/oslo_config/cfg.py:3560}}
Aug 18 16:57:49.071730 np0000007670 nova-scheduler[99113]: DEBUG cotyledon.oslo_config_glue [-] profiler.filter_error_trace = False {{(pid=99113) log_opt_values /opt/stack/data/venv/lib/python3.12/site-packages/oslo_config/cfg.py:3560}}
Aug 18 16:57:49.071779 np0000007670 nova-scheduler[99113]: DEBUG cotyledon.oslo_config_glue [-] profiler.hmac_keys = **** {{(pid=99113) log_opt_values /opt/stack/data/venv/lib/python3.12/site-packages/oslo_config/cfg.py:3560}}
Aug 18 16:57:49.071844 np0000007670 nova-scheduler[99113]: DEBUG cotyledon.oslo_config_glue [-] profiler.sentinel_service_name = mymaster {{(pid=99113) log_opt_values /opt/stack/data/venv/lib/python3.12/site-packages/oslo_config/cfg.py:3560}}
Aug 18 16:57:49.071919 np0000007670 nova-scheduler[99113]: DEBUG cotyledon.oslo_config_glue [-] profiler.socket_timeout = 0.1 {{(pid=99113) log_opt_values /opt/stack/data/venv/lib/python3.12/site-packages/oslo_config/cfg.py:3560}}
Aug 18 16:57:49.071969 np0000007670 nova-scheduler[99113]: DEBUG cotyledon.oslo_config_glue [-] profiler.trace_requests = False {{(pid=99113) log_opt_values /opt/stack/data/venv/lib/python3.12/site-packages/oslo_config/cfg.py:3560}}
Aug 18 16:57:49.072042 np0000007670 nova-scheduler[99113]: DEBUG cotyledon.oslo_config_glue [-] profiler.trace_sqlalchemy = False {{(pid=99113) log_opt_values /opt/stack/data/venv/lib/python3.12/site-packages/oslo_config/cfg.py:3560}}
Aug 18 16:57:49.072121 np0000007670 nova-scheduler[99113]: DEBUG cotyledon.oslo_config_glue [-] profiler_jaeger.process_tags = {} {{(pid=99113) log_opt_values /opt/stack/data/venv/lib/python3.12/site-packages/oslo_config/cfg.py:3560}}
Aug 18 16:57:49.072170 np0000007670 nova-scheduler[99113]: DEBUG cotyledon.oslo_config_glue [-] profiler_jaeger.service_name_prefix = None {{(pid=99113) log_opt_values /opt/stack/data/venv/lib/python3.12/site-packages/oslo_config/cfg.py:3560}}
Aug 18 16:57:49.072263 np0000007670 nova-scheduler[99113]: DEBUG cotyledon.oslo_config_glue [-] profiler_otlp.service_name_prefix = None {{(pid=99113) log_opt_values /opt/stack/data/venv/lib/python3.12/site-packages/oslo_config/cfg.py:3560}}
Aug 18 16:57:49.072374 np0000007670 nova-scheduler[99113]: DEBUG cotyledon.oslo_config_glue [-] oslo_messaging_rabbit.amqp_auto_delete = False {{(pid=99113) log_opt_values /opt/stack/data/venv/lib/python3.12/site-packages/oslo_config/cfg.py:3560}}
Aug 18 16:57:49.072425 np0000007670 nova-scheduler[99113]: DEBUG cotyledon.oslo_config_glue [-] oslo_messaging_rabbit.amqp_durable_queues = False {{(pid=99113) log_opt_values /opt/stack/data/venv/lib/python3.12/site-packages/oslo_config/cfg.py:3560}}
Aug 18 16:57:49.072510 np0000007670 nova-scheduler[99113]: DEBUG cotyledon.oslo_config_glue [-] oslo_messaging_rabbit.conn_pool_min_size = 2 {{(pid=99113) log_opt_values /opt/stack/data/venv/lib/python3.12/site-packages/oslo_config/cfg.py:3560}}
Aug 18 16:57:49.072584 np0000007670 nova-scheduler[99113]: DEBUG cotyledon.oslo_config_glue [-] oslo_messaging_rabbit.conn_pool_ttl = 1200 {{(pid=99113) log_opt_values /opt/stack/data/venv/lib/python3.12/site-packages/oslo_config/cfg.py:3560}}
Aug 18 16:57:49.072655 np0000007670 nova-scheduler[99113]: DEBUG cotyledon.oslo_config_glue [-] oslo_messaging_rabbit.direct_mandatory_flag = True {{(pid=99113) log_opt_values /opt/stack/data/venv/lib/python3.12/site-packages/oslo_config/cfg.py:3560}}
Aug 18 16:57:49.072715 np0000007670 nova-scheduler[99113]: DEBUG cotyledon.oslo_config_glue [-] oslo_messaging_rabbit.enable_cancel_on_failover = False {{(pid=99113) log_opt_values /opt/stack/data/venv/lib/python3.12/site-packages/oslo_config/cfg.py:3560}}
Aug 18 16:57:49.072780 np0000007670 nova-scheduler[99113]: DEBUG cotyledon.oslo_config_glue [-] oslo_messaging_rabbit.heartbeat_rate = 3 {{(pid=99113) log_opt_values /opt/stack/data/venv/lib/python3.12/site-packages/oslo_config/cfg.py:3560}}
Aug 18 16:57:49.072834 np0000007670 nova-scheduler[99113]: DEBUG cotyledon.oslo_config_glue [-] oslo_messaging_rabbit.heartbeat_timeout_threshold = 60 {{(pid=99113) log_opt_values /opt/stack/data/venv/lib/python3.12/site-packages/oslo_config/cfg.py:3560}}
Aug 18 16:57:49.072909 np0000007670 nova-scheduler[99113]: DEBUG cotyledon.oslo_config_glue [-] oslo_messaging_rabbit.hostname = np0000007670 {{(pid=99113) log_opt_values /opt/stack/data/venv/lib/python3.12/site-packages/oslo_config/cfg.py:3560}}
Aug 18 16:57:49.072969 np0000007670 nova-scheduler[99113]: DEBUG cotyledon.oslo_config_glue [-] oslo_messaging_rabbit.kombu_compression = None {{(pid=99113) log_opt_values /opt/stack/data/venv/lib/python3.12/site-packages/oslo_config/cfg.py:3560}}
Aug 18 16:57:49.073037 np0000007670 nova-scheduler[99113]: DEBUG cotyledon.oslo_config_glue [-] oslo_messaging_rabbit.kombu_failover_strategy = round-robin {{(pid=99113) log_opt_values /opt/stack/data/venv/lib/python3.12/site-packages/oslo_config/cfg.py:3560}}
Aug 18 16:57:49.073094 np0000007670 nova-scheduler[99113]: DEBUG cotyledon.oslo_config_glue [-] oslo_messaging_rabbit.kombu_missing_consumer_retry_timeout = 60 {{(pid=99113) log_opt_values /opt/stack/data/venv/lib/python3.12/site-packages/oslo_config/cfg.py:3560}}
Aug 18 16:57:49.073190 np0000007670 nova-scheduler[99113]: DEBUG cotyledon.oslo_config_glue [-] oslo_messaging_rabbit.kombu_reconnect_delay = 1.0 {{(pid=99113) log_opt_values /opt/stack/data/venv/lib/python3.12/site-packages/oslo_config/cfg.py:3560}}
Aug 18 16:57:49.073243 np0000007670 nova-scheduler[99113]: DEBUG cotyledon.oslo_config_glue [-] oslo_messaging_rabbit.kombu_reconnect_splay = 0.0 {{(pid=99113) log_opt_values /opt/stack/data/venv/lib/python3.12/site-packages/oslo_config/cfg.py:3560}}
Aug 18 16:57:49.073317 np0000007670 nova-scheduler[99113]: DEBUG cotyledon.oslo_config_glue [-] oslo_messaging_rabbit.processname = nova-scheduler {{(pid=99113) log_opt_values /opt/stack/data/venv/lib/python3.12/site-packages/oslo_config/cfg.py:3560}}
Aug 18 16:57:49.073379 np0000007670 nova-scheduler[99113]: DEBUG cotyledon.oslo_config_glue [-] oslo_messaging_rabbit.rabbit_ha_queues = False {{(pid=99113) log_opt_values /opt/stack/data/venv/lib/python3.12/site-packages/oslo_config/cfg.py:3560}}
Aug 18 16:57:49.073435 np0000007670 nova-scheduler[99113]: DEBUG cotyledon.oslo_config_glue [-] oslo_messaging_rabbit.rabbit_interval_max = 30 {{(pid=99113) log_opt_values /opt/stack/data/venv/lib/python3.12/site-packages/oslo_config/cfg.py:3560}}
Aug 18 16:57:49.073497 np0000007670 nova-scheduler[99113]: DEBUG cotyledon.oslo_config_glue [-] oslo_messaging_rabbit.rabbit_login_method = AMQPLAIN {{(pid=99113) log_opt_values /opt/stack/data/venv/lib/python3.12/site-packages/oslo_config/cfg.py:3560}}
Aug 18 16:57:49.073558 np0000007670 nova-scheduler[99113]: DEBUG cotyledon.oslo_config_glue [-] oslo_messaging_rabbit.rabbit_qos_prefetch_count = 0 {{(pid=99113) log_opt_values /opt/stack/data/venv/lib/python3.12/site-packages/oslo_config/cfg.py:3560}}
Aug 18 16:57:49.073612 np0000007670 nova-scheduler[99113]: DEBUG cotyledon.oslo_config_glue [-] oslo_messaging_rabbit.rabbit_quorum_delivery_limit = 0 {{(pid=99113) log_opt_values /opt/stack/data/venv/lib/python3.12/site-packages/oslo_config/cfg.py:3560}}
Aug 18 16:57:49.073688 np0000007670 nova-scheduler[99113]: DEBUG cotyledon.oslo_config_glue [-] oslo_messaging_rabbit.rabbit_quorum_max_memory_bytes = 0 {{(pid=99113) log_opt_values /opt/stack/data/venv/lib/python3.12/site-packages/oslo_config/cfg.py:3560}}
Aug 18 16:57:49.073747 np0000007670 nova-scheduler[99113]: DEBUG cotyledon.oslo_config_glue [-] oslo_messaging_rabbit.rabbit_quorum_max_memory_length = 0 {{(pid=99113) log_opt_values /opt/stack/data/venv/lib/python3.12/site-packages/oslo_config/cfg.py:3560}}
Aug 18 16:57:49.073813 np0000007670 nova-scheduler[99113]: DEBUG cotyledon.oslo_config_glue [-] oslo_messaging_rabbit.rabbit_quorum_queue = False {{(pid=99113) log_opt_values /opt/stack/data/venv/lib/python3.12/site-packages/oslo_config/cfg.py:3560}}
Aug 18 16:57:49.073868 np0000007670 nova-scheduler[99113]: DEBUG cotyledon.oslo_config_glue [-] oslo_messaging_rabbit.rabbit_retry_backoff = 2 {{(pid=99113) log_opt_values /opt/stack/data/venv/lib/python3.12/site-packages/oslo_config/cfg.py:3560}}
Aug 18 16:57:49.073923 np0000007670 nova-scheduler[99113]: DEBUG cotyledon.oslo_config_glue [-] oslo_messaging_rabbit.rabbit_retry_interval = 1 {{(pid=99113) log_opt_values /opt/stack/data/venv/lib/python3.12/site-packages/oslo_config/cfg.py:3560}}
Aug 18 16:57:49.073989 np0000007670 nova-scheduler[99113]: DEBUG cotyledon.oslo_config_glue [-] oslo_messaging_rabbit.rabbit_stream_fanout = False {{(pid=99113) log_opt_values /opt/stack/data/venv/lib/python3.12/site-packages/oslo_config/cfg.py:3560}}
Aug 18 16:57:49.074038 np0000007670 nova-scheduler[99105]: DEBUG oslo_db.sqlalchemy.engines [None req-e683b052-bfa8-45fa-a9b2-1a41c3c5dae0 None None] MySQL server mode set to STRICT_TRANS_TABLES,STRICT_ALL_TABLES,NO_ZERO_IN_DATE,NO_ZERO_DATE,ERROR_FOR_DIVISION_BY_ZERO,TRADITIONAL,NO_ENGINE_SUBSTITUTION {{(pid=99105) _check_effective_sql_mode /opt/stack/data/venv/lib/python3.12/site-packages/oslo_db/sqlalchemy/engines.py:325}}
Aug 18 16:57:49.074102 np0000007670 nova-scheduler[99113]: DEBUG cotyledon.oslo_config_glue [-] oslo_messaging_rabbit.rabbit_transient_queues_ttl = 1800 {{(pid=99113) log_opt_values /opt/stack/data/venv/lib/python3.12/site-packages/oslo_config/cfg.py:3560}}
Aug 18 16:57:49.074102 np0000007670 nova-scheduler[99113]: DEBUG cotyledon.oslo_config_glue [-] oslo_messaging_rabbit.rabbit_transient_quorum_queue = False {{(pid=99113) log_opt_values /opt/stack/data/venv/lib/python3.12/site-packages/oslo_config/cfg.py:3560}}
Aug 18 16:57:49.074211 np0000007670 nova-scheduler[99113]: DEBUG cotyledon.oslo_config_glue [-] oslo_messaging_rabbit.rpc_conn_pool_size = 30 {{(pid=99113) log_opt_values /opt/stack/data/venv/lib/python3.12/site-packages/oslo_config/cfg.py:3560}}
Aug 18 16:57:49.074261 np0000007670 nova-scheduler[99113]: DEBUG cotyledon.oslo_config_glue [-] oslo_messaging_rabbit.ssl = False {{(pid=99113) log_opt_values /opt/stack/data/venv/lib/python3.12/site-packages/oslo_config/cfg.py:3560}}
Aug 18 16:57:49.074313 np0000007670 nova-scheduler[99113]: DEBUG cotyledon.oslo_config_glue [-] oslo_messaging_rabbit.ssl_ca_file = {{(pid=99113) log_opt_values /opt/stack/data/venv/lib/python3.12/site-packages/oslo_config/cfg.py:3560}}
Aug 18 16:57:49.074360 np0000007670 nova-scheduler[99113]: DEBUG cotyledon.oslo_config_glue [-] oslo_messaging_rabbit.ssl_cert_file = {{(pid=99113) log_opt_values /opt/stack/data/venv/lib/python3.12/site-packages/oslo_config/cfg.py:3560}}
Aug 18 16:57:49.074403 np0000007670 nova-scheduler[99113]: DEBUG cotyledon.oslo_config_glue [-] oslo_messaging_rabbit.ssl_enforce_fips_mode = False {{(pid=99113) log_opt_values /opt/stack/data/venv/lib/python3.12/site-packages/oslo_config/cfg.py:3560}}
Aug 18 16:57:49.074459 np0000007670 nova-scheduler[99113]: DEBUG cotyledon.oslo_config_glue [-] oslo_messaging_rabbit.ssl_enforce_hostname_verification = True {{(pid=99113) log_opt_values /opt/stack/data/venv/lib/python3.12/site-packages/oslo_config/cfg.py:3560}}
Aug 18 16:57:49.074515 np0000007670 nova-scheduler[99113]: DEBUG cotyledon.oslo_config_glue [-] oslo_messaging_rabbit.ssl_key_file = {{(pid=99113) log_opt_values /opt/stack/data/venv/lib/python3.12/site-packages/oslo_config/cfg.py:3560}}
Aug 18 16:57:49.074581 np0000007670 nova-scheduler[99113]: DEBUG cotyledon.oslo_config_glue [-] oslo_messaging_rabbit.ssl_version = {{(pid=99113) log_opt_values /opt/stack/data/venv/lib/python3.12/site-packages/oslo_config/cfg.py:3560}}
Aug 18 16:57:49.074628 np0000007670 nova-scheduler[99113]: DEBUG cotyledon.oslo_config_glue [-] oslo_messaging_rabbit.use_queue_manager = False {{(pid=99113) log_opt_values /opt/stack/data/venv/lib/python3.12/site-packages/oslo_config/cfg.py:3560}}
Aug 18 16:57:49.074734 np0000007670 nova-scheduler[99113]: DEBUG cotyledon.oslo_config_glue [-] oslo_messaging_notifications.driver = ['messagingv2'] {{(pid=99113) log_opt_values /opt/stack/data/venv/lib/python3.12/site-packages/oslo_config/cfg.py:3560}}
Aug 18 16:57:49.074813 np0000007670 nova-scheduler[99113]: DEBUG cotyledon.oslo_config_glue [-] oslo_messaging_notifications.retry = -1 {{(pid=99113) log_opt_values /opt/stack/data/venv/lib/python3.12/site-packages/oslo_config/cfg.py:3560}}
Aug 18 16:57:49.074886 np0000007670 nova-scheduler[99113]: DEBUG cotyledon.oslo_config_glue [-] oslo_messaging_notifications.topics = ['notifications'] {{(pid=99113) log_opt_values /opt/stack/data/venv/lib/python3.12/site-packages/oslo_config/cfg.py:3560}}
Aug 18 16:57:49.074936 np0000007670 nova-scheduler[99103]: DEBUG dbcounter [-] [99103] Writer thread running {{(pid=99103) stat_writer /opt/stack/data/venv/lib/python3.12/site-packages/dbcounter.py:102}}
Aug 18 16:57:49.074987 np0000007670 nova-scheduler[99113]: DEBUG cotyledon.oslo_config_glue [-] oslo_messaging_notifications.transport_url = **** {{(pid=99113) log_opt_values /opt/stack/data/venv/lib/python3.12/site-packages/oslo_config/cfg.py:3560}}
Aug 18 16:57:49.075041 np0000007670 nova-scheduler[99113]: DEBUG cotyledon.oslo_config_glue [-] oslo_limit.auth_section = None {{(pid=99113) log_opt_values /opt/stack/data/venv/lib/python3.12/site-packages/oslo_config/cfg.py:3560}}
Aug 18 16:57:49.075095 np0000007670 nova-scheduler[99113]: DEBUG cotyledon.oslo_config_glue [-] oslo_limit.auth_type = None {{(pid=99113) log_opt_values /opt/stack/data/venv/lib/python3.12/site-packages/oslo_config/cfg.py:3560}}
Aug 18 16:57:49.075150 np0000007670 nova-scheduler[99113]: DEBUG cotyledon.oslo_config_glue [-] oslo_limit.cafile = None {{(pid=99113) log_opt_values /opt/stack/data/venv/lib/python3.12/site-packages/oslo_config/cfg.py:3560}}
Aug 18 16:57:49.075220 np0000007670 nova-scheduler[99113]: DEBUG cotyledon.oslo_config_glue [-] oslo_limit.certfile = None {{(pid=99113) log_opt_values /opt/stack/data/venv/lib/python3.12/site-packages/oslo_config/cfg.py:3560}}
Aug 18 16:57:49.075286 np0000007670 nova-scheduler[99113]: DEBUG cotyledon.oslo_config_glue [-] oslo_limit.collect_timing = False {{(pid=99113) log_opt_values /opt/stack/data/venv/lib/python3.12/site-packages/oslo_config/cfg.py:3560}}
Aug 18 16:57:49.075349 np0000007670 nova-scheduler[99113]: DEBUG cotyledon.oslo_config_glue [-] oslo_limit.connect_retries = None {{(pid=99113) log_opt_values /opt/stack/data/venv/lib/python3.12/site-packages/oslo_config/cfg.py:3560}}
Aug 18 16:57:49.075416 np0000007670 nova-scheduler[99113]: DEBUG cotyledon.oslo_config_glue [-] oslo_limit.connect_retry_delay = None {{(pid=99113) log_opt_values /opt/stack/data/venv/lib/python3.12/site-packages/oslo_config/cfg.py:3560}}
Aug 18 16:57:49.075482 np0000007670 nova-scheduler[99113]: DEBUG cotyledon.oslo_config_glue [-] oslo_limit.endpoint_id = None {{(pid=99113) log_opt_values /opt/stack/data/venv/lib/python3.12/site-packages/oslo_config/cfg.py:3560}}
Aug 18 16:57:49.075532 np0000007670 nova-scheduler[99113]: DEBUG cotyledon.oslo_config_glue [-] oslo_limit.endpoint_interface = public {{(pid=99113) log_opt_values /opt/stack/data/venv/lib/python3.12/site-packages/oslo_config/cfg.py:3560}}
Aug 18 16:57:49.075587 np0000007670 nova-scheduler[99113]: DEBUG cotyledon.oslo_config_glue [-] oslo_limit.endpoint_override = None {{(pid=99113) log_opt_values /opt/stack/data/venv/lib/python3.12/site-packages/oslo_config/cfg.py:3560}}
Aug 18 16:57:49.075660 np0000007670 nova-scheduler[99113]: DEBUG cotyledon.oslo_config_glue [-] oslo_limit.endpoint_region_name = None {{(pid=99113) log_opt_values /opt/stack/data/venv/lib/python3.12/site-packages/oslo_config/cfg.py:3560}}
Aug 18 16:57:49.075739 np0000007670 nova-scheduler[99113]: DEBUG cotyledon.oslo_config_glue [-] oslo_limit.endpoint_service_name = None {{(pid=99113) log_opt_values /opt/stack/data/venv/lib/python3.12/site-packages/oslo_config/cfg.py:3560}}
Aug 18 16:57:49.075789 np0000007670 nova-scheduler[99113]: DEBUG cotyledon.oslo_config_glue [-] oslo_limit.endpoint_service_type = None {{(pid=99113) log_opt_values /opt/stack/data/venv/lib/python3.12/site-packages/oslo_config/cfg.py:3560}}
Aug 18 16:57:49.075858 np0000007670 nova-scheduler[99113]: DEBUG cotyledon.oslo_config_glue [-] oslo_limit.insecure = False {{(pid=99113) log_opt_values /opt/stack/data/venv/lib/python3.12/site-packages/oslo_config/cfg.py:3560}}
Aug 18 16:57:49.075915 np0000007670 nova-scheduler[99113]: DEBUG cotyledon.oslo_config_glue [-] oslo_limit.keyfile = None {{(pid=99113) log_opt_values /opt/stack/data/venv/lib/python3.12/site-packages/oslo_config/cfg.py:3560}}
Aug 18 16:57:49.075974 np0000007670 nova-scheduler[99113]: DEBUG cotyledon.oslo_config_glue [-] oslo_limit.max_version = None {{(pid=99113) log_opt_values /opt/stack/data/venv/lib/python3.12/site-packages/oslo_config/cfg.py:3560}}
Aug 18 16:57:49.076046 np0000007670 nova-scheduler[99113]: DEBUG cotyledon.oslo_config_glue [-] oslo_limit.min_version = None {{(pid=99113) log_opt_values /opt/stack/data/venv/lib/python3.12/site-packages/oslo_config/cfg.py:3560}}
Aug 18 16:57:49.076097 np0000007670 nova-scheduler[99113]: DEBUG cotyledon.oslo_config_glue [-] oslo_limit.region_name = None {{(pid=99113) log_opt_values /opt/stack/data/venv/lib/python3.12/site-packages/oslo_config/cfg.py:3560}}
Aug 18 16:57:49.076159 np0000007670 nova-scheduler[99113]: DEBUG cotyledon.oslo_config_glue [-] oslo_limit.retriable_status_codes = None {{(pid=99113) log_opt_values /opt/stack/data/venv/lib/python3.12/site-packages/oslo_config/cfg.py:3560}}
Aug 18 16:57:49.076281 np0000007670 nova-scheduler[99113]: DEBUG cotyledon.oslo_config_glue [-] oslo_limit.service_name = None {{(pid=99113) log_opt_values /opt/stack/data/venv/lib/python3.12/site-packages/oslo_config/cfg.py:3560}}
Aug 18 16:57:49.076344 np0000007670 nova-scheduler[99113]: DEBUG cotyledon.oslo_config_glue [-] oslo_limit.service_type = None {{(pid=99113) log_opt_values /opt/stack/data/venv/lib/python3.12/site-packages/oslo_config/cfg.py:3560}}
Aug 18 16:57:49.076391 np0000007670 nova-scheduler[99113]: DEBUG cotyledon.oslo_config_glue [-] oslo_limit.split_loggers = False {{(pid=99113) log_opt_values /opt/stack/data/venv/lib/python3.12/site-packages/oslo_config/cfg.py:3560}}
Aug 18 16:57:49.076461 np0000007670 nova-scheduler[99113]: DEBUG cotyledon.oslo_config_glue [-] oslo_limit.status_code_retries = None {{(pid=99113) log_opt_values /opt/stack/data/venv/lib/python3.12/site-packages/oslo_config/cfg.py:3560}}
Aug 18 16:57:49.076510 np0000007670 nova-scheduler[99113]: DEBUG cotyledon.oslo_config_glue [-] oslo_limit.status_code_retry_delay = None {{(pid=99113) log_opt_values /opt/stack/data/venv/lib/python3.12/site-packages/oslo_config/cfg.py:3560}}
Aug 18 16:57:49.076590 np0000007670 nova-scheduler[99113]: DEBUG cotyledon.oslo_config_glue [-] oslo_limit.timeout = None {{(pid=99113) log_opt_values /opt/stack/data/venv/lib/python3.12/site-packages/oslo_config/cfg.py:3560}}
Aug 18 16:57:49.076639 np0000007670 nova-scheduler[99113]: DEBUG cotyledon.oslo_config_glue [-] oslo_limit.valid_interfaces = None {{(pid=99113) log_opt_values /opt/stack/data/venv/lib/python3.12/site-packages/oslo_config/cfg.py:3560}}
Aug 18 16:57:49.076718 np0000007670 nova-scheduler[99113]: DEBUG cotyledon.oslo_config_glue [-] oslo_limit.version = None {{(pid=99113) log_opt_values /opt/stack/data/venv/lib/python3.12/site-packages/oslo_config/cfg.py:3560}}
Aug 18 16:57:49.077066 np0000007670 nova-scheduler[99113]: DEBUG cotyledon.oslo_config_glue [-] oslo_reports.file_event_handler = None {{(pid=99113) log_opt_values /opt/stack/data/venv/lib/python3.12/site-packages/oslo_config/cfg.py:3560}}
Aug 18 16:57:49.077122 np0000007670 nova-scheduler[99113]: DEBUG cotyledon.oslo_config_glue [-] oslo_reports.file_event_handler_interval = 1 {{(pid=99113) log_opt_values /opt/stack/data/venv/lib/python3.12/site-packages/oslo_config/cfg.py:3560}}
Aug 18 16:57:49.077197 np0000007670 nova-scheduler[99113]: DEBUG cotyledon.oslo_config_glue [-] oslo_reports.log_dir = None {{(pid=99113) log_opt_values /opt/stack/data/venv/lib/python3.12/site-packages/oslo_config/cfg.py:3560}}
Aug 18 16:57:49.077266 np0000007670 nova-scheduler[99113]: DEBUG cotyledon.oslo_config_glue [-] ******************************************************************************** {{(pid=99113) log_opt_values /opt/stack/data/venv/lib/python3.12/site-packages/oslo_config/cfg.py:3567}}
Aug 18 16:57:49.077439 np0000007670 nova-scheduler[99113]: DEBUG cotyledon._service_worker [-] Run service ServiceWrapper(3) [99113] {{(pid=99113) wait_forever /opt/stack/data/venv/lib/python3.12/site-packages/cotyledon/_service_worker.py:218}}
Aug 18 16:57:49.078592 np0000007670 nova-scheduler[99113]: INFO nova.service [-] Starting scheduler node (version 33.1.0)
Aug 18 16:57:49.083635 np0000007670 nova-scheduler[99113]: INFO dbcounter [None req-8c91a193-2986-40e4-bc24-618fa39edd60 None None] Registered counter for database nova_cell0
Aug 18 16:57:49.089196 np0000007670 nova-scheduler[99105]: DEBUG dbcounter [-] [99105] Writer thread running {{(pid=99105) stat_writer /opt/stack/data/venv/lib/python3.12/site-packages/dbcounter.py:102}}
Aug 18 16:57:49.095924 np0000007670 nova-scheduler[99107]: DEBUG oslo_db.sqlalchemy.engines [None req-c3aeed15-0c45-4494-8acb-472c241f14f9 None None] MySQL server mode set to STRICT_TRANS_TABLES,STRICT_ALL_TABLES,NO_ZERO_IN_DATE,NO_ZERO_DATE,ERROR_FOR_DIVISION_BY_ZERO,TRADITIONAL,NO_ENGINE_SUBSTITUTION {{(pid=99107) _check_effective_sql_mode /opt/stack/data/venv/lib/python3.12/site-packages/oslo_db/sqlalchemy/engines.py:325}}
Aug 18 16:57:49.099758 np0000007670 nova-scheduler[99103]: DEBUG nova.service [None req-a3b55b93-d460-4ef3-8f57-4fd6820a3ffa None None] Creating RPC server for service: nova-scheduler on topic: scheduler {{(pid=99103) start /opt/stack/nova/nova/service.py:262}}
Aug 18 16:57:49.106158 np0000007670 nova-scheduler[99107]: DEBUG dbcounter [-] [99107] Writer thread running {{(pid=99107) stat_writer /opt/stack/data/venv/lib/python3.12/site-packages/dbcounter.py:102}}
Aug 18 16:57:49.109824 np0000007670 nova-scheduler[99105]: DEBUG nova.service [None req-e683b052-bfa8-45fa-a9b2-1a41c3c5dae0 None None] Creating RPC server for service: nova-scheduler on topic: scheduler {{(pid=99105) start /opt/stack/nova/nova/service.py:262}}
Aug 18 16:57:49.110010 np0000007670 nova-scheduler[99107]: DEBUG nova.service [None req-c3aeed15-0c45-4494-8acb-472c241f14f9 None None] Creating RPC server for service: nova-scheduler on topic: scheduler {{(pid=99107) start /opt/stack/nova/nova/service.py:262}}
Aug 18 16:57:49.122303 np0000007670 nova-scheduler[99113]: DEBUG oslo_db.sqlalchemy.engines [None req-8c91a193-2986-40e4-bc24-618fa39edd60 None None] MySQL server mode set to STRICT_TRANS_TABLES,STRICT_ALL_TABLES,NO_ZERO_IN_DATE,NO_ZERO_DATE,ERROR_FOR_DIVISION_BY_ZERO,TRADITIONAL,NO_ENGINE_SUBSTITUTION {{(pid=99113) _check_effective_sql_mode /opt/stack/data/venv/lib/python3.12/site-packages/oslo_db/sqlalchemy/engines.py:325}}
Aug 18 16:57:49.122958 np0000007670 nova-scheduler[99103]: DEBUG nova.service [None req-a3b55b93-d460-4ef3-8f57-4fd6820a3ffa None None] Join ServiceGroup membership for this service scheduler {{(pid=99103) start /opt/stack/nova/nova/service.py:288}}
Aug 18 16:57:49.123188 np0000007670 nova-scheduler[99103]: DEBUG nova.servicegroup.drivers.db [None req-a3b55b93-d460-4ef3-8f57-4fd6820a3ffa None None] DB_Driver: join new ServiceGroup member np0000007670 to the scheduler group, service = {{(pid=99103) join /opt/stack/nova/nova/servicegroup/drivers/db.py:44}}
Aug 18 16:57:49.130992 np0000007670 nova-scheduler[99105]: DEBUG nova.service [None req-e683b052-bfa8-45fa-a9b2-1a41c3c5dae0 None None] Join ServiceGroup membership for this service scheduler {{(pid=99105) start /opt/stack/nova/nova/service.py:288}}
Aug 18 16:57:49.131084 np0000007670 nova-scheduler[99107]: DEBUG nova.service [None req-c3aeed15-0c45-4494-8acb-472c241f14f9 None None] Join ServiceGroup membership for this service scheduler {{(pid=99107) start /opt/stack/nova/nova/service.py:288}}
Aug 18 16:57:49.131254 np0000007670 nova-scheduler[99105]: DEBUG nova.servicegroup.drivers.db [None req-e683b052-bfa8-45fa-a9b2-1a41c3c5dae0 None None] DB_Driver: join new ServiceGroup member np0000007670 to the scheduler group, service = {{(pid=99105) join /opt/stack/nova/nova/servicegroup/drivers/db.py:44}}
Aug 18 16:57:49.131313 np0000007670 nova-scheduler[99107]: DEBUG nova.servicegroup.drivers.db [None req-c3aeed15-0c45-4494-8acb-472c241f14f9 None None] DB_Driver: join new ServiceGroup member np0000007670 to the scheduler group, service = {{(pid=99107) join /opt/stack/nova/nova/servicegroup/drivers/db.py:44}}
Aug 18 16:57:49.131856 np0000007670 nova-scheduler[99113]: DEBUG dbcounter [-] [99113] Writer thread running {{(pid=99113) stat_writer /opt/stack/data/venv/lib/python3.12/site-packages/dbcounter.py:102}}
Aug 18 16:57:49.134823 np0000007670 nova-scheduler[99113]: DEBUG nova.service [None req-8c91a193-2986-40e4-bc24-618fa39edd60 None None] Creating RPC server for service: nova-scheduler on topic: scheduler {{(pid=99113) start /opt/stack/nova/nova/service.py:262}}
Aug 18 16:57:49.151794 np0000007670 nova-scheduler[99113]: DEBUG nova.service [None req-8c91a193-2986-40e4-bc24-618fa39edd60 None None] Join ServiceGroup membership for this service scheduler {{(pid=99113) start /opt/stack/nova/nova/service.py:288}}
Aug 18 16:57:49.151987 np0000007670 nova-scheduler[99113]: DEBUG nova.servicegroup.drivers.db [None req-8c91a193-2986-40e4-bc24-618fa39edd60 None None] DB_Driver: join new ServiceGroup member np0000007670 to the scheduler group, service = {{(pid=99113) join /opt/stack/nova/nova/servicegroup/drivers/db.py:44}}
Aug 18 16:57:54.152022 np0000007670 nova-scheduler[99103]: DEBUG oslo.service.backend._threading.loopingcall [-] Fixed interval looping call 'nova.servicegroup.drivers.db.DbDriver._report_state' sleeping for 119.97 seconds {{(pid=99103) _run_loop /opt/stack/data/venv/lib/python3.12/site-packages/oslo_service/backend/_threading/loopingcall.py:125}}
Aug 18 16:57:54.152976 np0000007670 nova-scheduler[99105]: DEBUG oslo.service.backend._threading.loopingcall [-] Fixed interval looping call 'nova.servicegroup.drivers.db.DbDriver._report_state' sleeping for 119.98 seconds {{(pid=99105) _run_loop /opt/stack/data/venv/lib/python3.12/site-packages/oslo_service/backend/_threading/loopingcall.py:125}}
Aug 18 16:57:54.157516 np0000007670 nova-scheduler[99107]: DEBUG oslo.service.backend._threading.loopingcall [-] Fixed interval looping call 'nova.servicegroup.drivers.db.DbDriver._report_state' sleeping for 119.98 seconds {{(pid=99107) _run_loop /opt/stack/data/venv/lib/python3.12/site-packages/oslo_service/backend/_threading/loopingcall.py:125}}
Aug 18 16:57:54.165108 np0000007670 nova-scheduler[99113]: DEBUG oslo.service.backend._threading.loopingcall [-] Fixed interval looping call 'nova.servicegroup.drivers.db.DbDriver._report_state' sleeping for 119.99 seconds {{(pid=99113) _run_loop /opt/stack/data/venv/lib/python3.12/site-packages/oslo_service/backend/_threading/loopingcall.py:125}}
Aug 18 16:57:57.698873 np0000007670 nova-scheduler[97901]: DEBUG dbcounter [-] [97901] Writing DB stats nova_api:SELECT=3 {{(pid=97901) stat_writer /opt/stack/data/venv/lib/python3.12/site-packages/dbcounter.py:115}}
Aug 18 16:57:57.834136 np0000007670 nova-scheduler[97901]: DEBUG dbcounter [-] [97901] Writing DB stats nova_cell0:SELECT=1 {{(pid=97901) stat_writer /opt/stack/data/venv/lib/python3.12/site-packages/dbcounter.py:115}}
Aug 18 16:57:57.838699 np0000007670 nova-scheduler[97901]: DEBUG dbcounter [-] [97901] Writing DB stats nova_cell1:SELECT=1 {{(pid=97901) stat_writer /opt/stack/data/venv/lib/python3.12/site-packages/dbcounter.py:115}}
Aug 18 16:57:58.125717 np0000007670 nova-scheduler[99103]: DEBUG oslo.service.backend._threading.loopingcall [None req-82e0e118-33b9-4afb-a6de-25dcf49eda6b None None] Dynamic interval looping call 'nova.service.Service.periodic_tasks' sleeping for 60.00 seconds {{(pid=99103) _run_loop /opt/stack/data/venv/lib/python3.12/site-packages/oslo_service/backend/_threading/loopingcall.py:125}}
Aug 18 16:57:58.133432 np0000007670 nova-scheduler[99105]: DEBUG oslo.service.backend._threading.loopingcall [None req-4d370863-852a-4b03-9123-2656f3e4a7cd None None] Dynamic interval looping call 'nova.service.Service.periodic_tasks' sleeping for 60.00 seconds {{(pid=99105) _run_loop /opt/stack/data/venv/lib/python3.12/site-packages/oslo_service/backend/_threading/loopingcall.py:125}}
Aug 18 16:58:04.134689 np0000007670 nova-scheduler[99103]: DEBUG dbcounter [-] [99103] Writing DB stats nova_cell0:SELECT=4,nova_cell0:INSERT=1,nova_cell0:UPDATE=1 {{(pid=99103) stat_writer /opt/stack/data/venv/lib/python3.12/site-packages/dbcounter.py:115}}
Aug 18 16:58:04.146686 np0000007670 nova-scheduler[99105]: DEBUG dbcounter [-] [99105] Writing DB stats nova_cell0:SELECT=5,nova_cell0:INSERT=1,nova_cell0:UPDATE=1 {{(pid=99105) stat_writer /opt/stack/data/venv/lib/python3.12/site-packages/dbcounter.py:115}}
Aug 18 16:58:04.155432 np0000007670 nova-scheduler[99107]: DEBUG dbcounter [-] [99107] Writing DB stats nova_cell0:SELECT=3,nova_cell0:UPDATE=1 {{(pid=99107) stat_writer /opt/stack/data/venv/lib/python3.12/site-packages/dbcounter.py:115}}
Aug 18 16:58:04.162592 np0000007670 nova-scheduler[99113]: DEBUG dbcounter [-] [99113] Writing DB stats nova_cell0:SELECT=3 {{(pid=99113) stat_writer /opt/stack/data/venv/lib/python3.12/site-packages/dbcounter.py:115}}
Aug 18 16:58:29.133380 np0000007670 nova-scheduler[99107]: DEBUG oslo.service.backend._threading.loopingcall [None req-6e542498-91fe-463b-8874-15b155c84ec7 None None] Dynamic interval looping call 'nova.service.Service.periodic_tasks' sleeping for 60.00 seconds {{(pid=99107) _run_loop /opt/stack/data/venv/lib/python3.12/site-packages/oslo_service/backend/_threading/loopingcall.py:125}}
Aug 18 16:58:30.153847 np0000007670 nova-scheduler[99113]: DEBUG oslo.service.backend._threading.loopingcall [None req-4e1ff8a7-3dfd-48f9-a8c0-563bfaaf8fed None None] Dynamic interval looping call 'nova.service.Service.periodic_tasks' sleeping for 60.00 seconds {{(pid=99113) _run_loop /opt/stack/data/venv/lib/python3.12/site-packages/oslo_service/backend/_threading/loopingcall.py:125}}
Aug 18 16:58:58.126701 np0000007670 nova-scheduler[99103]: DEBUG oslo.service.backend._threading.loopingcall [None req-82e0e118-33b9-4afb-a6de-25dcf49eda6b None None] Dynamic interval looping call 'nova.service.Service.periodic_tasks' sleeping for 60.00 seconds {{(pid=99103) _run_loop /opt/stack/data/venv/lib/python3.12/site-packages/oslo_service/backend/_threading/loopingcall.py:125}}
Aug 18 16:58:58.133833 np0000007670 nova-scheduler[99105]: DEBUG oslo.service.backend._threading.loopingcall [None req-4d370863-852a-4b03-9123-2656f3e4a7cd None None] Dynamic interval looping call 'nova.service.Service.periodic_tasks' sleeping for 60.00 seconds {{(pid=99105) _run_loop /opt/stack/data/venv/lib/python3.12/site-packages/oslo_service/backend/_threading/loopingcall.py:125}}
Aug 18 16:59:29.133942 np0000007670 nova-scheduler[99107]: DEBUG oslo.service.backend._threading.loopingcall [None req-6e542498-91fe-463b-8874-15b155c84ec7 None None] Dynamic interval looping call 'nova.service.Service.periodic_tasks' sleeping for 60.00 seconds {{(pid=99107) _run_loop /opt/stack/data/venv/lib/python3.12/site-packages/oslo_service/backend/_threading/loopingcall.py:125}}
Aug 18 16:59:30.154425 np0000007670 nova-scheduler[99113]: DEBUG oslo.service.backend._threading.loopingcall [None req-4e1ff8a7-3dfd-48f9-a8c0-563bfaaf8fed None None] Dynamic interval looping call 'nova.service.Service.periodic_tasks' sleeping for 60.00 seconds {{(pid=99113) _run_loop /opt/stack/data/venv/lib/python3.12/site-packages/oslo_service/backend/_threading/loopingcall.py:125}}
Aug 18 16:59:54.127581 np0000007670 nova-scheduler[99103]: DEBUG oslo.service.backend._threading.loopingcall [-] Fixed interval looping call 'nova.servicegroup.drivers.db.DbDriver._report_state' sleeping for 119.99 seconds {{(pid=99103) _run_loop /opt/stack/data/venv/lib/python3.12/site-packages/oslo_service/backend/_threading/loopingcall.py:125}}
Aug 18 16:59:54.137668 np0000007670 nova-scheduler[99105]: DEBUG oslo.service.backend._threading.loopingcall [-] Fixed interval looping call 'nova.servicegroup.drivers.db.DbDriver._report_state' sleeping for 120.00 seconds {{(pid=99105) _run_loop /opt/stack/data/venv/lib/python3.12/site-packages/oslo_service/backend/_threading/loopingcall.py:125}}
Aug 18 16:59:54.140825 np0000007670 nova-scheduler[99107]: DEBUG oslo.service.backend._threading.loopingcall [-] Fixed interval looping call 'nova.servicegroup.drivers.db.DbDriver._report_state' sleeping for 120.00 seconds {{(pid=99107) _run_loop /opt/stack/data/venv/lib/python3.12/site-packages/oslo_service/backend/_threading/loopingcall.py:125}}
Aug 18 16:59:54.160032 np0000007670 nova-scheduler[99113]: DEBUG oslo.service.backend._threading.loopingcall [-] Fixed interval looping call 'nova.servicegroup.drivers.db.DbDriver._report_state' sleeping for 120.00 seconds {{(pid=99113) _run_loop /opt/stack/data/venv/lib/python3.12/site-packages/oslo_service/backend/_threading/loopingcall.py:125}}
Aug 18 16:59:58.127226 np0000007670 nova-scheduler[99103]: DEBUG oslo.service.backend._threading.loopingcall [None req-82e0e118-33b9-4afb-a6de-25dcf49eda6b None None] Dynamic interval looping call 'nova.service.Service.periodic_tasks' sleeping for 60.00 seconds {{(pid=99103) _run_loop /opt/stack/data/venv/lib/python3.12/site-packages/oslo_service/backend/_threading/loopingcall.py:125}}
Aug 18 16:59:58.134577 np0000007670 nova-scheduler[99105]: DEBUG oslo.service.backend._threading.loopingcall [None req-4d370863-852a-4b03-9123-2656f3e4a7cd None None] Dynamic interval looping call 'nova.service.Service.periodic_tasks' sleeping for 60.00 seconds {{(pid=99105) _run_loop /opt/stack/data/venv/lib/python3.12/site-packages/oslo_service/backend/_threading/loopingcall.py:125}}
Aug 18 17:00:04.124795 np0000007670 nova-scheduler[99103]: DEBUG dbcounter [-] [99103] Writing DB stats nova_cell0:SELECT=1,nova_cell0:UPDATE=1 {{(pid=99103) stat_writer /opt/stack/data/venv/lib/python3.12/site-packages/dbcounter.py:115}}
Aug 18 17:00:04.135088 np0000007670 nova-scheduler[99105]: DEBUG dbcounter [-] [99105] Writing DB stats nova_cell0:SELECT=1 {{(pid=99105) stat_writer /opt/stack/data/venv/lib/python3.12/site-packages/dbcounter.py:115}}
Aug 18 17:00:04.139211 np0000007670 nova-scheduler[99107]: DEBUG dbcounter [-] [99107] Writing DB stats nova_cell0:SELECT=1 {{(pid=99107) stat_writer /opt/stack/data/venv/lib/python3.12/site-packages/dbcounter.py:115}}
Aug 18 17:00:04.158374 np0000007670 nova-scheduler[99113]: DEBUG dbcounter [-] [99113] Writing DB stats nova_cell0:SELECT=1 {{(pid=99113) stat_writer /opt/stack/data/venv/lib/python3.12/site-packages/dbcounter.py:115}}
Aug 18 17:00:09.450978 np0000007670 nova-scheduler[99103]: DEBUG nova.scheduler.manager [None req-3b2e48fd-5965-4924-848c-f5a9ca3d04e1 tempest-DeleteServersTestJSON-1690247112 tempest-DeleteServersTestJSON-1690247112-project-member] Starting to schedule for instances: ['996cffbe-b000-4caf-89c7-43b3c97c2803'] {{(pid=99103) select_destinations /opt/stack/nova/nova/scheduler/manager.py:197}}
Aug 18 17:00:09.452468 np0000007670 nova-scheduler[99103]: DEBUG nova.scheduler.request_filter [None req-3b2e48fd-5965-4924-848c-f5a9ca3d04e1 tempest-DeleteServersTestJSON-1690247112 tempest-DeleteServersTestJSON-1690247112-project-member] compute_status_filter request filter added forbidden trait COMPUTE_STATUS_DISABLED {{(pid=99103) compute_status_filter /opt/stack/nova/nova/scheduler/request_filter.py:253}}
Aug 18 17:00:09.452468 np0000007670 nova-scheduler[99103]: DEBUG nova.scheduler.request_filter [None req-3b2e48fd-5965-4924-848c-f5a9ca3d04e1 tempest-DeleteServersTestJSON-1690247112 tempest-DeleteServersTestJSON-1690247112-project-member] Request filter 'compute_status_filter' took 0.0 seconds {{(pid=99103) wrapper /opt/stack/nova/nova/scheduler/request_filter.py:46}}
Aug 18 17:00:09.452468 np0000007670 nova-scheduler[99103]: DEBUG nova.scheduler.request_filter [None req-3b2e48fd-5965-4924-848c-f5a9ca3d04e1 tempest-DeleteServersTestJSON-1690247112 tempest-DeleteServersTestJSON-1690247112-project-member] Request filter 'accelerators_filter' took 0.0 seconds {{(pid=99103) wrapper /opt/stack/nova/nova/scheduler/request_filter.py:46}}
Aug 18 17:00:09.452468 np0000007670 nova-scheduler[99103]: DEBUG nova.scheduler.request_filter [None req-3b2e48fd-5965-4924-848c-f5a9ca3d04e1 tempest-DeleteServersTestJSON-1690247112 tempest-DeleteServersTestJSON-1690247112-project-member] Request filter 'packed_virtqueue_filter' took 0.0 seconds {{(pid=99103) wrapper /opt/stack/nova/nova/scheduler/request_filter.py:46}}
Aug 18 17:00:09.452789 np0000007670 nova-scheduler[99103]: DEBUG nova.scheduler.request_filter [None req-3b2e48fd-5965-4924-848c-f5a9ca3d04e1 tempest-DeleteServersTestJSON-1690247112 tempest-DeleteServersTestJSON-1690247112-project-member] Request filter 'remote_managed_ports_filter' took 0.0 seconds {{(pid=99103) wrapper /opt/stack/nova/nova/scheduler/request_filter.py:46}}
Aug 18 17:00:09.452969 np0000007670 nova-scheduler[99103]: DEBUG nova.scheduler.request_filter [None req-3b2e48fd-5965-4924-848c-f5a9ca3d04e1 tempest-DeleteServersTestJSON-1690247112 tempest-DeleteServersTestJSON-1690247112-project-member] ephemeral_encryption_filter skipped {{(pid=99103) ephemeral_encryption_filter /opt/stack/nova/nova/scheduler/request_filter.py:426}}
Aug 18 17:00:09.452969 np0000007670 nova-scheduler[99103]: DEBUG nova.scheduler.request_filter [None req-3b2e48fd-5965-4924-848c-f5a9ca3d04e1 tempest-DeleteServersTestJSON-1690247112 tempest-DeleteServersTestJSON-1690247112-project-member] virtio_sound_filter skipped {{(pid=99103) virtio_sound_filter /opt/stack/nova/nova/scheduler/request_filter.py:460}}
Aug 18 17:00:09.453169 np0000007670 nova-scheduler[99103]: DEBUG nova.scheduler.request_filter [None req-3b2e48fd-5965-4924-848c-f5a9ca3d04e1 tempest-DeleteServersTestJSON-1690247112 tempest-DeleteServersTestJSON-1690247112-project-member] tpm_secret_security_filter skipped {{(pid=99103) tpm_secret_security_filter /opt/stack/nova/nova/scheduler/request_filter.py:477}}
Aug 18 17:00:09.523489 np0000007670 nova-scheduler[99105]: DEBUG nova.scheduler.manager [None req-9f07e120-dbda-460a-8fdb-073ec4d723d9 tempest-ServerStableDeviceRescueTest-1728127580 tempest-ServerStableDeviceRescueTest-1728127580-project-member] Starting to schedule for instances: ['01a9c730-b566-418b-8d61-e27ae3fbcccf'] {{(pid=99105) select_destinations /opt/stack/nova/nova/scheduler/manager.py:197}}
Aug 18 17:00:09.523965 np0000007670 nova-scheduler[99105]: DEBUG nova.scheduler.request_filter [None req-9f07e120-dbda-460a-8fdb-073ec4d723d9 tempest-ServerStableDeviceRescueTest-1728127580 tempest-ServerStableDeviceRescueTest-1728127580-project-member] compute_status_filter request filter added forbidden trait COMPUTE_STATUS_DISABLED {{(pid=99105) compute_status_filter /opt/stack/nova/nova/scheduler/request_filter.py:253}}
Aug 18 17:00:09.524066 np0000007670 nova-scheduler[99105]: DEBUG nova.scheduler.request_filter [None req-9f07e120-dbda-460a-8fdb-073ec4d723d9 tempest-ServerStableDeviceRescueTest-1728127580 tempest-ServerStableDeviceRescueTest-1728127580-project-member] Request filter 'compute_status_filter' took 0.0 seconds {{(pid=99105) wrapper /opt/stack/nova/nova/scheduler/request_filter.py:46}}
Aug 18 17:00:09.524335 np0000007670 nova-scheduler[99105]: DEBUG nova.scheduler.request_filter [None req-9f07e120-dbda-460a-8fdb-073ec4d723d9 tempest-ServerStableDeviceRescueTest-1728127580 tempest-ServerStableDeviceRescueTest-1728127580-project-member] Request filter 'accelerators_filter' took 0.0 seconds {{(pid=99105) wrapper /opt/stack/nova/nova/scheduler/request_filter.py:46}}
Aug 18 17:00:09.524868 np0000007670 nova-scheduler[99105]: DEBUG nova.scheduler.request_filter [None req-9f07e120-dbda-460a-8fdb-073ec4d723d9 tempest-ServerStableDeviceRescueTest-1728127580 tempest-ServerStableDeviceRescueTest-1728127580-project-member] Request filter 'packed_virtqueue_filter' took 0.0 seconds {{(pid=99105) wrapper /opt/stack/nova/nova/scheduler/request_filter.py:46}}
Aug 18 17:00:09.525151 np0000007670 nova-scheduler[99105]: DEBUG nova.scheduler.request_filter [None req-9f07e120-dbda-460a-8fdb-073ec4d723d9 tempest-ServerStableDeviceRescueTest-1728127580 tempest-ServerStableDeviceRescueTest-1728127580-project-member] Request filter 'remote_managed_ports_filter' took 0.0 seconds {{(pid=99105) wrapper /opt/stack/nova/nova/scheduler/request_filter.py:46}}
Aug 18 17:00:09.525342 np0000007670 nova-scheduler[99105]: DEBUG nova.scheduler.request_filter [None req-9f07e120-dbda-460a-8fdb-073ec4d723d9 tempest-ServerStableDeviceRescueTest-1728127580 tempest-ServerStableDeviceRescueTest-1728127580-project-member] ephemeral_encryption_filter skipped {{(pid=99105) ephemeral_encryption_filter /opt/stack/nova/nova/scheduler/request_filter.py:426}}
Aug 18 17:00:09.525519 np0000007670 nova-scheduler[99105]: DEBUG nova.scheduler.request_filter [None req-9f07e120-dbda-460a-8fdb-073ec4d723d9 tempest-ServerStableDeviceRescueTest-1728127580 tempest-ServerStableDeviceRescueTest-1728127580-project-member] virtio_sound_filter skipped {{(pid=99105) virtio_sound_filter /opt/stack/nova/nova/scheduler/request_filter.py:460}}
Aug 18 17:00:09.525681 np0000007670 nova-scheduler[99105]: DEBUG nova.scheduler.request_filter [None req-9f07e120-dbda-460a-8fdb-073ec4d723d9 tempest-ServerStableDeviceRescueTest-1728127580 tempest-ServerStableDeviceRescueTest-1728127580-project-member] tpm_secret_security_filter skipped {{(pid=99105) tpm_secret_security_filter /opt/stack/nova/nova/scheduler/request_filter.py:477}}
Aug 18 17:00:09.947821 np0000007670 nova-scheduler[99105]: INFO nova.utils [None req-9f07e120-dbda-460a-8fdb-073ec4d723d9 tempest-ServerStableDeviceRescueTest-1728127580 tempest-ServerStableDeviceRescueTest-1728127580-project-member] The cell worker thread pool ForkProcess-2.cell_worker is initialized
