Aug 06 04:05:37.888543 np0000006617 devstack@c-api.service[100310]: DEBUG cinder.api.openstack.wsgi [None req-cde4d0a1-d93a-47e2-9ee1-d4a8151359fa tempest-TestMultiAttachVolumeSwap-1692344009 tempest-TestMultiAttachVolumeSwap-1692344009-project-member] Empty body provided in request {{(pid=100310) get_body /opt/stack/cinder/cinder/api/openstack/wsgi.py:725}}
Aug 06 04:05:37.888781 np0000006617 devstack@c-api.service[100310]: DEBUG cinder.api.openstack.wsgi [None req-cde4d0a1-d93a-47e2-9ee1-d4a8151359fa tempest-TestMultiAttachVolumeSwap-1692344009 tempest-TestMultiAttachVolumeSwap-1692344009-project-member] Calling method 'show' {{(pid=100310) _process_stack /opt/stack/cinder/cinder/api/openstack/wsgi.py:878}}
Aug 06 04:05:37.898595 np0000006617 devstack@c-api.service[100310]: /opt/stack/data/venv/lib/python3.12/site-packages/oslo_context/context.py:102: DeprecationWarning: Policy enforcement is depending on the value of is_admin. This key is deprecated. Please update your policy file to use the standard policy values.
Aug 06 04:05:37.898595 np0000006617 devstack@c-api.service[100310]: warnings.warn(
Aug 06 04:05:37.902933 np0000006617 devstack@c-api.service[100310]: INFO cinder.volume.api [None req-cde4d0a1-d93a-47e2-9ee1-d4a8151359fa tempest-TestMultiAttachVolumeSwap-1692344009 tempest-TestMultiAttachVolumeSwap-1692344009-project-member] Volume info retrieved successfully.
Aug 06 04:05:37.907325 np0000006617 devstack@c-api.service[100310]: INFO cinder.api.openstack.wsgi [None req-cde4d0a1-d93a-47e2-9ee1-d4a8151359fa tempest-TestMultiAttachVolumeSwap-1692344009 tempest-TestMultiAttachVolumeSwap-1692344009-project-member] https://10.4.3.127/volume/v3/volumes/d65addff-1f5a-49ae-90c2-3cfc1a51ae46 returned with HTTP 200
Aug 06 04:05:37.907836 np0000006617 devstack@c-api.service[100310]: [pid: 100310|app: 0|req: 116/462] 10.4.3.127 () {66 vars in 1348 bytes} [Thu Aug 6 04:05:37 2026] GET /volume/v3/volumes/d65addff-1f5a-49ae-90c2-3cfc1a51ae46 => generated 869 bytes in 22 msecs (HTTP/1.1 200) 7 headers in 285 bytes (1 switches on core 0)
Aug 06 04:05:38.564049 np0000006617 devstack@c-api.service[100308]: DEBUG cinder.api.middleware.request_id [None req-25426bdd-e0fb-47c9-82e5-3398f0561640 None None] RequestId filter calling following filter/app {{(pid=100308) _context_setter /opt/stack/cinder/cinder/api/middleware/request_id.py:62}}
Aug 06 04:05:38.565961 np0000006617 devstack@c-api.service[100308]: INFO cinder.api.openstack.wsgi [None req-25426bdd-e0fb-47c9-82e5-3398f0561640 tempest-AttachSCSIVolumeTestJSON-948333291 tempest-AttachSCSIVolumeTestJSON-948333291-project-reader] GET https://10.4.3.127/volume/v3/volumes/acf1b48c-351e-43f6-87b0-f4c837477d93
Aug 06 04:05:38.566182 np0000006617 devstack@c-api.service[100308]: DEBUG cinder.api.openstack.wsgi [None req-25426bdd-e0fb-47c9-82e5-3398f0561640 tempest-AttachSCSIVolumeTestJSON-948333291 tempest-AttachSCSIVolumeTestJSON-948333291-project-reader] Empty body provided in request {{(pid=100308) get_body /opt/stack/cinder/cinder/api/openstack/wsgi.py:725}}
Aug 06 04:05:38.566422 np0000006617 devstack@c-api.service[100308]: DEBUG cinder.api.openstack.wsgi [None req-25426bdd-e0fb-47c9-82e5-3398f0561640 tempest-AttachSCSIVolumeTestJSON-948333291 tempest-AttachSCSIVolumeTestJSON-948333291-project-reader] Calling method 'show' {{(pid=100308) _process_stack /opt/stack/cinder/cinder/api/openstack/wsgi.py:878}}
Aug 06 04:05:38.575906 np0000006617 devstack@c-api.service[100308]: /opt/stack/data/venv/lib/python3.12/site-packages/oslo_context/context.py:102: DeprecationWarning: Policy enforcement is depending on the value of is_admin. This key is deprecated. Please update your policy file to use the standard policy values.
Aug 06 04:05:38.575906 np0000006617 devstack@c-api.service[100308]: warnings.warn(
Aug 06 04:05:38.579225 np0000006617 devstack@c-api.service[100308]: INFO cinder.volume.api [None req-25426bdd-e0fb-47c9-82e5-3398f0561640 tempest-AttachSCSIVolumeTestJSON-948333291 tempest-AttachSCSIVolumeTestJSON-948333291-project-reader] Volume info retrieved successfully.
Aug 06 04:05:38.583789 np0000006617 devstack@c-api.service[100308]: INFO cinder.api.openstack.wsgi [None req-25426bdd-e0fb-47c9-82e5-3398f0561640 tempest-AttachSCSIVolumeTestJSON-948333291 tempest-AttachSCSIVolumeTestJSON-948333291-project-reader] https://10.4.3.127/volume/v3/volumes/acf1b48c-351e-43f6-87b0-f4c837477d93 returned with HTTP 200
Aug 06 04:05:38.584237 np0000006617 devstack@c-api.service[100308]: [pid: 100308|app: 0|req: 115/463] 10.4.3.127 () {66 vars in 1348 bytes} [Thu Aug 6 04:05:38 2026] GET /volume/v3/volumes/acf1b48c-351e-43f6-87b0-f4c837477d93 => generated 1142 bytes in 21 msecs (HTTP/1.1 200) 7 headers in 286 bytes (1 switches on core 0)
Aug 06 04:05:38.670216 np0000006617 devstack@c-api.service[100307]: DEBUG cinder.api.middleware.request_id [None req-73b159b9-4475-4e65-921a-535d5c1e6169 None None] RequestId filter calling following filter/app {{(pid=100307) _context_setter /opt/stack/cinder/cinder/api/middleware/request_id.py:62}}
Aug 06 04:05:38.671855 np0000006617 devstack@c-api.service[100307]: INFO cinder.api.openstack.wsgi [None req-73b159b9-4475-4e65-921a-535d5c1e6169 tempest-SnapshotsActionsTest-1694161249 tempest-SnapshotsActionsTest-1694161249-project-member] GET https://10.4.3.127/volume/v3/volumes/fc158e86-53c8-4215-9e9e-1c31da3f390c
Aug 06 04:05:38.672025 np0000006617 devstack@c-api.service[100307]: DEBUG cinder.api.openstack.wsgi [None req-73b159b9-4475-4e65-921a-535d5c1e6169 tempest-SnapshotsActionsTest-1694161249 tempest-SnapshotsActionsTest-1694161249-project-member] Empty body provided in request {{(pid=100307) get_body /opt/stack/cinder/cinder/api/openstack/wsgi.py:725}}
Aug 06 04:05:38.672195 np0000006617 devstack@c-api.service[100307]: DEBUG cinder.api.openstack.wsgi [None req-73b159b9-4475-4e65-921a-535d5c1e6169 tempest-SnapshotsActionsTest-1694161249 tempest-SnapshotsActionsTest-1694161249-project-member] Calling method 'show' {{(pid=100307) _process_stack /opt/stack/cinder/cinder/api/openstack/wsgi.py:878}}
Aug 06 04:05:38.678356 np0000006617 devstack@c-api.service[100307]: /opt/stack/data/venv/lib/python3.12/site-packages/oslo_context/context.py:102: DeprecationWarning: Policy enforcement is depending on the value of is_admin. This key is deprecated. Please update your policy file to use the standard policy values.
Aug 06 04:05:38.678356 np0000006617 devstack@c-api.service[100307]: warnings.warn(
Aug 06 04:05:38.681573 np0000006617 devstack@c-api.service[100307]: INFO cinder.volume.api [None req-73b159b9-4475-4e65-921a-535d5c1e6169 tempest-SnapshotsActionsTest-1694161249 tempest-SnapshotsActionsTest-1694161249-project-member] Volume info retrieved successfully.
Aug 06 04:05:38.685163 np0000006617 devstack@c-api.service[100307]: INFO cinder.api.openstack.wsgi [None req-73b159b9-4475-4e65-921a-535d5c1e6169 tempest-SnapshotsActionsTest-1694161249 tempest-SnapshotsActionsTest-1694161249-project-member] https://10.4.3.127/volume/v3/volumes/fc158e86-53c8-4215-9e9e-1c31da3f390c returned with HTTP 200
Aug 06 04:05:38.685470 np0000006617 devstack@c-api.service[100307]: [pid: 100307|app: 0|req: 120/464] 10.4.3.127 () {66 vars in 1348 bytes} [Thu Aug 6 04:05:38 2026] GET /volume/v3/volumes/fc158e86-53c8-4215-9e9e-1c31da3f390c => generated 844 bytes in 16 msecs (HTTP/1.1 200) 7 headers in 285 bytes (1 switches on core 0)
Aug 06 04:05:38.698000 np0000006617 devstack@c-api.service[100309]: DEBUG cinder.api.middleware.request_id [None req-bf1f3400-0f38-4f32-8530-0b8432ab45e3 None None] RequestId filter calling following filter/app {{(pid=100309) _context_setter /opt/stack/cinder/cinder/api/middleware/request_id.py:62}}
Aug 06 04:05:38.699951 np0000006617 devstack@c-api.service[100309]: INFO cinder.api.openstack.wsgi [None req-bf1f3400-0f38-4f32-8530-0b8432ab45e3 tempest-SnapshotsActionsTest-1694161249 tempest-SnapshotsActionsTest-1694161249-project-member] POST https://10.4.3.127/volume/v3/snapshots
Aug 06 04:05:38.700299 np0000006617 devstack@c-api.service[100309]: DEBUG cinder.api.openstack.wsgi [None req-bf1f3400-0f38-4f32-8530-0b8432ab45e3 tempest-SnapshotsActionsTest-1694161249 tempest-SnapshotsActionsTest-1694161249-project-member] Action: 'create', calling method: create, body: {"snapshot": {"volume_id": "fc158e86-53c8-4215-9e9e-1c31da3f390c", "name": "tempest-SnapshotsActionsTest-Snapshot-1769178429"}} {{(pid=100309) _process_stack /opt/stack/cinder/cinder/api/openstack/wsgi.py:876}}
Aug 06 04:05:38.708754 np0000006617 devstack@c-api.service[100309]: /opt/stack/data/venv/lib/python3.12/site-packages/oslo_context/context.py:102: DeprecationWarning: Policy enforcement is depending on the value of is_admin. This key is deprecated. Please update your policy file to use the standard policy values.
Aug 06 04:05:38.708754 np0000006617 devstack@c-api.service[100309]: warnings.warn(
Aug 06 04:05:38.709204 np0000006617 devstack@c-api.service[100309]: INFO cinder.volume.api [None req-bf1f3400-0f38-4f32-8530-0b8432ab45e3 tempest-SnapshotsActionsTest-1694161249 tempest-SnapshotsActionsTest-1694161249-project-member] Volume info retrieved successfully.
Aug 06 04:05:38.709354 np0000006617 devstack@c-api.service[100309]: INFO cinder.api.v3.snapshots [None req-bf1f3400-0f38-4f32-8530-0b8432ab45e3 tempest-SnapshotsActionsTest-1694161249 tempest-SnapshotsActionsTest-1694161249-project-member] Create snapshot from volume fc158e86-53c8-4215-9e9e-1c31da3f390c
Aug 06 04:05:38.748284 np0000006617 devstack@c-api.service[100309]: DEBUG cinder.quota [None req-bf1f3400-0f38-4f32-8530-0b8432ab45e3 tempest-SnapshotsActionsTest-1694161249 tempest-SnapshotsActionsTest-1694161249-project-member] Created reservations ['ffbac27d-e2ab-4f07-ab71-75137ca8d52e', '91e20a79-103f-41b8-a89a-570b315091ea', 'cff81e5c-2d07-4f50-b0f8-8eaa85bc2ea6', 'e4823b29-947c-4d2a-a8ff-099bd36fec03'] {{(pid=100309) reserve /opt/stack/cinder/cinder/quota.py:752}}
Aug 06 04:05:38.786244 np0000006617 devstack@c-api.service[100309]: INFO cinder.volume.api [None req-bf1f3400-0f38-4f32-8530-0b8432ab45e3 tempest-SnapshotsActionsTest-1694161249 tempest-SnapshotsActionsTest-1694161249-project-member] Snapshot create request issued successfully.
Aug 06 04:05:38.786570 np0000006617 devstack@c-api.service[100309]: INFO cinder.api.openstack.wsgi [None req-bf1f3400-0f38-4f32-8530-0b8432ab45e3 tempest-SnapshotsActionsTest-1694161249 tempest-SnapshotsActionsTest-1694161249-project-member] https://10.4.3.127/volume/v3/snapshots returned with HTTP 202
Aug 06 04:05:38.786983 np0000006617 devstack@c-api.service[100309]: [pid: 100309|app: 0|req: 114/465] 10.4.3.127 () {68 vars in 1265 bytes} [Thu Aug 6 04:05:38 2026] POST /volume/v3/snapshots => generated 307 bytes in 89 msecs (HTTP/1.1 202) 7 headers in 291 bytes (1 switches on core 0)
Aug 06 04:05:38.797365 np0000006617 devstack@c-api.service[100310]: DEBUG cinder.api.middleware.request_id [None req-e24569b7-7b2d-492a-a1ab-96c21c3b0248 None None] RequestId filter calling following filter/app {{(pid=100310) _context_setter /opt/stack/cinder/cinder/api/middleware/request_id.py:62}}
Aug 06 04:05:38.799402 np0000006617 devstack@c-api.service[100310]: INFO cinder.api.openstack.wsgi [None req-e24569b7-7b2d-492a-a1ab-96c21c3b0248 tempest-SnapshotsActionsTest-1694161249 tempest-SnapshotsActionsTest-1694161249-project-member] GET https://10.4.3.127/volume/v3/snapshots/bd371d1c-1600-4efd-bbfd-ea48c8b37a63
Aug 06 04:05:38.799964 np0000006617 devstack@c-api.service[100310]: DEBUG cinder.api.openstack.wsgi [None req-e24569b7-7b2d-492a-a1ab-96c21c3b0248 tempest-SnapshotsActionsTest-1694161249 tempest-SnapshotsActionsTest-1694161249-project-member] Empty body provided in request {{(pid=100310) get_body /opt/stack/cinder/cinder/api/openstack/wsgi.py:725}}
Aug 06 04:05:38.800424 np0000006617 devstack@c-api.service[100310]: DEBUG cinder.api.openstack.wsgi [None req-e24569b7-7b2d-492a-a1ab-96c21c3b0248 tempest-SnapshotsActionsTest-1694161249 tempest-SnapshotsActionsTest-1694161249-project-member] Calling method 'show' {{(pid=100310) _process_stack /opt/stack/cinder/cinder/api/openstack/wsgi.py:878}}
Aug 06 04:05:38.807034 np0000006617 devstack@c-api.service[100310]: /opt/stack/data/venv/lib/python3.12/site-packages/oslo_context/context.py:102: DeprecationWarning: Policy enforcement is depending on the value of is_admin. This key is deprecated. Please update your policy file to use the standard policy values.
Aug 06 04:05:38.807034 np0000006617 devstack@c-api.service[100310]: warnings.warn(
Aug 06 04:05:38.807659 np0000006617 devstack@c-api.service[100310]: INFO cinder.volume.api [None req-e24569b7-7b2d-492a-a1ab-96c21c3b0248 tempest-SnapshotsActionsTest-1694161249 tempest-SnapshotsActionsTest-1694161249-project-member] Snapshot retrieved successfully.
Aug 06 04:05:38.808940 np0000006617 devstack@c-api.service[100310]: INFO cinder.api.openstack.wsgi [None req-e24569b7-7b2d-492a-a1ab-96c21c3b0248 tempest-SnapshotsActionsTest-1694161249 tempest-SnapshotsActionsTest-1694161249-project-member] https://10.4.3.127/volume/v3/snapshots/bd371d1c-1600-4efd-bbfd-ea48c8b37a63 returned with HTTP 200
Aug 06 04:05:38.811226 np0000006617 devstack@c-api.service[100310]: [pid: 100310|app: 0|req: 117/466] 10.4.3.127 () {66 vars in 1354 bytes} [Thu Aug 6 04:05:38 2026] GET /volume/v3/snapshots/bd371d1c-1600-4efd-bbfd-ea48c8b37a63 => generated 439 bytes in 13 msecs (HTTP/1.1 200) 7 headers in 285 bytes (1 switches on core 0)
Aug 06 04:05:38.811884 np0000006617 devstack@c-api.service[100308]: DEBUG cinder.api.middleware.request_id [req-86eb7d10-3dd7-4653-b9e8-960337c81b57 req-63eac6a2-3463-4af9-afb5-b54905eabcd3 None None] RequestId filter calling following filter/app {{(pid=100308) _context_setter /opt/stack/cinder/cinder/api/middleware/request_id.py:62}}
Aug 06 04:05:38.816933 np0000006617 devstack@c-api.service[100308]: INFO cinder.api.openstack.wsgi [req-86eb7d10-3dd7-4653-b9e8-960337c81b57 req-63eac6a2-3463-4af9-afb5-b54905eabcd3 tempest-TaggedAttachmentsTest-2006052017 tempest-TaggedAttachmentsTest-2006052017-project-member] POST https://10.4.3.127/volume/v3/attachments/20760d24-65e9-4869-aca3-1debe47b3a64/action
Aug 06 04:05:38.817526 np0000006617 devstack@c-api.service[100308]: DEBUG cinder.api.openstack.wsgi [req-86eb7d10-3dd7-4653-b9e8-960337c81b57 req-63eac6a2-3463-4af9-afb5-b54905eabcd3 tempest-TaggedAttachmentsTest-2006052017 tempest-TaggedAttachmentsTest-2006052017-project-member] Action body: b'{"os-complete": null}' {{(pid=100308) get_method /opt/stack/cinder/cinder/api/openstack/wsgi.py:993}}
Aug 06 04:05:38.817698 np0000006617 devstack@c-api.service[100308]: DEBUG cinder.api.openstack.wsgi [req-86eb7d10-3dd7-4653-b9e8-960337c81b57 req-63eac6a2-3463-4af9-afb5-b54905eabcd3 tempest-TaggedAttachmentsTest-2006052017 tempest-TaggedAttachmentsTest-2006052017-project-member] Action: 'action', calling method: complete, body: {"os-complete": null} {{(pid=100308) _process_stack /opt/stack/cinder/cinder/api/openstack/wsgi.py:876}}
Aug 06 04:05:38.836431 np0000006617 devstack@c-api.service[100308]: /opt/stack/data/venv/lib/python3.12/site-packages/oslo_context/context.py:102: DeprecationWarning: Policy enforcement is depending on the value of is_admin. This key is deprecated. Please update your policy file to use the standard policy values.
Aug 06 04:05:38.836431 np0000006617 devstack@c-api.service[100308]: warnings.warn(
Aug 06 04:05:38.848786 np0000006617 devstack@c-api.service[100308]: INFO cinder.api.openstack.wsgi [req-86eb7d10-3dd7-4653-b9e8-960337c81b57 req-63eac6a2-3463-4af9-afb5-b54905eabcd3 tempest-TaggedAttachmentsTest-2006052017 tempest-TaggedAttachmentsTest-2006052017-project-member] https://10.4.3.127/volume/v3/attachments/20760d24-65e9-4869-aca3-1debe47b3a64/action returned with HTTP 204
Aug 06 04:05:38.849426 np0000006617 devstack@c-api.service[100308]: [pid: 100308|app: 0|req: 116/467] 10.4.3.127 () {74 vars in 1725 bytes} [Thu Aug 6 04:05:38 2026] POST /volume/v3/attachments/20760d24-65e9-4869-aca3-1debe47b3a64/action => generated 0 bytes in 38 msecs (HTTP/1.1 204) 7 headers in 292 bytes (1 switches on core 0)
Aug 06 04:05:38.874011 np0000006617 devstack@c-api.service[100307]: DEBUG cinder.api.middleware.request_id [None req-6dff213f-efbd-4e09-b0ec-fa9cf4033c8f None None] RequestId filter calling following filter/app {{(pid=100307) _context_setter /opt/stack/cinder/cinder/api/middleware/request_id.py:62}}
Aug 06 04:05:38.876393 np0000006617 devstack@c-api.service[100307]: INFO cinder.api.openstack.wsgi [None req-6dff213f-efbd-4e09-b0ec-fa9cf4033c8f tempest-VolumesCloneTest-1255436630 tempest-VolumesCloneTest-1255436630-project-member] GET https://10.4.3.127/volume/v3/volumes/63c1704d-fcb4-4566-a4d2-03191322e23c
Aug 06 04:05:38.876649 np0000006617 devstack@c-api.service[100307]: DEBUG cinder.api.openstack.wsgi [None req-6dff213f-efbd-4e09-b0ec-fa9cf4033c8f tempest-VolumesCloneTest-1255436630 tempest-VolumesCloneTest-1255436630-project-member] Empty body provided in request {{(pid=100307) get_body /opt/stack/cinder/cinder/api/openstack/wsgi.py:725}}
Aug 06 04:05:38.876878 np0000006617 devstack@c-api.service[100307]: DEBUG cinder.api.openstack.wsgi [None req-6dff213f-efbd-4e09-b0ec-fa9cf4033c8f tempest-VolumesCloneTest-1255436630 tempest-VolumesCloneTest-1255436630-project-member] Calling method 'show' {{(pid=100307) _process_stack /opt/stack/cinder/cinder/api/openstack/wsgi.py:878}}
Aug 06 04:05:38.886026 np0000006617 devstack@c-api.service[100307]: /opt/stack/data/venv/lib/python3.12/site-packages/oslo_context/context.py:102: DeprecationWarning: Policy enforcement is depending on the value of is_admin. This key is deprecated. Please update your policy file to use the standard policy values.
Aug 06 04:05:38.886026 np0000006617 devstack@c-api.service[100307]: warnings.warn(
Aug 06 04:05:38.891191 np0000006617 devstack@c-api.service[100307]: INFO cinder.volume.api [None req-6dff213f-efbd-4e09-b0ec-fa9cf4033c8f tempest-VolumesCloneTest-1255436630 tempest-VolumesCloneTest-1255436630-project-member] Volume info retrieved successfully.
Aug 06 04:05:38.894983 np0000006617 devstack@c-api.service[100309]: DEBUG cinder.api.middleware.request_id [None req-d29a205b-8dd4-4ad0-8e96-d17aacb94a15 None None] RequestId filter calling following filter/app {{(pid=100309) _context_setter /opt/stack/cinder/cinder/api/middleware/request_id.py:62}}
Aug 06 04:05:38.896829 np0000006617 devstack@c-api.service[100309]: INFO cinder.api.openstack.wsgi [None req-d29a205b-8dd4-4ad0-8e96-d17aacb94a15 tempest-TaggedAttachmentsTest-2006052017 tempest-TaggedAttachmentsTest-2006052017-project-member] GET https://10.4.3.127/volume/v3/volumes/50ae7f24-90f0-407e-afda-9da94673009b
Aug 06 04:05:38.896991 np0000006617 devstack@c-api.service[100309]: DEBUG cinder.api.openstack.wsgi [None req-d29a205b-8dd4-4ad0-8e96-d17aacb94a15 tempest-TaggedAttachmentsTest-2006052017 tempest-TaggedAttachmentsTest-2006052017-project-member] Empty body provided in request {{(pid=100309) get_body /opt/stack/cinder/cinder/api/openstack/wsgi.py:725}}
Aug 06 04:05:38.897162 np0000006617 devstack@c-api.service[100309]: DEBUG cinder.api.openstack.wsgi [None req-d29a205b-8dd4-4ad0-8e96-d17aacb94a15 tempest-TaggedAttachmentsTest-2006052017 tempest-TaggedAttachmentsTest-2006052017-project-member] Calling method 'show' {{(pid=100309) _process_stack /opt/stack/cinder/cinder/api/openstack/wsgi.py:878}}
Aug 06 04:05:38.898381 np0000006617 devstack@c-api.service[100307]: INFO cinder.api.openstack.wsgi [None req-6dff213f-efbd-4e09-b0ec-fa9cf4033c8f tempest-VolumesCloneTest-1255436630 tempest-VolumesCloneTest-1255436630-project-member] https://10.4.3.127/volume/v3/volumes/63c1704d-fcb4-4566-a4d2-03191322e23c returned with HTTP 200
Aug 06 04:05:38.899027 np0000006617 devstack@c-api.service[100307]: [pid: 100307|app: 0|req: 121/468] 10.4.3.127 () {66 vars in 1348 bytes} [Thu Aug 6 04:05:38 2026] GET /volume/v3/volumes/63c1704d-fcb4-4566-a4d2-03191322e23c => generated 1355 bytes in 25 msecs (HTTP/1.1 200) 7 headers in 286 bytes (1 switches on core 0)
Aug 06 04:05:38.906110 np0000006617 devstack@c-api.service[100309]: /opt/stack/data/venv/lib/python3.12/site-packages/oslo_context/context.py:102: DeprecationWarning: Policy enforcement is depending on the value of is_admin. This key is deprecated. Please update your policy file to use the standard policy values.
Aug 06 04:05:38.906110 np0000006617 devstack@c-api.service[100309]: warnings.warn(
Aug 06 04:05:38.910088 np0000006617 devstack@c-api.service[100309]: INFO cinder.volume.api [None req-d29a205b-8dd4-4ad0-8e96-d17aacb94a15 tempest-TaggedAttachmentsTest-2006052017 tempest-TaggedAttachmentsTest-2006052017-project-member] Volume info retrieved successfully.
Aug 06 04:05:38.914462 np0000006617 devstack@c-api.service[100309]: INFO cinder.api.openstack.wsgi [None req-d29a205b-8dd4-4ad0-8e96-d17aacb94a15 tempest-TaggedAttachmentsTest-2006052017 tempest-TaggedAttachmentsTest-2006052017-project-member] https://10.4.3.127/volume/v3/volumes/50ae7f24-90f0-407e-afda-9da94673009b returned with HTTP 200
Aug 06 04:05:38.914852 np0000006617 devstack@c-api.service[100309]: [pid: 100309|app: 0|req: 115/469] 10.4.3.127 () {66 vars in 1348 bytes} [Thu Aug 6 04:05:38 2026] GET /volume/v3/volumes/50ae7f24-90f0-407e-afda-9da94673009b => generated 1137 bytes in 20 msecs (HTTP/1.1 200) 7 headers in 286 bytes (1 switches on core 0)
Aug 06 04:05:38.915845 np0000006617 devstack@c-api.service[100310]: DEBUG cinder.api.middleware.request_id [None req-e8f30635-0cd8-4e85-b48d-221e61730591 None None] RequestId filter calling following filter/app {{(pid=100310) _context_setter /opt/stack/cinder/cinder/api/middleware/request_id.py:62}}
Aug 06 04:05:38.921008 np0000006617 devstack@c-api.service[100308]: DEBUG cinder.api.middleware.request_id [None req-d14734ac-bf90-4b9d-a47b-02acbf37fcc3 None None] RequestId filter calling following filter/app {{(pid=100308) _context_setter /opt/stack/cinder/cinder/api/middleware/request_id.py:62}}
Aug 06 04:05:38.923830 np0000006617 devstack@c-api.service[100310]: INFO cinder.api.openstack.wsgi [None req-e8f30635-0cd8-4e85-b48d-221e61730591 tempest-VolumesCloneTest-1255436630 tempest-VolumesCloneTest-1255436630-project-member] POST https://10.4.3.127/volume/v3/volumes
Aug 06 04:05:38.924470 np0000006617 devstack@c-api.service[100308]: INFO cinder.api.openstack.wsgi [None req-d14734ac-bf90-4b9d-a47b-02acbf37fcc3 tempest-TestMultiAttachVolumeSwap-1692344009 tempest-TestMultiAttachVolumeSwap-1692344009-project-member] GET https://10.4.3.127/volume/v3/volumes/d65addff-1f5a-49ae-90c2-3cfc1a51ae46
Aug 06 04:05:38.924795 np0000006617 devstack@c-api.service[100308]: DEBUG cinder.api.openstack.wsgi [None req-d14734ac-bf90-4b9d-a47b-02acbf37fcc3 tempest-TestMultiAttachVolumeSwap-1692344009 tempest-TestMultiAttachVolumeSwap-1692344009-project-member] Empty body provided in request {{(pid=100308) get_body /opt/stack/cinder/cinder/api/openstack/wsgi.py:725}}
Aug 06 04:05:38.925107 np0000006617 devstack@c-api.service[100308]: DEBUG cinder.api.openstack.wsgi [None req-d14734ac-bf90-4b9d-a47b-02acbf37fcc3 tempest-TestMultiAttachVolumeSwap-1692344009 tempest-TestMultiAttachVolumeSwap-1692344009-project-member] Calling method 'show' {{(pid=100308) _process_stack /opt/stack/cinder/cinder/api/openstack/wsgi.py:878}}
Aug 06 04:05:38.926000 np0000006617 devstack@c-api.service[100310]: DEBUG cinder.api.openstack.wsgi [None req-e8f30635-0cd8-4e85-b48d-221e61730591 tempest-VolumesCloneTest-1255436630 tempest-VolumesCloneTest-1255436630-project-member] Action: 'create', calling method: create, body: {"volume": {"source_volid": "63c1704d-fcb4-4566-a4d2-03191322e23c", "size": 1, "name": "tempest-VolumesCloneTest-Volume-114237375"}} {{(pid=100310) _process_stack /opt/stack/cinder/cinder/api/openstack/wsgi.py:876}}
Aug 06 04:05:38.930287 np0000006617 devstack@c-api.service[100310]: DEBUG cinder.api.v3.volumes [None req-e8f30635-0cd8-4e85-b48d-221e61730591 tempest-VolumesCloneTest-1255436630 tempest-VolumesCloneTest-1255436630-project-member] Create volume request body: {'volume': {'source_volid': '63c1704d-fcb4-4566-a4d2-03191322e23c', 'size': 1, 'name': 'tempest-VolumesCloneTest-Volume-114237375'}} {{(pid=100310) create /opt/stack/cinder/cinder/api/v3/volumes.py:368}}
Aug 06 04:05:38.935626 np0000006617 devstack@c-api.service[100307]: DEBUG cinder.api.middleware.request_id [None req-0d05cf5f-0693-4bfe-9dcd-9a645410cbd5 None None] RequestId filter calling following filter/app {{(pid=100307) _context_setter /opt/stack/cinder/cinder/api/middleware/request_id.py:62}}
Aug 06 04:05:38.937888 np0000006617 devstack@c-api.service[100307]: INFO cinder.api.openstack.wsgi [None req-0d05cf5f-0693-4bfe-9dcd-9a645410cbd5 tempest-TaggedAttachmentsTest-2006052017 tempest-TaggedAttachmentsTest-2006052017-project-member] GET https://10.4.3.127/volume/v3/volumes/50ae7f24-90f0-407e-afda-9da94673009b
Aug 06 04:05:38.938087 np0000006617 devstack@c-api.service[100307]: DEBUG cinder.api.openstack.wsgi [None req-0d05cf5f-0693-4bfe-9dcd-9a645410cbd5 tempest-TaggedAttachmentsTest-2006052017 tempest-TaggedAttachmentsTest-2006052017-project-member] Empty body provided in request {{(pid=100307) get_body /opt/stack/cinder/cinder/api/openstack/wsgi.py:725}}
Aug 06 04:05:38.938292 np0000006617 devstack@c-api.service[100307]: DEBUG cinder.api.openstack.wsgi [None req-0d05cf5f-0693-4bfe-9dcd-9a645410cbd5 tempest-TaggedAttachmentsTest-2006052017 tempest-TaggedAttachmentsTest-2006052017-project-member] Calling method 'show' {{(pid=100307) _process_stack /opt/stack/cinder/cinder/api/openstack/wsgi.py:878}}
Aug 06 04:05:38.939409 np0000006617 devstack@c-api.service[100310]: /opt/stack/data/venv/lib/python3.12/site-packages/oslo_context/context.py:102: DeprecationWarning: Policy enforcement is depending on the value of is_admin. This key is deprecated. Please update your policy file to use the standard policy values.
Aug 06 04:05:38.939409 np0000006617 devstack@c-api.service[100310]: warnings.warn(
Aug 06 04:05:38.940174 np0000006617 devstack@c-api.service[100310]: INFO cinder.volume.api [None req-e8f30635-0cd8-4e85-b48d-221e61730591 tempest-VolumesCloneTest-1255436630 tempest-VolumesCloneTest-1255436630-project-member] Volume retrieved successfully.
Aug 06 04:05:38.940324 np0000006617 devstack@c-api.service[100310]: INFO cinder.api.v3.volumes [None req-e8f30635-0cd8-4e85-b48d-221e61730591 tempest-VolumesCloneTest-1255436630 tempest-VolumesCloneTest-1255436630-project-member] Create volume of 1 GB
Aug 06 04:05:38.941225 np0000006617 devstack@c-api.service[100308]: /opt/stack/data/venv/lib/python3.12/site-packages/oslo_context/context.py:102: DeprecationWarning: Policy enforcement is depending on the value of is_admin. This key is deprecated. Please update your policy file to use the standard policy values.
Aug 06 04:05:38.941225 np0000006617 devstack@c-api.service[100308]: warnings.warn(
Aug 06 04:05:38.945712 np0000006617 devstack@c-api.service[100310]: INFO cinder.volume.api [None req-e8f30635-0cd8-4e85-b48d-221e61730591 tempest-VolumesCloneTest-1255436630 tempest-VolumesCloneTest-1255436630-project-member] Availability Zones retrieved successfully.
Aug 06 04:05:38.946403 np0000006617 devstack@c-api.service[100308]: INFO cinder.volume.api [None req-d14734ac-bf90-4b9d-a47b-02acbf37fcc3 tempest-TestMultiAttachVolumeSwap-1692344009 tempest-TestMultiAttachVolumeSwap-1692344009-project-member] Volume info retrieved successfully.
Aug 06 04:05:38.949347 np0000006617 devstack@c-api.service[100307]: /opt/stack/data/venv/lib/python3.12/site-packages/oslo_context/context.py:102: DeprecationWarning: Policy enforcement is depending on the value of is_admin. This key is deprecated. Please update your policy file to use the standard policy values.
Aug 06 04:05:38.949347 np0000006617 devstack@c-api.service[100307]: warnings.warn(
Aug 06 04:05:38.952107 np0000006617 devstack@c-api.service[100310]: DEBUG cinder.volume.api [None req-e8f30635-0cd8-4e85-b48d-221e61730591 tempest-VolumesCloneTest-1255436630 tempest-VolumesCloneTest-1255436630-project-member] Flow 'volume_create_api' (478eb354-61b5-49ed-b8f3-a27f7e5023be) transitioned into state 'RUNNING' from state 'PENDING' {{(pid=100310) _flow_receiver /opt/stack/data/venv/lib/python3.12/site-packages/taskflow/listeners/logging.py:160}}
Aug 06 04:05:38.952485 np0000006617 devstack@c-api.service[100308]: INFO cinder.api.openstack.wsgi [None req-d14734ac-bf90-4b9d-a47b-02acbf37fcc3 tempest-TestMultiAttachVolumeSwap-1692344009 tempest-TestMultiAttachVolumeSwap-1692344009-project-member] https://10.4.3.127/volume/v3/volumes/d65addff-1f5a-49ae-90c2-3cfc1a51ae46 returned with HTTP 200
Aug 06 04:05:38.953226 np0000006617 devstack@c-api.service[100308]: [pid: 100308|app: 0|req: 117/470] 10.4.3.127 () {66 vars in 1348 bytes} [Thu Aug 6 04:05:38 2026] GET /volume/v3/volumes/d65addff-1f5a-49ae-90c2-3cfc1a51ae46 => generated 869 bytes in 33 msecs (HTTP/1.1 200) 7 headers in 285 bytes (1 switches on core 0)
Aug 06 04:05:38.953381 np0000006617 devstack@c-api.service[100310]: DEBUG cinder.volume.api [None req-e8f30635-0cd8-4e85-b48d-221e61730591 tempest-VolumesCloneTest-1255436630 tempest-VolumesCloneTest-1255436630-project-member] Task 'cinder.volume.flows.api.create_volume.ExtractVolumeRequestTask;volume:create' (91c52f98-df7e-4a4f-bf19-1bd813cd2178) transitioned into state 'RUNNING' from state 'PENDING' {{(pid=100310) _task_receiver /opt/stack/data/venv/lib/python3.12/site-packages/taskflow/listeners/logging.py:242}}
Aug 06 04:05:38.954492 np0000006617 devstack@c-api.service[100310]: DEBUG cinder.volume.flows.api.create_volume [None req-e8f30635-0cd8-4e85-b48d-221e61730591 tempest-VolumesCloneTest-1255436630 tempest-VolumesCloneTest-1255436630-project-member] Validating volume size '1' using validate_int, validate_source_size {{(pid=100310) _extract_size /opt/stack/cinder/cinder/volume/flows/api/create_volume.py:226}}
Aug 06 04:05:38.954547 np0000006617 devstack@c-api.service[100307]: INFO cinder.volume.api [None req-0d05cf5f-0693-4bfe-9dcd-9a645410cbd5 tempest-TaggedAttachmentsTest-2006052017 tempest-TaggedAttachmentsTest-2006052017-project-member] Volume info retrieved successfully.
Aug 06 04:05:38.959760 np0000006617 devstack@c-api.service[100307]: INFO cinder.api.openstack.wsgi [None req-0d05cf5f-0693-4bfe-9dcd-9a645410cbd5 tempest-TaggedAttachmentsTest-2006052017 tempest-TaggedAttachmentsTest-2006052017-project-member] https://10.4.3.127/volume/v3/volumes/50ae7f24-90f0-407e-afda-9da94673009b returned with HTTP 200
Aug 06 04:05:38.960365 np0000006617 devstack@c-api.service[100307]: [pid: 100307|app: 0|req: 122/471] 10.4.3.127 () {66 vars in 1348 bytes} [Thu Aug 6 04:05:38 2026] GET /volume/v3/volumes/50ae7f24-90f0-407e-afda-9da94673009b => generated 1137 bytes in 25 msecs (HTTP/1.1 200) 7 headers in 286 bytes (1 switches on core 0)
Aug 06 04:05:38.980198 np0000006617 devstack@c-api.service[100310]: DEBUG cinder.volume.api [None req-e8f30635-0cd8-4e85-b48d-221e61730591 tempest-VolumesCloneTest-1255436630 tempest-VolumesCloneTest-1255436630-project-member] Task 'cinder.volume.flows.api.create_volume.ExtractVolumeRequestTask;volume:create' (91c52f98-df7e-4a4f-bf19-1bd813cd2178) transitioned into state 'SUCCESS' from state 'RUNNING' with result '{'size': 1, 'snapshot_id': None, 'source_volid': '63c1704d-fcb4-4566-a4d2-03191322e23c', 'volume_type': VolumeType(created_at=2026-08-06T04:02:41Z,deleted=False,deleted_at=None,description=None,extra_specs={volume_backend_name='storpool'},id=ec41ce9c-73ad-42f5-8483-148d2d80050f,is_public=True,name='storpool',projects=[],qos_specs=,qos_specs_id=None,updated_at=None), 'volume_type_id': 'ec41ce9c-73ad-42f5-8483-148d2d80050f', 'encryption_key_id': None, 'qos_specs': None, 'consistencygroup_id': None, 'cgsnapshot_id': None, 'group_id': None, 'replication_status': 'disabled', 'refresh_az': False, 'backup_id': None, 'multiattach': False, 'availability_zones': ['nova']}' {{(pid=100310) _task_receiver /opt/stack/data/venv/lib/python3.12/site-packages/taskflow/listeners/logging.py:218}}
Aug 06 04:05:38.981014 np0000006617 devstack@c-api.service[100310]: DEBUG cinder.volume.api [None req-e8f30635-0cd8-4e85-b48d-221e61730591 tempest-VolumesCloneTest-1255436630 tempest-VolumesCloneTest-1255436630-project-member] Task 'cinder.volume.flows.api.create_volume.QuotaReserveTask;volume:create' (c14702fc-3c96-47e1-8e6c-2f2a33044885) transitioned into state 'RUNNING' from state 'PENDING' {{(pid=100310) _task_receiver /opt/stack/data/venv/lib/python3.12/site-packages/taskflow/listeners/logging.py:242}}
Aug 06 04:05:39.020840 np0000006617 devstack@c-api.service[100310]: DEBUG cinder.quota [None req-e8f30635-0cd8-4e85-b48d-221e61730591 tempest-VolumesCloneTest-1255436630 tempest-VolumesCloneTest-1255436630-project-member] Created reservations ['a5f277af-9db8-46ed-b1fd-cc1f8e00332c', '13b2a617-3bca-4f40-9719-6e9362e855ae', '038f62bb-aa12-45d2-80d3-c26210105338', '0700cc3d-0c38-493b-9594-ae90cf6df830'] {{(pid=100310) reserve /opt/stack/cinder/cinder/quota.py:752}}
Aug 06 04:05:39.021497 np0000006617 devstack@c-api.service[100310]: DEBUG cinder.volume.api [None req-e8f30635-0cd8-4e85-b48d-221e61730591 tempest-VolumesCloneTest-1255436630 tempest-VolumesCloneTest-1255436630-project-member] Task 'cinder.volume.flows.api.create_volume.QuotaReserveTask;volume:create' (c14702fc-3c96-47e1-8e6c-2f2a33044885) transitioned into state 'SUCCESS' from state 'RUNNING' with result '{'reservations': ['a5f277af-9db8-46ed-b1fd-cc1f8e00332c', '13b2a617-3bca-4f40-9719-6e9362e855ae', '038f62bb-aa12-45d2-80d3-c26210105338', '0700cc3d-0c38-493b-9594-ae90cf6df830']}' {{(pid=100310) _task_receiver /opt/stack/data/venv/lib/python3.12/site-packages/taskflow/listeners/logging.py:218}}
Aug 06 04:05:39.022134 np0000006617 devstack@c-api.service[100310]: DEBUG cinder.volume.api [None req-e8f30635-0cd8-4e85-b48d-221e61730591 tempest-VolumesCloneTest-1255436630 tempest-VolumesCloneTest-1255436630-project-member] Task 'cinder.volume.flows.api.create_volume.EntryCreateTask;volume:create' (a79b68e9-af04-453c-95fe-2bb9e78ecb8b) transitioned into state 'RUNNING' from state 'PENDING' {{(pid=100310) _task_receiver /opt/stack/data/venv/lib/python3.12/site-packages/taskflow/listeners/logging.py:242}}
Aug 06 04:05:39.061096 np0000006617 devstack@c-api.service[100310]: DEBUG cinder.volume.api [None req-e8f30635-0cd8-4e85-b48d-221e61730591 tempest-VolumesCloneTest-1255436630 tempest-VolumesCloneTest-1255436630-project-member] Task 'cinder.volume.flows.api.create_volume.EntryCreateTask;volume:create' (a79b68e9-af04-453c-95fe-2bb9e78ecb8b) transitioned into state 'SUCCESS' from state 'RUNNING' with result '{'volume_id': '68967ef2-3c73-401d-834a-4e29f2894df0', 'volume_properties': VolumeProperties(attach_status='detached',availability_zone='nova',cgsnapshot_id=None,consistencygroup_id=None,display_description=None,display_name='tempest-VolumesCloneTest-Volume-114237375',encryption_key_id=None,group_id=None,group_type_id=,metadata={},multiattach=False,project_id='c38597e944b74f4187314c3bd4db9209',qos_specs=None,replication_status=,reservations=['a5f277af-9db8-46ed-b1fd-cc1f8e00332c','13b2a617-3bca-4f40-9719-6e9362e855ae','038f62bb-aa12-45d2-80d3-c26210105338','0700cc3d-0c38-493b-9594-ae90cf6df830'],size=1,snapshot_id=None,source_replicaid=,source_volid=63c1704d-fcb4-4566-a4d2-03191322e23c,status='creating',user_id='b077975074824b1fb17bef4cafaafa15',volume_type_id=ec41ce9c-73ad-42f5-8483-148d2d80050f), 'volume': Volume(_name_id=None,admin_metadata=,attach_status='detached',availability_zone='nova',bootable=True,cluster=,cluster_name=None,consistencygroup=,consistencygroup_id=None,created_at=2026-08-06T04:05:39Z,deleted=False,deleted_at=None,display_description=None,display_name='tempest-VolumesCloneTest-Volume-114237375',ec2_id=None,encryption_key_id=None,glance_metadata=,group=,group_id=None,host=None,id=68967ef2-3c73-401d-834a-4e29f2894df0,launched_at=None,metadata={},migration_status=None,multiattach=False,previous_status=None,project_id='c38597e944b74f4187314c3bd4db9209',provider_auth=None,provider_geometry=None,provider_id=None,provider_location=None,replication_driver_data=None,replication_extended_status=None,replication_status=None,scheduled_at=None,service_uuid=None,shared_targets=True,size=1,snapshot_id=None,snapshots=,source_volid=63c1704d-fcb4-4566-a4d2-03191322e23c,status='creating',terminated_at=None,updated_at=None,use_quota=True,user_id='b077975074824b1fb17bef4cafaafa15',volume_attachment=VolumeAttachmentList,volume_type=VolumeType(ec41ce9c-73ad-42f5-8483-148d2d80050f),volume_type_id=ec41ce9c-73ad-42f5-8483-148d2d80050f)}' {{(pid=100310) _task_receiver /opt/stack/data/venv/lib/python3.12/site-packages/taskflow/listeners/logging.py:218}}
Aug 06 04:05:39.061096 np0000006617 devstack@c-api.service[100310]: DEBUG cinder.volume.api [None req-e8f30635-0cd8-4e85-b48d-221e61730591 tempest-VolumesCloneTest-1255436630 tempest-VolumesCloneTest-1255436630-project-member] Task 'cinder.volume.flows.api.create_volume.QuotaCommitTask;volume:create' (17112969-27cd-45b6-9b54-c07d1cb43b5e) transitioned into state 'RUNNING' from state 'PENDING' {{(pid=100310) _task_receiver /opt/stack/data/venv/lib/python3.12/site-packages/taskflow/listeners/logging.py:242}}
Aug 06 04:05:39.086030 np0000006617 devstack@c-api.service[100310]: DEBUG cinder.volume.api [None req-e8f30635-0cd8-4e85-b48d-221e61730591 tempest-VolumesCloneTest-1255436630 tempest-VolumesCloneTest-1255436630-project-member] Task 'cinder.volume.flows.api.create_volume.QuotaCommitTask;volume:create' (17112969-27cd-45b6-9b54-c07d1cb43b5e) transitioned into state 'SUCCESS' from state 'RUNNING' with result '{'volume_properties': VolumeProperties(attach_status='detached',availability_zone='nova',cgsnapshot_id=None,consistencygroup_id=None,display_description=None,display_name='tempest-VolumesCloneTest-Volume-114237375',encryption_key_id=None,group_id=None,group_type_id=,metadata={},multiattach=False,project_id='c38597e944b74f4187314c3bd4db9209',qos_specs=None,replication_status=,reservations=['a5f277af-9db8-46ed-b1fd-cc1f8e00332c','13b2a617-3bca-4f40-9719-6e9362e855ae','038f62bb-aa12-45d2-80d3-c26210105338','0700cc3d-0c38-493b-9594-ae90cf6df830'],size=1,snapshot_id=None,source_replicaid=,source_volid=63c1704d-fcb4-4566-a4d2-03191322e23c,status='creating',user_id='b077975074824b1fb17bef4cafaafa15',volume_type_id=ec41ce9c-73ad-42f5-8483-148d2d80050f)}' {{(pid=100310) _task_receiver /opt/stack/data/venv/lib/python3.12/site-packages/taskflow/listeners/logging.py:218}}
Aug 06 04:05:39.086908 np0000006617 devstack@c-api.service[100310]: DEBUG cinder.volume.api [None req-e8f30635-0cd8-4e85-b48d-221e61730591 tempest-VolumesCloneTest-1255436630 tempest-VolumesCloneTest-1255436630-project-member] Task 'cinder.volume.flows.api.create_volume.VolumeCastTask;volume:create' (83c0b7a5-3022-4e39-896d-d4e8ed171e95) transitioned into state 'RUNNING' from state 'PENDING' {{(pid=100310) _task_receiver /opt/stack/data/venv/lib/python3.12/site-packages/taskflow/listeners/logging.py:242}}
Aug 06 04:05:39.106757 np0000006617 devstack@c-api.service[100310]: DEBUG cinder.volume.api [None req-e8f30635-0cd8-4e85-b48d-221e61730591 tempest-VolumesCloneTest-1255436630 tempest-VolumesCloneTest-1255436630-project-member] Task 'cinder.volume.flows.api.create_volume.VolumeCastTask;volume:create' (83c0b7a5-3022-4e39-896d-d4e8ed171e95) transitioned into state 'SUCCESS' from state 'RUNNING' with result 'None' {{(pid=100310) _task_receiver /opt/stack/data/venv/lib/python3.12/site-packages/taskflow/listeners/logging.py:218}}
Aug 06 04:05:39.108911 np0000006617 devstack@c-api.service[100310]: DEBUG cinder.volume.api [None req-e8f30635-0cd8-4e85-b48d-221e61730591 tempest-VolumesCloneTest-1255436630 tempest-VolumesCloneTest-1255436630-project-member] Flow 'volume_create_api' (478eb354-61b5-49ed-b8f3-a27f7e5023be) transitioned into state 'SUCCESS' from state 'RUNNING' {{(pid=100310) _flow_receiver /opt/stack/data/venv/lib/python3.12/site-packages/taskflow/listeners/logging.py:160}}
Aug 06 04:05:39.108911 np0000006617 devstack@c-api.service[100310]: INFO cinder.volume.api [None req-e8f30635-0cd8-4e85-b48d-221e61730591 tempest-VolumesCloneTest-1255436630 tempest-VolumesCloneTest-1255436630-project-member] Create volume request issued successfully.
Aug 06 04:05:39.108911 np0000006617 devstack@c-api.service[100310]: INFO cinder.api.openstack.wsgi [None req-e8f30635-0cd8-4e85-b48d-221e61730591 tempest-VolumesCloneTest-1255436630 tempest-VolumesCloneTest-1255436630-project-member] https://10.4.3.127/volume/v3/volumes returned with HTTP 202
Aug 06 04:05:39.109276 np0000006617 devstack@c-api.service[100310]: [pid: 100310|app: 0|req: 118/472] 10.4.3.127 () {68 vars in 1259 bytes} [Thu Aug 6 04:05:38 2026] POST /volume/v3/volumes => generated 779 bytes in 194 msecs (HTTP/1.1 202) 7 headers in 291 bytes (1 switches on core 0)
Aug 06 04:05:39.122595 np0000006617 devstack@c-api.service[100309]: DEBUG cinder.api.middleware.request_id [None req-2fce575c-44dc-4133-8b86-6c4f2aabb136 None None] RequestId filter calling following filter/app {{(pid=100309) _context_setter /opt/stack/cinder/cinder/api/middleware/request_id.py:62}}
Aug 06 04:05:39.124835 np0000006617 devstack@c-api.service[100309]: INFO cinder.api.openstack.wsgi [None req-2fce575c-44dc-4133-8b86-6c4f2aabb136 tempest-VolumesCloneTest-1255436630 tempest-VolumesCloneTest-1255436630-project-member] GET https://10.4.3.127/volume/v3/volumes/68967ef2-3c73-401d-834a-4e29f2894df0
Aug 06 04:05:39.125108 np0000006617 devstack@c-api.service[100309]: DEBUG cinder.api.openstack.wsgi [None req-2fce575c-44dc-4133-8b86-6c4f2aabb136 tempest-VolumesCloneTest-1255436630 tempest-VolumesCloneTest-1255436630-project-member] Empty body provided in request {{(pid=100309) get_body /opt/stack/cinder/cinder/api/openstack/wsgi.py:725}}
Aug 06 04:05:39.130299 np0000006617 devstack@c-api.service[100309]: DEBUG cinder.api.openstack.wsgi [None req-2fce575c-44dc-4133-8b86-6c4f2aabb136 tempest-VolumesCloneTest-1255436630 tempest-VolumesCloneTest-1255436630-project-member] Calling method 'show' {{(pid=100309) _process_stack /opt/stack/cinder/cinder/api/openstack/wsgi.py:878}}
Aug 06 04:05:39.135272 np0000006617 devstack@c-api.service[100309]: /opt/stack/data/venv/lib/python3.12/site-packages/oslo_context/context.py:102: DeprecationWarning: Policy enforcement is depending on the value of is_admin. This key is deprecated. Please update your policy file to use the standard policy values.
Aug 06 04:05:39.135272 np0000006617 devstack@c-api.service[100309]: warnings.warn(
Aug 06 04:05:39.140462 np0000006617 devstack@c-api.service[100309]: INFO cinder.volume.api [None req-2fce575c-44dc-4133-8b86-6c4f2aabb136 tempest-VolumesCloneTest-1255436630 tempest-VolumesCloneTest-1255436630-project-member] Volume info retrieved successfully.
Aug 06 04:05:39.142666 np0000006617 devstack@c-api.service[100309]: INFO cinder.api.openstack.wsgi [None req-2fce575c-44dc-4133-8b86-6c4f2aabb136 tempest-VolumesCloneTest-1255436630 tempest-VolumesCloneTest-1255436630-project-member] https://10.4.3.127/volume/v3/volumes/68967ef2-3c73-401d-834a-4e29f2894df0 returned with HTTP 200
Aug 06 04:05:39.143009 np0000006617 devstack@c-api.service[100309]: [pid: 100309|app: 0|req: 116/473] 10.4.3.127 () {66 vars in 1348 bytes} [Thu Aug 6 04:05:39 2026] GET /volume/v3/volumes/68967ef2-3c73-401d-834a-4e29f2894df0 => generated 847 bytes in 21 msecs (HTTP/1.1 200) 7 headers in 285 bytes (1 switches on core 0)
Aug 06 04:05:39.600004 np0000006617 devstack@c-api.service[100308]: DEBUG cinder.api.middleware.request_id [None req-10cee853-e922-4a47-a848-8c9d1956d890 None None] RequestId filter calling following filter/app {{(pid=100308) _context_setter /opt/stack/cinder/cinder/api/middleware/request_id.py:62}}
Aug 06 04:05:39.601797 np0000006617 devstack@c-api.service[100308]: INFO cinder.api.openstack.wsgi [None req-10cee853-e922-4a47-a848-8c9d1956d890 tempest-AttachSCSIVolumeTestJSON-948333291 tempest-AttachSCSIVolumeTestJSON-948333291-project-reader] GET https://10.4.3.127/volume/v3/volumes/acf1b48c-351e-43f6-87b0-f4c837477d93
Aug 06 04:05:39.602101 np0000006617 devstack@c-api.service[100308]: DEBUG cinder.api.openstack.wsgi [None req-10cee853-e922-4a47-a848-8c9d1956d890 tempest-AttachSCSIVolumeTestJSON-948333291 tempest-AttachSCSIVolumeTestJSON-948333291-project-reader] Empty body provided in request {{(pid=100308) get_body /opt/stack/cinder/cinder/api/openstack/wsgi.py:725}}
Aug 06 04:05:39.602294 np0000006617 devstack@c-api.service[100308]: DEBUG cinder.api.openstack.wsgi [None req-10cee853-e922-4a47-a848-8c9d1956d890 tempest-AttachSCSIVolumeTestJSON-948333291 tempest-AttachSCSIVolumeTestJSON-948333291-project-reader] Calling method 'show' {{(pid=100308) _process_stack /opt/stack/cinder/cinder/api/openstack/wsgi.py:878}}
Aug 06 04:05:39.613223 np0000006617 devstack@c-api.service[100308]: /opt/stack/data/venv/lib/python3.12/site-packages/oslo_context/context.py:102: DeprecationWarning: Policy enforcement is depending on the value of is_admin. This key is deprecated. Please update your policy file to use the standard policy values.
Aug 06 04:05:39.613223 np0000006617 devstack@c-api.service[100308]: warnings.warn(
Aug 06 04:05:39.617768 np0000006617 devstack@c-api.service[100308]: INFO cinder.volume.api [None req-10cee853-e922-4a47-a848-8c9d1956d890 tempest-AttachSCSIVolumeTestJSON-948333291 tempest-AttachSCSIVolumeTestJSON-948333291-project-reader] Volume info retrieved successfully.
Aug 06 04:05:39.622292 np0000006617 devstack@c-api.service[100308]: INFO cinder.api.openstack.wsgi [None req-10cee853-e922-4a47-a848-8c9d1956d890 tempest-AttachSCSIVolumeTestJSON-948333291 tempest-AttachSCSIVolumeTestJSON-948333291-project-reader] https://10.4.3.127/volume/v3/volumes/acf1b48c-351e-43f6-87b0-f4c837477d93 returned with HTTP 200
Aug 06 04:05:39.622662 np0000006617 devstack@c-api.service[100308]: [pid: 100308|app: 0|req: 118/474] 10.4.3.127 () {66 vars in 1348 bytes} [Thu Aug 6 04:05:39 2026] GET /volume/v3/volumes/acf1b48c-351e-43f6-87b0-f4c837477d93 => generated 1142 bytes in 23 msecs (HTTP/1.1 200) 7 headers in 286 bytes (1 switches on core 0)
Aug 06 04:05:39.821508 np0000006617 devstack@c-api.service[100307]: DEBUG cinder.api.middleware.request_id [None req-efa19f42-8e82-476d-b45f-c93d7837fa65 None None] RequestId filter calling following filter/app {{(pid=100307) _context_setter /opt/stack/cinder/cinder/api/middleware/request_id.py:62}}
Aug 06 04:05:39.824673 np0000006617 devstack@c-api.service[100307]: INFO cinder.api.openstack.wsgi [None req-efa19f42-8e82-476d-b45f-c93d7837fa65 tempest-SnapshotsActionsTest-1694161249 tempest-SnapshotsActionsTest-1694161249-project-member] GET https://10.4.3.127/volume/v3/snapshots/bd371d1c-1600-4efd-bbfd-ea48c8b37a63
Aug 06 04:05:39.825441 np0000006617 devstack@c-api.service[100307]: DEBUG cinder.api.openstack.wsgi [None req-efa19f42-8e82-476d-b45f-c93d7837fa65 tempest-SnapshotsActionsTest-1694161249 tempest-SnapshotsActionsTest-1694161249-project-member] Empty body provided in request {{(pid=100307) get_body /opt/stack/cinder/cinder/api/openstack/wsgi.py:725}}
Aug 06 04:05:39.825441 np0000006617 devstack@c-api.service[100307]: DEBUG cinder.api.openstack.wsgi [None req-efa19f42-8e82-476d-b45f-c93d7837fa65 tempest-SnapshotsActionsTest-1694161249 tempest-SnapshotsActionsTest-1694161249-project-member] Calling method 'show' {{(pid=100307) _process_stack /opt/stack/cinder/cinder/api/openstack/wsgi.py:878}}
Aug 06 04:05:39.832347 np0000006617 devstack@c-api.service[100307]: /opt/stack/data/venv/lib/python3.12/site-packages/oslo_context/context.py:102: DeprecationWarning: Policy enforcement is depending on the value of is_admin. This key is deprecated. Please update your policy file to use the standard policy values.
Aug 06 04:05:39.832347 np0000006617 devstack@c-api.service[100307]: warnings.warn(
Aug 06 04:05:39.833019 np0000006617 devstack@c-api.service[100307]: INFO cinder.volume.api [None req-efa19f42-8e82-476d-b45f-c93d7837fa65 tempest-SnapshotsActionsTest-1694161249 tempest-SnapshotsActionsTest-1694161249-project-member] Snapshot retrieved successfully.
Aug 06 04:05:39.834178 np0000006617 devstack@c-api.service[100307]: INFO cinder.api.openstack.wsgi [None req-efa19f42-8e82-476d-b45f-c93d7837fa65 tempest-SnapshotsActionsTest-1694161249 tempest-SnapshotsActionsTest-1694161249-project-member] https://10.4.3.127/volume/v3/snapshots/bd371d1c-1600-4efd-bbfd-ea48c8b37a63 returned with HTTP 200
Aug 06 04:05:39.835059 np0000006617 devstack@c-api.service[100307]: [pid: 100307|app: 0|req: 123/475] 10.4.3.127 () {66 vars in 1354 bytes} [Thu Aug 6 04:05:39 2026] GET /volume/v3/snapshots/bd371d1c-1600-4efd-bbfd-ea48c8b37a63 => generated 466 bytes in 14 msecs (HTTP/1.1 200) 7 headers in 285 bytes (1 switches on core 0)
Aug 06 04:05:39.847066 np0000006617 devstack@c-api.service[100310]: DEBUG cinder.api.middleware.request_id [None req-97f1debe-ce0b-441e-810e-3aeb2c309434 None None] RequestId filter calling following filter/app {{(pid=100310) _context_setter /opt/stack/cinder/cinder/api/middleware/request_id.py:62}}
Aug 06 04:05:39.969359 np0000006617 devstack@c-api.service[100309]: DEBUG cinder.api.middleware.request_id [None req-bb52578d-d1b0-4a43-a091-1ce2ee4d217d None None] RequestId filter calling following filter/app {{(pid=100309) _context_setter /opt/stack/cinder/cinder/api/middleware/request_id.py:62}}
Aug 06 04:05:39.971876 np0000006617 devstack@c-api.service[100309]: INFO cinder.api.openstack.wsgi [None req-bb52578d-d1b0-4a43-a091-1ce2ee4d217d tempest-TestMultiAttachVolumeSwap-1692344009 tempest-TestMultiAttachVolumeSwap-1692344009-project-member] GET https://10.4.3.127/volume/v3/volumes/d65addff-1f5a-49ae-90c2-3cfc1a51ae46
