Jul 09 06:50:01.060711 np0000004853 devstack@neutron-api.service[87350]: INFO neutron.quota.resource_registry [None req-6ff8e69d-5740-493a-9aad-56f93176336b None None] Creating instance of CountableResource for resource:router_route
Jul 09 06:50:01.061009 np0000004853 devstack@neutron-api.service[87350]: DEBUG neutron.api.v2.resource_helper [None req-6ff8e69d-5740-493a-9aad-56f93176336b None None] Service L3_ROUTER_NAT assigned prefix: {{(pid=87350) build_resource_info /opt/stack/neutron/neutron/api/v2/resource_helper.py:77}}
Jul 09 06:50:01.061550 np0000004853 devstack@neutron-api.service[87350]: DEBUG neutron.api.v2.resource_helper [None req-6ff8e69d-5740-493a-9aad-56f93176336b None None] Service FLAVORS assigned prefix: {{(pid=87350) build_resource_info /opt/stack/neutron/neutron/api/v2/resource_helper.py:77}}
Jul 09 06:50:01.062819 np0000004853 devstack@neutron-api.service[87350]: DEBUG neutron.api.v2.resource_helper [None req-6ff8e69d-5740-493a-9aad-56f93176336b None None] Service L3_ROUTER_NAT assigned prefix: {{(pid=87350) build_resource_info /opt/stack/neutron/neutron/api/v2/resource_helper.py:77}}
Jul 09 06:50:01.063343 np0000004853 devstack@neutron-api.service[87350]: DEBUG neutron.api.v2.resource_helper [None req-6ff8e69d-5740-493a-9aad-56f93176336b None None] Service L3_ROUTER_NAT assigned prefix: {{(pid=87350) build_resource_info /opt/stack/neutron/neutron/api/v2/resource_helper.py:77}}
Jul 09 06:50:01.063482 np0000004853 devstack@neutron-api.service[87350]: INFO neutron.quota.resource_registry [None req-6ff8e69d-5740-493a-9aad-56f93176336b None None] Creating instance of TrackedResource for resource:router
Jul 09 06:50:01.063637 np0000004853 devstack@neutron-api.service[87351]: DEBUG neutron.common.ovn.hash_ring_manager [-] Hash Ring loaded. 1 active nodes. 0 offline nodes {{(pid=87351) _load_hash_ring /opt/stack/neutron/neutron/common/ovn/hash_ring_manager.py:110}}
Jul 09 06:50:01.064097 np0000004853 devstack@neutron-api.service[87351]: DEBUG neutron.plugins.ml2.drivers.ovn.mech_driver.ovsdb.ovsdb_monitor [-] Hash Ring: Node 6380e0f00775561493e421abffe9cfef (host: np0000004853) handling event "update" for row c9777795-d880-4b2d-b71b-8d775568f4c9 (table: Connection) {{(pid=87351) notify /opt/stack/neutron/neutron/plugins/ml2/drivers/ovn/mech_driver/ovsdb/ovsdb_monitor.py:1030}}
Jul 09 06:50:01.064219 np0000004853 devstack@neutron-api.service[87350]: INFO neutron.quota.resource_registry [None req-6ff8e69d-5740-493a-9aad-56f93176336b None None] Creating instance of TrackedResource for resource:floatingip
Jul 09 06:50:01.065800 np0000004853 devstack@neutron-api.service[87350]: INFO neutron.quota.resource_registry [None req-6ff8e69d-5740-493a-9aad-56f93176336b None None] Creating instance of CountableResource for resource:rbac_policy
Jul 09 06:50:01.066707 np0000004853 devstack@neutron-api.service[87350]: INFO neutron.quota.resource_registry [None req-6ff8e69d-5740-493a-9aad-56f93176336b None None] Creating instance of TrackedResource for resource:security_group
Jul 09 06:50:01.067303 np0000004853 devstack@neutron-api.service[87350]: INFO neutron.quota.resource_registry [None req-6ff8e69d-5740-493a-9aad-56f93176336b None None] Creating instance of TrackedResource for resource:security_group_rule
Jul 09 06:50:01.068149 np0000004853 devstack@neutron-api.service[87350]: DEBUG neutron.api.v2.resource_helper [None req-6ff8e69d-5740-493a-9aad-56f93176336b None None] Service CORE assigned prefix: {{(pid=87350) build_resource_info /opt/stack/neutron/neutron/api/v2/resource_helper.py:77}}
Jul 09 06:50:01.068352 np0000004853 devstack@neutron-api.service[87350]: INFO neutron.quota.resource_registry [None req-6ff8e69d-5740-493a-9aad-56f93176336b None None] Creating instance of TrackedResource for resource:subnetpool
Jul 09 06:50:01.068586 np0000004853 devstack@neutron-api.service[87350]: WARNING neutron.quota.resource_registry [None req-6ff8e69d-5740-493a-9aad-56f93176336b None None] subnetpool is already registered
Jul 09 06:50:01.069068 np0000004853 devstack@neutron-api.service[87350]: DEBUG neutron.api.v2.resource_helper [None req-6ff8e69d-5740-493a-9aad-56f93176336b None None] Service CORE assigned prefix: {{(pid=87350) build_resource_info /opt/stack/neutron/neutron/api/v2/resource_helper.py:77}}
Jul 09 06:50:01.069246 np0000004853 devstack@neutron-api.service[87350]: INFO neutron.quota.resource_registry [None req-6ff8e69d-5740-493a-9aad-56f93176336b None None] Creating instance of TrackedResource for resource:subnetpool
Jul 09 06:50:01.069381 np0000004853 devstack@neutron-api.service[87350]: WARNING neutron.quota.resource_registry [None req-6ff8e69d-5740-493a-9aad-56f93176336b None None] subnetpool is already registered
Jul 09 06:50:01.072418 np0000004853 devstack@neutron-api.service[87350]: INFO neutron.quota.resource_registry [None req-6ff8e69d-5740-493a-9aad-56f93176336b None None] Creating instance of CountableResource for resource:router_route
Jul 09 06:50:01.072548 np0000004853 devstack@neutron-api.service[87350]: WARNING neutron.quota.resource_registry [None req-6ff8e69d-5740-493a-9aad-56f93176336b None None] router_route is already registered
Jul 09 06:50:01.072746 np0000004853 devstack@neutron-api.service[87350]: DEBUG neutron.api.v2.resource_helper [None req-6ff8e69d-5740-493a-9aad-56f93176336b None None] Service L3_ROUTER_NAT assigned prefix: {{(pid=87350) build_resource_info /opt/stack/neutron/neutron/api/v2/resource_helper.py:77}}
Jul 09 06:50:01.073198 np0000004853 devstack@neutron-api.service[87350]: DEBUG neutron.api.v2.resource_helper [None req-6ff8e69d-5740-493a-9aad-56f93176336b None None] Service FLAVORS assigned prefix: {{(pid=87350) build_resource_info /opt/stack/neutron/neutron/api/v2/resource_helper.py:77}}
Jul 09 06:50:01.074429 np0000004853 devstack@neutron-api.service[87350]: DEBUG neutron.api.v2.resource_helper [None req-6ff8e69d-5740-493a-9aad-56f93176336b None None] Service L3_ROUTER_NAT assigned prefix: {{(pid=87350) build_resource_info /opt/stack/neutron/neutron/api/v2/resource_helper.py:77}}
Jul 09 06:50:01.074981 np0000004853 devstack@neutron-api.service[87350]: DEBUG neutron.api.v2.resource_helper [None req-6ff8e69d-5740-493a-9aad-56f93176336b None None] Service L3_ROUTER_NAT assigned prefix: {{(pid=87350) build_resource_info /opt/stack/neutron/neutron/api/v2/resource_helper.py:77}}
Jul 09 06:50:01.075109 np0000004853 devstack@neutron-api.service[87350]: INFO neutron.quota.resource_registry [None req-6ff8e69d-5740-493a-9aad-56f93176336b None None] Creating instance of TrackedResource for resource:router
Jul 09 06:50:01.075227 np0000004853 devstack@neutron-api.service[87350]: WARNING neutron.quota.resource_registry [None req-6ff8e69d-5740-493a-9aad-56f93176336b None None] router is already registered
Jul 09 06:50:01.076061 np0000004853 devstack@neutron-api.service[87350]: INFO neutron.quota.resource_registry [None req-6ff8e69d-5740-493a-9aad-56f93176336b None None] Creating instance of TrackedResource for resource:floatingip
Jul 09 06:50:01.076124 np0000004853 devstack@neutron-api.service[87350]: WARNING neutron.quota.resource_registry [None req-6ff8e69d-5740-493a-9aad-56f93176336b None None] floatingip is already registered
Jul 09 06:50:01.076319 np0000004853 devstack@neutron-api.service[87349]: DEBUG oslo_concurrency.processutils [None req-7776f673-bbe6-430a-ac9b-2000803e249f None None] CMD "ovsdb-client transact ssl:10.4.3.102:6641 --timeout 180 -p /opt/stack/data/CA/int-ca/private/devstack-cert.key -c /opt/stack/data/CA/int-ca/devstack-cert.crt -C /opt/stack/data/CA/int-ca/ca-chain.pem ["OVN_Northbound", {"op": "wait", "timeout": 0, "table": "Port_Group", "where": [["name", "==", "neutron_pg_drop"]], "until": "==", "rows": []}, {"op": "insert", "table": "ACL", "row": {"action": "drop", "direction": "to-lport", "match": "outport == @neutron_pg_drop && ip", "priority": 1001}, "uuid-name": "droptoport"}, {"op": "insert", "table": "ACL", "row": {"action": "drop", "direction": "from-lport", "match": "inport == @neutron_pg_drop && ip", "priority": 1001}, "uuid-name": "dropfromport"}, {"op": "insert", "table": "Port_Group", "row": {"name": "neutron_pg_drop", "acls": ["set", [["named-uuid", "droptoport"], ["named-uuid", "dropfromport"]]]}}]" returned: 0 in 0.056s {{(pid=87349) execute /opt/stack/data/venv/lib/python3.12/site-packages/oslo_concurrency/processutils.py:468}}
Jul 09 06:50:01.077423 np0000004853 devstack@neutron-api.service[87349]: DEBUG neutron_lib.callbacks.manager [None req-7776f673-bbe6-430a-ac9b-2000803e249f None None] Publish callbacks ['neutron.plugins.ml2.drivers.ovn.mech_driver.mech_driver.OVNMechanismDriver.post_fork_initialize-815772', 'neutron.services.pvlan.drivers.ovn.driver._initialize_pvlan_pg_drop-7887265294990', 'neutron.services.ovn_l3.plugin.OVNL3RouterPlugin._post_fork_initialize-29165'] for process (None), after_init {{(pid=87349) _notify_loop /opt/stack/data/venv/lib/python3.12/site-packages/neutron_lib/callbacks/manager.py:184}}
Jul 09 06:50:01.077610 np0000004853 devstack@neutron-api.service[87350]: INFO neutron.quota.resource_registry [None req-6ff8e69d-5740-493a-9aad-56f93176336b None None] Creating instance of CountableResource for resource:rbac_policy
Jul 09 06:50:01.077798 np0000004853 devstack@neutron-api.service[87350]: WARNING neutron.quota.resource_registry [None req-6ff8e69d-5740-493a-9aad-56f93176336b None None] rbac_policy is already registered
Jul 09 06:50:01.078336 np0000004853 devstack@neutron-api.service[87349]: DEBUG oslo_concurrency.lockutils [None req-7776f673-bbe6-430a-ac9b-2000803e249f None None] Acquiring lock "singleton_lock" {{(pid=87349) lock /opt/stack/data/venv/lib/python3.12/site-packages/oslo_concurrency/lockutils.py:395}}
Jul 09 06:50:01.078859 np0000004853 devstack@neutron-api.service[87350]: INFO neutron.quota.resource_registry [None req-6ff8e69d-5740-493a-9aad-56f93176336b None None] Creating instance of TrackedResource for resource:security_group
Jul 09 06:50:01.078981 np0000004853 devstack@neutron-api.service[87349]: DEBUG oslo_concurrency.lockutils [None req-7776f673-bbe6-430a-ac9b-2000803e249f None None] Acquired lock "singleton_lock" {{(pid=87349) lock /opt/stack/data/venv/lib/python3.12/site-packages/oslo_concurrency/lockutils.py:398}}
Jul 09 06:50:01.079076 np0000004853 devstack@neutron-api.service[87350]: WARNING neutron.quota.resource_registry [None req-6ff8e69d-5740-493a-9aad-56f93176336b None None] security_group is already registered
Jul 09 06:50:01.079585 np0000004853 devstack@neutron-api.service[87350]: INFO neutron.quota.resource_registry [None req-6ff8e69d-5740-493a-9aad-56f93176336b None None] Creating instance of TrackedResource for resource:security_group_rule
Jul 09 06:50:01.079666 np0000004853 devstack@neutron-api.service[87349]: DEBUG oslo_concurrency.lockutils [None req-7776f673-bbe6-430a-ac9b-2000803e249f None None] Releasing lock "singleton_lock" {{(pid=87349) lock /opt/stack/data/venv/lib/python3.12/site-packages/oslo_concurrency/lockutils.py:418}}
Jul 09 06:50:01.079751 np0000004853 devstack@neutron-api.service[87350]: WARNING neutron.quota.resource_registry [None req-6ff8e69d-5740-493a-9aad-56f93176336b None None] security_group_rule is already registered
Jul 09 06:50:01.080562 np0000004853 devstack@neutron-api.service[87350]: DEBUG neutron.api.v2.resource_helper [None req-6ff8e69d-5740-493a-9aad-56f93176336b None None] Service CORE assigned prefix: {{(pid=87350) build_resource_info /opt/stack/neutron/neutron/api/v2/resource_helper.py:77}}
Jul 09 06:50:01.080778 np0000004853 devstack@neutron-api.service[87350]: INFO neutron.quota.resource_registry [None req-6ff8e69d-5740-493a-9aad-56f93176336b None None] Creating instance of TrackedResource for resource:subnetpool
Jul 09 06:50:01.081001 np0000004853 devstack@neutron-api.service[87350]: WARNING neutron.quota.resource_registry [None req-6ff8e69d-5740-493a-9aad-56f93176336b None None] subnetpool is already registered
Jul 09 06:50:01.081496 np0000004853 devstack@neutron-api.service[87350]: DEBUG neutron.api.v2.resource_helper [None req-6ff8e69d-5740-493a-9aad-56f93176336b None None] Service CORE assigned prefix: {{(pid=87350) build_resource_info /opt/stack/neutron/neutron/api/v2/resource_helper.py:77}}
Jul 09 06:50:01.081654 np0000004853 devstack@neutron-api.service[87350]: INFO neutron.quota.resource_registry [None req-6ff8e69d-5740-493a-9aad-56f93176336b None None] Creating instance of TrackedResource for resource:subnetpool
Jul 09 06:50:01.081862 np0000004853 devstack@neutron-api.service[87350]: WARNING neutron.quota.resource_registry [None req-6ff8e69d-5740-493a-9aad-56f93176336b None None] subnetpool is already registered
Jul 09 06:50:01.082535 np0000004853 devstack@neutron-api.service[87350]: DEBUG neutron.api.extensions [None req-6ff8e69d-5740-493a-9aad-56f93176336b None None] Extended resource: extensions {{(pid=87350) __init__ /opt/stack/neutron/neutron/api/extensions.py:156}}
Jul 09 06:50:01.083483 np0000004853 devstack@neutron-api.service[87350]: DEBUG neutron.api.extensions [None req-6ff8e69d-5740-493a-9aad-56f93176336b None None] Extended resource: address-groups {{(pid=87350) __init__ /opt/stack/neutron/neutron/api/extensions.py:156}}
Jul 09 06:50:01.083645 np0000004853 devstack@neutron-api.service[87349]: DEBUG neutron.plugins.ml2.drivers.ovn.mech_driver.mech_driver [None req-7776f673-bbe6-430a-ac9b-2000803e249f None None] Hash Ring setup using WSGI start time 2026-07-09 06:49:54+00:00 {{(pid=87349) _init_hash_ring /opt/stack/neutron/neutron/plugins/ml2/drivers/ovn/mech_driver/mech_driver.py:404}}
Jul 09 06:50:01.084292 np0000004853 devstack@neutron-api.service[87350]: DEBUG neutron.api.extensions [None req-6ff8e69d-5740-493a-9aad-56f93176336b None None] Extended resource: address-scopes {{(pid=87350) __init__ /opt/stack/neutron/neutron/api/extensions.py:156}}
Jul 09 06:50:01.085152 np0000004853 devstack@neutron-api.service[87350]: DEBUG neutron.api.extensions [None req-6ff8e69d-5740-493a-9aad-56f93176336b None None] Extended resource: agents {{(pid=87350) __init__ /opt/stack/neutron/neutron/api/extensions.py:156}}
Jul 09 06:50:01.086239 np0000004853 devstack@neutron-api.service[87350]: DEBUG neutron.api.extensions [None req-6ff8e69d-5740-493a-9aad-56f93176336b None None] Extended resource: auto-allocated-topology {{(pid=87350) __init__ /opt/stack/neutron/neutron/api/extensions.py:156}}
Jul 09 06:50:01.087186 np0000004853 devstack@neutron-api.service[87350]: DEBUG neutron.api.extensions [None req-6ff8e69d-5740-493a-9aad-56f93176336b None None] Extended resource: availability_zones {{(pid=87350) __init__ /opt/stack/neutron/neutron/api/extensions.py:156}}
Jul 09 06:50:01.087382 np0000004853 devstack@neutron-api.service[87350]: DEBUG neutron.api.extensions [None req-6ff8e69d-5740-493a-9aad-56f93176336b None None] Extended resource: dhcp-networks {{(pid=87350) __init__ /opt/stack/neutron/neutron/api/extensions.py:156}}
Jul 09 06:50:01.088208 np0000004853 devstack@neutron-api.service[87350]: DEBUG neutron.api.extensions [None req-6ff8e69d-5740-493a-9aad-56f93176336b None None] Extended resource: dhcp-agents {{(pid=87350) __init__ /opt/stack/neutron/neutron/api/extensions.py:156}}
Jul 09 06:50:01.089000 np0000004853 devstack@neutron-api.service[87350]: DEBUG neutron.api.extensions [None req-6ff8e69d-5740-493a-9aad-56f93176336b None None] Extended resource: routers {{(pid=87350) __init__ /opt/stack/neutron/neutron/api/extensions.py:156}}
Jul 09 06:50:01.090205 np0000004853 devstack@neutron-api.service[87350]: DEBUG neutron.api.extensions [None req-6ff8e69d-5740-493a-9aad-56f93176336b None None] Extended resource: flavors {{(pid=87350) __init__ /opt/stack/neutron/neutron/api/extensions.py:156}}
Jul 09 06:50:01.092033 np0000004853 devstack@neutron-api.service[87350]: DEBUG neutron.api.extensions [None req-6ff8e69d-5740-493a-9aad-56f93176336b None None] Extended resource: service_profiles {{(pid=87350) __init__ /opt/stack/neutron/neutron/api/extensions.py:156}}
Jul 09 06:50:01.092383 np0000004853 devstack@neutron-api.service[87350]: DEBUG neutron.api.extensions [None req-6ff8e69d-5740-493a-9aad-56f93176336b None None] Extended resource: next_providers {{(pid=87350) __init__ /opt/stack/neutron/neutron/api/extensions.py:156}}
Jul 09 06:50:01.093056 np0000004853 devstack@neutron-api.service[87350]: DEBUG neutron.api.extensions [None req-6ff8e69d-5740-493a-9aad-56f93176336b None None] Extended resource: service_profiles {{(pid=87350) __init__ /opt/stack/neutron/neutron/api/extensions.py:156}}
Jul 09 06:50:01.093721 np0000004853 devstack@neutron-api.service[87350]: DEBUG neutron.api.extensions [None req-6ff8e69d-5740-493a-9aad-56f93176336b None None] Extended resource: floatingip-pools {{(pid=87350) __init__ /opt/stack/neutron/neutron/api/extensions.py:156}}
Jul 09 06:50:01.094209 np0000004853 devstack@neutron-api.service[87350]: DEBUG neutron.api.extensions [None req-6ff8e69d-5740-493a-9aad-56f93176336b None None] Extended resource: routers {{(pid=87350) __init__ /opt/stack/neutron/neutron/api/extensions.py:156}}
Jul 09 06:50:01.095111 np0000004853 devstack@neutron-api.service[87350]: DEBUG neutron.api.extensions [None req-6ff8e69d-5740-493a-9aad-56f93176336b None None] Extended resource: floatingips {{(pid=87350) __init__ /opt/stack/neutron/neutron/api/extensions.py:156}}
Jul 09 06:50:01.095856 np0000004853 devstack@neutron-api.service[87350]: DEBUG neutron.api.extensions [None req-6ff8e69d-5740-493a-9aad-56f93176336b None None] Extended resource: l3-routers {{(pid=87350) __init__ /opt/stack/neutron/neutron/api/extensions.py:156}}
Jul 09 06:50:01.097043 np0000004853 devstack@neutron-api.service[87350]: DEBUG neutron.api.extensions [None req-6ff8e69d-5740-493a-9aad-56f93176336b None None] Extended resource: l3-agents {{(pid=87350) __init__ /opt/stack/neutron/neutron/api/extensions.py:156}}
Jul 09 06:50:01.097190 np0000004853 devstack@neutron-api.service[87349]: INFO neutron.db.ovn_hash_ring_db [None req-7776f673-bbe6-430a-ac9b-2000803e249f None None] Nodes from host "np0000004853" and group "mechanism_driver" removed from the Hash Ring created at 2026-07-09 06:49:54+00:00
Jul 09 06:50:01.097907 np0000004853 devstack@neutron-api.service[87350]: DEBUG neutron.api.extensions [None req-6ff8e69d-5740-493a-9aad-56f93176336b None None] Extended resource: network-ip-availabilities {{(pid=87350) __init__ /opt/stack/neutron/neutron/api/extensions.py:156}}
Jul 09 06:50:01.098310 np0000004853 devstack@neutron-api.service[87350]: DEBUG neutron.api.extensions [None req-6ff8e69d-5740-493a-9aad-56f93176336b None None] Extended resource: network-ip-availabilities {{(pid=87350) __init__ /opt/stack/neutron/neutron/api/extensions.py:156}}
Jul 09 06:50:01.099103 np0000004853 devstack@neutron-api.service[87350]: DEBUG neutron.api.extensions [None req-6ff8e69d-5740-493a-9aad-56f93176336b None None] Extended resource: bindings {{(pid=87350) __init__ /opt/stack/neutron/neutron/api/extensions.py:156}}
Jul 09 06:50:01.100122 np0000004853 devstack@neutron-api.service[87350]: DEBUG neutron.api.extensions [None req-6ff8e69d-5740-493a-9aad-56f93176336b None None] Extended resource: quotas {{(pid=87350) __init__ /opt/stack/neutron/neutron/api/extensions.py:156}}
Jul 09 06:50:01.101036 np0000004853 devstack@neutron-api.service[87350]: DEBUG neutron.api.extensions [None req-6ff8e69d-5740-493a-9aad-56f93176336b None None] Extended resource: quotas {{(pid=87350) __init__ /opt/stack/neutron/neutron/api/extensions.py:156}}
Jul 09 06:50:01.101822 np0000004853 devstack@neutron-api.service[87350]: DEBUG neutron.api.extensions [None req-6ff8e69d-5740-493a-9aad-56f93176336b None None] Extended resource: rbac-policies {{(pid=87350) __init__ /opt/stack/neutron/neutron/api/extensions.py:156}}
Jul 09 06:50:01.102554 np0000004853 devstack@neutron-api.service[87350]: DEBUG neutron.api.extensions [None req-6ff8e69d-5740-493a-9aad-56f93176336b None None] Extended resource: default-security-group-rules {{(pid=87350) __init__ /opt/stack/neutron/neutron/api/extensions.py:156}}
Jul 09 06:50:01.103378 np0000004853 devstack@neutron-api.service[87350]: DEBUG neutron.api.extensions [None req-6ff8e69d-5740-493a-9aad-56f93176336b None None] Extended resource: security-groups-default-statefulness {{(pid=87350) __init__ /opt/stack/neutron/neutron/api/extensions.py:156}}
Jul 09 06:50:01.104079 np0000004853 devstack@neutron-api.service[87349]: INFO neutron.db.ovn_hash_ring_db [None req-7776f673-bbe6-430a-ac9b-2000803e249f None None] Node d041a230459252b48a8f20dce0a6e780 from host "np0000004853" and group "mechanism_driver" added to the Hash Ring
Jul 09 06:50:01.104166 np0000004853 devstack@neutron-api.service[87350]: DEBUG neutron.api.extensions [None req-6ff8e69d-5740-493a-9aad-56f93176336b None None] Extended resource: security-groups {{(pid=87350) __init__ /opt/stack/neutron/neutron/api/extensions.py:156}}
Jul 09 06:50:01.104819 np0000004853 devstack@neutron-api.service[87350]: DEBUG neutron.api.extensions [None req-6ff8e69d-5740-493a-9aad-56f93176336b None None] Extended resource: security-group-rules {{(pid=87350) __init__ /opt/stack/neutron/neutron/api/extensions.py:156}}
Jul 09 06:50:01.105485 np0000004853 devstack@neutron-api.service[87350]: DEBUG neutron.api.extensions [None req-6ff8e69d-5740-493a-9aad-56f93176336b None None] Extended resource: service-providers {{(pid=87350) __init__ /opt/stack/neutron/neutron/api/extensions.py:156}}
Jul 09 06:50:01.106235 np0000004853 devstack@neutron-api.service[87350]: DEBUG neutron.api.extensions [None req-6ff8e69d-5740-493a-9aad-56f93176336b None None] Extended resource: subnetpools {{(pid=87350) __init__ /opt/stack/neutron/neutron/api/extensions.py:156}}
Jul 09 06:50:01.107011 np0000004853 devstack@neutron-api.service[87350]: DEBUG neutron.api.extensions [None req-6ff8e69d-5740-493a-9aad-56f93176336b None None] Extended resource: subnetpools {{(pid=87350) __init__ /opt/stack/neutron/neutron/api/extensions.py:156}}
Jul 09 06:50:01.107962 np0000004853 devstack@neutron-api.service[87350]: DEBUG neutron.api.extensions [None req-6ff8e69d-5740-493a-9aad-56f93176336b None None] Extended resource: tags {{(pid=87350) __init__ /opt/stack/neutron/neutron/api/extensions.py:156}}
Jul 09 06:50:01.108348 np0000004853 devstack@neutron-api.service[87349]: DEBUG neutron.plugins.ml2.drivers.ovn.mech_driver.mech_driver [None req-7776f673-bbe6-430a-ac9b-2000803e249f None None] Hash Ring setup, this worker has detected 2 OVN hash ring registers in the database {{(pid=87349) _init_hash_ring /opt/stack/neutron/neutron/plugins/ml2/drivers/ovn/mech_driver/mech_driver.py:414}}
Jul 09 06:50:01.108899 np0000004853 devstack@neutron-api.service[87350]: DEBUG neutron.api.extensions [None req-6ff8e69d-5740-493a-9aad-56f93176336b None None] Extended resource: tags {{(pid=87350) __init__ /opt/stack/neutron/neutron/api/extensions.py:156}}
Jul 09 06:50:01.109974 np0000004853 devstack@neutron-api.service[87350]: DEBUG neutron.api.extensions [None req-6ff8e69d-5740-493a-9aad-56f93176336b None None] Extended resource: tags {{(pid=87350) __init__ /opt/stack/neutron/neutron/api/extensions.py:156}}
Jul 09 06:50:01.111040 np0000004853 devstack@neutron-api.service[87350]: DEBUG neutron.api.extensions [None req-6ff8e69d-5740-493a-9aad-56f93176336b None None] Extended resource: tags {{(pid=87350) __init__ /opt/stack/neutron/neutron/api/extensions.py:156}}
Jul 09 06:50:01.112160 np0000004853 devstack@neutron-api.service[87350]: DEBUG neutron.api.extensions [None req-6ff8e69d-5740-493a-9aad-56f93176336b None None] Extended resource: tags {{(pid=87350) __init__ /opt/stack/neutron/neutron/api/extensions.py:156}}
Jul 09 06:50:01.113084 np0000004853 devstack@neutron-api.service[87350]: DEBUG neutron.api.extensions [None req-6ff8e69d-5740-493a-9aad-56f93176336b None None] Extended resource: tags {{(pid=87350) __init__ /opt/stack/neutron/neutron/api/extensions.py:156}}
Jul 09 06:50:01.114279 np0000004853 devstack@neutron-api.service[87350]: DEBUG neutron.api.extensions [None req-6ff8e69d-5740-493a-9aad-56f93176336b None None] Extended resource: tags {{(pid=87350) __init__ /opt/stack/neutron/neutron/api/extensions.py:156}}
Jul 09 06:50:01.115418 np0000004853 devstack@neutron-api.service[87350]: DEBUG neutron.api.extensions [None req-6ff8e69d-5740-493a-9aad-56f93176336b None None] Extended resource: tags {{(pid=87350) __init__ /opt/stack/neutron/neutron/api/extensions.py:156}}
Jul 09 06:50:01.116521 np0000004853 devstack@neutron-api.service[87350]: DEBUG neutron.api.extensions [None req-6ff8e69d-5740-493a-9aad-56f93176336b None None] Extended resource: tags {{(pid=87350) __init__ /opt/stack/neutron/neutron/api/extensions.py:156}}
Jul 09 06:50:01.117282 np0000004853 devstack@neutron-api.service[87349]: DEBUG neutron.plugins.ml2.drivers.ovn.mech_driver.ovsdb.maintenance [None req-7776f673-bbe6-430a-ac9b-2000803e249f None None] Periodic task found: HashRingHealthCheckPeriodics.touch_hash_ring_node {{(pid=87349) add_periodics /opt/stack/neutron/neutron/plugins/ml2/drivers/ovn/mech_driver/ovsdb/maintenance.py:146}}
Jul 09 06:50:01.117981 np0000004853 devstack@neutron-api.service[87350]: DEBUG neutron.api.extensions [None req-6ff8e69d-5740-493a-9aad-56f93176336b None None] Extended resource: tags {{(pid=87350) __init__ /opt/stack/neutron/neutron/api/extensions.py:156}}
Jul 09 06:50:01.118324 np0000004853 devstack@neutron-api.service[87349]: INFO neutron.plugins.ml2.drivers.ovn.mech_driver.mech_driver [None req-7776f673-bbe6-430a-ac9b-2000803e249f None None] Hash Ring probing thread for node d041a230459252b48a8f20dce0a6e780 has started
Jul 09 06:50:01.120848 np0000004853 devstack@neutron-api.service[87349]: INFO neutron.plugins.ml2.drivers.ovn.mech_driver.ovsdb.impl_idl_ovn [None req-7776f673-bbe6-430a-ac9b-2000803e249f None None] Getting OvsdbNbOvnIdl for WorkerService with retry
Jul 09 06:50:01.129897 np0000004853 devstack@neutron-api.service[87350]: DEBUG neutron_lib.callbacks.manager [None req-6ff8e69d-5740-493a-9aad-56f93176336b None None] Publish callbacks ['neutron.plugins.ml2.drivers.ovn.mech_driver.mech_driver.OVNMechanismDriver.pre_fork_initialize-837946'] for process (None), before_spawn {{(pid=87350) _notify_loop /opt/stack/data/venv/lib/python3.12/site-packages/neutron_lib/callbacks/manager.py:184}}
Jul 09 06:50:01.130373 np0000004853 devstack@neutron-api.service[87350]: DEBUG oslo_concurrency.processutils [None req-6ff8e69d-5740-493a-9aad-56f93176336b None None] Running cmd (subprocess): ovsdb-client transact ssl:10.4.3.102:6641 --timeout 180 -p /opt/stack/data/CA/int-ca/private/devstack-cert.key -c /opt/stack/data/CA/int-ca/devstack-cert.crt -C /opt/stack/data/CA/int-ca/ca-chain.pem ["OVN_Northbound", {"op": "wait", "timeout": 0, "table": "Port_Group", "where": [["name", "==", "neutron_pg_drop"]], "until": "==", "rows": []}, {"op": "insert", "table": "ACL", "row": {"action": "drop", "direction": "to-lport", "match": "outport == @neutron_pg_drop && ip", "priority": 1001}, "uuid-name": "droptoport"}, {"op": "insert", "table": "ACL", "row": {"action": "drop", "direction": "from-lport", "match": "inport == @neutron_pg_drop && ip", "priority": 1001}, "uuid-name": "dropfromport"}, {"op": "insert", "table": "Port_Group", "row": {"name": "neutron_pg_drop", "acls": ["set", [["named-uuid", "droptoport"], ["named-uuid", "dropfromport"]]]}}] {{(pid=87350) execute /opt/stack/data/venv/lib/python3.12/site-packages/oslo_concurrency/processutils.py:440}}
Jul 09 06:50:01.174821 np0000004853 devstack@neutron-api.service[87349]: DEBUG ovsdbapp.backend.ovs_idl [None req-7776f673-bbe6-430a-ac9b-2000803e249f None None] Created lookup_table index Logical_Switch.name {{(pid=87349) autocreate_indices /opt/stack/data/venv/lib/python3.12/site-packages/ovsdbapp/backend/ovs_idl/__init__.py:87}}
Jul 09 06:50:01.175720 np0000004853 devstack@neutron-api.service[87349]: DEBUG ovsdbapp.backend.ovs_idl [None req-7776f673-bbe6-430a-ac9b-2000803e249f None None] Created lookup_table index Logical_Router.name {{(pid=87349) autocreate_indices /opt/stack/data/venv/lib/python3.12/site-packages/ovsdbapp/backend/ovs_idl/__init__.py:87}}
Jul 09 06:50:01.175720 np0000004853 devstack@neutron-api.service[87349]: DEBUG ovsdbapp.backend.ovs_idl [None req-7776f673-bbe6-430a-ac9b-2000803e249f None None] Created lookup_table index Load_Balancer.name {{(pid=87349) autocreate_indices /opt/stack/data/venv/lib/python3.12/site-packages/ovsdbapp/backend/ovs_idl/__init__.py:87}}
Jul 09 06:50:01.175720 np0000004853 devstack@neutron-api.service[87349]: DEBUG ovsdbapp.backend.ovs_idl [None req-7776f673-bbe6-430a-ac9b-2000803e249f None None] Created schema index Copp.name {{(pid=87349) autocreate_indices /opt/stack/data/venv/lib/python3.12/site-packages/ovsdbapp/backend/ovs_idl/__init__.py:106}}
Jul 09 06:50:01.175720 np0000004853 devstack@neutron-api.service[87349]: DEBUG ovsdbapp.backend.ovs_idl [None req-7776f673-bbe6-430a-ac9b-2000803e249f None None] Created schema index Meter.name {{(pid=87349) autocreate_indices /opt/stack/data/venv/lib/python3.12/site-packages/ovsdbapp/backend/ovs_idl/__init__.py:106}}
Jul 09 06:50:01.176069 np0000004853 devstack@neutron-api.service[87349]: DEBUG ovsdbapp.backend.ovs_idl [None req-7776f673-bbe6-430a-ac9b-2000803e249f None None] Created schema index Load_Balancer_Group.name {{(pid=87349) autocreate_indices /opt/stack/data/venv/lib/python3.12/site-packages/ovsdbapp/backend/ovs_idl/__init__.py:106}}
Jul 09 06:50:01.176069 np0000004853 devstack@neutron-api.service[87349]: DEBUG ovsdbapp.backend.ovs_idl [None req-7776f673-bbe6-430a-ac9b-2000803e249f None None] Created schema index HA_Chassis_Group.name {{(pid=87349) autocreate_indices /opt/stack/data/venv/lib/python3.12/site-packages/ovsdbapp/backend/ovs_idl/__init__.py:106}}
Jul 09 06:50:01.176415 np0000004853 devstack@neutron-api.service[87349]: DEBUG ovsdbapp.backend.ovs_idl [None req-7776f673-bbe6-430a-ac9b-2000803e249f None None] Created schema index Address_Set.name {{(pid=87349) autocreate_indices /opt/stack/data/venv/lib/python3.12/site-packages/ovsdbapp/backend/ovs_idl/__init__.py:106}}
Jul 09 06:50:01.176415 np0000004853 devstack@neutron-api.service[87349]: DEBUG ovsdbapp.backend.ovs_idl [None req-7776f673-bbe6-430a-ac9b-2000803e249f None None] Created schema index Connection.target {{(pid=87349) autocreate_indices /opt/stack/data/venv/lib/python3.12/site-packages/ovsdbapp/backend/ovs_idl/__init__.py:106}}
Jul 09 06:50:01.176544 np0000004853 devstack@neutron-api.service[87349]: DEBUG ovsdbapp.backend.ovs_idl [None req-7776f673-bbe6-430a-ac9b-2000803e249f None None] Created schema index Gateway_Chassis.name {{(pid=87349) autocreate_indices /opt/stack/data/venv/lib/python3.12/site-packages/ovsdbapp/backend/ovs_idl/__init__.py:106}}
Jul 09 06:50:01.176714 np0000004853 devstack@neutron-api.service[87349]: DEBUG ovsdbapp.backend.ovs_idl [None req-7776f673-bbe6-430a-ac9b-2000803e249f None None] Created schema index Mirror.name {{(pid=87349) autocreate_indices /opt/stack/data/venv/lib/python3.12/site-packages/ovsdbapp/backend/ovs_idl/__init__.py:106}}
Jul 09 06:50:01.176833 np0000004853 devstack@neutron-api.service[87349]: DEBUG ovsdbapp.backend.ovs_idl [None req-7776f673-bbe6-430a-ac9b-2000803e249f None None] Created schema index Chassis_Template_Var.chassis {{(pid=87349) autocreate_indices /opt/stack/data/venv/lib/python3.12/site-packages/ovsdbapp/backend/ovs_idl/__init__.py:106}}
Jul 09 06:50:01.176946 np0000004853 devstack@neutron-api.service[87349]: DEBUG ovsdbapp.backend.ovs_idl [None req-7776f673-bbe6-430a-ac9b-2000803e249f None None] Created schema index Logical_Router_Port.name {{(pid=87349) autocreate_indices /opt/stack/data/venv/lib/python3.12/site-packages/ovsdbapp/backend/ovs_idl/__init__.py:106}}
Jul 09 06:50:01.177361 np0000004853 devstack@neutron-api.service[87349]: DEBUG ovsdbapp.backend.ovs_idl [None req-7776f673-bbe6-430a-ac9b-2000803e249f None None] Created schema index Port_Group.name {{(pid=87349) autocreate_indices /opt/stack/data/venv/lib/python3.12/site-packages/ovsdbapp/backend/ovs_idl/__init__.py:106}}
Jul 09 06:50:01.177361 np0000004853 devstack@neutron-api.service[87349]: DEBUG ovsdbapp.backend.ovs_idl [None req-7776f673-bbe6-430a-ac9b-2000803e249f None None] Created schema index Logical_Switch_Port.name {{(pid=87349) autocreate_indices /opt/stack/data/venv/lib/python3.12/site-packages/ovsdbapp/backend/ovs_idl/__init__.py:106}}
Jul 09 06:50:01.177504 np0000004853 devstack@neutron-api.service[87350]: DEBUG oslo_concurrency.processutils [None req-6ff8e69d-5740-493a-9aad-56f93176336b None None] CMD "ovsdb-client transact ssl:10.4.3.102:6641 --timeout 180 -p /opt/stack/data/CA/int-ca/private/devstack-cert.key -c /opt/stack/data/CA/int-ca/devstack-cert.crt -C /opt/stack/data/CA/int-ca/ca-chain.pem ["OVN_Northbound", {"op": "wait", "timeout": 0, "table": "Port_Group", "where": [["name", "==", "neutron_pg_drop"]], "until": "==", "rows": []}, {"op": "insert", "table": "ACL", "row": {"action": "drop", "direction": "to-lport", "match": "outport == @neutron_pg_drop && ip", "priority": 1001}, "uuid-name": "droptoport"}, {"op": "insert", "table": "ACL", "row": {"action": "drop", "direction": "from-lport", "match": "inport == @neutron_pg_drop && ip", "priority": 1001}, "uuid-name": "dropfromport"}, {"op": "insert", "table": "Port_Group", "row": {"name": "neutron_pg_drop", "acls": ["set", [["named-uuid", "droptoport"], ["named-uuid", "dropfromport"]]]}}]" returned: 0 in 0.047s {{(pid=87350) execute /opt/stack/data/venv/lib/python3.12/site-packages/oslo_concurrency/processutils.py:468}}
Jul 09 06:50:01.179622 np0000004853 devstack@neutron-api.service[87350]: DEBUG neutron_lib.callbacks.manager [None req-6ff8e69d-5740-493a-9aad-56f93176336b None None] Publish callbacks ['neutron.plugins.ml2.drivers.ovn.mech_driver.mech_driver.OVNMechanismDriver.post_fork_initialize-837906', 'neutron.services.pvlan.drivers.ovn.driver._initialize_pvlan_pg_drop-7887265293886', 'neutron.services.ovn_l3.plugin.OVNL3RouterPlugin._post_fork_initialize-948699'] for process (None), after_init {{(pid=87350) _notify_loop /opt/stack/data/venv/lib/python3.12/site-packages/neutron_lib/callbacks/manager.py:184}}
Jul 09 06:50:01.180132 np0000004853 devstack@neutron-api.service[87350]: DEBUG oslo_concurrency.lockutils [None req-6ff8e69d-5740-493a-9aad-56f93176336b None None] Acquiring lock "singleton_lock" {{(pid=87350) lock /opt/stack/data/venv/lib/python3.12/site-packages/oslo_concurrency/lockutils.py:395}}
Jul 09 06:50:01.180300 np0000004853 devstack@neutron-api.service[87350]: DEBUG oslo_concurrency.lockutils [None req-6ff8e69d-5740-493a-9aad-56f93176336b None None] Acquired lock "singleton_lock" {{(pid=87350) lock /opt/stack/data/venv/lib/python3.12/site-packages/oslo_concurrency/lockutils.py:398}}
Jul 09 06:50:01.180649 np0000004853 devstack@neutron-api.service[87350]: DEBUG oslo_concurrency.lockutils [None req-6ff8e69d-5740-493a-9aad-56f93176336b None None] Releasing lock "singleton_lock" {{(pid=87350) lock /opt/stack/data/venv/lib/python3.12/site-packages/oslo_concurrency/lockutils.py:418}}
Jul 09 06:50:01.180838 np0000004853 devstack@neutron-api.service[87349]: INFO ovsdbapp.backend.ovs_idl.vlog [None req-7776f673-bbe6-430a-ac9b-2000803e249f None None] ssl:10.4.3.102:6641: connecting...
Jul 09 06:50:01.184389 np0000004853 devstack@neutron-api.service[87350]: DEBUG neutron.plugins.ml2.drivers.ovn.mech_driver.mech_driver [None req-6ff8e69d-5740-493a-9aad-56f93176336b None None] Hash Ring setup using WSGI start time 2026-07-09 06:49:54+00:00 {{(pid=87350) _init_hash_ring /opt/stack/neutron/neutron/plugins/ml2/drivers/ovn/mech_driver/mech_driver.py:404}}
Jul 09 06:50:01.186656 np0000004853 devstack@neutron-api.service[87349]: INFO ovsdbapp.backend.ovs_idl.vlog [None req-7776f673-bbe6-430a-ac9b-2000803e249f None None] ssl:10.4.3.102:6641: connected
Jul 09 06:50:01.194501 np0000004853 devstack@neutron-api.service[87350]: INFO neutron.db.ovn_hash_ring_db [None req-6ff8e69d-5740-493a-9aad-56f93176336b None None] Nodes from host "np0000004853" and group "mechanism_driver" removed from the Hash Ring created at 2026-07-09 06:49:54+00:00
Jul 09 06:50:01.199146 np0000004853 devstack@neutron-api.service[87350]: INFO neutron.db.ovn_hash_ring_db [None req-6ff8e69d-5740-493a-9aad-56f93176336b None None] Node fc4f5debe300540eb850b0a0a5745080 from host "np0000004853" and group "mechanism_driver" added to the Hash Ring
Jul 09 06:50:01.203999 np0000004853 devstack@neutron-api.service[87350]: DEBUG neutron.plugins.ml2.drivers.ovn.mech_driver.mech_driver [None req-6ff8e69d-5740-493a-9aad-56f93176336b None None] Hash Ring setup, this worker has detected 3 OVN hash ring registers in the database {{(pid=87350) _init_hash_ring /opt/stack/neutron/neutron/plugins/ml2/drivers/ovn/mech_driver/mech_driver.py:414}}
Jul 09 06:50:01.210891 np0000004853 devstack@neutron-api.service[87350]: DEBUG neutron.plugins.ml2.drivers.ovn.mech_driver.ovsdb.maintenance [None req-6ff8e69d-5740-493a-9aad-56f93176336b None None] Periodic task found: HashRingHealthCheckPeriodics.touch_hash_ring_node {{(pid=87350) add_periodics /opt/stack/neutron/neutron/plugins/ml2/drivers/ovn/mech_driver/ovsdb/maintenance.py:146}}
Jul 09 06:50:01.212634 np0000004853 devstack@neutron-api.service[87350]: INFO neutron.plugins.ml2.drivers.ovn.mech_driver.mech_driver [None req-6ff8e69d-5740-493a-9aad-56f93176336b None None] Hash Ring probing thread for node fc4f5debe300540eb850b0a0a5745080 has started
Jul 09 06:50:01.214043 np0000004853 devstack@neutron-api.service[87350]: INFO neutron.plugins.ml2.drivers.ovn.mech_driver.ovsdb.impl_idl_ovn [None req-6ff8e69d-5740-493a-9aad-56f93176336b None None] Getting OvsdbNbOvnIdl for WorkerService with retry
Jul 09 06:50:01.236292 np0000004853 devstack@neutron-api.service[87349]: DEBUG neutron.common.ovn.hash_ring_manager [None req-7776f673-bbe6-430a-ac9b-2000803e249f None None] Allow caching, nodes 3>=3 {{(pid=87349) _wait_startup_before_caching /opt/stack/neutron/neutron/common/ovn/hash_ring_manager.py:71}}
Jul 09 06:50:01.246635 np0000004853 devstack@neutron-api.service[87349]: DEBUG neutron.common.ovn.hash_ring_manager [None req-7776f673-bbe6-430a-ac9b-2000803e249f None None] Hash Ring loaded. 3 active nodes. 0 offline nodes {{(pid=87349) _load_hash_ring /opt/stack/neutron/neutron/common/ovn/hash_ring_manager.py:110}}
Jul 09 06:50:01.246635 np0000004853 devstack@neutron-api.service[87349]: DEBUG neutron.plugins.ml2.drivers.ovn.mech_driver.ovsdb.ovsdb_monitor [None req-7776f673-bbe6-430a-ac9b-2000803e249f None None] Hash Ring: Node d041a230459252b48a8f20dce0a6e780 (host: np0000004853) handling event "create" for row 25891952-0dbf-49a1-8522-5b876f022311 (table: ACL) {{(pid=87349) notify /opt/stack/neutron/neutron/plugins/ml2/drivers/ovn/mech_driver/ovsdb/ovsdb_monitor.py:1030}}
Jul 09 06:50:01.247005 np0000004853 devstack@neutron-api.service[87349]: DEBUG neutron.plugins.ml2.drivers.ovn.mech_driver.ovsdb.ovsdb_monitor [None req-7776f673-bbe6-430a-ac9b-2000803e249f None None] Hash Ring: Node d041a230459252b48a8f20dce0a6e780 (host: np0000004853) handling event "create" for row 40d167a6-fe55-4105-9bef-68a6a791c49d (table: ACL) {{(pid=87349) notify /opt/stack/neutron/neutron/plugins/ml2/drivers/ovn/mech_driver/ovsdb/ovsdb_monitor.py:1030}}
Jul 09 06:50:01.249213 np0000004853 devstack@neutron-api.service[87349]: DEBUG neutron.plugins.ml2.drivers.ovn.mech_driver.ovsdb.ovsdb_monitor [None req-7776f673-bbe6-430a-ac9b-2000803e249f None None] Hash Ring: Node d041a230459252b48a8f20dce0a6e780 (host: np0000004853) handling event "create" for row a7733488-c463-4dfd-aedc-b698244f4039 (table: ACL) {{(pid=87349) notify /opt/stack/neutron/neutron/plugins/ml2/drivers/ovn/mech_driver/ovsdb/ovsdb_monitor.py:1030}}
Jul 09 06:50:01.249213 np0000004853 devstack@neutron-api.service[87349]: DEBUG neutron.plugins.ml2.drivers.ovn.mech_driver.ovsdb.ovsdb_monitor [None req-7776f673-bbe6-430a-ac9b-2000803e249f None None] Hash Ring: Node d041a230459252b48a8f20dce0a6e780 (host: np0000004853) handling event "create" for row daa1714f-463b-4529-a1e4-89d40bd4497d (table: Port_Group) {{(pid=87349) notify /opt/stack/neutron/neutron/plugins/ml2/drivers/ovn/mech_driver/ovsdb/ovsdb_monitor.py:1030}}
Jul 09 06:50:01.249213 np0000004853 devstack@neutron-api.service[87349]: INFO neutron.plugins.ml2.drivers.ovn.mech_driver.ovsdb.impl_idl_ovn [None req-7776f673-bbe6-430a-ac9b-2000803e249f None None] Getting OvsdbSbOvnIdl for WorkerService with retry
Jul 09 06:50:01.268811 np0000004853 devstack@neutron-api.service[87350]: DEBUG ovsdbapp.backend.ovs_idl [None req-6ff8e69d-5740-493a-9aad-56f93176336b None None] Created lookup_table index Logical_Switch.name {{(pid=87350) autocreate_indices /opt/stack/data/venv/lib/python3.12/site-packages/ovsdbapp/backend/ovs_idl/__init__.py:87}}
Jul 09 06:50:01.269116 np0000004853 devstack@neutron-api.service[87350]: DEBUG ovsdbapp.backend.ovs_idl [None req-6ff8e69d-5740-493a-9aad-56f93176336b None None] Created lookup_table index Logical_Router.name {{(pid=87350) autocreate_indices /opt/stack/data/venv/lib/python3.12/site-packages/ovsdbapp/backend/ovs_idl/__init__.py:87}}
Jul 09 06:50:01.269234 np0000004853 devstack@neutron-api.service[87350]: DEBUG ovsdbapp.backend.ovs_idl [None req-6ff8e69d-5740-493a-9aad-56f93176336b None None] Created lookup_table index Load_Balancer.name {{(pid=87350) autocreate_indices /opt/stack/data/venv/lib/python3.12/site-packages/ovsdbapp/backend/ovs_idl/__init__.py:87}}
Jul 09 06:50:01.269595 np0000004853 devstack@neutron-api.service[87350]: DEBUG ovsdbapp.backend.ovs_idl [None req-6ff8e69d-5740-493a-9aad-56f93176336b None None] Created schema index Copp.name {{(pid=87350) autocreate_indices /opt/stack/data/venv/lib/python3.12/site-packages/ovsdbapp/backend/ovs_idl/__init__.py:106}}
Jul 09 06:50:01.269775 np0000004853 devstack@neutron-api.service[87350]: DEBUG ovsdbapp.backend.ovs_idl [None req-6ff8e69d-5740-493a-9aad-56f93176336b None None] Created schema index Meter.name {{(pid=87350) autocreate_indices /opt/stack/data/venv/lib/python3.12/site-packages/ovsdbapp/backend/ovs_idl/__init__.py:106}}
Jul 09 06:50:01.270208 np0000004853 devstack@neutron-api.service[87350]: DEBUG ovsdbapp.backend.ovs_idl [None req-6ff8e69d-5740-493a-9aad-56f93176336b None None] Created schema index Load_Balancer_Group.name {{(pid=87350) autocreate_indices /opt/stack/data/venv/lib/python3.12/site-packages/ovsdbapp/backend/ovs_idl/__init__.py:106}}
Jul 09 06:50:01.270208 np0000004853 devstack@neutron-api.service[87350]: DEBUG ovsdbapp.backend.ovs_idl [None req-6ff8e69d-5740-493a-9aad-56f93176336b None None] Created schema index HA_Chassis_Group.name {{(pid=87350) autocreate_indices /opt/stack/data/venv/lib/python3.12/site-packages/ovsdbapp/backend/ovs_idl/__init__.py:106}}
Jul 09 06:50:01.270393 np0000004853 devstack@neutron-api.service[87350]: DEBUG ovsdbapp.backend.ovs_idl [None req-6ff8e69d-5740-493a-9aad-56f93176336b None None] Created schema index Address_Set.name {{(pid=87350) autocreate_indices /opt/stack/data/venv/lib/python3.12/site-packages/ovsdbapp/backend/ovs_idl/__init__.py:106}}
Jul 09 06:50:01.270626 np0000004853 devstack@neutron-api.service[87350]: DEBUG ovsdbapp.backend.ovs_idl [None req-6ff8e69d-5740-493a-9aad-56f93176336b None None] Created schema index Connection.target {{(pid=87350) autocreate_indices /opt/stack/data/venv/lib/python3.12/site-packages/ovsdbapp/backend/ovs_idl/__init__.py:106}}
Jul 09 06:50:01.270805 np0000004853 devstack@neutron-api.service[87350]: DEBUG ovsdbapp.backend.ovs_idl [None req-6ff8e69d-5740-493a-9aad-56f93176336b None None] Created schema index Gateway_Chassis.name {{(pid=87350) autocreate_indices /opt/stack/data/venv/lib/python3.12/site-packages/ovsdbapp/backend/ovs_idl/__init__.py:106}}
Jul 09 06:50:01.271028 np0000004853 devstack@neutron-api.service[87350]: DEBUG ovsdbapp.backend.ovs_idl [None req-6ff8e69d-5740-493a-9aad-56f93176336b None None] Created schema index Mirror.name {{(pid=87350) autocreate_indices /opt/stack/data/venv/lib/python3.12/site-packages/ovsdbapp/backend/ovs_idl/__init__.py:106}}
Jul 09 06:50:01.271244 np0000004853 devstack@neutron-api.service[87350]: DEBUG ovsdbapp.backend.ovs_idl [None req-6ff8e69d-5740-493a-9aad-56f93176336b None None] Created schema index Chassis_Template_Var.chassis {{(pid=87350) autocreate_indices /opt/stack/data/venv/lib/python3.12/site-packages/ovsdbapp/backend/ovs_idl/__init__.py:106}}
Jul 09 06:50:01.271416 np0000004853 devstack@neutron-api.service[87350]: DEBUG ovsdbapp.backend.ovs_idl [None req-6ff8e69d-5740-493a-9aad-56f93176336b None None] Created schema index Logical_Router_Port.name {{(pid=87350) autocreate_indices /opt/stack/data/venv/lib/python3.12/site-packages/ovsdbapp/backend/ovs_idl/__init__.py:106}}
Jul 09 06:50:01.271634 np0000004853 devstack@neutron-api.service[87350]: DEBUG ovsdbapp.backend.ovs_idl [None req-6ff8e69d-5740-493a-9aad-56f93176336b None None] Created schema index Port_Group.name {{(pid=87350) autocreate_indices /opt/stack/data/venv/lib/python3.12/site-packages/ovsdbapp/backend/ovs_idl/__init__.py:106}}
Jul 09 06:50:01.271850 np0000004853 devstack@neutron-api.service[87350]: DEBUG ovsdbapp.backend.ovs_idl [None req-6ff8e69d-5740-493a-9aad-56f93176336b None None] Created schema index Logical_Switch_Port.name {{(pid=87350) autocreate_indices /opt/stack/data/venv/lib/python3.12/site-packages/ovsdbapp/backend/ovs_idl/__init__.py:106}}
Jul 09 06:50:01.276835 np0000004853 devstack@neutron-api.service[87350]: INFO ovsdbapp.backend.ovs_idl.vlog [None req-6ff8e69d-5740-493a-9aad-56f93176336b None None] ssl:10.4.3.102:6641: connecting...
Jul 09 06:50:01.282547 np0000004853 devstack@neutron-api.service[87349]: DEBUG ovsdbapp.backend.ovs_idl [None req-7776f673-bbe6-430a-ac9b-2000803e249f None None] Created lookup_table index Chassis.name {{(pid=87349) autocreate_indices /opt/stack/data/venv/lib/python3.12/site-packages/ovsdbapp/backend/ovs_idl/__init__.py:87}}
Jul 09 06:50:01.282547 np0000004853 devstack@neutron-api.service[87349]: DEBUG ovsdbapp.backend.ovs_idl [None req-7776f673-bbe6-430a-ac9b-2000803e249f None None] Created lookup_table index Port_Binding.logical_port {{(pid=87349) autocreate_indices /opt/stack/data/venv/lib/python3.12/site-packages/ovsdbapp/backend/ovs_idl/__init__.py:87}}
Jul 09 06:50:01.282547 np0000004853 devstack@neutron-api.service[87349]: DEBUG ovsdbapp.backend.ovs_idl [None req-7776f673-bbe6-430a-ac9b-2000803e249f None None] Created schema index Chassis_Private.name {{(pid=87349) autocreate_indices /opt/stack/data/venv/lib/python3.12/site-packages/ovsdbapp/backend/ovs_idl/__init__.py:106}}
Jul 09 06:50:01.282547 np0000004853 devstack@neutron-api.service[87349]: DEBUG ovsdbapp.backend.ovs_idl [None req-7776f673-bbe6-430a-ac9b-2000803e249f None None] Created schema index Datapath_Binding.tunnel_key {{(pid=87349) autocreate_indices /opt/stack/data/venv/lib/python3.12/site-packages/ovsdbapp/backend/ovs_idl/__init__.py:106}}
Jul 09 06:50:01.283564 np0000004853 devstack@neutron-api.service[87350]: INFO ovsdbapp.backend.ovs_idl.vlog [None req-6ff8e69d-5740-493a-9aad-56f93176336b None None] ssl:10.4.3.102:6641: connected
Jul 09 06:50:01.284323 np0000004853 devstack@neutron-api.service[87349]: INFO ovsdbapp.backend.ovs_idl.vlog [None req-7776f673-bbe6-430a-ac9b-2000803e249f None None] ssl:10.4.3.102:6642: connecting...
Jul 09 06:50:01.289993 np0000004853 devstack@neutron-api.service[87349]: INFO ovsdbapp.backend.ovs_idl.vlog [None req-7776f673-bbe6-430a-ac9b-2000803e249f None None] ssl:10.4.3.102:6642: connected
Jul 09 06:50:01.323090 np0000004853 devstack@neutron-api.service[87349]: DEBUG neutron.common.ovn.hash_ring_manager [None req-7776f673-bbe6-430a-ac9b-2000803e249f None None] Allow caching, nodes 3>=3 {{(pid=87349) _wait_startup_before_caching /opt/stack/neutron/neutron/common/ovn/hash_ring_manager.py:71}}
Jul 09 06:50:01.324071 np0000004853 devstack@neutron-api.service[87350]: DEBUG neutron.common.ovn.hash_ring_manager [None req-6ff8e69d-5740-493a-9aad-56f93176336b None None] Allow caching, nodes 3>=3 {{(pid=87350) _wait_startup_before_caching /opt/stack/neutron/neutron/common/ovn/hash_ring_manager.py:71}}
Jul 09 06:50:01.327803 np0000004853 devstack@neutron-api.service[87349]: DEBUG neutron.common.ovn.hash_ring_manager [None req-7776f673-bbe6-430a-ac9b-2000803e249f None None] Hash Ring loaded. 3 active nodes. 0 offline nodes {{(pid=87349) _load_hash_ring /opt/stack/neutron/neutron/common/ovn/hash_ring_manager.py:110}}
Jul 09 06:50:01.327803 np0000004853 devstack@neutron-api.service[87349]: DEBUG neutron.plugins.ml2.drivers.ovn.mech_driver.ovsdb.ovsdb_monitor [None req-7776f673-bbe6-430a-ac9b-2000803e249f None None] Hash Ring: Node d041a230459252b48a8f20dce0a6e780 (host: np0000004853) handling event "create" for row 1762605f-11d9-410b-8a27-06e2c87c27e8 (table: Chassis) {{(pid=87349) notify /opt/stack/neutron/neutron/plugins/ml2/drivers/ovn/mech_driver/ovsdb/ovsdb_monitor.py:1030}}
