Aug 06 02:17:49.163671 np0000006608 nova-scheduler[93776]: DEBUG cotyledon.oslo_config_glue [-] oslo_messaging_rabbit.rabbit_qos_prefetch_count = 0 {{(pid=93776) log_opt_values /opt/stack/data/venv/lib/python3.12/site-packages/oslo_config/cfg.py:3545}}
Aug 06 02:17:49.163671 np0000006608 nova-scheduler[93776]: DEBUG cotyledon.oslo_config_glue [-] oslo_messaging_rabbit.rabbit_quorum_delivery_limit = 0 {{(pid=93776) log_opt_values /opt/stack/data/venv/lib/python3.12/site-packages/oslo_config/cfg.py:3545}}
Aug 06 02:17:49.163671 np0000006608 nova-scheduler[93776]: DEBUG cotyledon.oslo_config_glue [-] oslo_messaging_rabbit.rabbit_quorum_max_memory_bytes = 0 {{(pid=93776) log_opt_values /opt/stack/data/venv/lib/python3.12/site-packages/oslo_config/cfg.py:3545}}
Aug 06 02:17:49.163671 np0000006608 nova-scheduler[93776]: DEBUG cotyledon.oslo_config_glue [-] oslo_messaging_rabbit.rabbit_quorum_max_memory_length = 0 {{(pid=93776) log_opt_values /opt/stack/data/venv/lib/python3.12/site-packages/oslo_config/cfg.py:3545}}
Aug 06 02:17:49.163671 np0000006608 nova-scheduler[93776]: DEBUG cotyledon.oslo_config_glue [-] oslo_messaging_rabbit.rabbit_quorum_queue = False {{(pid=93776) log_opt_values /opt/stack/data/venv/lib/python3.12/site-packages/oslo_config/cfg.py:3545}}
Aug 06 02:17:49.163671 np0000006608 nova-scheduler[93776]: DEBUG cotyledon.oslo_config_glue [-] oslo_messaging_rabbit.rabbit_retry_backoff = 2 {{(pid=93776) log_opt_values /opt/stack/data/venv/lib/python3.12/site-packages/oslo_config/cfg.py:3545}}
Aug 06 02:17:49.163671 np0000006608 nova-scheduler[93776]: DEBUG cotyledon.oslo_config_glue [-] oslo_messaging_rabbit.rabbit_retry_interval = 1 {{(pid=93776) log_opt_values /opt/stack/data/venv/lib/python3.12/site-packages/oslo_config/cfg.py:3545}}
Aug 06 02:17:49.163671 np0000006608 nova-scheduler[93776]: DEBUG cotyledon.oslo_config_glue [-] oslo_messaging_rabbit.rabbit_stream_fanout = False {{(pid=93776) log_opt_values /opt/stack/data/venv/lib/python3.12/site-packages/oslo_config/cfg.py:3545}}
Aug 06 02:17:49.163996 np0000006608 nova-scheduler[93776]: DEBUG cotyledon.oslo_config_glue [-] oslo_messaging_rabbit.rabbit_transient_queues_ttl = 1800 {{(pid=93776) log_opt_values /opt/stack/data/venv/lib/python3.12/site-packages/oslo_config/cfg.py:3545}}
Aug 06 02:17:49.163996 np0000006608 nova-scheduler[93776]: DEBUG cotyledon.oslo_config_glue [-] oslo_messaging_rabbit.rabbit_transient_quorum_queue = False {{(pid=93776) log_opt_values /opt/stack/data/venv/lib/python3.12/site-packages/oslo_config/cfg.py:3545}}
Aug 06 02:17:49.163996 np0000006608 nova-scheduler[93776]: DEBUG cotyledon.oslo_config_glue [-] oslo_messaging_rabbit.rpc_conn_pool_size = 30 {{(pid=93776) log_opt_values /opt/stack/data/venv/lib/python3.12/site-packages/oslo_config/cfg.py:3545}}
Aug 06 02:17:49.163996 np0000006608 nova-scheduler[93776]: DEBUG cotyledon.oslo_config_glue [-] oslo_messaging_rabbit.ssl = False {{(pid=93776) log_opt_values /opt/stack/data/venv/lib/python3.12/site-packages/oslo_config/cfg.py:3545}}
Aug 06 02:17:49.163996 np0000006608 nova-scheduler[93776]: DEBUG cotyledon.oslo_config_glue [-] oslo_messaging_rabbit.ssl_ca_file = {{(pid=93776) log_opt_values /opt/stack/data/venv/lib/python3.12/site-packages/oslo_config/cfg.py:3545}}
Aug 06 02:17:49.163996 np0000006608 nova-scheduler[93776]: DEBUG cotyledon.oslo_config_glue [-] oslo_messaging_rabbit.ssl_cert_file = {{(pid=93776) log_opt_values /opt/stack/data/venv/lib/python3.12/site-packages/oslo_config/cfg.py:3545}}
Aug 06 02:17:49.163996 np0000006608 nova-scheduler[93776]: DEBUG cotyledon.oslo_config_glue [-] oslo_messaging_rabbit.ssl_enforce_fips_mode = False {{(pid=93776) log_opt_values /opt/stack/data/venv/lib/python3.12/site-packages/oslo_config/cfg.py:3545}}
Aug 06 02:17:49.163996 np0000006608 nova-scheduler[93776]: DEBUG cotyledon.oslo_config_glue [-] oslo_messaging_rabbit.ssl_enforce_hostname_verification = True {{(pid=93776) log_opt_values /opt/stack/data/venv/lib/python3.12/site-packages/oslo_config/cfg.py:3545}}
Aug 06 02:17:49.163996 np0000006608 nova-scheduler[93776]: DEBUG cotyledon.oslo_config_glue [-] oslo_messaging_rabbit.ssl_key_file = {{(pid=93776) log_opt_values /opt/stack/data/venv/lib/python3.12/site-packages/oslo_config/cfg.py:3545}}
Aug 06 02:17:49.164280 np0000006608 nova-scheduler[93776]: DEBUG cotyledon.oslo_config_glue [-] oslo_messaging_rabbit.ssl_version = {{(pid=93776) log_opt_values /opt/stack/data/venv/lib/python3.12/site-packages/oslo_config/cfg.py:3545}}
Aug 06 02:17:49.164280 np0000006608 nova-scheduler[93776]: DEBUG cotyledon.oslo_config_glue [-] oslo_messaging_rabbit.use_queue_manager = False {{(pid=93776) log_opt_values /opt/stack/data/venv/lib/python3.12/site-packages/oslo_config/cfg.py:3545}}
Aug 06 02:17:49.164280 np0000006608 nova-scheduler[93776]: DEBUG cotyledon.oslo_config_glue [-] oslo_messaging_notifications.driver = ['messagingv2'] {{(pid=93776) log_opt_values /opt/stack/data/venv/lib/python3.12/site-packages/oslo_config/cfg.py:3545}}
Aug 06 02:17:49.164280 np0000006608 nova-scheduler[93776]: DEBUG cotyledon.oslo_config_glue [-] oslo_messaging_notifications.retry = -1 {{(pid=93776) log_opt_values /opt/stack/data/venv/lib/python3.12/site-packages/oslo_config/cfg.py:3545}}
Aug 06 02:17:49.164280 np0000006608 nova-scheduler[93776]: DEBUG cotyledon.oslo_config_glue [-] oslo_messaging_notifications.topics = ['notifications'] {{(pid=93776) log_opt_values /opt/stack/data/venv/lib/python3.12/site-packages/oslo_config/cfg.py:3545}}
Aug 06 02:17:49.164280 np0000006608 nova-scheduler[93776]: DEBUG cotyledon.oslo_config_glue [-] oslo_messaging_notifications.transport_url = **** {{(pid=93776) log_opt_values /opt/stack/data/venv/lib/python3.12/site-packages/oslo_config/cfg.py:3545}}
Aug 06 02:17:49.164280 np0000006608 nova-scheduler[93776]: DEBUG cotyledon.oslo_config_glue [-] oslo_limit.auth_section = None {{(pid=93776) log_opt_values /opt/stack/data/venv/lib/python3.12/site-packages/oslo_config/cfg.py:3545}}
Aug 06 02:17:49.164280 np0000006608 nova-scheduler[93776]: DEBUG cotyledon.oslo_config_glue [-] oslo_limit.auth_type = None {{(pid=93776) log_opt_values /opt/stack/data/venv/lib/python3.12/site-packages/oslo_config/cfg.py:3545}}
Aug 06 02:17:49.164280 np0000006608 nova-scheduler[93776]: DEBUG cotyledon.oslo_config_glue [-] oslo_limit.cafile = None {{(pid=93776) log_opt_values /opt/stack/data/venv/lib/python3.12/site-packages/oslo_config/cfg.py:3545}}
Aug 06 02:17:49.164583 np0000006608 nova-scheduler[93776]: DEBUG cotyledon.oslo_config_glue [-] oslo_limit.certfile = None {{(pid=93776) log_opt_values /opt/stack/data/venv/lib/python3.12/site-packages/oslo_config/cfg.py:3545}}
Aug 06 02:17:49.164583 np0000006608 nova-scheduler[93776]: DEBUG cotyledon.oslo_config_glue [-] oslo_limit.collect_timing = False {{(pid=93776) log_opt_values /opt/stack/data/venv/lib/python3.12/site-packages/oslo_config/cfg.py:3545}}
Aug 06 02:17:49.164583 np0000006608 nova-scheduler[93776]: DEBUG cotyledon.oslo_config_glue [-] oslo_limit.connect_retries = None {{(pid=93776) log_opt_values /opt/stack/data/venv/lib/python3.12/site-packages/oslo_config/cfg.py:3545}}
Aug 06 02:17:49.164583 np0000006608 nova-scheduler[93776]: DEBUG cotyledon.oslo_config_glue [-] oslo_limit.connect_retry_delay = None {{(pid=93776) log_opt_values /opt/stack/data/venv/lib/python3.12/site-packages/oslo_config/cfg.py:3545}}
Aug 06 02:17:49.164583 np0000006608 nova-scheduler[93776]: DEBUG cotyledon.oslo_config_glue [-] oslo_limit.endpoint_id = None {{(pid=93776) log_opt_values /opt/stack/data/venv/lib/python3.12/site-packages/oslo_config/cfg.py:3545}}
Aug 06 02:17:49.164583 np0000006608 nova-scheduler[93776]: DEBUG cotyledon.oslo_config_glue [-] oslo_limit.endpoint_interface = public {{(pid=93776) log_opt_values /opt/stack/data/venv/lib/python3.12/site-packages/oslo_config/cfg.py:3545}}
Aug 06 02:17:49.164583 np0000006608 nova-scheduler[93776]: DEBUG cotyledon.oslo_config_glue [-] oslo_limit.endpoint_override = None {{(pid=93776) log_opt_values /opt/stack/data/venv/lib/python3.12/site-packages/oslo_config/cfg.py:3545}}
Aug 06 02:17:49.164583 np0000006608 nova-scheduler[93776]: DEBUG cotyledon.oslo_config_glue [-] oslo_limit.endpoint_region_name = None {{(pid=93776) log_opt_values /opt/stack/data/venv/lib/python3.12/site-packages/oslo_config/cfg.py:3545}}
Aug 06 02:17:49.164583 np0000006608 nova-scheduler[93776]: DEBUG cotyledon.oslo_config_glue [-] oslo_limit.endpoint_service_name = None {{(pid=93776) log_opt_values /opt/stack/data/venv/lib/python3.12/site-packages/oslo_config/cfg.py:3545}}
Aug 06 02:17:49.164922 np0000006608 nova-scheduler[93776]: DEBUG cotyledon.oslo_config_glue [-] oslo_limit.endpoint_service_type = None {{(pid=93776) log_opt_values /opt/stack/data/venv/lib/python3.12/site-packages/oslo_config/cfg.py:3545}}
Aug 06 02:17:49.164922 np0000006608 nova-scheduler[93776]: DEBUG cotyledon.oslo_config_glue [-] oslo_limit.insecure = False {{(pid=93776) log_opt_values /opt/stack/data/venv/lib/python3.12/site-packages/oslo_config/cfg.py:3545}}
Aug 06 02:17:49.164922 np0000006608 nova-scheduler[93776]: DEBUG cotyledon.oslo_config_glue [-] oslo_limit.keyfile = None {{(pid=93776) log_opt_values /opt/stack/data/venv/lib/python3.12/site-packages/oslo_config/cfg.py:3545}}
Aug 06 02:17:49.164922 np0000006608 nova-scheduler[93776]: DEBUG cotyledon.oslo_config_glue [-] oslo_limit.max_version = None {{(pid=93776) log_opt_values /opt/stack/data/venv/lib/python3.12/site-packages/oslo_config/cfg.py:3545}}
Aug 06 02:17:49.164922 np0000006608 nova-scheduler[93776]: DEBUG cotyledon.oslo_config_glue [-] oslo_limit.min_version = None {{(pid=93776) log_opt_values /opt/stack/data/venv/lib/python3.12/site-packages/oslo_config/cfg.py:3545}}
Aug 06 02:17:49.164922 np0000006608 nova-scheduler[93776]: DEBUG cotyledon.oslo_config_glue [-] oslo_limit.region_name = None {{(pid=93776) log_opt_values /opt/stack/data/venv/lib/python3.12/site-packages/oslo_config/cfg.py:3545}}
Aug 06 02:17:49.164922 np0000006608 nova-scheduler[93776]: DEBUG cotyledon.oslo_config_glue [-] oslo_limit.retriable_status_codes = None {{(pid=93776) log_opt_values /opt/stack/data/venv/lib/python3.12/site-packages/oslo_config/cfg.py:3545}}
Aug 06 02:17:49.164922 np0000006608 nova-scheduler[93776]: DEBUG cotyledon.oslo_config_glue [-] oslo_limit.service_name = None {{(pid=93776) log_opt_values /opt/stack/data/venv/lib/python3.12/site-packages/oslo_config/cfg.py:3545}}
Aug 06 02:17:49.164922 np0000006608 nova-scheduler[93776]: DEBUG cotyledon.oslo_config_glue [-] oslo_limit.service_type = None {{(pid=93776) log_opt_values /opt/stack/data/venv/lib/python3.12/site-packages/oslo_config/cfg.py:3545}}
Aug 06 02:17:49.165228 np0000006608 nova-scheduler[93776]: DEBUG cotyledon.oslo_config_glue [-] oslo_limit.split_loggers = False {{(pid=93776) log_opt_values /opt/stack/data/venv/lib/python3.12/site-packages/oslo_config/cfg.py:3545}}
Aug 06 02:17:49.165228 np0000006608 nova-scheduler[93776]: DEBUG cotyledon.oslo_config_glue [-] oslo_limit.status_code_retries = None {{(pid=93776) log_opt_values /opt/stack/data/venv/lib/python3.12/site-packages/oslo_config/cfg.py:3545}}
Aug 06 02:17:49.165228 np0000006608 nova-scheduler[93776]: DEBUG cotyledon.oslo_config_glue [-] oslo_limit.status_code_retry_delay = None {{(pid=93776) log_opt_values /opt/stack/data/venv/lib/python3.12/site-packages/oslo_config/cfg.py:3545}}
Aug 06 02:17:49.165228 np0000006608 nova-scheduler[93776]: DEBUG cotyledon.oslo_config_glue [-] oslo_limit.timeout = None {{(pid=93776) log_opt_values /opt/stack/data/venv/lib/python3.12/site-packages/oslo_config/cfg.py:3545}}
Aug 06 02:17:49.165228 np0000006608 nova-scheduler[93776]: DEBUG cotyledon.oslo_config_glue [-] oslo_limit.valid_interfaces = None {{(pid=93776) log_opt_values /opt/stack/data/venv/lib/python3.12/site-packages/oslo_config/cfg.py:3545}}
Aug 06 02:17:49.165228 np0000006608 nova-scheduler[93776]: DEBUG cotyledon.oslo_config_glue [-] oslo_limit.version = None {{(pid=93776) log_opt_values /opt/stack/data/venv/lib/python3.12/site-packages/oslo_config/cfg.py:3545}}
Aug 06 02:17:49.165228 np0000006608 nova-scheduler[93776]: DEBUG cotyledon.oslo_config_glue [-] oslo_reports.file_event_handler = None {{(pid=93776) log_opt_values /opt/stack/data/venv/lib/python3.12/site-packages/oslo_config/cfg.py:3545}}
Aug 06 02:17:49.165228 np0000006608 nova-scheduler[93776]: DEBUG cotyledon.oslo_config_glue [-] oslo_reports.file_event_handler_interval = 1 {{(pid=93776) log_opt_values /opt/stack/data/venv/lib/python3.12/site-packages/oslo_config/cfg.py:3545}}
Aug 06 02:17:49.165228 np0000006608 nova-scheduler[93776]: DEBUG cotyledon.oslo_config_glue [-] oslo_reports.log_dir = None {{(pid=93776) log_opt_values /opt/stack/data/venv/lib/python3.12/site-packages/oslo_config/cfg.py:3545}}
Aug 06 02:17:49.165518 np0000006608 nova-scheduler[93776]: DEBUG cotyledon.oslo_config_glue [-] ******************************************************************************** {{(pid=93776) log_opt_values /opt/stack/data/venv/lib/python3.12/site-packages/oslo_config/cfg.py:3552}}
Aug 06 02:17:49.165518 np0000006608 nova-scheduler[93776]: DEBUG cotyledon._service_worker [-] Run service ServiceWrapper(2) [93776] {{(pid=93776) wait_forever /opt/stack/data/venv/lib/python3.12/site-packages/cotyledon/_service_worker.py:218}}
Aug 06 02:17:49.165518 np0000006608 nova-scheduler[93776]: INFO nova.service [-] Starting scheduler node (version 33.1.0)
Aug 06 02:17:49.165518 np0000006608 nova-scheduler[93776]: INFO dbcounter [None req-743bad08-719f-438c-8e1d-9f0741a28441 None None] Registered counter for database nova_cell0
Aug 06 02:17:49.173642 np0000006608 nova-scheduler[93733]: DEBUG oslo_db.sqlalchemy.engines [None req-ad6b1490-8706-4a83-b838-31a4364b9199 None None] MySQL server mode set to STRICT_TRANS_TABLES,STRICT_ALL_TABLES,NO_ZERO_IN_DATE,NO_ZERO_DATE,ERROR_FOR_DIVISION_BY_ZERO,TRADITIONAL,NO_ENGINE_SUBSTITUTION {{(pid=93733) _check_effective_sql_mode /opt/stack/data/venv/lib/python3.12/site-packages/oslo_db/sqlalchemy/engines.py:325}}
Aug 06 02:17:49.184090 np0000006608 nova-scheduler[93733]: DEBUG dbcounter [-] [93733] Writer thread running {{(pid=93733) stat_writer /opt/stack/data/venv/lib/python3.12/site-packages/dbcounter.py:102}}
Aug 06 02:17:49.187196 np0000006608 nova-scheduler[93739]: DEBUG oslo_db.sqlalchemy.engines [None req-980ce4c9-3f4a-4667-bdf6-22f59b93ec0b None None] MySQL server mode set to STRICT_TRANS_TABLES,STRICT_ALL_TABLES,NO_ZERO_IN_DATE,NO_ZERO_DATE,ERROR_FOR_DIVISION_BY_ZERO,TRADITIONAL,NO_ENGINE_SUBSTITUTION {{(pid=93739) _check_effective_sql_mode /opt/stack/data/venv/lib/python3.12/site-packages/oslo_db/sqlalchemy/engines.py:325}}
Aug 06 02:17:49.196166 np0000006608 nova-scheduler[93739]: DEBUG dbcounter [-] [93739] Writer thread running {{(pid=93739) stat_writer /opt/stack/data/venv/lib/python3.12/site-packages/dbcounter.py:102}}
Aug 06 02:17:49.198030 np0000006608 nova-scheduler[93733]: DEBUG nova.service [None req-ad6b1490-8706-4a83-b838-31a4364b9199 None None] Creating RPC server for service: nova-scheduler on topic: scheduler {{(pid=93733) start /opt/stack/nova/nova/service.py:196}}
Aug 06 02:17:49.198885 np0000006608 nova-scheduler[93776]: DEBUG oslo_db.sqlalchemy.engines [None req-743bad08-719f-438c-8e1d-9f0741a28441 None None] MySQL server mode set to STRICT_TRANS_TABLES,STRICT_ALL_TABLES,NO_ZERO_IN_DATE,NO_ZERO_DATE,ERROR_FOR_DIVISION_BY_ZERO,TRADITIONAL,NO_ENGINE_SUBSTITUTION {{(pid=93776) _check_effective_sql_mode /opt/stack/data/venv/lib/python3.12/site-packages/oslo_db/sqlalchemy/engines.py:325}}
Aug 06 02:17:49.209050 np0000006608 nova-scheduler[93776]: DEBUG dbcounter [-] [93776] Writer thread running {{(pid=93776) stat_writer /opt/stack/data/venv/lib/python3.12/site-packages/dbcounter.py:102}}
Aug 06 02:17:49.210977 np0000006608 nova-scheduler[93739]: DEBUG nova.service [None req-980ce4c9-3f4a-4667-bdf6-22f59b93ec0b None None] Creating RPC server for service: nova-scheduler on topic: scheduler {{(pid=93739) start /opt/stack/nova/nova/service.py:196}}
Aug 06 02:17:49.212139 np0000006608 nova-scheduler[93776]: DEBUG nova.service [None req-743bad08-719f-438c-8e1d-9f0741a28441 None None] Creating RPC server for service: nova-scheduler on topic: scheduler {{(pid=93776) start /opt/stack/nova/nova/service.py:196}}
Aug 06 02:17:49.227823 np0000006608 nova-scheduler[93776]: DEBUG nova.service [None req-743bad08-719f-438c-8e1d-9f0741a28441 None None] Join ServiceGroup membership for this service scheduler {{(pid=93776) start /opt/stack/nova/nova/service.py:222}}
Aug 06 02:17:49.228010 np0000006608 nova-scheduler[93776]: DEBUG nova.servicegroup.drivers.db [None req-743bad08-719f-438c-8e1d-9f0741a28441 None None] DB_Driver: join new ServiceGroup member np0000006608 to the scheduler group, service = {{(pid=93776) join /opt/stack/nova/nova/servicegroup/drivers/db.py:44}}
Aug 06 02:17:49.228414 np0000006608 nova-scheduler[93739]: DEBUG nova.service [None req-980ce4c9-3f4a-4667-bdf6-22f59b93ec0b None None] Join ServiceGroup membership for this service scheduler {{(pid=93739) start /opt/stack/nova/nova/service.py:222}}
Aug 06 02:17:49.228475 np0000006608 nova-scheduler[93733]: DEBUG nova.service [None req-ad6b1490-8706-4a83-b838-31a4364b9199 None None] Join ServiceGroup membership for this service scheduler {{(pid=93733) start /opt/stack/nova/nova/service.py:222}}
Aug 06 02:17:49.228659 np0000006608 nova-scheduler[93739]: DEBUG nova.servicegroup.drivers.db [None req-980ce4c9-3f4a-4667-bdf6-22f59b93ec0b None None] DB_Driver: join new ServiceGroup member np0000006608 to the scheduler group, service = {{(pid=93739) join /opt/stack/nova/nova/servicegroup/drivers/db.py:44}}
Aug 06 02:17:49.228722 np0000006608 nova-scheduler[93733]: DEBUG nova.servicegroup.drivers.db [None req-ad6b1490-8706-4a83-b838-31a4364b9199 None None] DB_Driver: join new ServiceGroup member np0000006608 to the scheduler group, service = {{(pid=93733) join /opt/stack/nova/nova/servicegroup/drivers/db.py:44}}
Aug 06 02:17:54.241335 np0000006608 nova-scheduler[93739]: DEBUG oslo.service.backend._threading.loopingcall [-] Fixed interval looping call 'nova.servicegroup.drivers.db.DbDriver._report_state' sleeping for 119.99 seconds {{(pid=93739) _run_loop /opt/stack/data/venv/lib/python3.12/site-packages/oslo_service/backend/_threading/loopingcall.py:125}}
Aug 06 02:17:54.244446 np0000006608 nova-scheduler[93733]: DEBUG oslo.service.backend._threading.loopingcall [-] Fixed interval looping call 'nova.servicegroup.drivers.db.DbDriver._report_state' sleeping for 119.99 seconds {{(pid=93733) _run_loop /opt/stack/data/venv/lib/python3.12/site-packages/oslo_service/backend/_threading/loopingcall.py:125}}
Aug 06 02:17:54.245130 np0000006608 nova-scheduler[93776]: DEBUG oslo.service.backend._threading.loopingcall [-] Fixed interval looping call 'nova.servicegroup.drivers.db.DbDriver._report_state' sleeping for 119.98 seconds {{(pid=93776) _run_loop /opt/stack/data/venv/lib/python3.12/site-packages/oslo_service/backend/_threading/loopingcall.py:125}}
Aug 06 02:17:56.231345 np0000006608 nova-scheduler[93733]: DEBUG oslo.service.backend._threading.loopingcall [None req-b846f956-e0cd-4b0a-83e2-0bd4af9d0868 None None] Dynamic interval looping call 'nova.service.Service.periodic_tasks' sleeping for 60.00 seconds {{(pid=93733) _run_loop /opt/stack/data/venv/lib/python3.12/site-packages/oslo_service/backend/_threading/loopingcall.py:125}}
Aug 06 02:17:57.830502 np0000006608 nova-scheduler[92526]: DEBUG dbcounter [-] [92526] Writing DB stats nova_api:SELECT=3 {{(pid=92526) stat_writer /opt/stack/data/venv/lib/python3.12/site-packages/dbcounter.py:115}}
Aug 06 02:17:57.938541 np0000006608 nova-scheduler[92526]: DEBUG dbcounter [-] [92526] Writing DB stats nova_cell1:SELECT=1 {{(pid=92526) stat_writer /opt/stack/data/venv/lib/python3.12/site-packages/dbcounter.py:115}}
Aug 06 02:17:57.944343 np0000006608 nova-scheduler[92526]: DEBUG dbcounter [-] [92526] Writing DB stats nova_cell0:SELECT=1 {{(pid=92526) stat_writer /opt/stack/data/venv/lib/python3.12/site-packages/dbcounter.py:115}}
Aug 06 02:18:00.230550 np0000006608 nova-scheduler[93776]: DEBUG oslo.service.backend._threading.loopingcall [None req-79d6bc5e-e6f6-49f6-85f4-877b94a008f0 None None] Dynamic interval looping call 'nova.service.Service.periodic_tasks' sleeping for 60.00 seconds {{(pid=93776) _run_loop /opt/stack/data/venv/lib/python3.12/site-packages/oslo_service/backend/_threading/loopingcall.py:125}}
Aug 06 02:18:04.237150 np0000006608 nova-scheduler[93739]: DEBUG dbcounter [-] [93739] Writing DB stats nova_cell0:SELECT=4,nova_cell0:INSERT=1,nova_cell0:UPDATE=1 {{(pid=93739) stat_writer /opt/stack/data/venv/lib/python3.12/site-packages/dbcounter.py:115}}
Aug 06 02:18:04.243163 np0000006608 nova-scheduler[93776]: DEBUG dbcounter [-] [93776] Writing DB stats nova_cell0:SELECT=3,nova_cell0:UPDATE=1 {{(pid=93776) stat_writer /opt/stack/data/venv/lib/python3.12/site-packages/dbcounter.py:115}}
Aug 06 02:18:04.243492 np0000006608 nova-scheduler[93733]: DEBUG dbcounter [-] [93733] Writing DB stats nova_cell0:SELECT=4,nova_cell0:INSERT=1,nova_cell0:UPDATE=1 {{(pid=93733) stat_writer /opt/stack/data/venv/lib/python3.12/site-packages/dbcounter.py:115}}
Aug 06 02:18:23.230702 np0000006608 nova-scheduler[93739]: DEBUG oslo.service.backend._threading.loopingcall [None req-8ff48bd6-659d-43f3-aa73-77fc938e8dca None None] Dynamic interval looping call 'nova.service.Service.periodic_tasks' sleeping for 60.00 seconds {{(pid=93739) _run_loop /opt/stack/data/venv/lib/python3.12/site-packages/oslo_service/backend/_threading/loopingcall.py:125}}
Aug 06 02:18:56.231624 np0000006608 nova-scheduler[93733]: DEBUG oslo.service.backend._threading.loopingcall [None req-b846f956-e0cd-4b0a-83e2-0bd4af9d0868 None None] Dynamic interval looping call 'nova.service.Service.periodic_tasks' sleeping for 60.00 seconds {{(pid=93733) _run_loop /opt/stack/data/venv/lib/python3.12/site-packages/oslo_service/backend/_threading/loopingcall.py:125}}
Aug 06 02:19:00.231157 np0000006608 nova-scheduler[93776]: DEBUG oslo.service.backend._threading.loopingcall [None req-79d6bc5e-e6f6-49f6-85f4-877b94a008f0 None None] Dynamic interval looping call 'nova.service.Service.periodic_tasks' sleeping for 60.00 seconds {{(pid=93776) _run_loop /opt/stack/data/venv/lib/python3.12/site-packages/oslo_service/backend/_threading/loopingcall.py:125}}
Aug 06 02:19:23.231294 np0000006608 nova-scheduler[93739]: DEBUG oslo.service.backend._threading.loopingcall [None req-8ff48bd6-659d-43f3-aa73-77fc938e8dca None None] Dynamic interval looping call 'nova.service.Service.periodic_tasks' sleeping for 60.00 seconds {{(pid=93739) _run_loop /opt/stack/data/venv/lib/python3.12/site-packages/oslo_service/backend/_threading/loopingcall.py:125}}
Aug 06 02:19:54.236726 np0000006608 nova-scheduler[93776]: DEBUG oslo.service.backend._threading.loopingcall [-] Fixed interval looping call 'nova.servicegroup.drivers.db.DbDriver._report_state' sleeping for 119.99 seconds {{(pid=93776) _run_loop /opt/stack/data/venv/lib/python3.12/site-packages/oslo_service/backend/_threading/loopingcall.py:125}}
Aug 06 02:19:54.237252 np0000006608 nova-scheduler[93739]: DEBUG oslo.service.backend._threading.loopingcall [-] Fixed interval looping call 'nova.servicegroup.drivers.db.DbDriver._report_state' sleeping for 119.99 seconds {{(pid=93739) _run_loop /opt/stack/data/venv/lib/python3.12/site-packages/oslo_service/backend/_threading/loopingcall.py:125}}
Aug 06 02:19:54.240873 np0000006608 nova-scheduler[93733]: DEBUG oslo.service.backend._threading.loopingcall [-] Fixed interval looping call 'nova.servicegroup.drivers.db.DbDriver._report_state' sleeping for 119.99 seconds {{(pid=93733) _run_loop /opt/stack/data/venv/lib/python3.12/site-packages/oslo_service/backend/_threading/loopingcall.py:125}}
Aug 06 02:19:56.232444 np0000006608 nova-scheduler[93733]: DEBUG oslo.service.backend._threading.loopingcall [None req-b846f956-e0cd-4b0a-83e2-0bd4af9d0868 None None] Dynamic interval looping call 'nova.service.Service.periodic_tasks' sleeping for 60.00 seconds {{(pid=93733) _run_loop /opt/stack/data/venv/lib/python3.12/site-packages/oslo_service/backend/_threading/loopingcall.py:125}}
Aug 06 02:20:00.231638 np0000006608 nova-scheduler[93776]: DEBUG oslo.service.backend._threading.loopingcall [None req-79d6bc5e-e6f6-49f6-85f4-877b94a008f0 None None] Dynamic interval looping call 'nova.service.Service.periodic_tasks' sleeping for 60.00 seconds {{(pid=93776) _run_loop /opt/stack/data/venv/lib/python3.12/site-packages/oslo_service/backend/_threading/loopingcall.py:125}}
Aug 06 02:20:04.231658 np0000006608 nova-scheduler[93776]: DEBUG dbcounter [-] [93776] Writing DB stats nova_cell0:SELECT=1,nova_cell0:UPDATE=1 {{(pid=93776) stat_writer /opt/stack/data/venv/lib/python3.12/site-packages/dbcounter.py:115}}
Aug 06 02:20:04.235023 np0000006608 nova-scheduler[93739]: DEBUG dbcounter [-] [93739] Writing DB stats nova_cell0:SELECT=1,nova_cell0:UPDATE=1 {{(pid=93739) stat_writer /opt/stack/data/venv/lib/python3.12/site-packages/dbcounter.py:115}}
Aug 06 02:20:04.239311 np0000006608 nova-scheduler[93733]: DEBUG dbcounter [-] [93733] Writing DB stats nova_cell0:SELECT=1 {{(pid=93733) stat_writer /opt/stack/data/venv/lib/python3.12/site-packages/dbcounter.py:115}}
Aug 06 02:20:16.746602 np0000006608 nova-scheduler[93776]: DEBUG nova.scheduler.manager [None req-ee428120-1c36-4ef9-b8f0-c29799a05e74 tempest-ServerBootFromVolumeStableRescueTest-8709819 tempest-ServerBootFromVolumeStableRescueTest-8709819-project-member] Starting to schedule for instances: ['2c3b1d1d-a358-45bd-87bd-52fdb0992a0b'] {{(pid=93776) select_destinations /opt/stack/nova/nova/scheduler/manager.py:209}}
Aug 06 02:20:16.747201 np0000006608 nova-scheduler[93776]: DEBUG nova.scheduler.request_filter [None req-ee428120-1c36-4ef9-b8f0-c29799a05e74 tempest-ServerBootFromVolumeStableRescueTest-8709819 tempest-ServerBootFromVolumeStableRescueTest-8709819-project-member] compute_status_filter request filter added forbidden trait COMPUTE_STATUS_DISABLED {{(pid=93776) compute_status_filter /opt/stack/nova/nova/scheduler/request_filter.py:253}}
Aug 06 02:20:16.747369 np0000006608 nova-scheduler[93776]: DEBUG nova.scheduler.request_filter [None req-ee428120-1c36-4ef9-b8f0-c29799a05e74 tempest-ServerBootFromVolumeStableRescueTest-8709819 tempest-ServerBootFromVolumeStableRescueTest-8709819-project-member] Request filter 'compute_status_filter' took 0.0 seconds {{(pid=93776) wrapper /opt/stack/nova/nova/scheduler/request_filter.py:46}}
Aug 06 02:20:16.747666 np0000006608 nova-scheduler[93776]: DEBUG nova.scheduler.request_filter [None req-ee428120-1c36-4ef9-b8f0-c29799a05e74 tempest-ServerBootFromVolumeStableRescueTest-8709819 tempest-ServerBootFromVolumeStableRescueTest-8709819-project-member] Request filter 'accelerators_filter' took 0.0 seconds {{(pid=93776) wrapper /opt/stack/nova/nova/scheduler/request_filter.py:46}}
Aug 06 02:20:16.748016 np0000006608 nova-scheduler[93776]: DEBUG nova.scheduler.request_filter [None req-ee428120-1c36-4ef9-b8f0-c29799a05e74 tempest-ServerBootFromVolumeStableRescueTest-8709819 tempest-ServerBootFromVolumeStableRescueTest-8709819-project-member] Request filter 'packed_virtqueue_filter' took 0.0 seconds {{(pid=93776) wrapper /opt/stack/nova/nova/scheduler/request_filter.py:46}}
Aug 06 02:20:16.748567 np0000006608 nova-scheduler[93776]: DEBUG nova.scheduler.request_filter [None req-ee428120-1c36-4ef9-b8f0-c29799a05e74 tempest-ServerBootFromVolumeStableRescueTest-8709819 tempest-ServerBootFromVolumeStableRescueTest-8709819-project-member] Request filter 'remote_managed_ports_filter' took 0.0 seconds {{(pid=93776) wrapper /opt/stack/nova/nova/scheduler/request_filter.py:46}}
Aug 06 02:20:16.748765 np0000006608 nova-scheduler[93776]: DEBUG nova.scheduler.request_filter [None req-ee428120-1c36-4ef9-b8f0-c29799a05e74 tempest-ServerBootFromVolumeStableRescueTest-8709819 tempest-ServerBootFromVolumeStableRescueTest-8709819-project-member] ephemeral_encryption_filter skipped {{(pid=93776) ephemeral_encryption_filter /opt/stack/nova/nova/scheduler/request_filter.py:426}}
Aug 06 02:20:16.748941 np0000006608 nova-scheduler[93776]: DEBUG nova.scheduler.request_filter [None req-ee428120-1c36-4ef9-b8f0-c29799a05e74 tempest-ServerBootFromVolumeStableRescueTest-8709819 tempest-ServerBootFromVolumeStableRescueTest-8709819-project-member] virtio_sound_filter skipped {{(pid=93776) virtio_sound_filter /opt/stack/nova/nova/scheduler/request_filter.py:460}}
Aug 06 02:20:16.749084 np0000006608 nova-scheduler[93776]: DEBUG nova.scheduler.request_filter [None req-ee428120-1c36-4ef9-b8f0-c29799a05e74 tempest-ServerBootFromVolumeStableRescueTest-8709819 tempest-ServerBootFromVolumeStableRescueTest-8709819-project-member] tpm_secret_security_filter skipped {{(pid=93776) tpm_secret_security_filter /opt/stack/nova/nova/scheduler/request_filter.py:477}}
Aug 06 02:20:17.275494 np0000006608 nova-scheduler[93776]: INFO nova.utils [None req-ee428120-1c36-4ef9-b8f0-c29799a05e74 tempest-ServerBootFromVolumeStableRescueTest-8709819 tempest-ServerBootFromVolumeStableRescueTest-8709819-project-member] The cell worker thread pool ForkProcess-3.cell_worker is initialized
Aug 06 02:20:17.275900 np0000006608 nova-scheduler[93776]: DEBUG oslo_concurrency.lockutils [None req-ee428120-1c36-4ef9-b8f0-c29799a05e74 tempest-ServerBootFromVolumeStableRescueTest-8709819 tempest-ServerBootFromVolumeStableRescueTest-8709819-project-member] Acquiring lock "51eff639-61c7-480f-8266-b8176b24d24e" by "nova.context.set_target_cell..get_or_set_cached_cell_and_set_connections" {{(pid=93776) inner /opt/stack/data/venv/lib/python3.12/site-packages/oslo_concurrency/lockutils.py:512}}
Aug 06 02:20:17.276187 np0000006608 nova-scheduler[93776]: DEBUG oslo_concurrency.lockutils [None req-ee428120-1c36-4ef9-b8f0-c29799a05e74 tempest-ServerBootFromVolumeStableRescueTest-8709819 tempest-ServerBootFromVolumeStableRescueTest-8709819-project-member] Lock "51eff639-61c7-480f-8266-b8176b24d24e" acquired by "nova.context.set_target_cell..get_or_set_cached_cell_and_set_connections" :: waited 0.000s {{(pid=93776) inner /opt/stack/data/venv/lib/python3.12/site-packages/oslo_concurrency/lockutils.py:525}}
Aug 06 02:20:17.277569 np0000006608 nova-scheduler[93776]: DEBUG oslo_concurrency.lockutils [None req-ee428120-1c36-4ef9-b8f0-c29799a05e74 tempest-ServerBootFromVolumeStableRescueTest-8709819 tempest-ServerBootFromVolumeStableRescueTest-8709819-project-member] Lock "51eff639-61c7-480f-8266-b8176b24d24e" "released" by "nova.context.set_target_cell..get_or_set_cached_cell_and_set_connections" :: held 0.001s {{(pid=93776) inner /opt/stack/data/venv/lib/python3.12/site-packages/oslo_concurrency/lockutils.py:544}}
Aug 06 02:20:17.279732 np0000006608 nova-scheduler[93776]: INFO dbcounter [None req-ee428120-1c36-4ef9-b8f0-c29799a05e74 tempest-ServerBootFromVolumeStableRescueTest-8709819 tempest-ServerBootFromVolumeStableRescueTest-8709819-project-member] Registered counter for database nova_cell1
Aug 06 02:20:17.309476 np0000006608 nova-scheduler[93776]: DEBUG oslo_db.sqlalchemy.engines [None req-ee428120-1c36-4ef9-b8f0-c29799a05e74 tempest-ServerBootFromVolumeStableRescueTest-8709819 tempest-ServerBootFromVolumeStableRescueTest-8709819-project-member] MySQL server mode set to STRICT_TRANS_TABLES,STRICT_ALL_TABLES,NO_ZERO_IN_DATE,NO_ZERO_DATE,ERROR_FOR_DIVISION_BY_ZERO,TRADITIONAL,NO_ENGINE_SUBSTITUTION {{(pid=93776) _check_effective_sql_mode /opt/stack/data/venv/lib/python3.12/site-packages/oslo_db/sqlalchemy/engines.py:325}}
Aug 06 02:20:17.314709 np0000006608 nova-scheduler[93776]: DEBUG dbcounter [-] [93776] Writer thread running {{(pid=93776) stat_writer /opt/stack/data/venv/lib/python3.12/site-packages/dbcounter.py:102}}
Aug 06 02:20:17.326324 np0000006608 nova-scheduler[93776]: DEBUG oslo_db.sqlalchemy.engines [None req-ee428120-1c36-4ef9-b8f0-c29799a05e74 tempest-ServerBootFromVolumeStableRescueTest-8709819 tempest-ServerBootFromVolumeStableRescueTest-8709819-project-member] Parent process 92526 forked (93776) with an open database connection, which is being discarded and recreated. {{(pid=93776) checkout /opt/stack/data/venv/lib/python3.12/site-packages/oslo_db/sqlalchemy/engines.py:402}}
Aug 06 02:20:17.360977 np0000006608 nova-scheduler[93776]: DEBUG dbcounter [-] [93776] Writer thread running {{(pid=93776) stat_writer /opt/stack/data/venv/lib/python3.12/site-packages/dbcounter.py:102}}
Aug 06 02:20:17.363285 np0000006608 nova-scheduler[93776]: DEBUG oslo_concurrency.lockutils [None req-ee428120-1c36-4ef9-b8f0-c29799a05e74 tempest-ServerBootFromVolumeStableRescueTest-8709819 tempest-ServerBootFromVolumeStableRescueTest-8709819-project-member] Acquiring lock "51eff639-61c7-480f-8266-b8176b24d24e" by "nova.context.set_target_cell..get_or_set_cached_cell_and_set_connections" {{(pid=93776) inner /opt/stack/data/venv/lib/python3.12/site-packages/oslo_concurrency/lockutils.py:512}}
Aug 06 02:20:17.363584 np0000006608 nova-scheduler[93776]: DEBUG oslo_concurrency.lockutils [None req-ee428120-1c36-4ef9-b8f0-c29799a05e74 tempest-ServerBootFromVolumeStableRescueTest-8709819 tempest-ServerBootFromVolumeStableRescueTest-8709819-project-member] Lock "51eff639-61c7-480f-8266-b8176b24d24e" acquired by "nova.context.set_target_cell..get_or_set_cached_cell_and_set_connections" :: waited 0.000s {{(pid=93776) inner /opt/stack/data/venv/lib/python3.12/site-packages/oslo_concurrency/lockutils.py:525}}
Aug 06 02:20:17.363771 np0000006608 nova-scheduler[93776]: DEBUG oslo_concurrency.lockutils [None req-ee428120-1c36-4ef9-b8f0-c29799a05e74 tempest-ServerBootFromVolumeStableRescueTest-8709819 tempest-ServerBootFromVolumeStableRescueTest-8709819-project-member] Lock "51eff639-61c7-480f-8266-b8176b24d24e" "released" by "nova.context.set_target_cell..get_or_set_cached_cell_and_set_connections" :: held 0.000s {{(pid=93776) inner /opt/stack/data/venv/lib/python3.12/site-packages/oslo_concurrency/lockutils.py:544}}
Aug 06 02:20:17.367015 np0000006608 nova-scheduler[93776]: DEBUG oslo_concurrency.lockutils [None req-ee428120-1c36-4ef9-b8f0-c29799a05e74 tempest-ServerBootFromVolumeStableRescueTest-8709819 tempest-ServerBootFromVolumeStableRescueTest-8709819-project-member] Acquiring lock "np0000006608-np0000006608" by "nova.scheduler.host_manager.HostState.update.._locked_update" {{(pid=93776) inner /opt/stack/data/venv/lib/python3.12/site-packages/oslo_concurrency/lockutils.py:512}}
Aug 06 02:20:17.367381 np0000006608 nova-scheduler[93776]: DEBUG oslo_concurrency.lockutils [None req-ee428120-1c36-4ef9-b8f0-c29799a05e74 tempest-ServerBootFromVolumeStableRescueTest-8709819 tempest-ServerBootFromVolumeStableRescueTest-8709819-project-member] Lock "np0000006608-np0000006608" acquired by "nova.scheduler.host_manager.HostState.update.._locked_update" :: waited 0.000s {{(pid=93776) inner /opt/stack/data/venv/lib/python3.12/site-packages/oslo_concurrency/lockutils.py:525}}
Aug 06 02:20:17.368193 np0000006608 nova-scheduler[93776]: DEBUG nova.scheduler.host_manager [None req-ee428120-1c36-4ef9-b8f0-c29799a05e74 tempest-ServerBootFromVolumeStableRescueTest-8709819 tempest-ServerBootFromVolumeStableRescueTest-8709819-project-member] Update host state from compute node: ComputeNode(cpu_allocation_ratio=4.0,cpu_info='{"arch": "x86_64", "model": "EPYC-Milan", "vendor": "AMD", "topology": {"cells": 1, "sockets": 16, "cores": 1, "threads": 1}, "maxphysaddr": {"mode": "emulate", "bits": 40}, "features": ["cmp_legacy", "topoext", "mca", "pause-filter", "null-sel-clr-base", "movbe", "ibpb", "avx2", "clflush", "npt", "svme-addr-chk", "vgif", "gds-no", "flushbyasid", "pku", "tsc", "pse", "rdseed", "lahf_lm", "arch-capabilities", "cx8", "ssbd", "fxsr", "erms", "amd-stibp", "smap", "adx", "rdctl-no", "fxsr_opt", "vpclmulqdq", "no-nested-data-bp", "invpcid", "apic", "mds-no", "syscall", "nx", "fma", "skip-l1dfl-vmentry", "ibrs", "fpu", "sha-ni", "msr", "hypervisor", "vmcb-clean", "lfence-always-serializing", "smep", "avx", "tsc-deadline", "sse4a", "fsgsbase", "xgetbv1", "sse4.1", "rdrand", "xsavec", "amd-psfd", "rdpid", "clzero", "pni", "v-vmsave-vmload", "perfctr_core", "sep", "vme", "amd-ssbd", "cx16", "pcid", "tsc-scale", "sse", "fsrm", "xsave", "bmi2", "osvw", "pschange-mc-no", "3dnowprefetch", "misalignsse", "virt-ssbd", "pae", "spec-ctrl", "pfthreshold", "rdtscp", "pdpe1gb", "popcnt", "pat", "cmov", "wbnoinvd", "abm", "x2apic", "stibp", "pge", "cr8legacy", "sse2", "nrip-save", "mtrr", "aes", "bmi1", "arat", "xsaveopt", "vaes", "xsaveerptr", "svm", "clwb", "mce", "clflushopt", "ssse3", "stibp-always-on", "umip", "mmxext", "xsaves", "sse4.2", "mmx", "f16c", "pse36", "pclmuldq", "de", "lbrv", "lm", "tsc_adjust"]}',created_at=2026-08-06T02:18:10Z,current_workload=0,deleted=False,deleted_at=None,disk_allocation_ratio=1.0,disk_available_least=73,free_disk_gb=95,free_ram_mb=62765,host='np0000006608',host_ip=10.4.3.106,hypervisor_hostname='np0000006608',hypervisor_type='QEMU',hypervisor_version=8002002,id=1,local_gb=95,local_gb_used=0,mapped=1,memory_mb=63277,memory_mb_used=512,metrics='[]',numa_topology='{"nova_object.name": "NUMATopology", "nova_object.namespace": "nova", "nova_object.version": "1.2", "nova_object.data": {"cells": [{"nova_object.name": "NUMACell", "nova_object.namespace": "nova", "nova_object.version": "1.5", "nova_object.data": {"id": 0, "cpuset": [0, 1, 2, 3, 4, 5, 6, 7, 8, 9, 10, 11, 12, 13, 14, 15], "pcpuset": [0, 1, 2, 3, 4, 5, 6, 7, 8, 9, 10, 11, 12, 13, 14, 15], "memory": 63277, "cpu_usage": 0, "memory_usage": 0, "pinned_cpus": [], "siblings": [[6], [12], [2], [15], [5], [11], [8], [14], [4], [1], [7], [10], [0], [13], [3], [9]], "mempages": [{"nova_object.name": "NUMAPagesTopology", "nova_object.namespace": "nova", "nova_object.version": "1.1", "nova_object.data": {"size_kb": 4, "total": 16177927, "used": 0, "reserved": 0}, "nova_object.changes": ["reserved", "used", "total", "size_kb"]}, {"nova_object.name": "NUMAPagesTopology", "nova_object.namespace": "nova", "nova_object.version": "1.1", "nova_object.data": {"size_kb": 2048, "total": 41, "used": 0, "reserved": 0}, "nova_object.changes": ["reserved", "used", "total", "size_kb"]}, {"nova_object.name": "NUMAPagesTopology", "nova_object.namespace": "nova", "nova_object.version": "1.1", "nova_object.data": {"size_kb": 1048576, "total": 0, "used": 0, "reserved": 0}, "nova_object.changes": ["reserved", "used", "total", "size_kb"]}], "network_metadata": {"nova_object.name": "NetworkMetadata", "nova_object.namespace": "nova", "nova_object.version": "1.0", "nova_object.data": {"physnets": [], "tunneled": false}, "nova_object.changes": ["tunneled", "physnets"]}, "socket": null}, "nova_object.changes": ["pcpuset", "siblings", "memory_usage", "id", "memory", "cpu_usage", "socket", "pinned_cpus", "network_metadata", "cpuset", "mempages"]}]}, "nova_object.changes": ["cells"]}',pci_device_pools=PciDevicePoolList,ram_allocation_ratio=1.0,running_vms=0,service_id=3,stats={failed_builds='0',uptime=' 02:19:57 up 19 min, 2 users, load average: 1.62, 1.55, 0.89
Aug 06 02:20:17.368193 np0000006608 nova-scheduler[93776]: '},supported_hv_specs=[HVSpec,HVSpec,HVSpec,HVSpec,HVSpec,HVSpec,HVSpec,HVSpec,HVSpec,HVSpec,HVSpec,HVSpec,HVSpec,HVSpec,HVSpec,HVSpec,HVSpec,HVSpec,HVSpec,HVSpec,HVSpec,HVSpec,HVSpec,HVSpec,HVSpec],updated_at=2026-08-06T02:19:58Z,uuid=b9bf7b5c-8a27-4bb8-a6a1-abdabedc7e4d,vcpus=16,vcpus_used=0) {{(pid=93776) _locked_update /opt/stack/nova/nova/scheduler/host_manager.py:168}}
Aug 06 02:20:17.369822 np0000006608 nova-scheduler[93776]: DEBUG nova.scheduler.host_manager [None req-ee428120-1c36-4ef9-b8f0-c29799a05e74 tempest-ServerBootFromVolumeStableRescueTest-8709819 tempest-ServerBootFromVolumeStableRescueTest-8709819-project-member] Update host state with aggregates: [] {{(pid=93776) _locked_update /opt/stack/nova/nova/scheduler/host_manager.py:171}}
Aug 06 02:20:17.370008 np0000006608 nova-scheduler[93776]: DEBUG nova.scheduler.host_manager [None req-ee428120-1c36-4ef9-b8f0-c29799a05e74 tempest-ServerBootFromVolumeStableRescueTest-8709819 tempest-ServerBootFromVolumeStableRescueTest-8709819-project-member] Update host state with service dict: {'id': 3, 'uuid': '93fa0be8-3fb5-4e61-ab58-e0274c68fa9c', 'host': 'np0000006608', 'binary': 'nova-compute', 'topic': 'compute', 'report_count': 2, 'disabled': False, 'disabled_reason': None, 'last_seen_up': datetime.datetime(2026, 8, 6, 2, 20, 16, tzinfo=datetime.timezone.utc), 'forced_down': False, 'version': 72, 'created_at': datetime.datetime(2026, 8, 6, 2, 18, 10, tzinfo=datetime.timezone.utc), 'updated_at': datetime.datetime(2026, 8, 6, 2, 20, 16, tzinfo=datetime.timezone.utc), 'deleted_at': None, 'deleted': False} {{(pid=93776) _locked_update /opt/stack/nova/nova/scheduler/host_manager.py:174}}
Aug 06 02:20:17.370328 np0000006608 nova-scheduler[93776]: DEBUG nova.scheduler.host_manager [None req-ee428120-1c36-4ef9-b8f0-c29799a05e74 tempest-ServerBootFromVolumeStableRescueTest-8709819 tempest-ServerBootFromVolumeStableRescueTest-8709819-project-member] Update host state with instances: [] {{(pid=93776) _locked_update /opt/stack/nova/nova/scheduler/host_manager.py:177}}
Aug 06 02:20:17.370387 np0000006608 nova-scheduler[93776]: DEBUG oslo_concurrency.lockutils [None req-ee428120-1c36-4ef9-b8f0-c29799a05e74 tempest-ServerBootFromVolumeStableRescueTest-8709819 tempest-ServerBootFromVolumeStableRescueTest-8709819-project-member] Lock "np0000006608-np0000006608" "released" by "nova.scheduler.host_manager.HostState.update.._locked_update" :: held 0.003s {{(pid=93776) inner /opt/stack/data/venv/lib/python3.12/site-packages/oslo_concurrency/lockutils.py:544}}
Aug 06 02:20:17.370880 np0000006608 nova-scheduler[93776]: DEBUG nova.filters [None req-ee428120-1c36-4ef9-b8f0-c29799a05e74 tempest-ServerBootFromVolumeStableRescueTest-8709819 tempest-ServerBootFromVolumeStableRescueTest-8709819-project-member] Starting with 1 host(s) {{(pid=93776) get_filtered_objects /opt/stack/nova/nova/filters.py:70}}
Aug 06 02:20:17.371132 np0000006608 nova-scheduler[93776]: DEBUG nova.filters [None req-ee428120-1c36-4ef9-b8f0-c29799a05e74 tempest-ServerBootFromVolumeStableRescueTest-8709819 tempest-ServerBootFromVolumeStableRescueTest-8709819-project-member] Filter ComputeFilter returned 1 host(s) {{(pid=93776) get_filtered_objects /opt/stack/nova/nova/filters.py:102}}
Aug 06 02:20:17.371904 np0000006608 nova-scheduler[93776]: DEBUG nova.filters [None req-ee428120-1c36-4ef9-b8f0-c29799a05e74 tempest-ServerBootFromVolumeStableRescueTest-8709819 tempest-ServerBootFromVolumeStableRescueTest-8709819-project-member] Filter ComputeCapabilitiesFilter returned 1 host(s) {{(pid=93776) get_filtered_objects /opt/stack/nova/nova/filters.py:102}}
Aug 06 02:20:17.372213 np0000006608 nova-scheduler[93776]: DEBUG nova.filters [None req-ee428120-1c36-4ef9-b8f0-c29799a05e74 tempest-ServerBootFromVolumeStableRescueTest-8709819 tempest-ServerBootFromVolumeStableRescueTest-8709819-project-member] Filter ImagePropertiesFilter returned 1 host(s) {{(pid=93776) get_filtered_objects /opt/stack/nova/nova/filters.py:102}}
Aug 06 02:20:17.372373 np0000006608 nova-scheduler[93776]: DEBUG nova.filters [None req-ee428120-1c36-4ef9-b8f0-c29799a05e74 tempest-ServerBootFromVolumeStableRescueTest-8709819 tempest-ServerBootFromVolumeStableRescueTest-8709819-project-member] Filter ServerGroupAntiAffinityFilter returned 1 host(s) {{(pid=93776) get_filtered_objects /opt/stack/nova/nova/filters.py:102}}
Aug 06 02:20:17.372527 np0000006608 nova-scheduler[93776]: DEBUG nova.filters [None req-ee428120-1c36-4ef9-b8f0-c29799a05e74 tempest-ServerBootFromVolumeStableRescueTest-8709819 tempest-ServerBootFromVolumeStableRescueTest-8709819-project-member] Filter ServerGroupAffinityFilter returned 1 host(s) {{(pid=93776) get_filtered_objects /opt/stack/nova/nova/filters.py:102}}
Aug 06 02:20:17.372708 np0000006608 nova-scheduler[93776]: DEBUG nova.filters [None req-ee428120-1c36-4ef9-b8f0-c29799a05e74 tempest-ServerBootFromVolumeStableRescueTest-8709819 tempest-ServerBootFromVolumeStableRescueTest-8709819-project-member] Filter SameHostFilter returned 1 host(s) {{(pid=93776) get_filtered_objects /opt/stack/nova/nova/filters.py:102}}
Aug 06 02:20:17.372969 np0000006608 nova-scheduler[93776]: DEBUG nova.filters [None req-ee428120-1c36-4ef9-b8f0-c29799a05e74 tempest-ServerBootFromVolumeStableRescueTest-8709819 tempest-ServerBootFromVolumeStableRescueTest-8709819-project-member] Filter DifferentHostFilter returned 1 host(s) {{(pid=93776) get_filtered_objects /opt/stack/nova/nova/filters.py:102}}
Aug 06 02:20:17.373053 np0000006608 nova-scheduler[93776]: DEBUG nova.scheduler.manager [None req-ee428120-1c36-4ef9-b8f0-c29799a05e74 tempest-ServerBootFromVolumeStableRescueTest-8709819 tempest-ServerBootFromVolumeStableRescueTest-8709819-project-member] Filtered [(np0000006608, np0000006608) ram: 62765MB disk: 74752MB io_ops: 0 instances: 0, allocation_candidates: 1] {{(pid=93776) _get_sorted_hosts /opt/stack/nova/nova/scheduler/manager.py:742}}
Aug 06 02:20:17.373278 np0000006608 nova-scheduler[93776]: DEBUG nova.scheduler.manager [None req-ee428120-1c36-4ef9-b8f0-c29799a05e74 tempest-ServerBootFromVolumeStableRescueTest-8709819 tempest-ServerBootFromVolumeStableRescueTest-8709819-project-member] Weighed [WeighedHost [host: (np0000006608, np0000006608) ram: 62765MB disk: 74752MB io_ops: 0 instances: 0, allocation_candidates: 1, weight: 0.0]] {{(pid=93776) _get_sorted_hosts /opt/stack/nova/nova/scheduler/manager.py:764}}
Aug 06 02:20:17.373476 np0000006608 nova-scheduler[93776]: DEBUG nova.scheduler.utils [None req-ee428120-1c36-4ef9-b8f0-c29799a05e74 tempest-ServerBootFromVolumeStableRescueTest-8709819 tempest-ServerBootFromVolumeStableRescueTest-8709819-project-member] Attempting to claim resources in the placement API for instance 2c3b1d1d-a358-45bd-87bd-52fdb0992a0b {{(pid=93776) claim_resources /opt/stack/nova/nova/scheduler/utils.py:1345}}
Aug 06 02:20:17.526277 np0000006608 nova-scheduler[93776]: DEBUG nova.scheduler.manager [None req-ee428120-1c36-4ef9-b8f0-c29799a05e74 tempest-ServerBootFromVolumeStableRescueTest-8709819 tempest-ServerBootFromVolumeStableRescueTest-8709819-project-member] [instance: 2c3b1d1d-a358-45bd-87bd-52fdb0992a0b] Selected host: (np0000006608, np0000006608) ram: 62765MB disk: 74752MB io_ops: 0 instances: 0, allocation_candidates: 1 {{(pid=93776) _consume_selected_host /opt/stack/nova/nova/scheduler/manager.py:624}}
Aug 06 02:20:17.526497 np0000006608 nova-scheduler[93776]: DEBUG oslo_concurrency.lockutils [None req-ee428120-1c36-4ef9-b8f0-c29799a05e74 tempest-ServerBootFromVolumeStableRescueTest-8709819 tempest-ServerBootFromVolumeStableRescueTest-8709819-project-member] Acquiring lock "np0000006608-np0000006608" by "nova.scheduler.host_manager.HostState.consume_from_request.._locked" {{(pid=93776) inner /opt/stack/data/venv/lib/python3.12/site-packages/oslo_concurrency/lockutils.py:512}}
Aug 06 02:20:17.526625 np0000006608 nova-scheduler[93776]: DEBUG oslo_concurrency.lockutils [None req-ee428120-1c36-4ef9-b8f0-c29799a05e74 tempest-ServerBootFromVolumeStableRescueTest-8709819 tempest-ServerBootFromVolumeStableRescueTest-8709819-project-member] Lock "np0000006608-np0000006608" acquired by "nova.scheduler.host_manager.HostState.consume_from_request.._locked" :: waited 0.000s {{(pid=93776) inner /opt/stack/data/venv/lib/python3.12/site-packages/oslo_concurrency/lockutils.py:525}}
Aug 06 02:20:17.527104 np0000006608 nova-scheduler[93776]: DEBUG oslo_concurrency.lockutils [None req-ee428120-1c36-4ef9-b8f0-c29799a05e74 tempest-ServerBootFromVolumeStableRescueTest-8709819 tempest-ServerBootFromVolumeStableRescueTest-8709819-project-member] Lock "np0000006608-np0000006608" "released" by "nova.scheduler.host_manager.HostState.consume_from_request.._locked" :: held 0.000s {{(pid=93776) inner /opt/stack/data/venv/lib/python3.12/site-packages/oslo_concurrency/lockutils.py:544}}
Aug 06 02:20:21.479883 np0000006608 nova-scheduler[93739]: DEBUG nova.scheduler.manager [None req-1d91e914-d94e-4ff6-bc45-0303a32d6346 tempest-ServerActionsTestOtherA-118990088 tempest-ServerActionsTestOtherA-118990088-project-member] Starting to schedule for instances: ['77a69b7e-8e16-4916-a885-3daf52b31174'] {{(pid=93739) select_destinations /opt/stack/nova/nova/scheduler/manager.py:209}}
Aug 06 02:20:21.480338 np0000006608 nova-scheduler[93739]: DEBUG nova.scheduler.request_filter [None req-1d91e914-d94e-4ff6-bc45-0303a32d6346 tempest-ServerActionsTestOtherA-118990088 tempest-ServerActionsTestOtherA-118990088-project-member] compute_status_filter request filter added forbidden trait COMPUTE_STATUS_DISABLED {{(pid=93739) compute_status_filter /opt/stack/nova/nova/scheduler/request_filter.py:253}}
Aug 06 02:20:21.480429 np0000006608 nova-scheduler[93739]: DEBUG nova.scheduler.request_filter [None req-1d91e914-d94e-4ff6-bc45-0303a32d6346 tempest-ServerActionsTestOtherA-118990088 tempest-ServerActionsTestOtherA-118990088-project-member] Request filter 'compute_status_filter' took 0.0 seconds {{(pid=93739) wrapper /opt/stack/nova/nova/scheduler/request_filter.py:46}}
Aug 06 02:20:21.480683 np0000006608 nova-scheduler[93739]: DEBUG nova.scheduler.request_filter [None req-1d91e914-d94e-4ff6-bc45-0303a32d6346 tempest-ServerActionsTestOtherA-118990088 tempest-ServerActionsTestOtherA-118990088-project-member] Request filter 'accelerators_filter' took 0.0 seconds {{(pid=93739) wrapper /opt/stack/nova/nova/scheduler/request_filter.py:46}}
Aug 06 02:20:21.481493 np0000006608 nova-scheduler[93739]: DEBUG nova.scheduler.request_filter [None req-1d91e914-d94e-4ff6-bc45-0303a32d6346 tempest-ServerActionsTestOtherA-118990088 tempest-ServerActionsTestOtherA-118990088-project-member] Request filter 'packed_virtqueue_filter' took 0.0 seconds {{(pid=93739) wrapper /opt/stack/nova/nova/scheduler/request_filter.py:46}}
