Aug 06 02:18:44.140939 np0000006608 devstack@neutron-api.service[87966]: DEBUG neutron.common.ovn.hash_ring_manager [None req-be4aa12e-a248-4a9e-b373-ae4e438e76c4 None None] Hash Ring loaded. 3 active nodes. 0 offline nodes {{(pid=87966) _load_hash_ring /opt/stack/neutron/neutron/common/ovn/hash_ring_manager.py:110}}
Aug 06 02:18:44.143316 np0000006608 devstack@neutron-api.service[87967]: DEBUG neutron.common.ovn.hash_ring_manager [None req-3dc2a4a3-bfd8-48d6-8dcb-3b092f49eb9e None None] Hash Ring loaded. 3 active nodes. 0 offline nodes {{(pid=87967) _load_hash_ring /opt/stack/neutron/neutron/common/ovn/hash_ring_manager.py:110}}
Aug 06 02:18:44.143845 np0000006608 devstack@neutron-api.service[87968]: DEBUG neutron.common.ovn.hash_ring_manager [None req-87229004-d9ea-4dc4-b7bc-fd1b3812fd1f None None] Hash Ring loaded. 3 active nodes. 0 offline nodes {{(pid=87968) _load_hash_ring /opt/stack/neutron/neutron/common/ovn/hash_ring_manager.py:110}}
Aug 06 02:18:44.144028 np0000006608 devstack@neutron-api.service[87966]: DEBUG neutron.common.ovn.hash_ring_manager [None req-561f81d7-8fa0-44e1-b67d-4d2d34e70cf3 None None] Hash Ring loaded. 3 active nodes. 0 offline nodes {{(pid=87966) _load_hash_ring /opt/stack/neutron/neutron/common/ovn/hash_ring_manager.py:110}}
Aug 06 02:18:44.144232 np0000006608 devstack@neutron-api.service[87968]: DEBUG neutron.common.ovn.hash_ring_manager [None req-aa74408c-6932-489d-86a0-4e1a57c5cda1 None None] Hash Ring loaded. 3 active nodes. 0 offline nodes {{(pid=87968) _load_hash_ring /opt/stack/neutron/neutron/common/ovn/hash_ring_manager.py:110}}
Aug 06 02:18:44.144528 np0000006608 devstack@neutron-api.service[87968]: DEBUG neutron.plugins.ml2.drivers.ovn.mech_driver.ovsdb.ovsdb_monitor [None req-87229004-d9ea-4dc4-b7bc-fd1b3812fd1f None None] Hash Ring: Node a90ee81d38445847a8fa4e055c125347 (host: np0000006608) handling event "update" for row c85ef61a-f85a-438e-a2d1-51bbbe180708 (table: NB_Global) {{(pid=87968) notify /opt/stack/neutron/neutron/plugins/ml2/drivers/ovn/mech_driver/ovsdb/ovsdb_monitor.py:1099}}
Aug 06 02:18:44.144785 np0000006608 devstack@neutron-api.service[87967]: DEBUG neutron.common.ovn.hash_ring_manager [None req-a32ee211-046e-47a8-ae85-a384126380ea None None] Hash Ring loaded. 3 active nodes. 0 offline nodes {{(pid=87967) _load_hash_ring /opt/stack/neutron/neutron/common/ovn/hash_ring_manager.py:110}}
Aug 06 02:18:44.144955 np0000006608 devstack@neutron-api.service[87967]: DEBUG neutron.plugins.ml2.drivers.ovn.mech_driver.ovsdb.ovsdb_monitor [None req-a32ee211-046e-47a8-ae85-a384126380ea None None] Hash Ring: Node 1c0826b7d986576bbc6c85e008a62974 (host: np0000006608) handling event "update" for row ed0eddaf-9cee-43c4-bd74-fa76813f91c6 (table: Chassis_Private) {{(pid=87967) notify /opt/stack/neutron/neutron/plugins/ml2/drivers/ovn/mech_driver/ovsdb/ovsdb_monitor.py:1099}}
Aug 06 02:18:44.145152 np0000006608 devstack@neutron-api.service[87968]: DEBUG neutron.plugins.ml2.drivers.ovn.mech_driver.ovsdb.ovsdb_monitor [None req-87229004-d9ea-4dc4-b7bc-fd1b3812fd1f None None] Hash Ring: Node a90ee81d38445847a8fa4e055c125347 (host: np0000006608) handling event "update" for row c85ef61a-f85a-438e-a2d1-51bbbe180708 (table: NB_Global) {{(pid=87968) notify /opt/stack/neutron/neutron/plugins/ml2/drivers/ovn/mech_driver/ovsdb/ovsdb_monitor.py:1099}}
Aug 06 02:18:44.145846 np0000006608 devstack@neutron-api.service[87968]: DEBUG neutron.plugins.ml2.drivers.ovn.mech_driver.ovsdb.ovsdb_monitor [None req-87229004-d9ea-4dc4-b7bc-fd1b3812fd1f None None] Hash Ring: Node a90ee81d38445847a8fa4e055c125347 (host: np0000006608) handling event "update" for row c85ef61a-f85a-438e-a2d1-51bbbe180708 (table: NB_Global) {{(pid=87968) notify /opt/stack/neutron/neutron/plugins/ml2/drivers/ovn/mech_driver/ovsdb/ovsdb_monitor.py:1099}}
Aug 06 02:18:44.146363 np0000006608 devstack@neutron-api.service[87968]: DEBUG neutron.plugins.ml2.drivers.ovn.mech_driver.ovsdb.ovsdb_monitor [None req-87229004-d9ea-4dc4-b7bc-fd1b3812fd1f None None] Hash Ring: Node a90ee81d38445847a8fa4e055c125347 (host: np0000006608) handling event "update" for row c85ef61a-f85a-438e-a2d1-51bbbe180708 (table: NB_Global) {{(pid=87968) notify /opt/stack/neutron/neutron/plugins/ml2/drivers/ovn/mech_driver/ovsdb/ovsdb_monitor.py:1099}}
Aug 06 02:18:44.146544 np0000006608 devstack@neutron-api.service[87966]: DEBUG neutron.api.rpc.callbacks.version_manager [None req-71009cf3-7565-41bb-a285-fa69121c03eb admin admin] Tracked resource versions report:
Aug 06 02:18:44.146544 np0000006608 devstack@neutron-api.service[87966]: pushed versions:
Aug 06 02:18:44.146544 np0000006608 devstack@neutron-api.service[87966]: { 'AddressGroup': {'1.2'},
Aug 06 02:18:44.146544 np0000006608 devstack@neutron-api.service[87966]: 'Agent': {'1.1'},
Aug 06 02:18:44.146544 np0000006608 devstack@neutron-api.service[87966]: 'ConntrackHelper': {'1.0'},
Aug 06 02:18:44.146544 np0000006608 devstack@neutron-api.service[87966]: 'LocalIPAssociation': {'1.0'},
Aug 06 02:18:44.146544 np0000006608 devstack@neutron-api.service[87966]: 'Log': {'1.0'},
Aug 06 02:18:44.146544 np0000006608 devstack@neutron-api.service[87966]: 'NDPProxy': {'1.0'},
Aug 06 02:18:44.146544 np0000006608 devstack@neutron-api.service[87966]: 'Network': {'1.3'},
Aug 06 02:18:44.146544 np0000006608 devstack@neutron-api.service[87966]: 'Port': {'1.11'},
Aug 06 02:18:44.146544 np0000006608 devstack@neutron-api.service[87966]: 'PortForwarding': {'1.3'},
Aug 06 02:18:44.146544 np0000006608 devstack@neutron-api.service[87966]: 'QosPolicy': {'1.10'},
Aug 06 02:18:44.146544 np0000006608 devstack@neutron-api.service[87966]: 'SecurityGroup': {'1.6'},
Aug 06 02:18:44.146544 np0000006608 devstack@neutron-api.service[87966]: 'SecurityGroupRule': {'1.3'},
Aug 06 02:18:44.146544 np0000006608 devstack@neutron-api.service[87966]: 'SubPort': {'1.0'},
Aug 06 02:18:44.146544 np0000006608 devstack@neutron-api.service[87966]: 'Subnet': {'1.2'},
Aug 06 02:18:44.146544 np0000006608 devstack@neutron-api.service[87966]: 'Trunk': {'1.1'}}
Aug 06 02:18:44.146544 np0000006608 devstack@neutron-api.service[87966]: consumer versions:
Aug 06 02:18:44.146544 np0000006608 devstack@neutron-api.service[87966]: { OVN Neutron agent@np0000006608: {},
Aug 06 02:18:44.146544 np0000006608 devstack@neutron-api.service[87966]: OVN Controller Gateway agent@np0000006608: {}}
Aug 06 02:18:44.146544 np0000006608 devstack@neutron-api.service[87966]: {{(pid=87966) report /opt/stack/neutron/neutron/api/rpc/callbacks/version_manager.py:183}}
Aug 06 02:18:44.153368 np0000006608 devstack@neutron-api.service[87966]: DEBUG ovsdbapp.backend.ovs_idl.transaction [None req-be4aa12e-a248-4a9e-b373-ae4e438e76c4 None None] Running txn n=1 command(idx=0): AddNetworkCommand(_result=None, network_uuid=f93afb1a-d912-440f-af98-81200cd1ea42, may_exist=True, columns={'external_ids': {'neutron:network_name': 'shared', 'neutron:mtu': '1372', 'neutron:revision_number': '1', 'neutron:availability_zone_hints': '', 'neutron:provnet-network-type': 'geneve'}, 'other_config': {'mcast_snoop': 'false', 'mcast_flood_unregistered': 'false', 'vlan-passthru': 'false'}}) {{(pid=87966) do_commit /opt/stack/data/venv/lib/python3.12/site-packages/ovsdbapp/backend/ovs_idl/transaction.py:89}}
Aug 06 02:18:44.156705 np0000006608 devstack@neutron-api.service[87968]: DEBUG neutron.plugins.ml2.drivers.ovn.mech_driver.ovsdb.ovsdb_monitor [None req-87229004-d9ea-4dc4-b7bc-fd1b3812fd1f None None] Hash Ring: Node a90ee81d38445847a8fa4e055c125347 (host: np0000006608) handling event "create" for row f93afb1a-d912-440f-af98-81200cd1ea42 (table: Logical_Switch) {{(pid=87968) notify /opt/stack/neutron/neutron/plugins/ml2/drivers/ovn/mech_driver/ovsdb/ovsdb_monitor.py:1099}}
Aug 06 02:18:44.158662 np0000006608 devstack@neutron-api.service[87968]: DEBUG neutron.plugins.ml2.drivers.ovn.mech_driver.ovsdb.ovsdb_monitor [None req-aa74408c-6932-489d-86a0-4e1a57c5cda1 None None] Hash Ring: Node a90ee81d38445847a8fa4e055c125347 (host: np0000006608) handling event "create" for row ca42000e-2178-4502-a947-8257cb015339 (table: Datapath_Binding) {{(pid=87968) notify /opt/stack/neutron/neutron/plugins/ml2/drivers/ovn/mech_driver/ovsdb/ovsdb_monitor.py:1099}}
Aug 06 02:18:44.171967 np0000006608 devstack@neutron-api.service[87966]: INFO neutron.db.ovn_revision_numbers_db [None req-71009cf3-7565-41bb-a285-fa69121c03eb admin admin] Successfully bumped revision number for resource f93afb1a-d912-440f-af98-81200cd1ea42 (type: networks) to 1
Aug 06 02:18:44.181369 np0000006608 devstack@neutron-api.service[87966]: DEBUG neutron_lib.callbacks.manager [None req-71009cf3-7565-41bb-a285-fa69121c03eb admin admin] Publish callbacks ['neutron.plugins.ml2.plugin.SecurityGroupDbMixin._ensure_default_security_group_handler-230437'] for port (None), before_create {{(pid=87966) _notify_loop /opt/stack/data/venv/lib/python3.12/site-packages/neutron_lib/callbacks/manager.py:184}}
Aug 06 02:18:44.233375 np0000006608 devstack@neutron-api.service[87966]: DEBUG neutron_lib.callbacks.manager [None req-71009cf3-7565-41bb-a285-fa69121c03eb admin admin] Publish callbacks ['neutron.plugins.ml2.drivers.ovn.mech_driver.mech_driver.OVNMechanismDriver._validate_allowed_address_pairs-459220'] for allowed_address_pair (7915e9bb-cf20-4ea1-b52f-6fdd9591bfa0), before_create {{(pid=87966) _notify_loop /opt/stack/data/venv/lib/python3.12/site-packages/neutron_lib/callbacks/manager.py:184}}
Aug 06 02:18:44.233879 np0000006608 devstack@neutron-api.service[87966]: DEBUG neutron_lib.callbacks.manager [None req-71009cf3-7565-41bb-a285-fa69121c03eb admin admin] Publish callbacks [] for port (7915e9bb-cf20-4ea1-b52f-6fdd9591bfa0), precommit_create {{(pid=87966) _notify_loop /opt/stack/data/venv/lib/python3.12/site-packages/neutron_lib/callbacks/manager.py:184}}
Aug 06 02:18:44.234063 np0000006608 devstack@neutron-api.service[87966]: DEBUG neutron.plugins.ml2.drivers.ovn.mech_driver.mech_driver [None req-71009cf3-7565-41bb-a285-fa69121c03eb admin admin] No provisioning block for port 7915e9bb-cf20-4ea1-b52f-6fdd9591bfa0 since it does not have a host {{(pid=87966) _is_port_provisioning_required /opt/stack/neutron/neutron/plugins/ml2/drivers/ovn/mech_driver/mech_driver.py:899}}
Aug 06 02:18:44.234181 np0000006608 devstack@neutron-api.service[87966]: DEBUG neutron.db.ovn_revision_numbers_db [None req-71009cf3-7565-41bb-a285-fa69121c03eb admin admin] create_initial_revision uuid=7915e9bb-cf20-4ea1-b52f-6fdd9591bfa0, type=ports, rev=-1 {{(pid=87966) create_initial_revision /opt/stack/neutron/neutron/db/ovn_revision_numbers_db.py:98}}
Aug 06 02:18:44.257633 np0000006608 devstack@neutron-api.service[87966]: DEBUG neutron_lib.callbacks.manager [None req-71009cf3-7565-41bb-a285-fa69121c03eb admin admin] Publish callbacks ['neutron.plugins.ml2.ovo_rpc._ObjectChangeHandler.handle_event-2603216'] for port (7915e9bb-cf20-4ea1-b52f-6fdd9591bfa0), after_create {{(pid=87966) _notify_loop /opt/stack/data/venv/lib/python3.12/site-packages/neutron_lib/callbacks/manager.py:184}}
Aug 06 02:18:44.287027 np0000006608 devstack@neutron-api.service[87966]: DEBUG neutron.api.rpc.handlers.resources_rpc [None req-71009cf3-7565-41bb-a285-fa69121c03eb admin admin] Pushing event updated for resources: {'Port': ['ID=7915e9bb-cf20-4ea1-b52f-6fdd9591bfa0,revision_number=1']} {{(pid=87966) push /opt/stack/neutron/neutron/api/rpc/handlers/resources_rpc.py:237}}
Aug 06 02:18:44.291330 np0000006608 devstack@neutron-api.service[87966]: DEBUG neutron.plugins.ml2.drivers.ovn.mech_driver.ovsdb.commands [None req-71009cf3-7565-41bb-a285-fa69121c03eb admin admin] Converting tag [] to a tag_request {{(pid=87966) _tag_column_to_tag_request /opt/stack/neutron/neutron/plugins/ml2/drivers/ovn/mech_driver/ovsdb/commands.py:227}}
Aug 06 02:18:44.291847 np0000006608 devstack@neutron-api.service[87966]: DEBUG ovsdbapp.backend.ovs_idl.transaction [None req-be4aa12e-a248-4a9e-b373-ae4e438e76c4 None None] Running txn n=1 command(idx=0): AddLSwitchPortCommand(_result=None, lport=7915e9bb-cf20-4ea1-b52f-6fdd9591bfa0, lswitch=neutron-f93afb1a-d912-440f-af98-81200cd1ea42, may_exist=True, network_uuid=f93afb1a-d912-440f-af98-81200cd1ea42, columns={'addresses': ['fa:16:3e:01:f9:0b'], 'external_ids': {'neutron:port_name': '', 'neutron:device_id': 'ovnmeta-f93afb1a-d912-440f-af98-81200cd1ea42', 'neutron:project_id': 'b3ee11096f284efeb0b74ea46f815dab', 'neutron:cidrs': '', 'neutron:device_owner': 'network:distributed', 'neutron:subnet_pool_addr_scope4': '', 'neutron:subnet_pool_addr_scope6': '', 'neutron:network_name': 'neutron-f93afb1a-d912-440f-af98-81200cd1ea42', 'neutron:security_group_ids': '', 'neutron:revision_number': '1', 'neutron:vnic_type': 'normal', 'neutron:port_capabilities': '', 'neutron:mtu': '1372'}, 'parent_name': [], 'enabled': True, 'options': {}, 'type': 'localport', 'port_security': [], 'dhcpv4_options': [], 'dhcpv6_options': [], 'tag_request': []}) {{(pid=87966) do_commit /opt/stack/data/venv/lib/python3.12/site-packages/ovsdbapp/backend/ovs_idl/transaction.py:89}}
Aug 06 02:18:44.292298 np0000006608 devstack@neutron-api.service[87966]: DEBUG ovsdbapp.backend.ovs_idl.transaction [None req-be4aa12e-a248-4a9e-b373-ae4e438e76c4 None None] Running txn n=1 command(idx=1): QoSDelCommand(_result=None, switch=neutron-f93afb1a-d912-440f-af98-81200cd1ea42, conditions=[('direction', '=', 'to-lport'), ('priority', '=', 2002), ('match', '=', 'outport == "7915e9bb-cf20-4ea1-b52f-6fdd9591bfa0"')], if_exists=True) {{(pid=87966) do_commit /opt/stack/data/venv/lib/python3.12/site-packages/ovsdbapp/backend/ovs_idl/transaction.py:89}}
Aug 06 02:18:44.292499 np0000006608 devstack@neutron-api.service[87966]: DEBUG ovsdbapp.backend.ovs_idl.transaction [None req-be4aa12e-a248-4a9e-b373-ae4e438e76c4 None None] Running txn n=1 command(idx=2): QoSDelCommand(_result=None, switch=neutron-f93afb1a-d912-440f-af98-81200cd1ea42, conditions=[('direction', '=', 'from-lport'), ('priority', '=', 2002), ('match', '=', 'inport == "7915e9bb-cf20-4ea1-b52f-6fdd9591bfa0"')], if_exists=True) {{(pid=87966) do_commit /opt/stack/data/venv/lib/python3.12/site-packages/ovsdbapp/backend/ovs_idl/transaction.py:89}}
Aug 06 02:18:44.298621 np0000006608 devstack@neutron-api.service[87968]: DEBUG neutron.plugins.ml2.drivers.ovn.mech_driver.ovsdb.ovsdb_monitor [None req-87229004-d9ea-4dc4-b7bc-fd1b3812fd1f None None] Hash Ring: Node a90ee81d38445847a8fa4e055c125347 (host: np0000006608) handling event "update" for row f93afb1a-d912-440f-af98-81200cd1ea42 (table: Logical_Switch) {{(pid=87968) notify /opt/stack/neutron/neutron/plugins/ml2/drivers/ovn/mech_driver/ovsdb/ovsdb_monitor.py:1099}}
Aug 06 02:18:44.298902 np0000006608 devstack@neutron-api.service[87968]: DEBUG neutron.plugins.ml2.drivers.ovn.mech_driver.ovsdb.ovsdb_monitor [None req-87229004-d9ea-4dc4-b7bc-fd1b3812fd1f None None] Hash Ring: Node a90ee81d38445847a8fa4e055c125347 (host: np0000006608) handling event "create" for row c23aa3d6-242e-405f-a5c9-fe27ae085ed8 (table: Logical_Switch_Port) {{(pid=87968) notify /opt/stack/neutron/neutron/plugins/ml2/drivers/ovn/mech_driver/ovsdb/ovsdb_monitor.py:1099}}
Aug 06 02:18:44.300554 np0000006608 devstack@neutron-api.service[87968]: DEBUG ovsdbapp.backend.ovs_idl.event [None req-87229004-d9ea-4dc4-b7bc-fd1b3812fd1f None None] Matched CREATE: LogicalSwitchPortCreateEvent(events=('create',), table='Logical_Switch_Port', conditions=[], old_conditions=None), priority=20 to row=Logical_Switch_Port(uuid=c23aa3d6-242e-405f-a5c9-fe27ae085ed8, addresses=['fa:16:3e:01:f9:0b'], dhcpv4_options=[], dhcpv6_options=[], dynamic_addresses=[], enabled=True, external_ids={'neutron:cidrs': '', 'neutron:device_id': 'ovnmeta-f93afb1a-d912-440f-af98-81200cd1ea42', 'neutron:device_owner': 'network:distributed', 'neutron:mtu': '1372', 'neutron:network_name': 'neutron-f93afb1a-d912-440f-af98-81200cd1ea42', 'neutron:port_capabilities': '', 'neutron:port_name': '', 'neutron:project_id': 'b3ee11096f284efeb0b74ea46f815dab', 'neutron:revision_number': '1', 'neutron:security_group_ids': '', 'neutron:subnet_pool_addr_scope4': '', 'neutron:subnet_pool_addr_scope6': '', 'neutron:vnic_type': 'normal'}, ha_chassis_group=[], mirror_rules=[], name='7915e9bb-cf20-4ea1-b52f-6fdd9591bfa0', options={}, parent_name=[], port_security=[], tag=[], tag_request=[], type='localport', up=[]) old= {{(pid=87968) matches /opt/stack/data/venv/lib/python3.12/site-packages/ovsdbapp/backend/ovs_idl/event.py:55}}
Aug 06 02:18:44.303260 np0000006608 devstack@neutron-api.service[87968]: DEBUG neutron.plugins.ml2.drivers.ovn.mech_driver.ovsdb.ovsdb_monitor [None req-aa74408c-6932-489d-86a0-4e1a57c5cda1 None None] Hash Ring: Node a90ee81d38445847a8fa4e055c125347 (host: np0000006608) handling event "create" for row 9619e734-729d-4ef4-b213-36304fbd0de3 (table: Port_Binding) {{(pid=87968) notify /opt/stack/neutron/neutron/plugins/ml2/drivers/ovn/mech_driver/ovsdb/ovsdb_monitor.py:1099}}
Aug 06 02:18:44.303915 np0000006608 devstack@neutron-api.service[87968]: INFO neutron.plugins.ml2.drivers.ovn.mech_driver.mech_driver [None req-9b5fd62d-4bc5-469e-abfd-a0c1b5c67666 None None] OVN reports status down for port: 7915e9bb-cf20-4ea1-b52f-6fdd9591bfa0
Aug 06 02:18:44.304202 np0000006608 devstack@neutron-api.service[87968]: DEBUG neutron.plugins.ml2.drivers.ovn.mech_driver.ovsdb.ovsdb_monitor [None req-87229004-d9ea-4dc4-b7bc-fd1b3812fd1f None None] Hash Ring: Node a90ee81d38445847a8fa4e055c125347 (host: np0000006608) handling event "update" for row c23aa3d6-242e-405f-a5c9-fe27ae085ed8 (table: Logical_Switch_Port) {{(pid=87968) notify /opt/stack/neutron/neutron/plugins/ml2/drivers/ovn/mech_driver/ovsdb/ovsdb_monitor.py:1099}}
Aug 06 02:18:44.324231 np0000006608 devstack@neutron-api.service[87968]: DEBUG neutron.db.provisioning_blocks [None req-9b5fd62d-4bc5-469e-abfd-a0c1b5c67666 None None] Transition to ACTIVE for port object 7915e9bb-cf20-4ea1-b52f-6fdd9591bfa0 will not be triggered until provisioned by entity L2. {{(pid=87968) add_provisioning_component /opt/stack/neutron/neutron/db/provisioning_blocks.py:74}}
Aug 06 02:18:44.329758 np0000006608 devstack@neutron-api.service[87966]: INFO neutron.db.ovn_revision_numbers_db [None req-71009cf3-7565-41bb-a285-fa69121c03eb admin admin] Successfully bumped revision number for resource 7915e9bb-cf20-4ea1-b52f-6fdd9591bfa0 (type: ports) to 1
Aug 06 02:18:44.339907 np0000006608 devstack@neutron-api.service[87966]: DEBUG neutron.pecan_wsgi.hooks.policy_enforcement [None req-71009cf3-7565-41bb-a285-fa69121c03eb admin admin] Attributes excluded by policy engine: ['standard_attr_id'] {{(pid=87966) _exclude_attributes_by_policy /opt/stack/neutron/neutron/pecan_wsgi/hooks/policy_enforcement.py:259}}
Aug 06 02:18:44.340197 np0000006608 devstack@neutron-api.service[87966]: DEBUG neutron_lib.callbacks.manager [None req-71009cf3-7565-41bb-a285-fa69121c03eb admin admin] Publish callbacks [] for network (None), before_response {{(pid=87966) _notify_loop /opt/stack/data/venv/lib/python3.12/site-packages/neutron_lib/callbacks/manager.py:184}}
Aug 06 02:18:44.340444 np0000006608 devstack@neutron-api.service[87968]: DEBUG neutron.plugins.ml2.plugin [None req-9b5fd62d-4bc5-469e-abfd-a0c1b5c67666 None None] Current status of the port 7915e9bb-cf20-4ea1-b52f-6fdd9591bfa0 is: DOWN; New status is: DOWN {{(pid=87968) _update_individual_port_db_status /opt/stack/neutron/neutron/plugins/ml2/plugin.py:2473}}
Aug 06 02:18:44.341489 np0000006608 devstack@neutron-api.service[87968]: DEBUG ovsdbapp.backend.ovs_idl.transaction [None req-87229004-d9ea-4dc4-b7bc-fd1b3812fd1f None None] Running txn n=1 command(idx=0): DbRemoveCommand(_result=None, table=Logical_Switch_Port, record=7915e9bb-cf20-4ea1-b52f-6fdd9591bfa0, column=external_ids, values=('neutron:host_id',), keyvalues={}, if_exists=True) {{(pid=87968) do_commit /opt/stack/data/venv/lib/python3.12/site-packages/ovsdbapp/backend/ovs_idl/transaction.py:89}}
Aug 06 02:18:44.349642 np0000006608 devstack@neutron-api.service[87966]: [pid: 87966|app: 0|req: 12/37] 10.4.3.106 () {68 vars in 1326 bytes} [Thu Aug 6 02:18:44 2026] POST /networking/v2.0/networks => generated 679 bytes in 348 msecs (HTTP/1.1 201) 4 headers in 162 bytes (1 switches on core 0)
Aug 06 02:18:44.543657 np0000006608 devstack@neutron-api.service[87967]: INFO neutron.pecan_wsgi.hooks.translation [None req-6d6b8fa9-c9f7-42f0-afe3-fd0617675f2b admin admin] GET failed (client error): The resource could not be found.
Aug 06 02:18:44.544145 np0000006608 devstack@neutron-api.service[87967]: [pid: 87967|app: 0|req: 14/38] 10.4.3.106 () {64 vars in 1294 bytes} [Thu Aug 6 02:18:44 2026] GET /networking/v2.0/networks/shared => generated 108 bytes in 7 msecs (HTTP/1.1 404) 4 headers in 164 bytes (1 switches on core 0)
Aug 06 02:18:44.568837 np0000006608 devstack@neutron-api.service[87968]: DEBUG neutron.pecan_wsgi.hooks.policy_enforcement [None req-993ed2c9-72cf-4e40-95c6-2740d7f5f7e2 admin admin] Attributes excluded by policy engine: ['standard_attr_id'] {{(pid=87968) _exclude_attributes_by_policy /opt/stack/neutron/neutron/pecan_wsgi/hooks/policy_enforcement.py:259}}
Aug 06 02:18:44.569902 np0000006608 devstack@neutron-api.service[87968]: [pid: 87968|app: 0|req: 13/39] 10.4.3.106 () {64 vars in 1309 bytes} [Thu Aug 6 02:18:44 2026] GET /networking/v2.0/networks?name=shared => generated 663 bytes in 20 msecs (HTTP/1.1 200) 4 headers in 157 bytes (1 switches on core 0)
Aug 06 02:18:44.580045 np0000006608 devstack@neutron-api.service[87966]: DEBUG neutron.api.v2.base [None req-657e45e5-8020-4c01-88e9-99f3f4e5501e admin admin] Request body: {'subnet': {'network_id': 'f93afb1a-d912-440f-af98-81200cd1ea42', 'name': 'shared-subnet', 'description': 'shared-subnet', 'cidr': '192.168.233.0/24', 'ip_version': 4}} {{(pid=87966) prepare_request_body /opt/stack/neutron/neutron/api/v2/base.py:727}}
Aug 06 02:18:44.596699 np0000006608 devstack@neutron-api.service[87966]: DEBUG neutron.pecan_wsgi.hooks.quota_enforcement [None req-657e45e5-8020-4c01-88e9-99f3f4e5501e admin admin] Made reservation on behalf of b3ee11096f284efeb0b74ea46f815dab for: {'subnet': 1} {{(pid=87966) before /opt/stack/neutron/neutron/pecan_wsgi/hooks/quota_enforcement.py:66}}
Aug 06 02:18:44.599039 np0000006608 devstack@neutron-api.service[87966]: DEBUG neutron_lib.callbacks.manager [None req-657e45e5-8020-4c01-88e9-99f3f4e5501e admin admin] Publish callbacks [] for subnet (None), before_create {{(pid=87966) _notify_loop /opt/stack/data/venv/lib/python3.12/site-packages/neutron_lib/callbacks/manager.py:184}}
Aug 06 02:18:44.648588 np0000006608 devstack@neutron-api.service[87966]: DEBUG neutron.db.ovn_revision_numbers_db [None req-657e45e5-8020-4c01-88e9-99f3f4e5501e admin admin] create_initial_revision uuid=ba3c481d-edad-4ea7-bf28-6dcc07884183, type=subnets, rev=-1 {{(pid=87966) create_initial_revision /opt/stack/neutron/neutron/db/ovn_revision_numbers_db.py:98}}
Aug 06 02:18:44.652141 np0000006608 devstack@neutron-api.service[87966]: DEBUG neutron_lib.callbacks.manager [None req-657e45e5-8020-4c01-88e9-99f3f4e5501e admin admin] Publish callbacks ['neutron.plugins.ml2.ovo_rpc._ObjectChangeHandler.handle_event-2603229'] for subnet (ba3c481d-edad-4ea7-bf28-6dcc07884183), after_create {{(pid=87966) _notify_loop /opt/stack/data/venv/lib/python3.12/site-packages/neutron_lib/callbacks/manager.py:184}}
Aug 06 02:18:44.663909 np0000006608 devstack@neutron-api.service[87966]: DEBUG neutron.api.rpc.handlers.resources_rpc [None req-657e45e5-8020-4c01-88e9-99f3f4e5501e admin admin] Pushing event updated for resources: {'Subnet': ['ID=ba3c481d-edad-4ea7-bf28-6dcc07884183,revision_number=0']} {{(pid=87966) push /opt/stack/neutron/neutron/api/rpc/handlers/resources_rpc.py:237}}
Aug 06 02:18:44.703927 np0000006608 devstack@neutron-api.service[87966]: DEBUG neutron_lib.callbacks.manager [None req-657e45e5-8020-4c01-88e9-99f3f4e5501e admin admin] Publish callbacks ['neutron.plugins.ml2.plugin.SecurityGroupDbMixin._ensure_default_security_group_handler-230437', 'neutron.services.ovn_l3.plugin.OVNL3RouterPlugin._port_update-8132946272420', 'neutron.db.l3_db.L3_NAT_dbonly_mixin._prevent_internal_ip_change_for_fip-8132947778654'] for port (7915e9bb-cf20-4ea1-b52f-6fdd9591bfa0), before_update {{(pid=87966) _notify_loop /opt/stack/data/venv/lib/python3.12/site-packages/neutron_lib/callbacks/manager.py:184}}
Aug 06 02:18:44.777665 np0000006608 devstack@neutron-api.service[87966]: DEBUG neutron.db.db_base_plugin_common [None req-657e45e5-8020-4c01-88e9-99f3f4e5501e admin admin] Allocated IP 192.168.233.2 (f93afb1a-d912-440f-af98-81200cd1ea42/ba3c481d-edad-4ea7-bf28-6dcc07884183/7915e9bb-cf20-4ea1-b52f-6fdd9591bfa0) {{(pid=87966) _store_ip_allocation /opt/stack/neutron/neutron/db/db_base_plugin_common.py:131}}
Aug 06 02:18:44.836437 np0000006608 devstack@neutron-api.service[87966]: DEBUG neutron_lib.callbacks.manager [None req-657e45e5-8020-4c01-88e9-99f3f4e5501e admin admin] Publish callbacks [] for port (7915e9bb-cf20-4ea1-b52f-6fdd9591bfa0), precommit_update {{(pid=87966) _notify_loop /opt/stack/data/venv/lib/python3.12/site-packages/neutron_lib/callbacks/manager.py:184}}
Aug 06 02:18:44.836654 np0000006608 devstack@neutron-api.service[87966]: DEBUG neutron.plugins.ml2.drivers.ovn.mech_driver.mech_driver [None req-657e45e5-8020-4c01-88e9-99f3f4e5501e admin admin] No provisioning block for port 7915e9bb-cf20-4ea1-b52f-6fdd9591bfa0 since it does not have a host {{(pid=87966) _is_port_provisioning_required /opt/stack/neutron/neutron/plugins/ml2/drivers/ovn/mech_driver/mech_driver.py:899}}
Aug 06 02:18:44.846005 np0000006608 devstack@neutron-api.service[87966]: DEBUG neutron_lib.callbacks.manager [None req-657e45e5-8020-4c01-88e9-99f3f4e5501e admin admin] Publish callbacks ['neutron.plugins.ml2.ovo_rpc._ObjectChangeHandler.handle_event-2603216', 'neutron.services.ovn_l3.plugin.OVNL3RouterPlugin._port_update-8132946272420'] for port (7915e9bb-cf20-4ea1-b52f-6fdd9591bfa0), after_update {{(pid=87966) _notify_loop /opt/stack/data/venv/lib/python3.12/site-packages/neutron_lib/callbacks/manager.py:184}}
Aug 06 02:18:44.873793 np0000006608 devstack@neutron-api.service[87966]: DEBUG neutron.api.rpc.handlers.resources_rpc [None req-657e45e5-8020-4c01-88e9-99f3f4e5501e admin admin] Pushing event updated for resources: {'Port': ['ID=7915e9bb-cf20-4ea1-b52f-6fdd9591bfa0,revision_number=2']} {{(pid=87966) push /opt/stack/neutron/neutron/api/rpc/handlers/resources_rpc.py:237}}
Aug 06 02:18:44.956636 np0000006608 devstack@neutron-api.service[87966]: DEBUG neutron.plugins.ml2.drivers.ovn.mech_driver.ovsdb.commands [None req-657e45e5-8020-4c01-88e9-99f3f4e5501e admin admin] Converting tag [] to a tag_request {{(pid=87966) _tag_column_to_tag_request /opt/stack/neutron/neutron/plugins/ml2/drivers/ovn/mech_driver/ovsdb/commands.py:227}}
Aug 06 02:18:44.957186 np0000006608 devstack@neutron-api.service[87966]: DEBUG ovsdbapp.backend.ovs_idl.transaction [None req-be4aa12e-a248-4a9e-b373-ae4e438e76c4 None None] Running txn n=1 command(idx=0): CheckRevisionNumberCommand(_result=None, name=7915e9bb-cf20-4ea1-b52f-6fdd9591bfa0, resource={'id': '7915e9bb-cf20-4ea1-b52f-6fdd9591bfa0', 'name': '', 'network_id': 'f93afb1a-d912-440f-af98-81200cd1ea42', 'project_id': 'b3ee11096f284efeb0b74ea46f815dab', 'mac_address': 'fa:16:3e:01:f9:0b', 'admin_state_up': True, 'status': 'DOWN', 'device_id': 'ovnmeta-f93afb1a-d912-440f-af98-81200cd1ea42', 'device_owner': 'network:distributed', 'standard_attr_id': 28, 'fixed_ips': [{'subnet_id': 'ba3c481d-edad-4ea7-bf28-6dcc07884183', 'ip_address': '192.168.233.2'}], 'allowed_address_pairs': [], 'extra_dhcp_opts': [], 'security_groups': [], 'description': '', 'binding:vnic_type': 'normal', 'binding:profile': {}, 'binding:host_id': '', 'binding:vif_type': 'unbound', 'binding:vif_details': {}, 'port_security_enabled': False, 'tags': [], 'created_at': '2026-08-06T02:18:44Z', 'updated_at': '2026-08-06T02:18:44Z', 'revision_number': 2, 'tenant_id': 'b3ee11096f284efeb0b74ea46f815dab', 'network': {'id': 'f93afb1a-d912-440f-af98-81200cd1ea42', 'name': 'shared', 'tenant_id': 'b3ee11096f284efeb0b74ea46f815dab', 'project_id': 'b3ee11096f284efeb0b74ea46f815dab', 'admin_state_up': True, 'mtu': 1372, 'status': 'ACTIVE', 'subnets': ['ba3c481d-edad-4ea7-bf28-6dcc07884183'], 'standard_attr_id': 26, 'shared': True, 'availability_zone_hints': [], 'availability_zones': [], 'ipv4_address_scope': None, 'ipv6_address_scope': None, 'router:external': False, 'qinq': False, 'vlan_transparent': False, 'description': '', 'port_security_enabled': True, 'tags': [], 'created_at': '2026-08-06T02:18:44Z', 'updated_at': '2026-08-06T02:18:44Z', 'revision_number': 2, 'provider:network_type': 'geneve', 'provider:physical_network': None, 'provider:segmentation_id': 17382}}, resource_type=ports, if_exists=True) {{(pid=87966) do_commit /opt/stack/data/venv/lib/python3.12/site-packages/ovsdbapp/backend/ovs_idl/transaction.py:89}}
Aug 06 02:18:44.957446 np0000006608 devstack@neutron-api.service[87966]: DEBUG ovsdbapp.backend.ovs_idl.transaction [None req-be4aa12e-a248-4a9e-b373-ae4e438e76c4 None None] Running txn n=1 command(idx=1): AddDHCPOptionsCommand(_result=None, columns={'cidr': '192.168.233.0/24', 'options': {'server_id': '192.168.233.1', 'lease_time': '43200', 'mtu': '1372', 'router': '192.168.233.1', 'server_mac': 'fa:16:3e:03:3a:8b', 'dns_server': '{127.0.0.53}', 'classless_static_route': '{169.254.169.254/32,192.168.233.2, 0.0.0.0/0,192.168.233.1}'}, 'external_ids': {'subnet_id': 'ba3c481d-edad-4ea7-bf28-6dcc07884183', 'neutron:network_id': 'f93afb1a-d912-440f-af98-81200cd1ea42', 'neutron:revision_number': '0'}}, may_exist=True, subnet_id=ba3c481d-edad-4ea7-bf28-6dcc07884183, port_id=None, new_insert=False) {{(pid=87966) do_commit /opt/stack/data/venv/lib/python3.12/site-packages/ovsdbapp/backend/ovs_idl/transaction.py:89}}
Aug 06 02:18:44.957675 np0000006608 devstack@neutron-api.service[87966]: DEBUG ovsdbapp.backend.ovs_idl.transaction [None req-be4aa12e-a248-4a9e-b373-ae4e438e76c4 None None] Running txn n=1 command(idx=2): SetLSwitchPortCommand(_result=None, lport=7915e9bb-cf20-4ea1-b52f-6fdd9591bfa0, external_ids_update=None, columns={'external_ids': {'neutron:port_name': '', 'neutron:device_id': 'ovnmeta-f93afb1a-d912-440f-af98-81200cd1ea42', 'neutron:project_id': 'b3ee11096f284efeb0b74ea46f815dab', 'neutron:cidrs': '192.168.233.2/24', 'neutron:device_owner': 'network:distributed', 'neutron:subnet_pool_addr_scope4': '', 'neutron:subnet_pool_addr_scope6': '', 'neutron:network_name': 'neutron-f93afb1a-d912-440f-af98-81200cd1ea42', 'neutron:security_group_ids': '', 'neutron:revision_number': '2', 'neutron:vnic_type': 'normal', 'neutron:port_capabilities': '', 'neutron:mtu': '1372'}, 'parent_name': [], 'options': {}, 'enabled': True, 'port_security': [], 'dhcpv4_options': [], 'dhcpv6_options': [], 'type': 'localport', 'addresses': ['fa:16:3e:01:f9:0b 192.168.233.2'], 'ha_chassis_group': [], 'tag_request': []}, if_exists=False) {{(pid=87966) do_commit /opt/stack/data/venv/lib/python3.12/site-packages/ovsdbapp/backend/ovs_idl/transaction.py:89}}
Aug 06 02:18:44.958191 np0000006608 devstack@neutron-api.service[87966]: DEBUG ovsdbapp.backend.ovs_idl.transaction [None req-be4aa12e-a248-4a9e-b373-ae4e438e76c4 None None] Running txn n=1 command(idx=3): PgDelPortCommand(_result=None, port_group=neutron_pg_drop, lsp=['7915e9bb-cf20-4ea1-b52f-6fdd9591bfa0'], if_exists=False) {{(pid=87966) do_commit /opt/stack/data/venv/lib/python3.12/site-packages/ovsdbapp/backend/ovs_idl/transaction.py:89}}
Aug 06 02:18:44.976027 np0000006608 devstack@neutron-api.service[87966]: DEBUG neutron.plugins.ml2.drivers.ovn.mech_driver.ovsdb.ovsdb_monitor [None req-be4aa12e-a248-4a9e-b373-ae4e438e76c4 None None] Hash Ring: Node a8a4a858d7f652f6bd534e0efa0194ae (host: np0000006608) handling event "create" for row 37f1205e-44bb-4598-bf64-712ceafeca7a (table: DHCP_Options) {{(pid=87966) notify /opt/stack/neutron/neutron/plugins/ml2/drivers/ovn/mech_driver/ovsdb/ovsdb_monitor.py:1099}}
Aug 06 02:18:44.976097 np0000006608 devstack@neutron-api.service[87968]: DEBUG neutron.plugins.ml2.drivers.ovn.mech_driver.ovsdb.ovsdb_monitor [None req-87229004-d9ea-4dc4-b7bc-fd1b3812fd1f None None] Hash Ring: Node a90ee81d38445847a8fa4e055c125347 (host: np0000006608) handling event "update" for row c23aa3d6-242e-405f-a5c9-fe27ae085ed8 (table: Logical_Switch_Port) {{(pid=87968) notify /opt/stack/neutron/neutron/plugins/ml2/drivers/ovn/mech_driver/ovsdb/ovsdb_monitor.py:1099}}
Aug 06 02:18:44.980394 np0000006608 devstack@neutron-api.service[87968]: DEBUG neutron.plugins.ml2.drivers.ovn.mech_driver.ovsdb.ovsdb_monitor [None req-aa74408c-6932-489d-86a0-4e1a57c5cda1 None None] Hash Ring: Node a90ee81d38445847a8fa4e055c125347 (host: np0000006608) handling event "update" for row 9619e734-729d-4ef4-b213-36304fbd0de3 (table: Port_Binding) {{(pid=87968) notify /opt/stack/neutron/neutron/plugins/ml2/drivers/ovn/mech_driver/ovsdb/ovsdb_monitor.py:1099}}
Aug 06 02:18:45.001346 np0000006608 devstack@neutron-api.service[87966]: INFO neutron.db.ovn_revision_numbers_db [None req-657e45e5-8020-4c01-88e9-99f3f4e5501e admin admin] Successfully bumped revision number for resource 7915e9bb-cf20-4ea1-b52f-6fdd9591bfa0 (type: ports) to 2
Aug 06 02:18:45.008987 np0000006608 devstack@neutron-api.service[87966]: DEBUG neutron.plugins.ml2.plugin [None req-657e45e5-8020-4c01-88e9-99f3f4e5501e admin admin] In _notify_port_updated(), no bound segment for port 7915e9bb-cf20-4ea1-b52f-6fdd9591bfa0 on network f93afb1a-d912-440f-af98-81200cd1ea42 {{(pid=87966) _notify_port_updated /opt/stack/neutron/neutron/plugins/ml2/plugin.py:1041}}
Aug 06 02:18:45.022530 np0000006608 devstack@neutron-api.service[87966]: INFO neutron.db.ovn_revision_numbers_db [None req-657e45e5-8020-4c01-88e9-99f3f4e5501e admin admin] Successfully bumped revision number for resource ba3c481d-edad-4ea7-bf28-6dcc07884183 (type: subnets) to 0
Aug 06 02:18:45.023564 np0000006608 devstack@neutron-api.service[87966]: DEBUG neutron.pecan_wsgi.hooks.policy_enforcement [None req-657e45e5-8020-4c01-88e9-99f3f4e5501e admin admin] Attributes excluded by policy engine: ['standard_attr_id', 'shared', 'network'] {{(pid=87966) _exclude_attributes_by_policy /opt/stack/neutron/neutron/pecan_wsgi/hooks/policy_enforcement.py:259}}
Aug 06 02:18:45.023856 np0000006608 devstack@neutron-api.service[87966]: DEBUG neutron_lib.callbacks.manager [None req-657e45e5-8020-4c01-88e9-99f3f4e5501e admin admin] Publish callbacks [] for subnet (None), before_response {{(pid=87966) _notify_loop /opt/stack/data/venv/lib/python3.12/site-packages/neutron_lib/callbacks/manager.py:184}}
Aug 06 02:18:45.032138 np0000006608 devstack@neutron-api.service[87966]: [pid: 87966|app: 0|req: 13/40] 10.4.3.106 () {68 vars in 1324 bytes} [Thu Aug 6 02:18:44 2026] POST /networking/v2.0/subnets => generated 665 bytes in 454 msecs (HTTP/1.1 201) 4 headers in 162 bytes (1 switches on core 0)
Aug 06 02:18:54.076823 np0000006608 devstack@neutron-api.service[87967]: DEBUG futurist.periodics [-] Submitting periodic callback 'neutron.plugins.ml2.drivers.ovn.mech_driver.ovsdb.maintenance.HashRingHealthCheckPeriodics.touch_hash_ring_node' {{(pid=87967) _process_scheduled /opt/stack/data/venv/lib/python3.12/site-packages/futurist/periodics.py:784}}
Aug 06 02:18:54.077231 np0000006608 devstack@neutron-api.service[87967]: DEBUG neutron.plugins.ml2.drivers.ovn.mech_driver.ovsdb.maintenance [-] Touching Hash Ring node "1c0826b7d986576bbc6c85e008a62974" from periodic health check thread {{(pid=87967) touch_hash_ring_node /opt/stack/neutron/neutron/plugins/ml2/drivers/ovn/mech_driver/ovsdb/maintenance.py:1416}}
Aug 06 02:18:54.137062 np0000006608 devstack@neutron-api.service[87967]: DEBUG ovsdbapp.backend.ovs_idl.event [None req-a32ee211-046e-47a8-ae85-a384126380ea None None] Matched UPDATE: ChassisOVNAgentWriteEvent(events=('create', 'update'), table='Chassis_Private', conditions=None, old_conditions=None), priority=20 to row=Chassis_Private(uuid=ed0eddaf-9cee-43c4-bd74-fa76813f91c6, chassis=58adadac-f9cd-4726-980d-9371107385bf, external_ids={'neutron:ovn-bridge': 'br-int', 'neutron:ovn-neutron-agent-id': 'ea5628bb-6045-56ca-aef7-9347c74db149', 'neutron:ovn-neutron-agent-sb-cfg': '2'}, name='d0b62250-347c-450c-8ad1-76a2e5c9e44f', nb_cfg=2, nb_cfg_timestamp=1785982724130) old=Chassis_Private(uuid=ed0eddaf-9cee-43c4-bd74-fa76813f91c6, external_ids={'neutron:ovn-bridge': 'br-int', 'neutron:ovn-neutron-agent-id': 'ea5628bb-6045-56ca-aef7-9347c74db149', 'neutron:ovn-neutron-agent-sb-cfg': '1'}) {{(pid=87967) matches /opt/stack/data/venv/lib/python3.12/site-packages/ovsdbapp/backend/ovs_idl/event.py:55}}
Aug 06 02:18:54.138442 np0000006608 devstack@neutron-api.service[87968]: DEBUG ovsdbapp.backend.ovs_idl.event [None req-aa74408c-6932-489d-86a0-4e1a57c5cda1 None None] Matched UPDATE: ChassisOVNAgentWriteEvent(events=('create', 'update'), table='Chassis_Private', conditions=None, old_conditions=None), priority=20 to row=Chassis_Private(uuid=ed0eddaf-9cee-43c4-bd74-fa76813f91c6, chassis=58adadac-f9cd-4726-980d-9371107385bf, external_ids={'neutron:ovn-bridge': 'br-int', 'neutron:ovn-neutron-agent-id': 'ea5628bb-6045-56ca-aef7-9347c74db149', 'neutron:ovn-neutron-agent-sb-cfg': '2'}, name='d0b62250-347c-450c-8ad1-76a2e5c9e44f', nb_cfg=2, nb_cfg_timestamp=1785982724130) old=Chassis_Private(uuid=ed0eddaf-9cee-43c4-bd74-fa76813f91c6, external_ids={'neutron:ovn-bridge': 'br-int', 'neutron:ovn-neutron-agent-id': 'ea5628bb-6045-56ca-aef7-9347c74db149', 'neutron:ovn-neutron-agent-sb-cfg': '1'}) {{(pid=87968) matches /opt/stack/data/venv/lib/python3.12/site-packages/ovsdbapp/backend/ovs_idl/event.py:55}}
Aug 06 02:18:54.138813 np0000006608 devstack@neutron-api.service[87966]: DEBUG ovsdbapp.backend.ovs_idl.event [None req-561f81d7-8fa0-44e1-b67d-4d2d34e70cf3 None None] Matched UPDATE: ChassisOVNAgentWriteEvent(events=('create', 'update'), table='Chassis_Private', conditions=None, old_conditions=None), priority=20 to row=Chassis_Private(uuid=ed0eddaf-9cee-43c4-bd74-fa76813f91c6, chassis=58adadac-f9cd-4726-980d-9371107385bf, external_ids={'neutron:ovn-bridge': 'br-int', 'neutron:ovn-neutron-agent-id': 'ea5628bb-6045-56ca-aef7-9347c74db149', 'neutron:ovn-neutron-agent-sb-cfg': '2'}, name='d0b62250-347c-450c-8ad1-76a2e5c9e44f', nb_cfg=2, nb_cfg_timestamp=1785982724130) old=Chassis_Private(uuid=ed0eddaf-9cee-43c4-bd74-fa76813f91c6, external_ids={'neutron:ovn-bridge': 'br-int', 'neutron:ovn-neutron-agent-id': 'ea5628bb-6045-56ca-aef7-9347c74db149', 'neutron:ovn-neutron-agent-sb-cfg': '1'}) {{(pid=87966) matches /opt/stack/data/venv/lib/python3.12/site-packages/ovsdbapp/backend/ovs_idl/event.py:55}}
Aug 06 02:18:54.139098 np0000006608 devstack@neutron-api.service[87967]: DEBUG neutron.plugins.ml2.drivers.ovn.mech_driver.ovsdb.ovsdb_monitor [None req-a32ee211-046e-47a8-ae85-a384126380ea None None] Touching Hash Ring node "1c0826b7d986576bbc6c85e008a62974" from IDL notify handler {{(pid=87967) notify /opt/stack/neutron/neutron/plugins/ml2/drivers/ovn/mech_driver/ovsdb/ovsdb_monitor.py:1091}}
Aug 06 02:18:54.141483 np0000006608 devstack@neutron-api.service[87967]: DEBUG neutron.plugins.ml2.drivers.ovn.mech_driver.ovsdb.ovsdb_monitor [None req-a32ee211-046e-47a8-ae85-a384126380ea None None] Hash Ring: Node 1c0826b7d986576bbc6c85e008a62974 (host: np0000006608) handling event "update" for row ed0eddaf-9cee-43c4-bd74-fa76813f91c6 (table: Chassis_Private) {{(pid=87967) notify /opt/stack/neutron/neutron/plugins/ml2/drivers/ovn/mech_driver/ovsdb/ovsdb_monitor.py:1099}}
Aug 06 02:18:54.566667 np0000006608 devstack@neutron-api.service[87968]: DEBUG dbcounter [-] [87968] Writing DB stats neutron:UPDATE=1,neutron:SELECT=55,neutron:INSERT=1 {{(pid=87968) stat_writer /opt/stack/data/venv/lib/python3.12/site-packages/dbcounter.py:115}}
Aug 06 02:18:55.028849 np0000006608 devstack@neutron-api.service[87966]: DEBUG dbcounter [-] [87966] Writing DB stats neutron:UPDATE=15,neutron:SELECT=370,neutron:INSERT=25,neutron:DELETE=4 {{(pid=87966) stat_writer /opt/stack/data/venv/lib/python3.12/site-packages/dbcounter.py:115}}
Aug 06 02:18:55.063620 np0000006608 devstack@neutron-api.service[87968]: DEBUG futurist.periodics [-] Submitting periodic callback 'neutron.plugins.ml2.drivers.ovn.mech_driver.ovsdb.maintenance.HashRingHealthCheckPeriodics.touch_hash_ring_node' {{(pid=87968) _process_scheduled /opt/stack/data/venv/lib/python3.12/site-packages/futurist/periodics.py:784}}
Aug 06 02:18:55.064039 np0000006608 devstack@neutron-api.service[87968]: DEBUG neutron.plugins.ml2.drivers.ovn.mech_driver.ovsdb.maintenance [-] Touching Hash Ring node "a90ee81d38445847a8fa4e055c125347" from periodic health check thread {{(pid=87968) touch_hash_ring_node /opt/stack/neutron/neutron/plugins/ml2/drivers/ovn/mech_driver/ovsdb/maintenance.py:1416}}
Aug 06 02:18:55.082899 np0000006608 devstack@neutron-api.service[87966]: DEBUG futurist.periodics [-] Submitting periodic callback 'neutron.plugins.ml2.drivers.ovn.mech_driver.ovsdb.maintenance.HashRingHealthCheckPeriodics.touch_hash_ring_node' {{(pid=87966) _process_scheduled /opt/stack/data/venv/lib/python3.12/site-packages/futurist/periodics.py:784}}
Aug 06 02:18:55.083219 np0000006608 devstack@neutron-api.service[87966]: DEBUG neutron.plugins.ml2.drivers.ovn.mech_driver.ovsdb.maintenance [-] Touching Hash Ring node "a8a4a858d7f652f6bd534e0efa0194ae" from periodic health check thread {{(pid=87966) touch_hash_ring_node /opt/stack/neutron/neutron/plugins/ml2/drivers/ovn/mech_driver/ovsdb/maintenance.py:1416}}
Aug 06 02:19:04.140569 np0000006608 devstack@neutron-api.service[87967]: DEBUG dbcounter [-] [87967] Writing DB stats neutron:UPDATE=3,neutron:SELECT=8 {{(pid=87967) stat_writer /opt/stack/data/venv/lib/python3.12/site-packages/dbcounter.py:115}}
Aug 06 02:19:05.069794 np0000006608 devstack@neutron-api.service[87968]: DEBUG dbcounter [-] [87968] Writing DB stats neutron:UPDATE=1,neutron:SELECT=1 {{(pid=87968) stat_writer /opt/stack/data/venv/lib/python3.12/site-packages/dbcounter.py:115}}
Aug 06 02:19:05.089389 np0000006608 devstack@neutron-api.service[87966]: DEBUG dbcounter [-] [87966] Writing DB stats neutron:UPDATE=1,neutron:SELECT=1 {{(pid=87966) stat_writer /opt/stack/data/venv/lib/python3.12/site-packages/dbcounter.py:115}}
Aug 06 02:19:09.077270 np0000006608 devstack@neutron-api.service[87967]: DEBUG futurist.periodics [-] Submitting periodic callback 'neutron.plugins.ml2.drivers.ovn.mech_driver.ovsdb.maintenance.HashRingHealthCheckPeriodics.touch_hash_ring_node' {{(pid=87967) _process_scheduled /opt/stack/data/venv/lib/python3.12/site-packages/futurist/periodics.py:784}}
Aug 06 02:19:09.079317 np0000006608 devstack@neutron-api.service[87967]: DEBUG neutron.plugins.ml2.drivers.ovn.mech_driver.ovsdb.maintenance [-] Touching Hash Ring node "1c0826b7d986576bbc6c85e008a62974" from periodic health check thread {{(pid=87967) touch_hash_ring_node /opt/stack/neutron/neutron/plugins/ml2/drivers/ovn/mech_driver/ovsdb/maintenance.py:1416}}
Aug 06 02:19:10.064204 np0000006608 devstack@neutron-api.service[87968]: DEBUG futurist.periodics [-] Submitting periodic callback 'neutron.plugins.ml2.drivers.ovn.mech_driver.ovsdb.maintenance.HashRingHealthCheckPeriodics.touch_hash_ring_node' {{(pid=87968) _process_scheduled /opt/stack/data/venv/lib/python3.12/site-packages/futurist/periodics.py:784}}
Aug 06 02:19:10.064857 np0000006608 devstack@neutron-api.service[87968]: DEBUG neutron.plugins.ml2.drivers.ovn.mech_driver.ovsdb.maintenance [-] Touching Hash Ring node "a90ee81d38445847a8fa4e055c125347" from periodic health check thread {{(pid=87968) touch_hash_ring_node /opt/stack/neutron/neutron/plugins/ml2/drivers/ovn/mech_driver/ovsdb/maintenance.py:1416}}
Aug 06 02:19:10.083387 np0000006608 devstack@neutron-api.service[87966]: DEBUG futurist.periodics [-] Submitting periodic callback 'neutron.plugins.ml2.drivers.ovn.mech_driver.ovsdb.maintenance.HashRingHealthCheckPeriodics.touch_hash_ring_node' {{(pid=87966) _process_scheduled /opt/stack/data/venv/lib/python3.12/site-packages/futurist/periodics.py:784}}
Aug 06 02:19:10.083843 np0000006608 devstack@neutron-api.service[87966]: DEBUG neutron.plugins.ml2.drivers.ovn.mech_driver.ovsdb.maintenance [-] Touching Hash Ring node "a8a4a858d7f652f6bd534e0efa0194ae" from periodic health check thread {{(pid=87966) touch_hash_ring_node /opt/stack/neutron/neutron/plugins/ml2/drivers/ovn/mech_driver/ovsdb/maintenance.py:1416}}
Aug 06 02:19:12.533825 np0000006608 devstack@neutron-api.service[87967]: DEBUG neutron.api.wsgi [None req-db15bb53-1968-4184-9525-823291db1b3d tempest-verify_tempest_config-2005390496 tempest-verify_tempest_config-2005390496-project-member] https://10.4.3.106/networking/v2.0/extensions returned with HTTP 200 {{(pid=87967) __call__ /opt/stack/neutron/neutron/api/wsgi.py:540}}
Aug 06 02:19:12.534253 np0000006608 devstack@neutron-api.service[87967]: [pid: 87967|app: 0|req: 15/41] 10.4.3.106 () {66 vars in 1261 bytes} [Thu Aug 6 02:19:12 2026] GET /networking/v2.0/extensions => generated 16171 bytes in 3 msecs (HTTP/1.1 200) 4 headers in 159 bytes (1 switches on core 0)
Aug 06 02:19:13.142638 np0000006608 devstack@neutron-api.service[87968]: DEBUG neutron_lib.callbacks.manager [None req-648a2300-de31-4428-b78b-599781f76993 admin admin] Publish callbacks [] for security_group (None), before_create {{(pid=87968) _notify_loop /opt/stack/data/venv/lib/python3.12/site-packages/neutron_lib/callbacks/manager.py:184}}
Aug 06 02:19:13.232850 np0000006608 devstack@neutron-api.service[87968]: DEBUG neutron_lib.callbacks.manager [None req-648a2300-de31-4428-b78b-599781f76993 admin admin] Publish callbacks ['neutron.plugins.ml2.drivers.ovn.mech_driver.mech_driver.OVNMechanismDriver._create_security_group_precommit-488696'] for security_group (790b2993-4217-4e4b-a29f-3ee96b818834), precommit_create {{(pid=87968) _notify_loop /opt/stack/data/venv/lib/python3.12/site-packages/neutron_lib/callbacks/manager.py:184}}
Aug 06 02:19:13.233196 np0000006608 devstack@neutron-api.service[87968]: DEBUG neutron.db.ovn_revision_numbers_db [None req-648a2300-de31-4428-b78b-599781f76993 admin admin] create_initial_revision uuid=790b2993-4217-4e4b-a29f-3ee96b818834, type=security_groups, rev=-1 {{(pid=87968) create_initial_revision /opt/stack/neutron/neutron/db/ovn_revision_numbers_db.py:98}}
Aug 06 02:19:13.234266 np0000006608 devstack@neutron-api.service[87968]: DEBUG neutron.db.ovn_revision_numbers_db [None req-648a2300-de31-4428-b78b-599781f76993 admin admin] create_initial_revision uuid=96b78290-574a-4936-9139-d2dacc8be81b, type=security_group_rules, rev=-1 {{(pid=87968) create_initial_revision /opt/stack/neutron/neutron/db/ovn_revision_numbers_db.py:98}}
Aug 06 02:19:13.235145 np0000006608 devstack@neutron-api.service[87968]: DEBUG neutron.db.ovn_revision_numbers_db [None req-648a2300-de31-4428-b78b-599781f76993 admin admin] create_initial_revision uuid=c158b731-dd5b-463e-b305-3b06e02eb20f, type=security_group_rules, rev=-1 {{(pid=87968) create_initial_revision /opt/stack/neutron/neutron/db/ovn_revision_numbers_db.py:98}}
Aug 06 02:19:13.236017 np0000006608 devstack@neutron-api.service[87968]: DEBUG neutron.db.ovn_revision_numbers_db [None req-648a2300-de31-4428-b78b-599781f76993 admin admin] create_initial_revision uuid=e663ded1-0f84-4374-8a35-d0f478115a9b, type=security_group_rules, rev=-1 {{(pid=87968) create_initial_revision /opt/stack/neutron/neutron/db/ovn_revision_numbers_db.py:98}}
Aug 06 02:19:13.237203 np0000006608 devstack@neutron-api.service[87968]: DEBUG neutron.db.ovn_revision_numbers_db [None req-648a2300-de31-4428-b78b-599781f76993 admin admin] create_initial_revision uuid=fc67e309-a2ae-4611-a396-e3b175a8620e, type=security_group_rules, rev=-1 {{(pid=87968) create_initial_revision /opt/stack/neutron/neutron/db/ovn_revision_numbers_db.py:98}}
Aug 06 02:19:13.240719 np0000006608 devstack@neutron-api.service[87968]: DEBUG neutron_lib.callbacks.manager [None req-648a2300-de31-4428-b78b-599781f76993 admin admin] Publish callbacks ['neutron.plugins.ml2.drivers.ovn.mech_driver.mech_driver.OVNMechanismDriver._create_security_group-488690', 'neutron.plugins.ml2.ovo_rpc._ObjectChangeHandler.handle_event-2006454'] for security_group (790b2993-4217-4e4b-a29f-3ee96b818834), after_create {{(pid=87968) _notify_loop /opt/stack/data/venv/lib/python3.12/site-packages/neutron_lib/callbacks/manager.py:184}}
Aug 06 02:19:13.241063 np0000006608 devstack@neutron-api.service[87968]: DEBUG ovsdbapp.backend.ovs_idl.transaction [None req-87229004-d9ea-4dc4-b7bc-fd1b3812fd1f None None] Running txn n=1 command(idx=0): PgAddCommand(_result=None, name=pg_790b2993_4217_4e4b_a29f_3ee96b818834, may_exist=False, columns={'acls': [], 'external_ids': {'neutron:security_group_id': '790b2993-4217-4e4b-a29f-3ee96b818834'}}) {{(pid=87968) do_commit /opt/stack/data/venv/lib/python3.12/site-packages/ovsdbapp/backend/ovs_idl/transaction.py:89}}
Aug 06 02:19:13.241314 np0000006608 devstack@neutron-api.service[87968]: DEBUG ovsdbapp.backend.ovs_idl.transaction [None req-87229004-d9ea-4dc4-b7bc-fd1b3812fd1f None None] Running txn n=1 command(idx=1): PgAclAddCommand(_result=None, entity=pg_790b2993_4217_4e4b_a29f_3ee96b818834, direction=from-lport, priority=1002, match=inport == @pg_790b2993_4217_4e4b_a29f_3ee96b818834 && ip6, action=allow-related, log=False, may_exist=True, severity=[], name=[], meter=[], external_ids={'neutron:security_group_rule_id': '96b78290-574a-4936-9139-d2dacc8be81b'}) {{(pid=87968) do_commit /opt/stack/data/venv/lib/python3.12/site-packages/ovsdbapp/backend/ovs_idl/transaction.py:89}}
