Aug 06 02:17:25.178249 np0000006608 devstack@neutron-api.service[87968]: DEBUG ovsdbapp.backend.ovs_idl [None req-2e3a7744-0187-4c9d-bfae-0b4dd6a4d58d None None] Created schema index Chassis_Private.name {{(pid=87968) autocreate_indices /opt/stack/data/venv/lib/python3.12/site-packages/ovsdbapp/backend/ovs_idl/__init__.py:106}}
Aug 06 02:17:25.178357 np0000006608 devstack@neutron-api.service[87968]: DEBUG ovsdbapp.backend.ovs_idl [None req-2e3a7744-0187-4c9d-bfae-0b4dd6a4d58d None None] Created schema index Datapath_Binding.tunnel_key {{(pid=87968) autocreate_indices /opt/stack/data/venv/lib/python3.12/site-packages/ovsdbapp/backend/ovs_idl/__init__.py:106}}
Aug 06 02:17:25.181730 np0000006608 devstack@neutron-api.service[87968]: INFO ovsdbapp.backend.ovs_idl.vlog [None req-2e3a7744-0187-4c9d-bfae-0b4dd6a4d58d None None] ssl:10.4.3.106:6642: connecting...
Aug 06 02:17:25.185252 np0000006608 devstack@neutron-api.service[87966]: DEBUG neutron.common.ovn.hash_ring_manager [None req-1fb1ef8b-398e-4312-adb7-eb0b9a8f0538 None None] Hash Ring loaded. 3 active nodes. 0 offline nodes {{(pid=87966) _load_hash_ring /opt/stack/neutron/neutron/common/ovn/hash_ring_manager.py:110}}
Aug 06 02:17:25.185360 np0000006608 devstack@neutron-api.service[87968]: INFO ovsdbapp.backend.ovs_idl.vlog [None req-2e3a7744-0187-4c9d-bfae-0b4dd6a4d58d None None] ssl:10.4.3.106:6642: connected
Aug 06 02:17:25.185793 np0000006608 devstack@neutron-api.service[87966]: DEBUG neutron.plugins.ml2.drivers.ovn.mech_driver.ovsdb.ovsdb_monitor [None req-1fb1ef8b-398e-4312-adb7-eb0b9a8f0538 None None] Hash Ring: Node a8a4a858d7f652f6bd534e0efa0194ae (host: np0000006608) handling event "create" for row c158002f-fc08-4e9e-aed0-6a359d696146 (table: Connection) {{(pid=87966) notify /opt/stack/neutron/neutron/plugins/ml2/drivers/ovn/mech_driver/ovsdb/ovsdb_monitor.py:1099}}
Aug 06 02:17:25.186206 np0000006608 devstack@neutron-api.service[87966]: DEBUG neutron.plugins.ml2.drivers.ovn.mech_driver.ovsdb.ovsdb_monitor [None req-1fb1ef8b-398e-4312-adb7-eb0b9a8f0538 None None] Hash Ring: Node a8a4a858d7f652f6bd534e0efa0194ae (host: np0000006608) handling event "create" for row fee96ffa-844e-4c78-886b-aa9fdfdec7be (table: Port_Group) {{(pid=87966) notify /opt/stack/neutron/neutron/plugins/ml2/drivers/ovn/mech_driver/ovsdb/ovsdb_monitor.py:1099}}
Aug 06 02:17:25.186478 np0000006608 devstack@neutron-api.service[87966]: DEBUG neutron.plugins.ml2.drivers.ovn.mech_driver.ovsdb.ovsdb_monitor [None req-1fb1ef8b-398e-4312-adb7-eb0b9a8f0538 None None] Hash Ring: Node a8a4a858d7f652f6bd534e0efa0194ae (host: np0000006608) handling event "create" for row a78386d7-ffdc-4717-bca4-f85d4511f434 (table: SSL) {{(pid=87966) notify /opt/stack/neutron/neutron/plugins/ml2/drivers/ovn/mech_driver/ovsdb/ovsdb_monitor.py:1099}}
Aug 06 02:17:25.188327 np0000006608 devstack@neutron-api.service[87966]: INFO neutron.plugins.ml2.drivers.ovn.mech_driver.ovsdb.impl_idl_ovn [None req-1fb1ef8b-398e-4312-adb7-eb0b9a8f0538 None None] Getting OvsdbSbOvnIdl for WorkerService with retry
Aug 06 02:17:25.213485 np0000006608 devstack@neutron-api.service[87966]: DEBUG ovsdbapp.backend.ovs_idl [None req-1fb1ef8b-398e-4312-adb7-eb0b9a8f0538 None None] Created lookup_table index Chassis.name {{(pid=87966) autocreate_indices /opt/stack/data/venv/lib/python3.12/site-packages/ovsdbapp/backend/ovs_idl/__init__.py:87}}
Aug 06 02:17:25.213599 np0000006608 devstack@neutron-api.service[87966]: DEBUG ovsdbapp.backend.ovs_idl [None req-1fb1ef8b-398e-4312-adb7-eb0b9a8f0538 None None] Created lookup_table index Port_Binding.logical_port {{(pid=87966) autocreate_indices /opt/stack/data/venv/lib/python3.12/site-packages/ovsdbapp/backend/ovs_idl/__init__.py:87}}
Aug 06 02:17:25.213714 np0000006608 devstack@neutron-api.service[87966]: DEBUG ovsdbapp.backend.ovs_idl [None req-1fb1ef8b-398e-4312-adb7-eb0b9a8f0538 None None] Created schema index Chassis_Private.name {{(pid=87966) autocreate_indices /opt/stack/data/venv/lib/python3.12/site-packages/ovsdbapp/backend/ovs_idl/__init__.py:106}}
Aug 06 02:17:25.213827 np0000006608 devstack@neutron-api.service[87966]: DEBUG ovsdbapp.backend.ovs_idl [None req-1fb1ef8b-398e-4312-adb7-eb0b9a8f0538 None None] Created schema index Datapath_Binding.tunnel_key {{(pid=87966) autocreate_indices /opt/stack/data/venv/lib/python3.12/site-packages/ovsdbapp/backend/ovs_idl/__init__.py:106}}
Aug 06 02:17:25.213875 np0000006608 devstack@neutron-api.service[87968]: DEBUG neutron.common.ovn.hash_ring_manager [None req-2e3a7744-0187-4c9d-bfae-0b4dd6a4d58d None None] Allow caching, nodes 3>=3 {{(pid=87968) _wait_startup_before_caching /opt/stack/neutron/neutron/common/ovn/hash_ring_manager.py:71}}
Aug 06 02:17:25.215829 np0000006608 devstack@neutron-api.service[87966]: INFO ovsdbapp.backend.ovs_idl.vlog [None req-1fb1ef8b-398e-4312-adb7-eb0b9a8f0538 None None] ssl:10.4.3.106:6642: connecting...
Aug 06 02:17:25.218542 np0000006608 devstack@neutron-api.service[87968]: DEBUG neutron.common.ovn.hash_ring_manager [None req-2e3a7744-0187-4c9d-bfae-0b4dd6a4d58d None None] Hash Ring loaded. 3 active nodes. 0 offline nodes {{(pid=87968) _load_hash_ring /opt/stack/neutron/neutron/common/ovn/hash_ring_manager.py:110}}
Aug 06 02:17:25.218732 np0000006608 devstack@neutron-api.service[87968]: DEBUG neutron.plugins.ml2.drivers.ovn.mech_driver.ovsdb.ovsdb_monitor [None req-2e3a7744-0187-4c9d-bfae-0b4dd6a4d58d None None] Hash Ring: Node a90ee81d38445847a8fa4e055c125347 (host: np0000006608) handling event "create" for row 58adadac-f9cd-4726-980d-9371107385bf (table: Chassis) {{(pid=87968) notify /opt/stack/neutron/neutron/plugins/ml2/drivers/ovn/mech_driver/ovsdb/ovsdb_monitor.py:1099}}
Aug 06 02:17:25.219574 np0000006608 devstack@neutron-api.service[87968]: DEBUG ovsdbapp.backend.ovs_idl.event [None req-2e3a7744-0187-4c9d-bfae-0b4dd6a4d58d None None] Matched CREATE: ChassisBandwidthConfigEvent(events=('create', 'update'), table='Chassis', conditions=None, old_conditions=None), priority=20 to row=Chassis(uuid=58adadac-f9cd-4726-980d-9371107385bf, encaps=[e8310c39-d8b6-44b6-8e42-2b5bc80f243f], external_ids={}, hostname='np0000006608', name='d0b62250-347c-450c-8ad1-76a2e5c9e44f', nb_cfg=0, other_config={'ct-commit-nat-v2': 'true', 'ct-commit-to-zone': 'true', 'ct-next-zone': 'true', 'ct-no-masked-label': 'true', 'ct-state-save': 'true', 'datapath-type': 'system', 'fdb-timestamp': 'true', 'iface-types': 'afxdp,afxdp-nonpmd,bareudp,erspan,geneve,gre,gtpu,internal,ip6erspan,ip6gre,lisp,patch,srv6,stt,system,tap,vxlan', 'is-interconn': 'false', 'ls-dpg-column': 'true', 'mac-binding-timestamp': 'true', 'ovn-bridge-mappings': 'public:br-ex', 'ovn-chassis-mac-mappings': '', 'ovn-cms-options': 'enable-chassis-as-gw', 'ovn-ct-lb-related': 'true', 'ovn-enable-lflow-cache': 'true', 'ovn-limit-lflow-cache': '', 'ovn-memlimit-lflow-cache-kb': '', 'ovn-monitor-all': 'false', 'ovn-trim-limit-lflow-cache': '', 'ovn-trim-timeout-ms': '', 'ovn-trim-wmark-perc-lflow-cache': '', 'port-up-notif': 'true'}, transport_zones=[], vtep_logical_switches=[]) old= {{(pid=87968) matches /opt/stack/data/venv/lib/python3.12/site-packages/ovsdbapp/backend/ovs_idl/event.py:55}}
Aug 06 02:17:25.219724 np0000006608 devstack@neutron-api.service[87966]: INFO ovsdbapp.backend.ovs_idl.vlog [None req-1fb1ef8b-398e-4312-adb7-eb0b9a8f0538 None None] ssl:10.4.3.106:6642: connected
Aug 06 02:17:25.220222 np0000006608 devstack@neutron-api.service[87968]: DEBUG ovsdbapp.backend.ovs_idl.event [None req-2e3a7744-0187-4c9d-bfae-0b4dd6a4d58d None None] Matched CREATE: ChassisAgentWriteEvent(events=('create', 'update'), table='Chassis_Private', conditions=None, old_conditions=None), priority=20 to row=Chassis_Private(uuid=ed0eddaf-9cee-43c4-bd74-fa76813f91c6, chassis=58adadac-f9cd-4726-980d-9371107385bf, external_ids={'neutron:ovn-bridge': 'br-int', 'neutron:ovn-neutron-agent-id': 'ea5628bb-6045-56ca-aef7-9347c74db149', 'neutron:ovn-neutron-agent-sb-cfg': '0'}, name='d0b62250-347c-450c-8ad1-76a2e5c9e44f', nb_cfg=0, nb_cfg_timestamp=0) old= {{(pid=87968) matches /opt/stack/data/venv/lib/python3.12/site-packages/ovsdbapp/backend/ovs_idl/event.py:55}}
Aug 06 02:17:25.220576 np0000006608 devstack@neutron-api.service[87968]: DEBUG ovsdbapp.backend.ovs_idl.event [None req-2e3a7744-0187-4c9d-bfae-0b4dd6a4d58d None None] Matched CREATE: ChassisOVNAgentWriteEvent(events=('create', 'update'), table='Chassis_Private', conditions=None, old_conditions=None), priority=20 to row=Chassis_Private(uuid=ed0eddaf-9cee-43c4-bd74-fa76813f91c6, chassis=58adadac-f9cd-4726-980d-9371107385bf, external_ids={'neutron:ovn-bridge': 'br-int', 'neutron:ovn-neutron-agent-id': 'ea5628bb-6045-56ca-aef7-9347c74db149', 'neutron:ovn-neutron-agent-sb-cfg': '0'}, name='d0b62250-347c-450c-8ad1-76a2e5c9e44f', nb_cfg=0, nb_cfg_timestamp=0) old= {{(pid=87968) matches /opt/stack/data/venv/lib/python3.12/site-packages/ovsdbapp/backend/ovs_idl/event.py:55}}
Aug 06 02:17:25.222086 np0000006608 devstack@neutron-api.service[87968]: INFO neutron.plugins.ml2.drivers.ovn.mech_driver.mech_driver [None req-2e3a7744-0187-4c9d-bfae-0b4dd6a4d58d None None] WorkerService process has finished the post initialization
Aug 06 02:17:25.222719 np0000006608 devstack@neutron-api.service[87968]: INFO neutron.plugins.ml2.drivers.ovn.mech_driver.ovsdb.extensions.qos [-] Starting OVNClientQosExtension
Aug 06 02:17:25.222974 np0000006608 devstack@neutron-api.service[87968]: DEBUG oslo_concurrency.processutils [None req-2e3a7744-0187-4c9d-bfae-0b4dd6a4d58d None None] Running cmd (subprocess): ovsdb-client transact ssl:10.4.3.106:6641 --timeout 180 -p /opt/stack/data/CA/int-ca/private/devstack-cert.key -c /opt/stack/data/CA/int-ca/devstack-cert.crt -C /opt/stack/data/CA/int-ca/ca-chain.pem ["OVN_Northbound", {"op": "wait", "timeout": 0, "table": "Port_Group", "where": [["name", "==", "pvlan_pg_drop"]], "until": "==", "rows": []}, {"op": "insert", "table": "ACL", "row": {"action": "drop", "direction": "to-lport", "match": "outport == @pvlan_pg_drop && ip", "priority": 1010}, "uuid-name": "pvlandroptoport"}, {"op": "insert", "table": "ACL", "row": {"action": "drop", "direction": "from-lport", "match": "inport == @pvlan_pg_drop && ip", "priority": 1010}, "uuid-name": "pvlandropfromport"}, {"op": "insert", "table": "Port_Group", "row": {"name": "pvlan_pg_drop", "acls": ["set", [["named-uuid", "pvlandroptoport"], ["named-uuid", "pvlandropfromport"]]]}}] {{(pid=87968) execute /opt/stack/data/venv/lib/python3.12/site-packages/oslo_concurrency/processutils.py:440}}
Aug 06 02:17:25.223106 np0000006608 devstack@neutron-api.service[87968]: INFO neutron.plugins.ml2.drivers.ovn.mech_driver.ovsdb.extensions.placement [-] Starting OVNClientPlacementExtension
Aug 06 02:17:25.241456 np0000006608 devstack@neutron-api.service[87966]: DEBUG neutron.common.ovn.hash_ring_manager [None req-1fb1ef8b-398e-4312-adb7-eb0b9a8f0538 None None] Allow caching, nodes 3>=3 {{(pid=87966) _wait_startup_before_caching /opt/stack/neutron/neutron/common/ovn/hash_ring_manager.py:71}}
Aug 06 02:17:25.245400 np0000006608 devstack@neutron-api.service[87966]: DEBUG neutron.common.ovn.hash_ring_manager [None req-1fb1ef8b-398e-4312-adb7-eb0b9a8f0538 None None] Hash Ring loaded. 3 active nodes. 0 offline nodes {{(pid=87966) _load_hash_ring /opt/stack/neutron/neutron/common/ovn/hash_ring_manager.py:110}}
Aug 06 02:17:25.245970 np0000006608 devstack@neutron-api.service[87966]: DEBUG ovsdbapp.backend.ovs_idl.event [None req-1fb1ef8b-398e-4312-adb7-eb0b9a8f0538 None None] Matched CREATE: ChassisAgentWriteEvent(events=('create', 'update'), table='Chassis_Private', conditions=None, old_conditions=None), priority=20 to row=Chassis_Private(uuid=ed0eddaf-9cee-43c4-bd74-fa76813f91c6, chassis=58adadac-f9cd-4726-980d-9371107385bf, external_ids={'neutron:ovn-bridge': 'br-int', 'neutron:ovn-neutron-agent-id': 'ea5628bb-6045-56ca-aef7-9347c74db149', 'neutron:ovn-neutron-agent-sb-cfg': '0'}, name='d0b62250-347c-450c-8ad1-76a2e5c9e44f', nb_cfg=0, nb_cfg_timestamp=0) old= {{(pid=87966) matches /opt/stack/data/venv/lib/python3.12/site-packages/ovsdbapp/backend/ovs_idl/event.py:55}}
Aug 06 02:17:25.246272 np0000006608 devstack@neutron-api.service[87966]: DEBUG ovsdbapp.backend.ovs_idl.event [None req-1fb1ef8b-398e-4312-adb7-eb0b9a8f0538 None None] Matched CREATE: ChassisOVNAgentWriteEvent(events=('create', 'update'), table='Chassis_Private', conditions=None, old_conditions=None), priority=20 to row=Chassis_Private(uuid=ed0eddaf-9cee-43c4-bd74-fa76813f91c6, chassis=58adadac-f9cd-4726-980d-9371107385bf, external_ids={'neutron:ovn-bridge': 'br-int', 'neutron:ovn-neutron-agent-id': 'ea5628bb-6045-56ca-aef7-9347c74db149', 'neutron:ovn-neutron-agent-sb-cfg': '0'}, name='d0b62250-347c-450c-8ad1-76a2e5c9e44f', nb_cfg=0, nb_cfg_timestamp=0) old= {{(pid=87966) matches /opt/stack/data/venv/lib/python3.12/site-packages/ovsdbapp/backend/ovs_idl/event.py:55}}
Aug 06 02:17:25.247053 np0000006608 devstack@neutron-api.service[87968]: DEBUG oslo_concurrency.processutils [None req-2e3a7744-0187-4c9d-bfae-0b4dd6a4d58d None None] CMD "ovsdb-client transact ssl:10.4.3.106:6641 --timeout 180 -p /opt/stack/data/CA/int-ca/private/devstack-cert.key -c /opt/stack/data/CA/int-ca/devstack-cert.crt -C /opt/stack/data/CA/int-ca/ca-chain.pem ["OVN_Northbound", {"op": "wait", "timeout": 0, "table": "Port_Group", "where": [["name", "==", "pvlan_pg_drop"]], "until": "==", "rows": []}, {"op": "insert", "table": "ACL", "row": {"action": "drop", "direction": "to-lport", "match": "outport == @pvlan_pg_drop && ip", "priority": 1010}, "uuid-name": "pvlandroptoport"}, {"op": "insert", "table": "ACL", "row": {"action": "drop", "direction": "from-lport", "match": "inport == @pvlan_pg_drop && ip", "priority": 1010}, "uuid-name": "pvlandropfromport"}, {"op": "insert", "table": "Port_Group", "row": {"name": "pvlan_pg_drop", "acls": ["set", [["named-uuid", "pvlandroptoport"], ["named-uuid", "pvlandropfromport"]]]}}]" returned: 0 in 0.024s {{(pid=87968) execute /opt/stack/data/venv/lib/python3.12/site-packages/oslo_concurrency/processutils.py:468}}
Aug 06 02:17:25.248190 np0000006608 devstack@neutron-api.service[87966]: INFO neutron.plugins.ml2.drivers.ovn.mech_driver.mech_driver [None req-1fb1ef8b-398e-4312-adb7-eb0b9a8f0538 None None] WorkerService process has finished the post initialization
Aug 06 02:17:25.248470 np0000006608 devstack@neutron-api.service[87966]: DEBUG oslo_concurrency.processutils [None req-1fb1ef8b-398e-4312-adb7-eb0b9a8f0538 None None] Running cmd (subprocess): ovsdb-client transact ssl:10.4.3.106:6641 --timeout 180 -p /opt/stack/data/CA/int-ca/private/devstack-cert.key -c /opt/stack/data/CA/int-ca/devstack-cert.crt -C /opt/stack/data/CA/int-ca/ca-chain.pem ["OVN_Northbound", {"op": "wait", "timeout": 0, "table": "Port_Group", "where": [["name", "==", "pvlan_pg_drop"]], "until": "==", "rows": []}, {"op": "insert", "table": "ACL", "row": {"action": "drop", "direction": "to-lport", "match": "outport == @pvlan_pg_drop && ip", "priority": 1010}, "uuid-name": "pvlandroptoport"}, {"op": "insert", "table": "ACL", "row": {"action": "drop", "direction": "from-lport", "match": "inport == @pvlan_pg_drop && ip", "priority": 1010}, "uuid-name": "pvlandropfromport"}, {"op": "insert", "table": "Port_Group", "row": {"name": "pvlan_pg_drop", "acls": ["set", [["named-uuid", "pvlandroptoport"], ["named-uuid", "pvlandropfromport"]]]}}] {{(pid=87966) execute /opt/stack/data/venv/lib/python3.12/site-packages/oslo_concurrency/processutils.py:440}}
Aug 06 02:17:25.249486 np0000006608 devstack@neutron-api.service[87968]: WSGI app 0 (mountpoint='') ready in 6 seconds on interpreter 0x76599e6a4668 pid: 87968 (default app)
Aug 06 02:17:25.271257 np0000006608 devstack@neutron-api.service[87966]: DEBUG oslo_concurrency.processutils [None req-1fb1ef8b-398e-4312-adb7-eb0b9a8f0538 None None] CMD "ovsdb-client transact ssl:10.4.3.106:6641 --timeout 180 -p /opt/stack/data/CA/int-ca/private/devstack-cert.key -c /opt/stack/data/CA/int-ca/devstack-cert.crt -C /opt/stack/data/CA/int-ca/ca-chain.pem ["OVN_Northbound", {"op": "wait", "timeout": 0, "table": "Port_Group", "where": [["name", "==", "pvlan_pg_drop"]], "until": "==", "rows": []}, {"op": "insert", "table": "ACL", "row": {"action": "drop", "direction": "to-lport", "match": "outport == @pvlan_pg_drop && ip", "priority": 1010}, "uuid-name": "pvlandroptoport"}, {"op": "insert", "table": "ACL", "row": {"action": "drop", "direction": "from-lport", "match": "inport == @pvlan_pg_drop && ip", "priority": 1010}, "uuid-name": "pvlandropfromport"}, {"op": "insert", "table": "Port_Group", "row": {"name": "pvlan_pg_drop", "acls": ["set", [["named-uuid", "pvlandroptoport"], ["named-uuid", "pvlandropfromport"]]]}}]" returned: 0 in 0.022s {{(pid=87966) execute /opt/stack/data/venv/lib/python3.12/site-packages/oslo_concurrency/processutils.py:468}}
Aug 06 02:17:25.273138 np0000006608 devstack@neutron-api.service[87966]: WSGI app 0 (mountpoint='') ready in 6 seconds on interpreter 0x76599e6a4668 pid: 87966 (default app)
Aug 06 02:17:26.371395 np0000006608 devstack@neutron-api.service[87966]: DEBUG neutron.plugins.ml2.drivers.ovn.mech_driver.ovsdb.ovsdb_monitor [-] Hash Ring: Node a8a4a858d7f652f6bd534e0efa0194ae (host: np0000006608) handling event "update" for row c158002f-fc08-4e9e-aed0-6a359d696146 (table: Connection) {{(pid=87966) notify /opt/stack/neutron/neutron/plugins/ml2/drivers/ovn/mech_driver/ovsdb/ovsdb_monitor.py:1099}}
Aug 06 02:17:26.374934 np0000006608 devstack@neutron-api.service[87967]: DEBUG neutron.common.ovn.hash_ring_manager [-] Allow caching, nodes 3>=3 {{(pid=87967) _wait_startup_before_caching /opt/stack/neutron/neutron/common/ovn/hash_ring_manager.py:71}}
Aug 06 02:17:26.375481 np0000006608 devstack@neutron-api.service[87967]: DEBUG neutron.plugins.ml2.drivers.ovn.mech_driver.ovsdb.ovsdb_monitor [-] Hash Ring: Node 1c0826b7d986576bbc6c85e008a62974 (host: np0000006608) handling event "update" for row c158002f-fc08-4e9e-aed0-6a359d696146 (table: Connection) {{(pid=87967) notify /opt/stack/neutron/neutron/plugins/ml2/drivers/ovn/mech_driver/ovsdb/ovsdb_monitor.py:1099}}
Aug 06 02:17:28.716491 np0000006608 devstack@neutron-api.service[87967]: DEBUG neutron.api.wsgi [None req-6fec1d90-07ba-45db-badf-e08634eb5755 admin admin] Missing Content-Type {{(pid=87967) get_content_type /opt/stack/neutron/neutron/api/wsgi.py:80}}
Aug 06 02:17:28.716995 np0000006608 devstack@neutron-api.service[87967]: DEBUG neutron.api.wsgi [None req-6fec1d90-07ba-45db-badf-e08634eb5755 admin admin] https://10.4.3.106/networking/v2.0/extensions returned with HTTP 200 {{(pid=87967) __call__ /opt/stack/neutron/neutron/api/wsgi.py:540}}
Aug 06 02:17:28.717518 np0000006608 devstack@neutron-api.service[87967]: [pid: 87967|app: 0|req: 2/2] 10.4.3.106 () {64 vars in 1292 bytes} [Thu Aug 6 02:17:28 2026] GET /networking/v2.0/extensions => generated 16171 bytes in 521 msecs (HTTP/1.1 200) 4 headers in 159 bytes (1 switches on core 0)
Aug 06 02:17:28.872853 np0000006608 devstack@neutron-api.service[87967]: DEBUG neutron.plugins.ml2.drivers.ovn.mech_driver.ovsdb.ovsdb_monitor [-] Hash Ring: Node 1c0826b7d986576bbc6c85e008a62974 (host: np0000006608) handling event "update" for row c158002f-fc08-4e9e-aed0-6a359d696146 (table: Connection) {{(pid=87967) notify /opt/stack/neutron/neutron/plugins/ml2/drivers/ovn/mech_driver/ovsdb/ovsdb_monitor.py:1099}}
Aug 06 02:17:28.873232 np0000006608 devstack@neutron-api.service[87966]: DEBUG neutron.plugins.ml2.drivers.ovn.mech_driver.ovsdb.ovsdb_monitor [-] Hash Ring: Node a8a4a858d7f652f6bd534e0efa0194ae (host: np0000006608) handling event "update" for row c158002f-fc08-4e9e-aed0-6a359d696146 (table: Connection) {{(pid=87966) notify /opt/stack/neutron/neutron/plugins/ml2/drivers/ovn/mech_driver/ovsdb/ovsdb_monitor.py:1099}}
Aug 06 02:17:29.052339 np0000006608 devstack@neutron-api.service[87968]: DEBUG neutron.api.v2.base [None req-728b8a6b-04a4-4032-b30e-ee1862a2f06e admin admin] Request body: {'subnetpool': {'shared': True, 'default_prefixlen': 26, 'prefixes': ['10.1.0.0/20'], 'name': 'shared-default-subnetpool-v4', 'is_default': True}} {{(pid=87968) prepare_request_body /opt/stack/neutron/neutron/api/v2/base.py:727}}
Aug 06 02:17:29.232677 np0000006608 devstack@neutron-api.service[87968]: DEBUG neutron.policy [None req-728b8a6b-04a4-4032-b30e-ee1862a2f06e admin admin] Loaded default policies from ['neutron'] under neutron.policies entry points {{(pid=87968) register_rules /opt/stack/neutron/neutron/policy.py:65}}
Aug 06 02:17:29.369073 np0000006608 devstack@neutron-api.service[87968]: DEBUG neutron_lib.callbacks.manager [None req-728b8a6b-04a4-4032-b30e-ee1862a2f06e admin admin] Publish callbacks ['neutron.objects.securitygroup.RbacNeutronDbObjectMixin.validate_rbac_policy_change-3027125191258', 'neutron.objects.address_group.RbacNeutronDbObjectMixin.validate_rbac_policy_change-3027125282732', 'neutron.objects.network.RbacNeutronDbObjectMixin.validate_rbac_policy_change-3027125156599', 'neutron.objects.qos.policy.RbacNeutronDbObjectMixin.validate_rbac_policy_change-3027125158978', 'neutron.objects.subnetpool.RbacNeutronDbObjectMixin.validate_rbac_policy_change-3027126167436', 'neutron.objects.address_scope.RbacNeutronDbObjectMixin.validate_rbac_policy_change-3027126169708', 'neutron.plugins.ml2.plugin.External_net_db_mixin._process_ext_policy_create-925098', 'neutron.plugins.ml2.plugin.NeutronDbPluginV2.validate_network_rbac_policy_change-933234'] for rbac-policy (None), before_create {{(pid=87968) _notify_loop /opt/stack/data/venv/lib/python3.12/site-packages/neutron_lib/callbacks/manager.py:184}}
Aug 06 02:17:29.402631 np0000006608 devstack@neutron-api.service[87968]: DEBUG neutron_lib.callbacks.manager [None req-728b8a6b-04a4-4032-b30e-ee1862a2f06e admin admin] Publish callbacks [] for subnetpool (None), before_response {{(pid=87968) _notify_loop /opt/stack/data/venv/lib/python3.12/site-packages/neutron_lib/callbacks/manager.py:184}}
Aug 06 02:17:29.403135 np0000006608 devstack@neutron-api.service[87968]: [pid: 87968|app: 0|req: 1/3] 10.4.3.106 () {68 vars in 1336 bytes} [Thu Aug 6 02:17:28 2026] POST /networking/v2.0/subnetpools => generated 533 bytes in 436 msecs (HTTP/1.1 201) 4 headers in 162 bytes (1 switches on core 0)
Aug 06 02:17:29.703200 np0000006608 devstack@neutron-api.service[87966]: DEBUG neutron.api.v2.base [None req-5b9ec31a-f41e-4cce-8aaf-903355feac52 admin admin] Request body: {'subnetpool': {'shared': True, 'default_prefixlen': 64, 'prefixes': ['fd61:d39b:fe0b::/56'], 'name': 'shared-default-subnetpool-v6', 'is_default': True}} {{(pid=87966) prepare_request_body /opt/stack/neutron/neutron/api/v2/base.py:727}}
Aug 06 02:17:29.844724 np0000006608 devstack@neutron-api.service[87966]: DEBUG neutron.policy [None req-5b9ec31a-f41e-4cce-8aaf-903355feac52 admin admin] Loaded default policies from ['neutron'] under neutron.policies entry points {{(pid=87966) register_rules /opt/stack/neutron/neutron/policy.py:65}}
Aug 06 02:17:29.970014 np0000006608 devstack@neutron-api.service[87966]: DEBUG neutron_lib.callbacks.manager [None req-5b9ec31a-f41e-4cce-8aaf-903355feac52 admin admin] Publish callbacks ['neutron.objects.securitygroup.RbacNeutronDbObjectMixin.validate_rbac_policy_change-3027125156255', 'neutron.objects.address_group.RbacNeutronDbObjectMixin.validate_rbac_policy_change-3027125326630', 'neutron.objects.network.RbacNeutronDbObjectMixin.validate_rbac_policy_change-3027125192601', 'neutron.objects.qos.policy.RbacNeutronDbObjectMixin.validate_rbac_policy_change-3027125174407', 'neutron.objects.subnetpool.RbacNeutronDbObjectMixin.validate_rbac_policy_change-3027125179789', 'neutron.objects.address_scope.RbacNeutronDbObjectMixin.validate_rbac_policy_change-3027126150078', 'neutron.plugins.ml2.plugin.External_net_db_mixin._process_ext_policy_create-169497', 'neutron.plugins.ml2.plugin.NeutronDbPluginV2.validate_network_rbac_policy_change-192049'] for rbac-policy (None), before_create {{(pid=87966) _notify_loop /opt/stack/data/venv/lib/python3.12/site-packages/neutron_lib/callbacks/manager.py:184}}
Aug 06 02:17:30.000509 np0000006608 devstack@neutron-api.service[87966]: DEBUG neutron_lib.callbacks.manager [None req-5b9ec31a-f41e-4cce-8aaf-903355feac52 admin admin] Publish callbacks [] for subnetpool (None), before_response {{(pid=87966) _notify_loop /opt/stack/data/venv/lib/python3.12/site-packages/neutron_lib/callbacks/manager.py:184}}
Aug 06 02:17:30.000986 np0000006608 devstack@neutron-api.service[87966]: [pid: 87966|app: 0|req: 1/4] 10.4.3.106 () {68 vars in 1336 bytes} [Thu Aug 6 02:17:29 2026] POST /networking/v2.0/subnetpools => generated 543 bytes in 383 msecs (HTTP/1.1 201) 4 headers in 162 bytes (1 switches on core 0)
Aug 06 02:17:30.203682 np0000006608 devstack@neutron-api.service[87967]: DEBUG neutron.api.v2.base [None req-1846969b-b2e4-46cd-88bf-826afbfb9e39 admin admin] Request body: {'network': {'name': 'private', 'admin_state_up': True}} {{(pid=87967) prepare_request_body /opt/stack/neutron/neutron/api/v2/base.py:727}}
Aug 06 02:17:30.227659 np0000006608 devstack@neutron-api.service[87967]: DEBUG neutron.pecan_wsgi.hooks.quota_enforcement [None req-1846969b-b2e4-46cd-88bf-826afbfb9e39 admin admin] Made reservation on behalf of b3ee11096f284efeb0b74ea46f815dab for: {'network': 1} {{(pid=87967) before /opt/stack/neutron/neutron/pecan_wsgi/hooks/quota_enforcement.py:66}}
Aug 06 02:17:30.365534 np0000006608 devstack@neutron-api.service[87967]: DEBUG neutron.policy [None req-1846969b-b2e4-46cd-88bf-826afbfb9e39 admin admin] Loaded default policies from ['neutron'] under neutron.policies entry points {{(pid=87967) register_rules /opt/stack/neutron/neutron/policy.py:65}}
Aug 06 02:17:30.445832 np0000006608 devstack@neutron-api.service[87967]: DEBUG neutron_lib.callbacks.manager [None req-1846969b-b2e4-46cd-88bf-826afbfb9e39 admin admin] Publish callbacks ['neutron.plugins.ml2.plugin.SecurityGroupDbMixin._ensure_default_security_group_handler-261576'] for network (None), before_create {{(pid=87967) _notify_loop /opt/stack/data/venv/lib/python3.12/site-packages/neutron_lib/callbacks/manager.py:184}}
Aug 06 02:17:30.462702 np0000006608 devstack@neutron-api.service[87967]: DEBUG neutron_lib.callbacks.manager [None req-1846969b-b2e4-46cd-88bf-826afbfb9e39 admin admin] Publish callbacks [] for security_group (None), before_create {{(pid=87967) _notify_loop /opt/stack/data/venv/lib/python3.12/site-packages/neutron_lib/callbacks/manager.py:184}}
Aug 06 02:17:30.540360 np0000006608 devstack@neutron-api.service[87967]: DEBUG neutron_lib.callbacks.manager [None req-1846969b-b2e4-46cd-88bf-826afbfb9e39 admin admin] Publish callbacks ['neutron.plugins.ml2.drivers.ovn.mech_driver.mech_driver.OVNMechanismDriver._create_security_group_precommit-473051'] for security_group (227c612c-e7fc-4277-b91a-383b3d9a5d67), precommit_create {{(pid=87967) _notify_loop /opt/stack/data/venv/lib/python3.12/site-packages/neutron_lib/callbacks/manager.py:184}}
Aug 06 02:17:30.540621 np0000006608 devstack@neutron-api.service[87967]: DEBUG neutron.db.ovn_revision_numbers_db [None req-1846969b-b2e4-46cd-88bf-826afbfb9e39 admin admin] create_initial_revision uuid=227c612c-e7fc-4277-b91a-383b3d9a5d67, type=security_groups, rev=-1 {{(pid=87967) create_initial_revision /opt/stack/neutron/neutron/db/ovn_revision_numbers_db.py:98}}
Aug 06 02:17:30.542641 np0000006608 devstack@neutron-api.service[87967]: DEBUG neutron.db.ovn_revision_numbers_db [None req-1846969b-b2e4-46cd-88bf-826afbfb9e39 admin admin] create_initial_revision uuid=2ca89035-e504-48c2-993c-7a45333ca6c3, type=security_group_rules, rev=-1 {{(pid=87967) create_initial_revision /opt/stack/neutron/neutron/db/ovn_revision_numbers_db.py:98}}
Aug 06 02:17:30.543598 np0000006608 devstack@neutron-api.service[87967]: DEBUG neutron.db.ovn_revision_numbers_db [None req-1846969b-b2e4-46cd-88bf-826afbfb9e39 admin admin] create_initial_revision uuid=39146036-ea2f-46e4-8ad9-69941ef97615, type=security_group_rules, rev=-1 {{(pid=87967) create_initial_revision /opt/stack/neutron/neutron/db/ovn_revision_numbers_db.py:98}}
Aug 06 02:17:30.544525 np0000006608 devstack@neutron-api.service[87967]: DEBUG neutron.db.ovn_revision_numbers_db [None req-1846969b-b2e4-46cd-88bf-826afbfb9e39 admin admin] create_initial_revision uuid=7de2118a-f724-4e5b-ad08-87a204a3299d, type=security_group_rules, rev=-1 {{(pid=87967) create_initial_revision /opt/stack/neutron/neutron/db/ovn_revision_numbers_db.py:98}}
Aug 06 02:17:30.545406 np0000006608 devstack@neutron-api.service[87967]: DEBUG neutron.db.ovn_revision_numbers_db [None req-1846969b-b2e4-46cd-88bf-826afbfb9e39 admin admin] create_initial_revision uuid=7ef0f953-8b5f-4dd8-bf9e-5f684533df0c, type=security_group_rules, rev=-1 {{(pid=87967) create_initial_revision /opt/stack/neutron/neutron/db/ovn_revision_numbers_db.py:98}}
Aug 06 02:17:30.548755 np0000006608 devstack@neutron-api.service[87967]: DEBUG neutron_lib.callbacks.manager [None req-1846969b-b2e4-46cd-88bf-826afbfb9e39 admin admin] Publish callbacks ['neutron.plugins.ml2.drivers.ovn.mech_driver.mech_driver.OVNMechanismDriver._create_security_group-473041', 'neutron.plugins.ml2.ovo_rpc._ObjectChangeHandler.handle_event-2545676'] for security_group (227c612c-e7fc-4277-b91a-383b3d9a5d67), after_create {{(pid=87967) _notify_loop /opt/stack/data/venv/lib/python3.12/site-packages/neutron_lib/callbacks/manager.py:184}}
Aug 06 02:17:30.549555 np0000006608 devstack@neutron-api.service[87967]: DEBUG ovsdbapp.backend.ovs_idl.transaction [-] Running txn n=1 command(idx=0): PgAddCommand(_result=None, name=pg_227c612c_e7fc_4277_b91a_383b3d9a5d67, may_exist=False, columns={'acls': [], 'external_ids': {'neutron:security_group_id': '227c612c-e7fc-4277-b91a-383b3d9a5d67'}}) {{(pid=87967) do_commit /opt/stack/data/venv/lib/python3.12/site-packages/ovsdbapp/backend/ovs_idl/transaction.py:89}}
Aug 06 02:17:30.550629 np0000006608 devstack@neutron-api.service[87967]: DEBUG ovsdbapp.backend.ovs_idl.transaction [-] Running txn n=1 command(idx=1): PgAclAddCommand(_result=None, entity=pg_227c612c_e7fc_4277_b91a_383b3d9a5d67, direction=to-lport, priority=1002, match=outport == @pg_227c612c_e7fc_4277_b91a_383b3d9a5d67 && ip6 && ip6.src == $pg_227c612c_e7fc_4277_b91a_383b3d9a5d67_ip6, action=allow-related, log=False, may_exist=True, severity=[], name=[], meter=[], external_ids={'neutron:security_group_rule_id': '2ca89035-e504-48c2-993c-7a45333ca6c3'}) {{(pid=87967) do_commit /opt/stack/data/venv/lib/python3.12/site-packages/ovsdbapp/backend/ovs_idl/transaction.py:89}}
Aug 06 02:17:30.551020 np0000006608 devstack@neutron-api.service[87967]: DEBUG ovsdbapp.backend.ovs_idl.transaction [-] Running txn n=1 command(idx=2): PgAclAddCommand(_result=None, entity=pg_227c612c_e7fc_4277_b91a_383b3d9a5d67, direction=from-lport, priority=1002, match=inport == @pg_227c612c_e7fc_4277_b91a_383b3d9a5d67 && ip6, action=allow-related, log=False, may_exist=True, severity=[], name=[], meter=[], external_ids={'neutron:security_group_rule_id': '39146036-ea2f-46e4-8ad9-69941ef97615'}) {{(pid=87967) do_commit /opt/stack/data/venv/lib/python3.12/site-packages/ovsdbapp/backend/ovs_idl/transaction.py:89}}
Aug 06 02:17:30.551253 np0000006608 devstack@neutron-api.service[87967]: DEBUG ovsdbapp.backend.ovs_idl.transaction [-] Running txn n=1 command(idx=3): PgAclAddCommand(_result=None, entity=pg_227c612c_e7fc_4277_b91a_383b3d9a5d67, direction=from-lport, priority=1002, match=inport == @pg_227c612c_e7fc_4277_b91a_383b3d9a5d67 && ip4, action=allow-related, log=False, may_exist=True, severity=[], name=[], meter=[], external_ids={'neutron:security_group_rule_id': '7de2118a-f724-4e5b-ad08-87a204a3299d'}) {{(pid=87967) do_commit /opt/stack/data/venv/lib/python3.12/site-packages/ovsdbapp/backend/ovs_idl/transaction.py:89}}
Aug 06 02:17:30.551447 np0000006608 devstack@neutron-api.service[87967]: DEBUG ovsdbapp.backend.ovs_idl.transaction [-] Running txn n=1 command(idx=4): PgAclAddCommand(_result=None, entity=pg_227c612c_e7fc_4277_b91a_383b3d9a5d67, direction=to-lport, priority=1002, match=outport == @pg_227c612c_e7fc_4277_b91a_383b3d9a5d67 && ip4 && ip4.src == $pg_227c612c_e7fc_4277_b91a_383b3d9a5d67_ip4, action=allow-related, log=False, may_exist=True, severity=[], name=[], meter=[], external_ids={'neutron:security_group_rule_id': '7ef0f953-8b5f-4dd8-bf9e-5f684533df0c'}) {{(pid=87967) do_commit /opt/stack/data/venv/lib/python3.12/site-packages/ovsdbapp/backend/ovs_idl/transaction.py:89}}
Aug 06 02:17:30.566955 np0000006608 devstack@neutron-api.service[87967]: DEBUG neutron.plugins.ml2.drivers.ovn.mech_driver.ovsdb.ovsdb_monitor [-] Hash Ring: Node 1c0826b7d986576bbc6c85e008a62974 (host: np0000006608) handling event "create" for row 0ee9372d-28a0-4b5e-a533-efc12db2428d (table: ACL) {{(pid=87967) notify /opt/stack/neutron/neutron/plugins/ml2/drivers/ovn/mech_driver/ovsdb/ovsdb_monitor.py:1099}}
Aug 06 02:17:30.567142 np0000006608 devstack@neutron-api.service[87967]: DEBUG neutron.plugins.ml2.drivers.ovn.mech_driver.ovsdb.ovsdb_monitor [-] Hash Ring: Node 1c0826b7d986576bbc6c85e008a62974 (host: np0000006608) handling event "create" for row 4e0617b4-5363-4656-9d9a-92b11a9d1f54 (table: ACL) {{(pid=87967) notify /opt/stack/neutron/neutron/plugins/ml2/drivers/ovn/mech_driver/ovsdb/ovsdb_monitor.py:1099}}
Aug 06 02:17:30.567346 np0000006608 devstack@neutron-api.service[87967]: DEBUG neutron.plugins.ml2.drivers.ovn.mech_driver.ovsdb.ovsdb_monitor [-] Hash Ring: Node 1c0826b7d986576bbc6c85e008a62974 (host: np0000006608) handling event "create" for row 77c181f2-3caa-412b-88e5-17dd6475bdf7 (table: ACL) {{(pid=87967) notify /opt/stack/neutron/neutron/plugins/ml2/drivers/ovn/mech_driver/ovsdb/ovsdb_monitor.py:1099}}
Aug 06 02:17:30.567530 np0000006608 devstack@neutron-api.service[87967]: DEBUG neutron.plugins.ml2.drivers.ovn.mech_driver.ovsdb.ovsdb_monitor [-] Hash Ring: Node 1c0826b7d986576bbc6c85e008a62974 (host: np0000006608) handling event "create" for row c84708fd-baad-4a92-bb7f-d076c167fcbd (table: ACL) {{(pid=87967) notify /opt/stack/neutron/neutron/plugins/ml2/drivers/ovn/mech_driver/ovsdb/ovsdb_monitor.py:1099}}
Aug 06 02:17:30.567722 np0000006608 devstack@neutron-api.service[87967]: DEBUG neutron.plugins.ml2.drivers.ovn.mech_driver.ovsdb.ovsdb_monitor [-] Hash Ring: Node 1c0826b7d986576bbc6c85e008a62974 (host: np0000006608) handling event "create" for row 0c79c721-2d6e-4b7d-913e-9ac267dcf7a6 (table: Port_Group) {{(pid=87967) notify /opt/stack/neutron/neutron/plugins/ml2/drivers/ovn/mech_driver/ovsdb/ovsdb_monitor.py:1099}}
Aug 06 02:17:30.570077 np0000006608 devstack@neutron-api.service[87966]: DEBUG neutron.plugins.ml2.drivers.ovn.mech_driver.ovsdb.ovsdb_monitor [-] Hash Ring: Node a8a4a858d7f652f6bd534e0efa0194ae (host: np0000006608) handling event "create" for row 0c79c721-2d6e-4b7d-913e-9ac267dcf7a6 (table: Port_Group) {{(pid=87966) notify /opt/stack/neutron/neutron/plugins/ml2/drivers/ovn/mech_driver/ovsdb/ovsdb_monitor.py:1099}}
Aug 06 02:17:30.570502 np0000006608 devstack@neutron-api.service[87968]: DEBUG neutron.plugins.ml2.drivers.ovn.mech_driver.ovsdb.ovsdb_monitor [-] Hash Ring: Node a90ee81d38445847a8fa4e055c125347 (host: np0000006608) handling event "create" for row 0ee9372d-28a0-4b5e-a533-efc12db2428d (table: ACL) {{(pid=87968) notify /opt/stack/neutron/neutron/plugins/ml2/drivers/ovn/mech_driver/ovsdb/ovsdb_monitor.py:1099}}
Aug 06 02:17:30.570850 np0000006608 devstack@neutron-api.service[87968]: DEBUG neutron.plugins.ml2.drivers.ovn.mech_driver.ovsdb.ovsdb_monitor [-] Hash Ring: Node a90ee81d38445847a8fa4e055c125347 (host: np0000006608) handling event "create" for row 77c181f2-3caa-412b-88e5-17dd6475bdf7 (table: ACL) {{(pid=87968) notify /opt/stack/neutron/neutron/plugins/ml2/drivers/ovn/mech_driver/ovsdb/ovsdb_monitor.py:1099}}
Aug 06 02:17:30.589504 np0000006608 devstack@neutron-api.service[87967]: INFO neutron.db.ovn_revision_numbers_db [None req-1846969b-b2e4-46cd-88bf-826afbfb9e39 admin admin] Successfully bumped revision number for resource 227c612c-e7fc-4277-b91a-383b3d9a5d67 (type: security_groups) to 1
Aug 06 02:17:30.601323 np0000006608 devstack@neutron-api.service[87967]: INFO neutron.db.ovn_revision_numbers_db [None req-1846969b-b2e4-46cd-88bf-826afbfb9e39 admin admin] Successfully bumped revision number for resource 2ca89035-e504-48c2-993c-7a45333ca6c3 (type: security_group_rules) to 0
Aug 06 02:17:30.608467 np0000006608 devstack@neutron-api.service[87967]: INFO neutron.db.ovn_revision_numbers_db [None req-1846969b-b2e4-46cd-88bf-826afbfb9e39 admin admin] Successfully bumped revision number for resource 39146036-ea2f-46e4-8ad9-69941ef97615 (type: security_group_rules) to 0
Aug 06 02:17:30.615583 np0000006608 devstack@neutron-api.service[87967]: INFO neutron.db.ovn_revision_numbers_db [None req-1846969b-b2e4-46cd-88bf-826afbfb9e39 admin admin] Successfully bumped revision number for resource 7de2118a-f724-4e5b-ad08-87a204a3299d (type: security_group_rules) to 0
Aug 06 02:17:30.622595 np0000006608 devstack@neutron-api.service[87967]: INFO neutron.db.ovn_revision_numbers_db [None req-1846969b-b2e4-46cd-88bf-826afbfb9e39 admin admin] Successfully bumped revision number for resource 7ef0f953-8b5f-4dd8-bf9e-5f684533df0c (type: security_group_rules) to 0
Aug 06 02:17:30.639970 np0000006608 devstack@neutron-api.service[87967]: DEBUG neutron.api.rpc.handlers.resources_rpc [None req-1846969b-b2e4-46cd-88bf-826afbfb9e39 admin admin] Pushing event updated for resources: {'SecurityGroup': ['ID=227c612c-e7fc-4277-b91a-383b3d9a5d67,revision_number=1']} {{(pid=87967) push /opt/stack/neutron/neutron/api/rpc/handlers/resources_rpc.py:237}}
Aug 06 02:17:30.645350 np0000006608 devstack@neutron-api.service[87967]: DEBUG ovsdbapp.backend.ovs_idl.transaction [-] Running txn n=1 command(idx=0): CheckLivenessCommand(_result=None) {{(pid=87967) do_commit /opt/stack/data/venv/lib/python3.12/site-packages/ovsdbapp/backend/ovs_idl/transaction.py:89}}
Aug 06 02:17:30.647174 np0000006608 devstack@neutron-api.service[87967]: DEBUG neutron.plugins.ml2.drivers.ovn.mech_driver.ovsdb.ovsdb_monitor [-] Hash Ring: Node 1c0826b7d986576bbc6c85e008a62974 (host: np0000006608) handling event "update" for row c85ef61a-f85a-438e-a2d1-51bbbe180708 (table: NB_Global) {{(pid=87967) notify /opt/stack/neutron/neutron/plugins/ml2/drivers/ovn/mech_driver/ovsdb/ovsdb_monitor.py:1099}}
Aug 06 02:17:30.651412 np0000006608 devstack@neutron-api.service[87968]: DEBUG neutron.plugins.ml2.drivers.ovn.mech_driver.ovsdb.ovsdb_monitor [-] Hash Ring: Node a90ee81d38445847a8fa4e055c125347 (host: np0000006608) handling event "update" for row c85ef61a-f85a-438e-a2d1-51bbbe180708 (table: NB_Global) {{(pid=87968) notify /opt/stack/neutron/neutron/plugins/ml2/drivers/ovn/mech_driver/ovsdb/ovsdb_monitor.py:1099}}
Aug 06 02:17:30.651535 np0000006608 devstack@neutron-api.service[87967]: DEBUG neutron.api.rpc.callbacks.version_manager [None req-1846969b-b2e4-46cd-88bf-826afbfb9e39 admin admin] Tracked resource versions report:
Aug 06 02:17:30.651535 np0000006608 devstack@neutron-api.service[87967]: pushed versions:
Aug 06 02:17:30.651535 np0000006608 devstack@neutron-api.service[87967]: { 'AddressGroup': {'1.2'},
Aug 06 02:17:30.651535 np0000006608 devstack@neutron-api.service[87967]: 'Agent': {'1.1'},
Aug 06 02:17:30.651535 np0000006608 devstack@neutron-api.service[87967]: 'ConntrackHelper': {'1.0'},
Aug 06 02:17:30.651535 np0000006608 devstack@neutron-api.service[87967]: 'LocalIPAssociation': {'1.0'},
Aug 06 02:17:30.651535 np0000006608 devstack@neutron-api.service[87967]: 'Log': {'1.0'},
Aug 06 02:17:30.651535 np0000006608 devstack@neutron-api.service[87967]: 'NDPProxy': {'1.0'},
Aug 06 02:17:30.651535 np0000006608 devstack@neutron-api.service[87967]: 'Network': {'1.3'},
Aug 06 02:17:30.651535 np0000006608 devstack@neutron-api.service[87967]: 'Port': {'1.11'},
Aug 06 02:17:30.651535 np0000006608 devstack@neutron-api.service[87967]: 'PortForwarding': {'1.3'},
Aug 06 02:17:30.651535 np0000006608 devstack@neutron-api.service[87967]: 'QosPolicy': {'1.10'},
Aug 06 02:17:30.651535 np0000006608 devstack@neutron-api.service[87967]: 'SecurityGroup': {'1.6'},
Aug 06 02:17:30.651535 np0000006608 devstack@neutron-api.service[87967]: 'SecurityGroupRule': {'1.3'},
Aug 06 02:17:30.651535 np0000006608 devstack@neutron-api.service[87967]: 'SubPort': {'1.0'},
Aug 06 02:17:30.651535 np0000006608 devstack@neutron-api.service[87967]: 'Subnet': {'1.2'},
Aug 06 02:17:30.651535 np0000006608 devstack@neutron-api.service[87967]: 'Trunk': {'1.1'}}
Aug 06 02:17:30.651535 np0000006608 devstack@neutron-api.service[87967]: consumer versions:
Aug 06 02:17:30.651535 np0000006608 devstack@neutron-api.service[87967]: {}
Aug 06 02:17:30.651535 np0000006608 devstack@neutron-api.service[87967]: {{(pid=87967) report /opt/stack/neutron/neutron/api/rpc/callbacks/version_manager.py:183}}
Aug 06 02:17:30.653430 np0000006608 devstack@neutron-api.service[87968]: DEBUG ovsdbapp.backend.ovs_idl.event [-] Matched UPDATE: ChassisAgentWriteEvent(events=('create', 'update'), table='Chassis_Private', conditions=None, old_conditions=None), priority=20 to row=Chassis_Private(uuid=ed0eddaf-9cee-43c4-bd74-fa76813f91c6, chassis=58adadac-f9cd-4726-980d-9371107385bf, external_ids={'neutron:ovn-bridge': 'br-int', 'neutron:ovn-neutron-agent-id': 'ea5628bb-6045-56ca-aef7-9347c74db149', 'neutron:ovn-neutron-agent-sb-cfg': '0'}, name='d0b62250-347c-450c-8ad1-76a2e5c9e44f', nb_cfg=1, nb_cfg_timestamp=1785982650650) old=Chassis_Private(uuid=ed0eddaf-9cee-43c4-bd74-fa76813f91c6, nb_cfg=0, nb_cfg_timestamp=0) {{(pid=87968) matches /opt/stack/data/venv/lib/python3.12/site-packages/ovsdbapp/backend/ovs_idl/event.py:55}}
Aug 06 02:17:30.653673 np0000006608 devstack@neutron-api.service[87968]: DEBUG neutron.plugins.ml2.drivers.ovn.mech_driver.ovsdb.ovsdb_monitor [-] Hash Ring: Node a90ee81d38445847a8fa4e055c125347 (host: np0000006608) handling event "update" for row c85ef61a-f85a-438e-a2d1-51bbbe180708 (table: NB_Global) {{(pid=87968) notify /opt/stack/neutron/neutron/plugins/ml2/drivers/ovn/mech_driver/ovsdb/ovsdb_monitor.py:1099}}
Aug 06 02:17:30.655819 np0000006608 devstack@neutron-api.service[87967]: DEBUG neutron.plugins.ml2.drivers.ovn.mech_driver.ovsdb.ovsdb_monitor [-] Hash Ring: Node 1c0826b7d986576bbc6c85e008a62974 (host: np0000006608) handling event "update" for row c85ef61a-f85a-438e-a2d1-51bbbe180708 (table: NB_Global) {{(pid=87967) notify /opt/stack/neutron/neutron/plugins/ml2/drivers/ovn/mech_driver/ovsdb/ovsdb_monitor.py:1099}}
Aug 06 02:17:30.655948 np0000006608 devstack@neutron-api.service[87966]: DEBUG ovsdbapp.backend.ovs_idl.event [-] Matched UPDATE: ChassisAgentWriteEvent(events=('create', 'update'), table='Chassis_Private', conditions=None, old_conditions=None), priority=20 to row=Chassis_Private(uuid=ed0eddaf-9cee-43c4-bd74-fa76813f91c6, chassis=58adadac-f9cd-4726-980d-9371107385bf, external_ids={'neutron:ovn-bridge': 'br-int', 'neutron:ovn-neutron-agent-id': 'ea5628bb-6045-56ca-aef7-9347c74db149', 'neutron:ovn-neutron-agent-sb-cfg': '0'}, name='d0b62250-347c-450c-8ad1-76a2e5c9e44f', nb_cfg=1, nb_cfg_timestamp=1785982650650) old=Chassis_Private(uuid=ed0eddaf-9cee-43c4-bd74-fa76813f91c6, nb_cfg=0, nb_cfg_timestamp=0) {{(pid=87966) matches /opt/stack/data/venv/lib/python3.12/site-packages/ovsdbapp/backend/ovs_idl/event.py:55}}
Aug 06 02:17:30.656175 np0000006608 devstack@neutron-api.service[87968]: DEBUG neutron.plugins.ml2.drivers.ovn.mech_driver.ovsdb.ovsdb_monitor [-] Hash Ring: Node a90ee81d38445847a8fa4e055c125347 (host: np0000006608) handling event "update" for row c85ef61a-f85a-438e-a2d1-51bbbe180708 (table: NB_Global) {{(pid=87968) notify /opt/stack/neutron/neutron/plugins/ml2/drivers/ovn/mech_driver/ovsdb/ovsdb_monitor.py:1099}}
Aug 06 02:17:30.658313 np0000006608 devstack@neutron-api.service[87967]: DEBUG ovsdbapp.backend.ovs_idl.event [-] Matched UPDATE: ChassisAgentWriteEvent(events=('create', 'update'), table='Chassis_Private', conditions=None, old_conditions=None), priority=20 to row=Chassis_Private(uuid=ed0eddaf-9cee-43c4-bd74-fa76813f91c6, chassis=58adadac-f9cd-4726-980d-9371107385bf, external_ids={'neutron:ovn-bridge': 'br-int', 'neutron:ovn-neutron-agent-id': 'ea5628bb-6045-56ca-aef7-9347c74db149', 'neutron:ovn-neutron-agent-sb-cfg': '0'}, name='d0b62250-347c-450c-8ad1-76a2e5c9e44f', nb_cfg=1, nb_cfg_timestamp=1785982650650) old=Chassis_Private(uuid=ed0eddaf-9cee-43c4-bd74-fa76813f91c6, nb_cfg=0, nb_cfg_timestamp=0) {{(pid=87967) matches /opt/stack/data/venv/lib/python3.12/site-packages/ovsdbapp/backend/ovs_idl/event.py:55}}
Aug 06 02:17:30.658757 np0000006608 devstack@neutron-api.service[87968]: DEBUG neutron.plugins.ml2.drivers.ovn.mech_driver.ovsdb.ovsdb_monitor [-] Hash Ring: Node a90ee81d38445847a8fa4e055c125347 (host: np0000006608) handling event "update" for row c85ef61a-f85a-438e-a2d1-51bbbe180708 (table: NB_Global) {{(pid=87968) notify /opt/stack/neutron/neutron/plugins/ml2/drivers/ovn/mech_driver/ovsdb/ovsdb_monitor.py:1099}}
Aug 06 02:17:30.659240 np0000006608 devstack@neutron-api.service[87966]: DEBUG ovsdbapp.backend.ovs_idl.event [-] Matched UPDATE: ChassisOVNAgentWriteEvent(events=('create', 'update'), table='Chassis_Private', conditions=None, old_conditions=None), priority=20 to row=Chassis_Private(uuid=ed0eddaf-9cee-43c4-bd74-fa76813f91c6, chassis=58adadac-f9cd-4726-980d-9371107385bf, external_ids={'neutron:ovn-bridge': 'br-int', 'neutron:ovn-neutron-agent-id': 'ea5628bb-6045-56ca-aef7-9347c74db149', 'neutron:ovn-neutron-agent-sb-cfg': '1'}, name='d0b62250-347c-450c-8ad1-76a2e5c9e44f', nb_cfg=1, nb_cfg_timestamp=1785982650650) old=Chassis_Private(uuid=ed0eddaf-9cee-43c4-bd74-fa76813f91c6, external_ids={'neutron:ovn-bridge': 'br-int', 'neutron:ovn-neutron-agent-id': 'ea5628bb-6045-56ca-aef7-9347c74db149', 'neutron:ovn-neutron-agent-sb-cfg': '0'}) {{(pid=87966) matches /opt/stack/data/venv/lib/python3.12/site-packages/ovsdbapp/backend/ovs_idl/event.py:55}}
Aug 06 02:17:30.661040 np0000006608 devstack@neutron-api.service[87968]: DEBUG ovsdbapp.backend.ovs_idl.event [-] Matched UPDATE: ChassisOVNAgentWriteEvent(events=('create', 'update'), table='Chassis_Private', conditions=None, old_conditions=None), priority=20 to row=Chassis_Private(uuid=ed0eddaf-9cee-43c4-bd74-fa76813f91c6, chassis=58adadac-f9cd-4726-980d-9371107385bf, external_ids={'neutron:ovn-bridge': 'br-int', 'neutron:ovn-neutron-agent-id': 'ea5628bb-6045-56ca-aef7-9347c74db149', 'neutron:ovn-neutron-agent-sb-cfg': '1'}, name='d0b62250-347c-450c-8ad1-76a2e5c9e44f', nb_cfg=1, nb_cfg_timestamp=1785982650650) old=Chassis_Private(uuid=ed0eddaf-9cee-43c4-bd74-fa76813f91c6, external_ids={'neutron:ovn-bridge': 'br-int', 'neutron:ovn-neutron-agent-id': 'ea5628bb-6045-56ca-aef7-9347c74db149', 'neutron:ovn-neutron-agent-sb-cfg': '0'}) {{(pid=87968) matches /opt/stack/data/venv/lib/python3.12/site-packages/ovsdbapp/backend/ovs_idl/event.py:55}}
Aug 06 02:17:30.661126 np0000006608 devstack@neutron-api.service[87967]: DEBUG neutron.plugins.ml2.drivers.ovn.mech_driver.ovsdb.ovsdb_monitor [-] Hash Ring: Node 1c0826b7d986576bbc6c85e008a62974 (host: np0000006608) handling event "update" for row c85ef61a-f85a-438e-a2d1-51bbbe180708 (table: NB_Global) {{(pid=87967) notify /opt/stack/neutron/neutron/plugins/ml2/drivers/ovn/mech_driver/ovsdb/ovsdb_monitor.py:1099}}
Aug 06 02:17:30.661990 np0000006608 devstack@neutron-api.service[87967]: DEBUG neutron.plugins.ml2.drivers.ovn.mech_driver.ovsdb.ovsdb_monitor [-] Hash Ring: Node 1c0826b7d986576bbc6c85e008a62974 (host: np0000006608) handling event "update" for row c85ef61a-f85a-438e-a2d1-51bbbe180708 (table: NB_Global) {{(pid=87967) notify /opt/stack/neutron/neutron/plugins/ml2/drivers/ovn/mech_driver/ovsdb/ovsdb_monitor.py:1099}}
Aug 06 02:17:30.667212 np0000006608 devstack@neutron-api.service[87967]: DEBUG neutron.common.ovn.hash_ring_manager [-] Allow caching, nodes 3>=3 {{(pid=87967) _wait_startup_before_caching /opt/stack/neutron/neutron/common/ovn/hash_ring_manager.py:71}}
Aug 06 02:17:30.667421 np0000006608 devstack@neutron-api.service[87967]: DEBUG neutron.plugins.ml2.drivers.ovn.mech_driver.ovsdb.ovsdb_monitor [-] Hash Ring: Node 1c0826b7d986576bbc6c85e008a62974 (host: np0000006608) handling event "update" for row ed0eddaf-9cee-43c4-bd74-fa76813f91c6 (table: Chassis_Private) {{(pid=87967) notify /opt/stack/neutron/neutron/plugins/ml2/drivers/ovn/mech_driver/ovsdb/ovsdb_monitor.py:1099}}
Aug 06 02:17:30.669032 np0000006608 devstack@neutron-api.service[87967]: DEBUG ovsdbapp.backend.ovs_idl.event [-] Matched UPDATE: ChassisOVNAgentWriteEvent(events=('create', 'update'), table='Chassis_Private', conditions=None, old_conditions=None), priority=20 to row=Chassis_Private(uuid=ed0eddaf-9cee-43c4-bd74-fa76813f91c6, chassis=58adadac-f9cd-4726-980d-9371107385bf, external_ids={'neutron:ovn-bridge': 'br-int', 'neutron:ovn-neutron-agent-id': 'ea5628bb-6045-56ca-aef7-9347c74db149', 'neutron:ovn-neutron-agent-sb-cfg': '1'}, name='d0b62250-347c-450c-8ad1-76a2e5c9e44f', nb_cfg=1, nb_cfg_timestamp=1785982650650) old=Chassis_Private(uuid=ed0eddaf-9cee-43c4-bd74-fa76813f91c6, external_ids={'neutron:ovn-bridge': 'br-int', 'neutron:ovn-neutron-agent-id': 'ea5628bb-6045-56ca-aef7-9347c74db149', 'neutron:ovn-neutron-agent-sb-cfg': '0'}) {{(pid=87967) matches /opt/stack/data/venv/lib/python3.12/site-packages/ovsdbapp/backend/ovs_idl/event.py:55}}
Aug 06 02:17:30.669278 np0000006608 devstack@neutron-api.service[87967]: DEBUG neutron.plugins.ml2.drivers.ovn.mech_driver.ovsdb.ovsdb_monitor [-] Hash Ring: Node 1c0826b7d986576bbc6c85e008a62974 (host: np0000006608) handling event "update" for row ed0eddaf-9cee-43c4-bd74-fa76813f91c6 (table: Chassis_Private) {{(pid=87967) notify /opt/stack/neutron/neutron/plugins/ml2/drivers/ovn/mech_driver/ovsdb/ovsdb_monitor.py:1099}}
