Jun 24 07:56:42.440586 np0000003524 systemd[1]: Starting devstack@n-api-meta.service - Devstack devstack@n-api-meta.service...
Jun 24 07:56:42.446007 np0000003524 devstack@n-api-meta.service[95779]: [uWSGI] getting INI configuration from /etc/nova/nova-metadata-uwsgi.ini
Jun 24 07:56:42.448184 np0000003524 devstack@n-api-meta.service[95779]: *** Starting uWSGI 2.0.24-debian (64bit) on [Wed Jun 24 07:56:42 2026] ***
Jun 24 07:56:42.448184 np0000003524 devstack@n-api-meta.service[95779]: compiled with version: 13.2.0 on 17 April 2024 16:23:48
Jun 24 07:56:42.448184 np0000003524 devstack@n-api-meta.service[95779]: os: Linux-6.8.0-100-generic #100-Ubuntu SMP PREEMPT_DYNAMIC Tue Jan 13 16:40:06 UTC 2026
Jun 24 07:56:42.448184 np0000003524 devstack@n-api-meta.service[95779]: nodename: np0000003524
Jun 24 07:56:42.448184 np0000003524 devstack@n-api-meta.service[95779]: machine: x86_64
Jun 24 07:56:42.448184 np0000003524 devstack@n-api-meta.service[95779]: clock source: unix
Jun 24 07:56:42.448184 np0000003524 devstack@n-api-meta.service[95779]: pcre jit disabled
Jun 24 07:56:42.448184 np0000003524 devstack@n-api-meta.service[95779]: detected number of CPU cores: 16
Jun 24 07:56:42.448184 np0000003524 devstack@n-api-meta.service[95779]: current working directory: /
Jun 24 07:56:42.448184 np0000003524 devstack@n-api-meta.service[95779]: detected binary path: /usr/bin/uwsgi-core
Jun 24 07:56:42.448568 np0000003524 devstack@n-api-meta.service[95779]: your processes number limit is 257052
Jun 24 07:56:42.448568 np0000003524 devstack@n-api-meta.service[95779]: your memory page size is 4096 bytes
Jun 24 07:56:42.448568 np0000003524 devstack@n-api-meta.service[95779]: detected max file descriptor number: 2048
Jun 24 07:56:42.448568 np0000003524 devstack@n-api-meta.service[95779]: lock engine: pthread robust mutexes
Jun 24 07:56:42.448568 np0000003524 devstack@n-api-meta.service[95779]: thunder lock: enabled
Jun 24 07:56:42.448665 np0000003524 devstack@n-api-meta.service[95779]: uWSGI http bound on 0.0.0.0:8775 fd 5
Jun 24 07:56:42.448665 np0000003524 devstack@n-api-meta.service[95779]: uwsgi socket 0 bound to TCP address 127.0.0.1:42923 (port auto-assigned) fd 4
Jun 24 07:56:42.448665 np0000003524 devstack@n-api-meta.service[95779]: Python version: 3.12.3 (main, Mar 23 2026, 19:04:32) [GCC 13.3.0]
Jun 24 07:56:42.448665 np0000003524 devstack@n-api-meta.service[95779]: PEP 405 virtualenv detected: /opt/stack/data/venv
Jun 24 07:56:42.448665 np0000003524 devstack@n-api-meta.service[95779]: Set PythonHome to /opt/stack/data/venv
Jun 24 07:56:42.480838 np0000003524 devstack@n-api-meta.service[95779]: Python main interpreter initialized at 0x70b0898a3668
Jun 24 07:56:42.480838 np0000003524 devstack@n-api-meta.service[95779]: python threads support enabled
Jun 24 07:56:42.480838 np0000003524 devstack@n-api-meta.service[95779]: your server socket listen backlog is limited to 100 connections
Jun 24 07:56:42.480838 np0000003524 devstack@n-api-meta.service[95779]: your mercy for graceful operations on workers is 80 seconds
Jun 24 07:56:42.481362 np0000003524 devstack@n-api-meta.service[95779]: mapped 671795 bytes (656 KB) for 4 cores
Jun 24 07:56:42.481484 np0000003524 devstack@n-api-meta.service[95779]: *** Operational MODE: preforking ***
Jun 24 07:56:42.481668 np0000003524 devstack@n-api-meta.service[95779]: *** uWSGI is running in multiple interpreter mode ***
Jun 24 07:56:42.481668 np0000003524 devstack@n-api-meta.service[95779]: spawned uWSGI master process (pid: 95779)
Jun 24 07:56:42.481861 np0000003524 systemd[1]: Started devstack@n-api-meta.service - Devstack devstack@n-api-meta.service.
Jun 24 07:56:42.482218 np0000003524 devstack@n-api-meta.service[95779]: spawned uWSGI worker 1 (pid: 95780, cores: 1)
Jun 24 07:56:42.482772 np0000003524 devstack@n-api-meta.service[95779]: spawned uWSGI worker 2 (pid: 95781, cores: 1)
Jun 24 07:56:42.483209 np0000003524 devstack@n-api-meta.service[95779]: spawned uWSGI worker 3 (pid: 95782, cores: 1)
Jun 24 07:56:42.483635 np0000003524 devstack@n-api-meta.service[95779]: spawned uWSGI worker 4 (pid: 95783, cores: 1)
Jun 24 07:56:42.484054 np0000003524 devstack@n-api-meta.service[95779]: spawned uWSGI http 1 (pid: 95784)
Jun 24 07:56:42.484054 np0000003524 devstack@n-api-meta.service[95779]: running "unix_signal:15 gracefully_kill_them_all" (master-start)...
Jun 24 07:56:44.090363 np0000003524 devstack@n-api-meta.service[95781]: INFO dbcounter [None req-008a6345-e24b-41e3-bab1-5f8875c1bdcb None None] Registered counter for database nova_api
Jun 24 07:56:44.131489 np0000003524 devstack@n-api-meta.service[95781]: DEBUG oslo_db.sqlalchemy.engines [None req-008a6345-e24b-41e3-bab1-5f8875c1bdcb None None] MySQL server mode set to STRICT_TRANS_TABLES,STRICT_ALL_TABLES,NO_ZERO_IN_DATE,NO_ZERO_DATE,ERROR_FOR_DIVISION_BY_ZERO,TRADITIONAL,NO_ENGINE_SUBSTITUTION {{(pid=95781) _check_effective_sql_mode /opt/stack/data/venv/lib/python3.12/site-packages/oslo_db/sqlalchemy/engines.py:325}}
Jun 24 07:56:44.160143 np0000003524 devstack@n-api-meta.service[95781]: DEBUG dbcounter [-] [95781] Writer thread running {{(pid=95781) stat_writer /opt/stack/data/venv/lib/python3.12/site-packages/dbcounter.py:102}}
Jun 24 07:56:44.162338 np0000003524 devstack@n-api-meta.service[95781]: DEBUG nova.context [None req-008a6345-e24b-41e3-bab1-5f8875c1bdcb None None] Found 2 cells: 00000000-0000-0000-0000-000000000000(cell0),8d70b1bf-496f-4262-b72f-e3d1e41a3b74(cell1) {{(pid=95781) load_cells /opt/stack/nova/nova/context.py:509}}
Jun 24 07:56:44.162574 np0000003524 devstack@n-api-meta.service[95781]: INFO nova.utils [None req-008a6345-e24b-41e3-bab1-5f8875c1bdcb None None] The cell worker thread pool MainProcess.cell_worker is initialized
Jun 24 07:56:44.164180 np0000003524 devstack@n-api-meta.service[95781]: DEBUG oslo_concurrency.lockutils [None req-008a6345-e24b-41e3-bab1-5f8875c1bdcb None None] Acquiring lock "00000000-0000-0000-0000-000000000000" by "nova.context.set_target_cell..get_or_set_cached_cell_and_set_connections" {{(pid=95781) inner /opt/stack/data/venv/lib/python3.12/site-packages/oslo_concurrency/lockutils.py:511}}
Jun 24 07:56:44.164347 np0000003524 devstack@n-api-meta.service[95781]: DEBUG oslo_concurrency.lockutils [None req-008a6345-e24b-41e3-bab1-5f8875c1bdcb None None] Lock "00000000-0000-0000-0000-000000000000" acquired by "nova.context.set_target_cell..get_or_set_cached_cell_and_set_connections" :: waited 0.000s {{(pid=95781) inner /opt/stack/data/venv/lib/python3.12/site-packages/oslo_concurrency/lockutils.py:524}}
Jun 24 07:56:44.164698 np0000003524 devstack@n-api-meta.service[95781]: DEBUG oslo_concurrency.lockutils [None req-008a6345-e24b-41e3-bab1-5f8875c1bdcb None None] Lock "00000000-0000-0000-0000-000000000000" "released" by "nova.context.set_target_cell..get_or_set_cached_cell_and_set_connections" :: held 0.000s {{(pid=95781) inner /opt/stack/data/venv/lib/python3.12/site-packages/oslo_concurrency/lockutils.py:543}}
Jun 24 07:56:44.165318 np0000003524 devstack@n-api-meta.service[95781]: DEBUG oslo_concurrency.lockutils [None req-008a6345-e24b-41e3-bab1-5f8875c1bdcb None None] Acquiring lock "8d70b1bf-496f-4262-b72f-e3d1e41a3b74" by "nova.context.set_target_cell..get_or_set_cached_cell_and_set_connections" {{(pid=95781) inner /opt/stack/data/venv/lib/python3.12/site-packages/oslo_concurrency/lockutils.py:511}}
Jun 24 07:56:44.165451 np0000003524 devstack@n-api-meta.service[95781]: DEBUG oslo_concurrency.lockutils [None req-008a6345-e24b-41e3-bab1-5f8875c1bdcb None None] Lock "8d70b1bf-496f-4262-b72f-e3d1e41a3b74" acquired by "nova.context.set_target_cell..get_or_set_cached_cell_and_set_connections" :: waited 0.000s {{(pid=95781) inner /opt/stack/data/venv/lib/python3.12/site-packages/oslo_concurrency/lockutils.py:524}}
Jun 24 07:56:44.166210 np0000003524 devstack@n-api-meta.service[95781]: DEBUG oslo_concurrency.lockutils [None req-008a6345-e24b-41e3-bab1-5f8875c1bdcb None None] Lock "8d70b1bf-496f-4262-b72f-e3d1e41a3b74" "released" by "nova.context.set_target_cell..get_or_set_cached_cell_and_set_connections" :: held 0.001s {{(pid=95781) inner /opt/stack/data/venv/lib/python3.12/site-packages/oslo_concurrency/lockutils.py:543}}
Jun 24 07:56:44.166943 np0000003524 devstack@n-api-meta.service[95780]: INFO dbcounter [None req-f2ac84d3-0cc8-4063-a691-e9015af0098c None None] Registered counter for database nova_api
Jun 24 07:56:44.167997 np0000003524 devstack@n-api-meta.service[95781]: INFO dbcounter [None req-008a6345-e24b-41e3-bab1-5f8875c1bdcb None None] Registered counter for database nova_cell0
Jun 24 07:56:44.170368 np0000003524 devstack@n-api-meta.service[95781]: INFO dbcounter [None req-008a6345-e24b-41e3-bab1-5f8875c1bdcb None None] Registered counter for database nova_cell1
Jun 24 07:56:44.173933 np0000003524 devstack@n-api-meta.service[95782]: INFO dbcounter [None req-1e785115-67f1-497c-83a2-cd1b97b2645a None None] Registered counter for database nova_api
Jun 24 07:56:44.192073 np0000003524 devstack@n-api-meta.service[95783]: INFO dbcounter [None req-bb9cba5d-36ee-411e-90b6-0489c14e28e2 None None] Registered counter for database nova_api
Jun 24 07:56:44.212610 np0000003524 devstack@n-api-meta.service[95780]: DEBUG oslo_db.sqlalchemy.engines [None req-f2ac84d3-0cc8-4063-a691-e9015af0098c None None] MySQL server mode set to STRICT_TRANS_TABLES,STRICT_ALL_TABLES,NO_ZERO_IN_DATE,NO_ZERO_DATE,ERROR_FOR_DIVISION_BY_ZERO,TRADITIONAL,NO_ENGINE_SUBSTITUTION {{(pid=95780) _check_effective_sql_mode /opt/stack/data/venv/lib/python3.12/site-packages/oslo_db/sqlalchemy/engines.py:325}}
Jun 24 07:56:44.215116 np0000003524 devstack@n-api-meta.service[95781]: DEBUG oslo_db.sqlalchemy.engines [None req-008a6345-e24b-41e3-bab1-5f8875c1bdcb None None] MySQL server mode set to STRICT_TRANS_TABLES,STRICT_ALL_TABLES,NO_ZERO_IN_DATE,NO_ZERO_DATE,ERROR_FOR_DIVISION_BY_ZERO,TRADITIONAL,NO_ENGINE_SUBSTITUTION {{(pid=95781) _check_effective_sql_mode /opt/stack/data/venv/lib/python3.12/site-packages/oslo_db/sqlalchemy/engines.py:325}}
Jun 24 07:56:44.218590 np0000003524 devstack@n-api-meta.service[95781]: DEBUG oslo_db.sqlalchemy.engines [None req-008a6345-e24b-41e3-bab1-5f8875c1bdcb None None] MySQL server mode set to STRICT_TRANS_TABLES,STRICT_ALL_TABLES,NO_ZERO_IN_DATE,NO_ZERO_DATE,ERROR_FOR_DIVISION_BY_ZERO,TRADITIONAL,NO_ENGINE_SUBSTITUTION {{(pid=95781) _check_effective_sql_mode /opt/stack/data/venv/lib/python3.12/site-packages/oslo_db/sqlalchemy/engines.py:325}}
Jun 24 07:56:44.221401 np0000003524 devstack@n-api-meta.service[95782]: DEBUG oslo_db.sqlalchemy.engines [None req-1e785115-67f1-497c-83a2-cd1b97b2645a None None] MySQL server mode set to STRICT_TRANS_TABLES,STRICT_ALL_TABLES,NO_ZERO_IN_DATE,NO_ZERO_DATE,ERROR_FOR_DIVISION_BY_ZERO,TRADITIONAL,NO_ENGINE_SUBSTITUTION {{(pid=95782) _check_effective_sql_mode /opt/stack/data/venv/lib/python3.12/site-packages/oslo_db/sqlalchemy/engines.py:325}}
Jun 24 07:56:44.238605 np0000003524 devstack@n-api-meta.service[95783]: DEBUG oslo_db.sqlalchemy.engines [None req-bb9cba5d-36ee-411e-90b6-0489c14e28e2 None None] MySQL server mode set to STRICT_TRANS_TABLES,STRICT_ALL_TABLES,NO_ZERO_IN_DATE,NO_ZERO_DATE,ERROR_FOR_DIVISION_BY_ZERO,TRADITIONAL,NO_ENGINE_SUBSTITUTION {{(pid=95783) _check_effective_sql_mode /opt/stack/data/venv/lib/python3.12/site-packages/oslo_db/sqlalchemy/engines.py:325}}
Jun 24 07:56:44.242793 np0000003524 devstack@n-api-meta.service[95780]: DEBUG dbcounter [-] [95780] Writer thread running {{(pid=95780) stat_writer /opt/stack/data/venv/lib/python3.12/site-packages/dbcounter.py:102}}
Jun 24 07:56:44.244730 np0000003524 devstack@n-api-meta.service[95780]: DEBUG nova.context [None req-f2ac84d3-0cc8-4063-a691-e9015af0098c None None] Found 2 cells: 00000000-0000-0000-0000-000000000000(cell0),8d70b1bf-496f-4262-b72f-e3d1e41a3b74(cell1) {{(pid=95780) load_cells /opt/stack/nova/nova/context.py:509}}
Jun 24 07:56:44.244966 np0000003524 devstack@n-api-meta.service[95780]: INFO nova.utils [None req-f2ac84d3-0cc8-4063-a691-e9015af0098c None None] The cell worker thread pool MainProcess.cell_worker is initialized
Jun 24 07:56:44.246771 np0000003524 devstack@n-api-meta.service[95780]: DEBUG oslo_concurrency.lockutils [None req-f2ac84d3-0cc8-4063-a691-e9015af0098c None None] Acquiring lock "00000000-0000-0000-0000-000000000000" by "nova.context.set_target_cell..get_or_set_cached_cell_and_set_connections" {{(pid=95780) inner /opt/stack/data/venv/lib/python3.12/site-packages/oslo_concurrency/lockutils.py:511}}
Jun 24 07:56:44.246930 np0000003524 devstack@n-api-meta.service[95780]: DEBUG oslo_concurrency.lockutils [None req-f2ac84d3-0cc8-4063-a691-e9015af0098c None None] Lock "00000000-0000-0000-0000-000000000000" acquired by "nova.context.set_target_cell..get_or_set_cached_cell_and_set_connections" :: waited 0.000s {{(pid=95780) inner /opt/stack/data/venv/lib/python3.12/site-packages/oslo_concurrency/lockutils.py:524}}
Jun 24 07:56:44.247349 np0000003524 devstack@n-api-meta.service[95780]: DEBUG oslo_concurrency.lockutils [None req-f2ac84d3-0cc8-4063-a691-e9015af0098c None None] Lock "00000000-0000-0000-0000-000000000000" "released" by "nova.context.set_target_cell..get_or_set_cached_cell_and_set_connections" :: held 0.000s {{(pid=95780) inner /opt/stack/data/venv/lib/python3.12/site-packages/oslo_concurrency/lockutils.py:543}}
Jun 24 07:56:44.247998 np0000003524 devstack@n-api-meta.service[95780]: DEBUG oslo_concurrency.lockutils [None req-f2ac84d3-0cc8-4063-a691-e9015af0098c None None] Acquiring lock "8d70b1bf-496f-4262-b72f-e3d1e41a3b74" by "nova.context.set_target_cell..get_or_set_cached_cell_and_set_connections" {{(pid=95780) inner /opt/stack/data/venv/lib/python3.12/site-packages/oslo_concurrency/lockutils.py:511}}
Jun 24 07:56:44.248169 np0000003524 devstack@n-api-meta.service[95780]: DEBUG oslo_concurrency.lockutils [None req-f2ac84d3-0cc8-4063-a691-e9015af0098c None None] Lock "8d70b1bf-496f-4262-b72f-e3d1e41a3b74" acquired by "nova.context.set_target_cell..get_or_set_cached_cell_and_set_connections" :: waited 0.000s {{(pid=95780) inner /opt/stack/data/venv/lib/python3.12/site-packages/oslo_concurrency/lockutils.py:524}}
Jun 24 07:56:44.248928 np0000003524 devstack@n-api-meta.service[95780]: DEBUG oslo_concurrency.lockutils [None req-f2ac84d3-0cc8-4063-a691-e9015af0098c None None] Lock "8d70b1bf-496f-4262-b72f-e3d1e41a3b74" "released" by "nova.context.set_target_cell..get_or_set_cached_cell_and_set_connections" :: held 0.001s {{(pid=95780) inner /opt/stack/data/venv/lib/python3.12/site-packages/oslo_concurrency/lockutils.py:543}}
Jun 24 07:56:44.252382 np0000003524 devstack@n-api-meta.service[95782]: DEBUG dbcounter [-] [95782] Writer thread running {{(pid=95782) stat_writer /opt/stack/data/venv/lib/python3.12/site-packages/dbcounter.py:102}}
Jun 24 07:56:44.252479 np0000003524 devstack@n-api-meta.service[95780]: INFO dbcounter [None req-f2ac84d3-0cc8-4063-a691-e9015af0098c None None] Registered counter for database nova_cell0
Jun 24 07:56:44.252516 np0000003524 devstack@n-api-meta.service[95782]: DEBUG nova.context [None req-1e785115-67f1-497c-83a2-cd1b97b2645a None None] Found 2 cells: 00000000-0000-0000-0000-000000000000(cell0),8d70b1bf-496f-4262-b72f-e3d1e41a3b74(cell1) {{(pid=95782) load_cells /opt/stack/nova/nova/context.py:509}}
Jun 24 07:56:44.252516 np0000003524 devstack@n-api-meta.service[95782]: INFO nova.utils [None req-1e785115-67f1-497c-83a2-cd1b97b2645a None None] The cell worker thread pool MainProcess.cell_worker is initialized
Jun 24 07:56:44.253885 np0000003524 devstack@n-api-meta.service[95782]: DEBUG oslo_concurrency.lockutils [None req-1e785115-67f1-497c-83a2-cd1b97b2645a None None] Acquiring lock "00000000-0000-0000-0000-000000000000" by "nova.context.set_target_cell..get_or_set_cached_cell_and_set_connections" {{(pid=95782) inner /opt/stack/data/venv/lib/python3.12/site-packages/oslo_concurrency/lockutils.py:511}}
Jun 24 07:56:44.254042 np0000003524 devstack@n-api-meta.service[95782]: DEBUG oslo_concurrency.lockutils [None req-1e785115-67f1-497c-83a2-cd1b97b2645a None None] Lock "00000000-0000-0000-0000-000000000000" acquired by "nova.context.set_target_cell..get_or_set_cached_cell_and_set_connections" :: waited 0.000s {{(pid=95782) inner /opt/stack/data/venv/lib/python3.12/site-packages/oslo_concurrency/lockutils.py:524}}
Jun 24 07:56:44.254095 np0000003524 devstack@n-api-meta.service[95780]: INFO dbcounter [None req-f2ac84d3-0cc8-4063-a691-e9015af0098c None None] Registered counter for database nova_cell1
Jun 24 07:56:44.254397 np0000003524 devstack@n-api-meta.service[95782]: DEBUG oslo_concurrency.lockutils [None req-1e785115-67f1-497c-83a2-cd1b97b2645a None None] Lock "00000000-0000-0000-0000-000000000000" "released" by "nova.context.set_target_cell..get_or_set_cached_cell_and_set_connections" :: held 0.000s {{(pid=95782) inner /opt/stack/data/venv/lib/python3.12/site-packages/oslo_concurrency/lockutils.py:543}}
Jun 24 07:56:44.255053 np0000003524 devstack@n-api-meta.service[95782]: DEBUG oslo_concurrency.lockutils [None req-1e785115-67f1-497c-83a2-cd1b97b2645a None None] Acquiring lock "8d70b1bf-496f-4262-b72f-e3d1e41a3b74" by "nova.context.set_target_cell..get_or_set_cached_cell_and_set_connections" {{(pid=95782) inner /opt/stack/data/venv/lib/python3.12/site-packages/oslo_concurrency/lockutils.py:511}}
Jun 24 07:56:44.255139 np0000003524 devstack@n-api-meta.service[95782]: DEBUG oslo_concurrency.lockutils [None req-1e785115-67f1-497c-83a2-cd1b97b2645a None None] Lock "8d70b1bf-496f-4262-b72f-e3d1e41a3b74" acquired by "nova.context.set_target_cell..get_or_set_cached_cell_and_set_connections" :: waited 0.000s {{(pid=95782) inner /opt/stack/data/venv/lib/python3.12/site-packages/oslo_concurrency/lockutils.py:524}}
Jun 24 07:56:44.258334 np0000003524 devstack@n-api-meta.service[95782]: DEBUG oslo_concurrency.lockutils [None req-1e785115-67f1-497c-83a2-cd1b97b2645a None None] Lock "8d70b1bf-496f-4262-b72f-e3d1e41a3b74" "released" by "nova.context.set_target_cell..get_or_set_cached_cell_and_set_connections" :: held 0.001s {{(pid=95782) inner /opt/stack/data/venv/lib/python3.12/site-packages/oslo_concurrency/lockutils.py:543}}
Jun 24 07:56:44.258334 np0000003524 devstack@n-api-meta.service[95782]: INFO dbcounter [None req-1e785115-67f1-497c-83a2-cd1b97b2645a None None] Registered counter for database nova_cell0
Jun 24 07:56:44.260504 np0000003524 devstack@n-api-meta.service[95782]: INFO dbcounter [None req-1e785115-67f1-497c-83a2-cd1b97b2645a None None] Registered counter for database nova_cell1
Jun 24 07:56:44.270722 np0000003524 devstack@n-api-meta.service[95783]: DEBUG dbcounter [-] [95783] Writer thread running {{(pid=95783) stat_writer /opt/stack/data/venv/lib/python3.12/site-packages/dbcounter.py:102}}
Jun 24 07:56:44.273000 np0000003524 devstack@n-api-meta.service[95783]: DEBUG nova.context [None req-bb9cba5d-36ee-411e-90b6-0489c14e28e2 None None] Found 2 cells: 00000000-0000-0000-0000-000000000000(cell0),8d70b1bf-496f-4262-b72f-e3d1e41a3b74(cell1) {{(pid=95783) load_cells /opt/stack/nova/nova/context.py:509}}
Jun 24 07:56:44.273222 np0000003524 devstack@n-api-meta.service[95783]: INFO nova.utils [None req-bb9cba5d-36ee-411e-90b6-0489c14e28e2 None None] The cell worker thread pool MainProcess.cell_worker is initialized
Jun 24 07:56:44.274963 np0000003524 devstack@n-api-meta.service[95783]: DEBUG oslo_concurrency.lockutils [None req-bb9cba5d-36ee-411e-90b6-0489c14e28e2 None None] Acquiring lock "00000000-0000-0000-0000-000000000000" by "nova.context.set_target_cell..get_or_set_cached_cell_and_set_connections" {{(pid=95783) inner /opt/stack/data/venv/lib/python3.12/site-packages/oslo_concurrency/lockutils.py:511}}
Jun 24 07:56:44.275153 np0000003524 devstack@n-api-meta.service[95783]: DEBUG oslo_concurrency.lockutils [None req-bb9cba5d-36ee-411e-90b6-0489c14e28e2 None None] Lock "00000000-0000-0000-0000-000000000000" acquired by "nova.context.set_target_cell..get_or_set_cached_cell_and_set_connections" :: waited 0.000s {{(pid=95783) inner /opt/stack/data/venv/lib/python3.12/site-packages/oslo_concurrency/lockutils.py:524}}
Jun 24 07:56:44.275509 np0000003524 devstack@n-api-meta.service[95783]: DEBUG oslo_concurrency.lockutils [None req-bb9cba5d-36ee-411e-90b6-0489c14e28e2 None None] Lock "00000000-0000-0000-0000-000000000000" "released" by "nova.context.set_target_cell..get_or_set_cached_cell_and_set_connections" :: held 0.000s {{(pid=95783) inner /opt/stack/data/venv/lib/python3.12/site-packages/oslo_concurrency/lockutils.py:543}}
Jun 24 07:56:44.276168 np0000003524 devstack@n-api-meta.service[95783]: DEBUG oslo_concurrency.lockutils [None req-bb9cba5d-36ee-411e-90b6-0489c14e28e2 None None] Acquiring lock "8d70b1bf-496f-4262-b72f-e3d1e41a3b74" by "nova.context.set_target_cell..get_or_set_cached_cell_and_set_connections" {{(pid=95783) inner /opt/stack/data/venv/lib/python3.12/site-packages/oslo_concurrency/lockutils.py:511}}
Jun 24 07:56:44.276326 np0000003524 devstack@n-api-meta.service[95783]: DEBUG oslo_concurrency.lockutils [None req-bb9cba5d-36ee-411e-90b6-0489c14e28e2 None None] Lock "8d70b1bf-496f-4262-b72f-e3d1e41a3b74" acquired by "nova.context.set_target_cell..get_or_set_cached_cell_and_set_connections" :: waited 0.000s {{(pid=95783) inner /opt/stack/data/venv/lib/python3.12/site-packages/oslo_concurrency/lockutils.py:524}}
Jun 24 07:56:44.277084 np0000003524 devstack@n-api-meta.service[95783]: DEBUG oslo_concurrency.lockutils [None req-bb9cba5d-36ee-411e-90b6-0489c14e28e2 None None] Lock "8d70b1bf-496f-4262-b72f-e3d1e41a3b74" "released" by "nova.context.set_target_cell..get_or_set_cached_cell_and_set_connections" :: held 0.001s {{(pid=95783) inner /opt/stack/data/venv/lib/python3.12/site-packages/oslo_concurrency/lockutils.py:543}}
Jun 24 07:56:44.279182 np0000003524 devstack@n-api-meta.service[95783]: INFO dbcounter [None req-bb9cba5d-36ee-411e-90b6-0489c14e28e2 None None] Registered counter for database nova_cell0
Jun 24 07:56:44.282256 np0000003524 devstack@n-api-meta.service[95783]: INFO dbcounter [None req-bb9cba5d-36ee-411e-90b6-0489c14e28e2 None None] Registered counter for database nova_cell1
Jun 24 07:56:44.308495 np0000003524 devstack@n-api-meta.service[95782]: DEBUG oslo_db.sqlalchemy.engines [None req-1e785115-67f1-497c-83a2-cd1b97b2645a None None] MySQL server mode set to STRICT_TRANS_TABLES,STRICT_ALL_TABLES,NO_ZERO_IN_DATE,NO_ZERO_DATE,ERROR_FOR_DIVISION_BY_ZERO,TRADITIONAL,NO_ENGINE_SUBSTITUTION {{(pid=95782) _check_effective_sql_mode /opt/stack/data/venv/lib/python3.12/site-packages/oslo_db/sqlalchemy/engines.py:325}}
Jun 24 07:56:44.314969 np0000003524 devstack@n-api-meta.service[95781]: DEBUG dbcounter [-] [95781] Writer thread running {{(pid=95781) stat_writer /opt/stack/data/venv/lib/python3.12/site-packages/dbcounter.py:102}}
Jun 24 07:56:44.317723 np0000003524 devstack@n-api-meta.service[95781]: DEBUG dbcounter [-] [95781] Writer thread running {{(pid=95781) stat_writer /opt/stack/data/venv/lib/python3.12/site-packages/dbcounter.py:102}}
Jun 24 07:56:44.318185 np0000003524 devstack@n-api-meta.service[95780]: DEBUG oslo_db.sqlalchemy.engines [None req-f2ac84d3-0cc8-4063-a691-e9015af0098c None None] MySQL server mode set to STRICT_TRANS_TABLES,STRICT_ALL_TABLES,NO_ZERO_IN_DATE,NO_ZERO_DATE,ERROR_FOR_DIVISION_BY_ZERO,TRADITIONAL,NO_ENGINE_SUBSTITUTION {{(pid=95780) _check_effective_sql_mode /opt/stack/data/venv/lib/python3.12/site-packages/oslo_db/sqlalchemy/engines.py:325}}
Jun 24 07:56:44.322453 np0000003524 devstack@n-api-meta.service[95781]: INFO dbcounter [None req-008a6345-e24b-41e3-bab1-5f8875c1bdcb None None] Registered counter for database nova_cell0
Jun 24 07:56:44.324265 np0000003524 devstack@n-api-meta.service[95780]: DEBUG oslo_db.sqlalchemy.engines [None req-f2ac84d3-0cc8-4063-a691-e9015af0098c None None] MySQL server mode set to STRICT_TRANS_TABLES,STRICT_ALL_TABLES,NO_ZERO_IN_DATE,NO_ZERO_DATE,ERROR_FOR_DIVISION_BY_ZERO,TRADITIONAL,NO_ENGINE_SUBSTITUTION {{(pid=95780) _check_effective_sql_mode /opt/stack/data/venv/lib/python3.12/site-packages/oslo_db/sqlalchemy/engines.py:325}}
Jun 24 07:56:44.330477 np0000003524 devstack@n-api-meta.service[95783]: DEBUG oslo_db.sqlalchemy.engines [None req-bb9cba5d-36ee-411e-90b6-0489c14e28e2 None None] MySQL server mode set to STRICT_TRANS_TABLES,STRICT_ALL_TABLES,NO_ZERO_IN_DATE,NO_ZERO_DATE,ERROR_FOR_DIVISION_BY_ZERO,TRADITIONAL,NO_ENGINE_SUBSTITUTION {{(pid=95783) _check_effective_sql_mode /opt/stack/data/venv/lib/python3.12/site-packages/oslo_db/sqlalchemy/engines.py:325}}
Jun 24 07:56:44.340408 np0000003524 devstack@n-api-meta.service[95783]: DEBUG oslo_db.sqlalchemy.engines [None req-bb9cba5d-36ee-411e-90b6-0489c14e28e2 None None] MySQL server mode set to STRICT_TRANS_TABLES,STRICT_ALL_TABLES,NO_ZERO_IN_DATE,NO_ZERO_DATE,ERROR_FOR_DIVISION_BY_ZERO,TRADITIONAL,NO_ENGINE_SUBSTITUTION {{(pid=95783) _check_effective_sql_mode /opt/stack/data/venv/lib/python3.12/site-packages/oslo_db/sqlalchemy/engines.py:325}}
Jun 24 07:56:44.364128 np0000003524 devstack@n-api-meta.service[95781]: DEBUG oslo_db.sqlalchemy.engines [None req-008a6345-e24b-41e3-bab1-5f8875c1bdcb None None] MySQL server mode set to STRICT_TRANS_TABLES,STRICT_ALL_TABLES,NO_ZERO_IN_DATE,NO_ZERO_DATE,ERROR_FOR_DIVISION_BY_ZERO,TRADITIONAL,NO_ENGINE_SUBSTITUTION {{(pid=95781) _check_effective_sql_mode /opt/stack/data/venv/lib/python3.12/site-packages/oslo_db/sqlalchemy/engines.py:325}}
Jun 24 07:56:44.369967 np0000003524 devstack@n-api-meta.service[95781]: DEBUG dbcounter [-] [95781] Writer thread running {{(pid=95781) stat_writer /opt/stack/data/venv/lib/python3.12/site-packages/dbcounter.py:102}}
Jun 24 07:56:44.379291 np0000003524 devstack@n-api-meta.service[95782]: DEBUG oslo_db.sqlalchemy.engines [None req-1e785115-67f1-497c-83a2-cd1b97b2645a None None] MySQL server mode set to STRICT_TRANS_TABLES,STRICT_ALL_TABLES,NO_ZERO_IN_DATE,NO_ZERO_DATE,ERROR_FOR_DIVISION_BY_ZERO,TRADITIONAL,NO_ENGINE_SUBSTITUTION {{(pid=95782) _check_effective_sql_mode /opt/stack/data/venv/lib/python3.12/site-packages/oslo_db/sqlalchemy/engines.py:325}}
Jun 24 07:56:44.388756 np0000003524 devstack@n-api-meta.service[95782]: DEBUG dbcounter [-] [95782] Writer thread running {{(pid=95782) stat_writer /opt/stack/data/venv/lib/python3.12/site-packages/dbcounter.py:102}}
Jun 24 07:56:44.394789 np0000003524 devstack@n-api-meta.service[95782]: DEBUG dbcounter [-] [95782] Writer thread running {{(pid=95782) stat_writer /opt/stack/data/venv/lib/python3.12/site-packages/dbcounter.py:102}}
Jun 24 07:56:44.397867 np0000003524 devstack@n-api-meta.service[95782]: INFO dbcounter [None req-1e785115-67f1-497c-83a2-cd1b97b2645a None None] Registered counter for database nova_cell0
Jun 24 07:56:44.411107 np0000003524 devstack@n-api-meta.service[95781]: WARNING nova.api.metadata.handler [None req-008a6345-e24b-41e3-bab1-5f8875c1bdcb None None] metadata_proxy_shared_secret is not configured, the metadata information returned by the proxy cannot be trusted
Jun 24 07:56:44.413311 np0000003524 devstack@n-api-meta.service[95781]: DEBUG nova.api.openstack.wsgi_app [None req-008a6345-e24b-41e3-bab1-5f8875c1bdcb None None] ******************************************************************************** {{(pid=95781) log_opt_values /opt/stack/data/venv/lib/python3.12/site-packages/oslo_config/cfg.py:3226}}
Jun 24 07:56:44.413481 np0000003524 devstack@n-api-meta.service[95781]: DEBUG nova.api.openstack.wsgi_app [None req-008a6345-e24b-41e3-bab1-5f8875c1bdcb None None] Configuration options gathered from: {{(pid=95781) log_opt_values /opt/stack/data/venv/lib/python3.12/site-packages/oslo_config/cfg.py:3227}}
Jun 24 07:56:44.413641 np0000003524 devstack@n-api-meta.service[95781]: DEBUG nova.api.openstack.wsgi_app [None req-008a6345-e24b-41e3-bab1-5f8875c1bdcb None None] command line args: [] {{(pid=95781) log_opt_values /opt/stack/data/venv/lib/python3.12/site-packages/oslo_config/cfg.py:3228}}
Jun 24 07:56:44.413853 np0000003524 devstack@n-api-meta.service[95781]: DEBUG nova.api.openstack.wsgi_app [None req-008a6345-e24b-41e3-bab1-5f8875c1bdcb None None] config files: ['/etc/nova/api-paste.ini', '/etc/nova/nova.conf'] {{(pid=95781) log_opt_values /opt/stack/data/venv/lib/python3.12/site-packages/oslo_config/cfg.py:3229}}
Jun 24 07:56:44.413965 np0000003524 devstack@n-api-meta.service[95781]: DEBUG nova.api.openstack.wsgi_app [None req-008a6345-e24b-41e3-bab1-5f8875c1bdcb None None] ================================================================================ {{(pid=95781) log_opt_values /opt/stack/data/venv/lib/python3.12/site-packages/oslo_config/cfg.py:3234}}
Jun 24 07:56:44.414140 np0000003524 devstack@n-api-meta.service[95781]: DEBUG nova.api.openstack.wsgi_app [None req-008a6345-e24b-41e3-bab1-5f8875c1bdcb None None] allow_resize_to_same_host = True {{(pid=95781) log_opt_values /opt/stack/data/venv/lib/python3.12/site-packages/oslo_config/cfg.py:3242}}
Jun 24 07:56:44.414281 np0000003524 devstack@n-api-meta.service[95781]: DEBUG nova.api.openstack.wsgi_app [None req-008a6345-e24b-41e3-bab1-5f8875c1bdcb None None] arq_binding_timeout = 300 {{(pid=95781) log_opt_values /opt/stack/data/venv/lib/python3.12/site-packages/oslo_config/cfg.py:3242}}
Jun 24 07:56:44.414578 np0000003524 devstack@n-api-meta.service[95781]: DEBUG nova.api.openstack.wsgi_app [None req-008a6345-e24b-41e3-bab1-5f8875c1bdcb None None] block_device_allocate_retries = 60 {{(pid=95781) log_opt_values /opt/stack/data/venv/lib/python3.12/site-packages/oslo_config/cfg.py:3242}}
Jun 24 07:56:44.414745 np0000003524 devstack@n-api-meta.service[95781]: DEBUG nova.api.openstack.wsgi_app [None req-008a6345-e24b-41e3-bab1-5f8875c1bdcb None None] block_device_allocate_retries_interval = 3 {{(pid=95781) log_opt_values /opt/stack/data/venv/lib/python3.12/site-packages/oslo_config/cfg.py:3242}}
Jun 24 07:56:44.414903 np0000003524 devstack@n-api-meta.service[95781]: DEBUG nova.api.openstack.wsgi_app [None req-008a6345-e24b-41e3-bab1-5f8875c1bdcb None None] cell_worker_thread_pool_size = 5 {{(pid=95781) log_opt_values /opt/stack/data/venv/lib/python3.12/site-packages/oslo_config/cfg.py:3242}}
Jun 24 07:56:44.415076 np0000003524 devstack@n-api-meta.service[95781]: DEBUG nova.api.openstack.wsgi_app [None req-008a6345-e24b-41e3-bab1-5f8875c1bdcb None None] cert = self.pem {{(pid=95781) log_opt_values /opt/stack/data/venv/lib/python3.12/site-packages/oslo_config/cfg.py:3242}}
Jun 24 07:56:44.415257 np0000003524 devstack@n-api-meta.service[95781]: DEBUG nova.api.openstack.wsgi_app [None req-008a6345-e24b-41e3-bab1-5f8875c1bdcb None None] compute_driver = libvirt.LibvirtDriver {{(pid=95781) log_opt_values /opt/stack/data/venv/lib/python3.12/site-packages/oslo_config/cfg.py:3242}}
Jun 24 07:56:44.415440 np0000003524 devstack@n-api-meta.service[95781]: DEBUG nova.api.openstack.wsgi_app [None req-008a6345-e24b-41e3-bab1-5f8875c1bdcb None None] compute_monitors = [] {{(pid=95781) log_opt_values /opt/stack/data/venv/lib/python3.12/site-packages/oslo_config/cfg.py:3242}}
Jun 24 07:56:44.415607 np0000003524 devstack@n-api-meta.service[95781]: DEBUG nova.api.openstack.wsgi_app [None req-008a6345-e24b-41e3-bab1-5f8875c1bdcb None None] config_dir = [] {{(pid=95781) log_opt_values /opt/stack/data/venv/lib/python3.12/site-packages/oslo_config/cfg.py:3242}}
Jun 24 07:56:44.415797 np0000003524 devstack@n-api-meta.service[95781]: DEBUG nova.api.openstack.wsgi_app [None req-008a6345-e24b-41e3-bab1-5f8875c1bdcb None None] config_drive_format = iso9660 {{(pid=95781) log_opt_values /opt/stack/data/venv/lib/python3.12/site-packages/oslo_config/cfg.py:3242}}
Jun 24 07:56:44.416332 np0000003524 devstack@n-api-meta.service[95781]: DEBUG nova.api.openstack.wsgi_app [None req-008a6345-e24b-41e3-bab1-5f8875c1bdcb None None] config_file = ['/etc/nova/api-paste.ini', '/etc/nova/nova.conf'] {{(pid=95781) log_opt_values /opt/stack/data/venv/lib/python3.12/site-packages/oslo_config/cfg.py:3242}}
Jun 24 07:56:44.416332 np0000003524 devstack@n-api-meta.service[95781]: DEBUG nova.api.openstack.wsgi_app [None req-008a6345-e24b-41e3-bab1-5f8875c1bdcb None None] config_source = [] {{(pid=95781) log_opt_values /opt/stack/data/venv/lib/python3.12/site-packages/oslo_config/cfg.py:3242}}
Jun 24 07:56:44.416332 np0000003524 devstack@n-api-meta.service[95781]: DEBUG nova.api.openstack.wsgi_app [None req-008a6345-e24b-41e3-bab1-5f8875c1bdcb None None] console_host = np0000003524 {{(pid=95781) log_opt_values /opt/stack/data/venv/lib/python3.12/site-packages/oslo_config/cfg.py:3242}}
Jun 24 07:56:44.416517 np0000003524 devstack@n-api-meta.service[95781]: DEBUG nova.api.openstack.wsgi_app [None req-008a6345-e24b-41e3-bab1-5f8875c1bdcb None None] control_exchange = nova {{(pid=95781) log_opt_values /opt/stack/data/venv/lib/python3.12/site-packages/oslo_config/cfg.py:3242}}
Jun 24 07:56:44.416697 np0000003524 devstack@n-api-meta.service[95783]: DEBUG dbcounter [-] [95783] Writer thread running {{(pid=95783) stat_writer /opt/stack/data/venv/lib/python3.12/site-packages/dbcounter.py:102}}
Jun 24 07:56:44.416777 np0000003524 devstack@n-api-meta.service[95781]: DEBUG nova.api.openstack.wsgi_app [None req-008a6345-e24b-41e3-bab1-5f8875c1bdcb None None] cpu_allocation_ratio = None {{(pid=95781) log_opt_values /opt/stack/data/venv/lib/python3.12/site-packages/oslo_config/cfg.py:3242}}
Jun 24 07:56:44.416881 np0000003524 devstack@n-api-meta.service[95781]: DEBUG nova.api.openstack.wsgi_app [None req-008a6345-e24b-41e3-bab1-5f8875c1bdcb None None] daemon = False {{(pid=95781) log_opt_values /opt/stack/data/venv/lib/python3.12/site-packages/oslo_config/cfg.py:3242}}
Jun 24 07:56:44.417086 np0000003524 devstack@n-api-meta.service[95781]: DEBUG nova.api.openstack.wsgi_app [None req-008a6345-e24b-41e3-bab1-5f8875c1bdcb None None] debug = True {{(pid=95781) log_opt_values /opt/stack/data/venv/lib/python3.12/site-packages/oslo_config/cfg.py:3242}}
Jun 24 07:56:44.417554 np0000003524 devstack@n-api-meta.service[95781]: DEBUG nova.api.openstack.wsgi_app [None req-008a6345-e24b-41e3-bab1-5f8875c1bdcb None None] default_access_ip_network_name = None {{(pid=95781) log_opt_values /opt/stack/data/venv/lib/python3.12/site-packages/oslo_config/cfg.py:3242}}
Jun 24 07:56:44.417554 np0000003524 devstack@n-api-meta.service[95781]: DEBUG nova.api.openstack.wsgi_app [None req-008a6345-e24b-41e3-bab1-5f8875c1bdcb None None] default_availability_zone = nova {{(pid=95781) log_opt_values /opt/stack/data/venv/lib/python3.12/site-packages/oslo_config/cfg.py:3242}}
Jun 24 07:56:44.417767 np0000003524 devstack@n-api-meta.service[95781]: DEBUG nova.api.openstack.wsgi_app [None req-008a6345-e24b-41e3-bab1-5f8875c1bdcb None None] default_ephemeral_format = ext4 {{(pid=95781) log_opt_values /opt/stack/data/venv/lib/python3.12/site-packages/oslo_config/cfg.py:3242}}
Jun 24 07:56:44.417824 np0000003524 devstack@n-api-meta.service[95780]: DEBUG dbcounter [-] [95780] Writer thread running {{(pid=95780) stat_writer /opt/stack/data/venv/lib/python3.12/site-packages/dbcounter.py:102}}
Jun 24 07:56:44.417961 np0000003524 devstack@n-api-meta.service[95781]: DEBUG nova.api.openstack.wsgi_app [None req-008a6345-e24b-41e3-bab1-5f8875c1bdcb None None] default_green_pool_size = 1000 {{(pid=95781) log_opt_values /opt/stack/data/venv/lib/python3.12/site-packages/oslo_config/cfg.py:3242}}
Jun 24 07:56:44.418314 np0000003524 devstack@n-api-meta.service[95781]: DEBUG nova.api.openstack.wsgi_app [None req-008a6345-e24b-41e3-bab1-5f8875c1bdcb None None] default_log_levels = ['amqp=WARN', 'boto=WARN', 'sqlalchemy=WARN', 'suds=INFO', 'oslo.messaging=INFO', 'oslo_messaging=INFO', 'iso8601=WARN', 'requests.packages.urllib3.connectionpool=WARN', 'urllib3.connectionpool=WARN', 'websocket=WARN', 'requests.packages.urllib3.util.retry=WARN', 'urllib3.util.retry=WARN', 'keystonemiddleware=WARN', 'routes.middleware=WARN', 'stevedore=WARN', 'taskflow=WARN', 'keystoneauth=WARN', 'oslo.cache=INFO', 'oslo_policy=INFO', 'dogpile.core.dogpile=INFO', 'glanceclient=WARN', 'oslo.privsep.daemon=INFO'] {{(pid=95781) log_opt_values /opt/stack/data/venv/lib/python3.12/site-packages/oslo_config/cfg.py:3242}}
Jun 24 07:56:44.418478 np0000003524 devstack@n-api-meta.service[95781]: DEBUG nova.api.openstack.wsgi_app [None req-008a6345-e24b-41e3-bab1-5f8875c1bdcb None None] default_schedule_zone = None {{(pid=95781) log_opt_values /opt/stack/data/venv/lib/python3.12/site-packages/oslo_config/cfg.py:3242}}
Jun 24 07:56:44.418651 np0000003524 devstack@n-api-meta.service[95781]: DEBUG nova.api.openstack.wsgi_app [None req-008a6345-e24b-41e3-bab1-5f8875c1bdcb None None] default_thread_pool_size = 10 {{(pid=95781) log_opt_values /opt/stack/data/venv/lib/python3.12/site-packages/oslo_config/cfg.py:3242}}
Jun 24 07:56:44.418895 np0000003524 devstack@n-api-meta.service[95781]: DEBUG nova.api.openstack.wsgi_app [None req-008a6345-e24b-41e3-bab1-5f8875c1bdcb None None] disk_allocation_ratio = None {{(pid=95781) log_opt_values /opt/stack/data/venv/lib/python3.12/site-packages/oslo_config/cfg.py:3242}}
Jun 24 07:56:44.419028 np0000003524 devstack@n-api-meta.service[95781]: DEBUG nova.api.openstack.wsgi_app [None req-008a6345-e24b-41e3-bab1-5f8875c1bdcb None None] enable_new_services = True {{(pid=95781) log_opt_values /opt/stack/data/venv/lib/python3.12/site-packages/oslo_config/cfg.py:3242}}
Jun 24 07:56:44.419199 np0000003524 devstack@n-api-meta.service[95781]: DEBUG nova.api.openstack.wsgi_app [None req-008a6345-e24b-41e3-bab1-5f8875c1bdcb None None] flat_injected = False {{(pid=95781) log_opt_values /opt/stack/data/venv/lib/python3.12/site-packages/oslo_config/cfg.py:3242}}
Jun 24 07:56:44.419395 np0000003524 devstack@n-api-meta.service[95781]: DEBUG nova.api.openstack.wsgi_app [None req-008a6345-e24b-41e3-bab1-5f8875c1bdcb None None] force_config_drive = True {{(pid=95781) log_opt_values /opt/stack/data/venv/lib/python3.12/site-packages/oslo_config/cfg.py:3242}}
Jun 24 07:56:44.419561 np0000003524 devstack@n-api-meta.service[95781]: DEBUG nova.api.openstack.wsgi_app [None req-008a6345-e24b-41e3-bab1-5f8875c1bdcb None None] force_raw_images = True {{(pid=95781) log_opt_values /opt/stack/data/venv/lib/python3.12/site-packages/oslo_config/cfg.py:3242}}
Jun 24 07:56:44.419743 np0000003524 devstack@n-api-meta.service[95781]: DEBUG nova.api.openstack.wsgi_app [None req-008a6345-e24b-41e3-bab1-5f8875c1bdcb None None] graceful_shutdown_timeout = 5 {{(pid=95781) log_opt_values /opt/stack/data/venv/lib/python3.12/site-packages/oslo_config/cfg.py:3242}}
Jun 24 07:56:44.419910 np0000003524 devstack@n-api-meta.service[95781]: DEBUG nova.api.openstack.wsgi_app [None req-008a6345-e24b-41e3-bab1-5f8875c1bdcb None None] heal_instance_info_cache_interval = -1 {{(pid=95781) log_opt_values /opt/stack/data/venv/lib/python3.12/site-packages/oslo_config/cfg.py:3242}}
Jun 24 07:56:44.420158 np0000003524 devstack@n-api-meta.service[95781]: DEBUG nova.api.openstack.wsgi_app [None req-008a6345-e24b-41e3-bab1-5f8875c1bdcb None None] host = np0000003524 {{(pid=95781) log_opt_values /opt/stack/data/venv/lib/python3.12/site-packages/oslo_config/cfg.py:3242}}
Jun 24 07:56:44.420357 np0000003524 devstack@n-api-meta.service[95781]: DEBUG nova.api.openstack.wsgi_app [None req-008a6345-e24b-41e3-bab1-5f8875c1bdcb None None] initial_cpu_allocation_ratio = 4.0 {{(pid=95781) log_opt_values /opt/stack/data/venv/lib/python3.12/site-packages/oslo_config/cfg.py:3242}}
Jun 24 07:56:44.420532 np0000003524 devstack@n-api-meta.service[95781]: DEBUG nova.api.openstack.wsgi_app [None req-008a6345-e24b-41e3-bab1-5f8875c1bdcb None None] initial_disk_allocation_ratio = 1.0 {{(pid=95781) log_opt_values /opt/stack/data/venv/lib/python3.12/site-packages/oslo_config/cfg.py:3242}}
Jun 24 07:56:44.420723 np0000003524 devstack@n-api-meta.service[95781]: DEBUG nova.api.openstack.wsgi_app [None req-008a6345-e24b-41e3-bab1-5f8875c1bdcb None None] initial_ram_allocation_ratio = 1.0 {{(pid=95781) log_opt_values /opt/stack/data/venv/lib/python3.12/site-packages/oslo_config/cfg.py:3242}}
Jun 24 07:56:44.420954 np0000003524 devstack@n-api-meta.service[95781]: DEBUG nova.api.openstack.wsgi_app [None req-008a6345-e24b-41e3-bab1-5f8875c1bdcb None None] injected_network_template = /opt/stack/nova/nova/virt/interfaces.template {{(pid=95781) log_opt_values /opt/stack/data/venv/lib/python3.12/site-packages/oslo_config/cfg.py:3242}}
Jun 24 07:56:44.421134 np0000003524 devstack@n-api-meta.service[95781]: DEBUG nova.api.openstack.wsgi_app [None req-008a6345-e24b-41e3-bab1-5f8875c1bdcb None None] instance_build_timeout = 0 {{(pid=95781) log_opt_values /opt/stack/data/venv/lib/python3.12/site-packages/oslo_config/cfg.py:3242}}
Jun 24 07:56:44.421323 np0000003524 devstack@n-api-meta.service[95781]: DEBUG nova.api.openstack.wsgi_app [None req-008a6345-e24b-41e3-bab1-5f8875c1bdcb None None] instance_delete_interval = 300 {{(pid=95781) log_opt_values /opt/stack/data/venv/lib/python3.12/site-packages/oslo_config/cfg.py:3242}}
Jun 24 07:56:44.421498 np0000003524 devstack@n-api-meta.service[95781]: DEBUG nova.api.openstack.wsgi_app [None req-008a6345-e24b-41e3-bab1-5f8875c1bdcb None None] instance_format = [instance: %(uuid)s] {{(pid=95781) log_opt_values /opt/stack/data/venv/lib/python3.12/site-packages/oslo_config/cfg.py:3242}}
Jun 24 07:56:44.421807 np0000003524 devstack@n-api-meta.service[95781]: DEBUG nova.api.openstack.wsgi_app [None req-008a6345-e24b-41e3-bab1-5f8875c1bdcb None None] instance_name_template = instance-%08x {{(pid=95781) log_opt_values /opt/stack/data/venv/lib/python3.12/site-packages/oslo_config/cfg.py:3242}}
Jun 24 07:56:44.422032 np0000003524 devstack@n-api-meta.service[95781]: DEBUG nova.api.openstack.wsgi_app [None req-008a6345-e24b-41e3-bab1-5f8875c1bdcb None None] instance_usage_audit = False {{(pid=95781) log_opt_values /opt/stack/data/venv/lib/python3.12/site-packages/oslo_config/cfg.py:3242}}
Jun 24 07:56:44.422187 np0000003524 devstack@n-api-meta.service[95781]: DEBUG nova.api.openstack.wsgi_app [None req-008a6345-e24b-41e3-bab1-5f8875c1bdcb None None] instance_usage_audit_period = month {{(pid=95781) log_opt_values /opt/stack/data/venv/lib/python3.12/site-packages/oslo_config/cfg.py:3242}}
Jun 24 07:56:44.422367 np0000003524 devstack@n-api-meta.service[95781]: DEBUG nova.api.openstack.wsgi_app [None req-008a6345-e24b-41e3-bab1-5f8875c1bdcb None None] instance_uuid_format = [instance: %(uuid)s] {{(pid=95781) log_opt_values /opt/stack/data/venv/lib/python3.12/site-packages/oslo_config/cfg.py:3242}}
Jun 24 07:56:44.422539 np0000003524 devstack@n-api-meta.service[95781]: DEBUG nova.api.openstack.wsgi_app [None req-008a6345-e24b-41e3-bab1-5f8875c1bdcb None None] instances_path = /opt/stack/data/nova/instances {{(pid=95781) log_opt_values /opt/stack/data/venv/lib/python3.12/site-packages/oslo_config/cfg.py:3242}}
Jun 24 07:56:44.422712 np0000003524 devstack@n-api-meta.service[95781]: DEBUG nova.api.openstack.wsgi_app [None req-008a6345-e24b-41e3-bab1-5f8875c1bdcb None None] internal_service_availability_zone = internal {{(pid=95781) log_opt_values /opt/stack/data/venv/lib/python3.12/site-packages/oslo_config/cfg.py:3242}}
Jun 24 07:56:44.422877 np0000003524 devstack@n-api-meta.service[95781]: DEBUG nova.api.openstack.wsgi_app [None req-008a6345-e24b-41e3-bab1-5f8875c1bdcb None None] key = None {{(pid=95781) log_opt_values /opt/stack/data/venv/lib/python3.12/site-packages/oslo_config/cfg.py:3242}}
Jun 24 07:56:44.423055 np0000003524 devstack@n-api-meta.service[95781]: DEBUG nova.api.openstack.wsgi_app [None req-008a6345-e24b-41e3-bab1-5f8875c1bdcb None None] live_migration_retry_count = 30 {{(pid=95781) log_opt_values /opt/stack/data/venv/lib/python3.12/site-packages/oslo_config/cfg.py:3242}}
Jun 24 07:56:44.423234 np0000003524 devstack@n-api-meta.service[95781]: DEBUG nova.api.openstack.wsgi_app [None req-008a6345-e24b-41e3-bab1-5f8875c1bdcb None None] log_color = False {{(pid=95781) log_opt_values /opt/stack/data/venv/lib/python3.12/site-packages/oslo_config/cfg.py:3242}}
Jun 24 07:56:44.423434 np0000003524 devstack@n-api-meta.service[95781]: DEBUG nova.api.openstack.wsgi_app [None req-008a6345-e24b-41e3-bab1-5f8875c1bdcb None None] log_config_append = None {{(pid=95781) log_opt_values /opt/stack/data/venv/lib/python3.12/site-packages/oslo_config/cfg.py:3242}}
Jun 24 07:56:44.423608 np0000003524 devstack@n-api-meta.service[95783]: DEBUG dbcounter [-] [95783] Writer thread running {{(pid=95783) stat_writer /opt/stack/data/venv/lib/python3.12/site-packages/dbcounter.py:102}}
Jun 24 07:56:44.423665 np0000003524 devstack@n-api-meta.service[95781]: DEBUG nova.api.openstack.wsgi_app [None req-008a6345-e24b-41e3-bab1-5f8875c1bdcb None None] log_date_format = %Y-%m-%d %H:%M:%S {{(pid=95781) log_opt_values /opt/stack/data/venv/lib/python3.12/site-packages/oslo_config/cfg.py:3242}}
Jun 24 07:56:44.423721 np0000003524 devstack@n-api-meta.service[95780]: DEBUG dbcounter [-] [95780] Writer thread running {{(pid=95780) stat_writer /opt/stack/data/venv/lib/python3.12/site-packages/dbcounter.py:102}}
Jun 24 07:56:44.424203 np0000003524 devstack@n-api-meta.service[95781]: DEBUG nova.api.openstack.wsgi_app [None req-008a6345-e24b-41e3-bab1-5f8875c1bdcb None None] log_dir = None {{(pid=95781) log_opt_values /opt/stack/data/venv/lib/python3.12/site-packages/oslo_config/cfg.py:3242}}
Jun 24 07:56:44.424203 np0000003524 devstack@n-api-meta.service[95781]: DEBUG nova.api.openstack.wsgi_app [None req-008a6345-e24b-41e3-bab1-5f8875c1bdcb None None] log_file = None {{(pid=95781) log_opt_values /opt/stack/data/venv/lib/python3.12/site-packages/oslo_config/cfg.py:3242}}
Jun 24 07:56:44.424203 np0000003524 devstack@n-api-meta.service[95781]: DEBUG nova.api.openstack.wsgi_app [None req-008a6345-e24b-41e3-bab1-5f8875c1bdcb None None] log_options = True {{(pid=95781) log_opt_values /opt/stack/data/venv/lib/python3.12/site-packages/oslo_config/cfg.py:3242}}
Jun 24 07:56:44.424368 np0000003524 devstack@n-api-meta.service[95781]: DEBUG nova.api.openstack.wsgi_app [None req-008a6345-e24b-41e3-bab1-5f8875c1bdcb None None] log_rotate_interval = 1 {{(pid=95781) log_opt_values /opt/stack/data/venv/lib/python3.12/site-packages/oslo_config/cfg.py:3242}}
Jun 24 07:56:44.424500 np0000003524 devstack@n-api-meta.service[95781]: DEBUG nova.api.openstack.wsgi_app [None req-008a6345-e24b-41e3-bab1-5f8875c1bdcb None None] log_rotate_interval_type = days {{(pid=95781) log_opt_values /opt/stack/data/venv/lib/python3.12/site-packages/oslo_config/cfg.py:3242}}
Jun 24 07:56:44.424700 np0000003524 devstack@n-api-meta.service[95781]: DEBUG nova.api.openstack.wsgi_app [None req-008a6345-e24b-41e3-bab1-5f8875c1bdcb None None] log_rotation_type = none {{(pid=95781) log_opt_values /opt/stack/data/venv/lib/python3.12/site-packages/oslo_config/cfg.py:3242}}
Jun 24 07:56:44.424875 np0000003524 devstack@n-api-meta.service[95781]: DEBUG nova.api.openstack.wsgi_app [None req-008a6345-e24b-41e3-bab1-5f8875c1bdcb None None] logging_context_format_string = %(color)s%(levelname)s %(name)s [%(global_request_id)s %(request_id)s %(project_name)s %(user_name)s%(color)s] %(instance)s%(color)s%(message)s {{(pid=95781) log_opt_values /opt/stack/data/venv/lib/python3.12/site-packages/oslo_config/cfg.py:3242}}
Jun 24 07:56:44.425157 np0000003524 devstack@n-api-meta.service[95781]: DEBUG nova.api.openstack.wsgi_app [None req-008a6345-e24b-41e3-bab1-5f8875c1bdcb None None] logging_debug_format_suffix = {{(pid=%(process)d) %(funcName)s %(pathname)s:%(lineno)d}} {{(pid=95781) log_opt_values /opt/stack/data/venv/lib/python3.12/site-packages/oslo_config/cfg.py:3242}}
Jun 24 07:56:44.425351 np0000003524 devstack@n-api-meta.service[95781]: DEBUG nova.api.openstack.wsgi_app [None req-008a6345-e24b-41e3-bab1-5f8875c1bdcb None None] logging_default_format_string = %(color)s%(levelname)s %(name)s [-%(color)s] %(instance)s%(color)s%(message)s {{(pid=95781) log_opt_values /opt/stack/data/venv/lib/python3.12/site-packages/oslo_config/cfg.py:3242}}
Jun 24 07:56:44.425520 np0000003524 devstack@n-api-meta.service[95781]: DEBUG nova.api.openstack.wsgi_app [None req-008a6345-e24b-41e3-bab1-5f8875c1bdcb None None] logging_exception_prefix = ERROR %(name)s %(instance)s {{(pid=95781) log_opt_values /opt/stack/data/venv/lib/python3.12/site-packages/oslo_config/cfg.py:3242}}
Jun 24 07:56:44.425666 np0000003524 devstack@n-api-meta.service[95781]: DEBUG nova.api.openstack.wsgi_app [None req-008a6345-e24b-41e3-bab1-5f8875c1bdcb None None] logging_user_identity_format = %(user)s %(project)s %(domain)s %(system_scope)s %(user_domain)s %(project_domain)s {{(pid=95781) log_opt_values /opt/stack/data/venv/lib/python3.12/site-packages/oslo_config/cfg.py:3242}}
Jun 24 07:56:44.425845 np0000003524 devstack@n-api-meta.service[95781]: DEBUG nova.api.openstack.wsgi_app [None req-008a6345-e24b-41e3-bab1-5f8875c1bdcb None None] long_rpc_timeout = 1800 {{(pid=95781) log_opt_values /opt/stack/data/venv/lib/python3.12/site-packages/oslo_config/cfg.py:3242}}
Jun 24 07:56:44.426021 np0000003524 devstack@n-api-meta.service[95781]: DEBUG nova.api.openstack.wsgi_app [None req-008a6345-e24b-41e3-bab1-5f8875c1bdcb None None] manager_shutdown_timeout = 160 {{(pid=95781) log_opt_values /opt/stack/data/venv/lib/python3.12/site-packages/oslo_config/cfg.py:3242}}
Jun 24 07:56:44.426189 np0000003524 devstack@n-api-meta.service[95781]: DEBUG nova.api.openstack.wsgi_app [None req-008a6345-e24b-41e3-bab1-5f8875c1bdcb None None] max_concurrent_builds = 10 {{(pid=95781) log_opt_values /opt/stack/data/venv/lib/python3.12/site-packages/oslo_config/cfg.py:3242}}
Jun 24 07:56:44.426371 np0000003524 devstack@n-api-meta.service[95781]: DEBUG nova.api.openstack.wsgi_app [None req-008a6345-e24b-41e3-bab1-5f8875c1bdcb None None] max_concurrent_live_migrations = 1 {{(pid=95781) log_opt_values /opt/stack/data/venv/lib/python3.12/site-packages/oslo_config/cfg.py:3242}}
