Jun 24 07:56:49.111347 np0000003524 nova-conductor[98821]: DEBUG cotyledon.oslo_config_glue [-] profiler.enabled = False {{(pid=98821) log_opt_values /opt/stack/data/venv/lib/python3.12/site-packages/oslo_config/cfg.py:3253}}
Jun 24 07:56:49.111416 np0000003524 nova-conductor[98821]: DEBUG cotyledon.oslo_config_glue [-] profiler.es_doc_type = notification {{(pid=98821) log_opt_values /opt/stack/data/venv/lib/python3.12/site-packages/oslo_config/cfg.py:3253}}
Jun 24 07:56:49.111502 np0000003524 nova-conductor[98821]: DEBUG cotyledon.oslo_config_glue [-] profiler.es_scroll_size = 10000 {{(pid=98821) log_opt_values /opt/stack/data/venv/lib/python3.12/site-packages/oslo_config/cfg.py:3253}}
Jun 24 07:56:49.111564 np0000003524 nova-conductor[98821]: DEBUG cotyledon.oslo_config_glue [-] profiler.es_scroll_time = 2m {{(pid=98821) log_opt_values /opt/stack/data/venv/lib/python3.12/site-packages/oslo_config/cfg.py:3253}}
Jun 24 07:56:49.111629 np0000003524 nova-conductor[98821]: DEBUG cotyledon.oslo_config_glue [-] profiler.filter_error_trace = False {{(pid=98821) log_opt_values /opt/stack/data/venv/lib/python3.12/site-packages/oslo_config/cfg.py:3253}}
Jun 24 07:56:49.111719 np0000003524 nova-conductor[98821]: DEBUG cotyledon.oslo_config_glue [-] profiler.hmac_keys = **** {{(pid=98821) log_opt_values /opt/stack/data/venv/lib/python3.12/site-packages/oslo_config/cfg.py:3253}}
Jun 24 07:56:49.111773 np0000003524 nova-conductor[98821]: DEBUG cotyledon.oslo_config_glue [-] profiler.sentinel_service_name = mymaster {{(pid=98821) log_opt_values /opt/stack/data/venv/lib/python3.12/site-packages/oslo_config/cfg.py:3253}}
Jun 24 07:56:49.111840 np0000003524 nova-conductor[98821]: DEBUG cotyledon.oslo_config_glue [-] profiler.socket_timeout = 0.1 {{(pid=98821) log_opt_values /opt/stack/data/venv/lib/python3.12/site-packages/oslo_config/cfg.py:3253}}
Jun 24 07:56:49.111917 np0000003524 nova-conductor[98821]: DEBUG cotyledon.oslo_config_glue [-] profiler.trace_requests = False {{(pid=98821) log_opt_values /opt/stack/data/venv/lib/python3.12/site-packages/oslo_config/cfg.py:3253}}
Jun 24 07:56:49.111996 np0000003524 nova-conductor[98821]: DEBUG cotyledon.oslo_config_glue [-] profiler.trace_sqlalchemy = False {{(pid=98821) log_opt_values /opt/stack/data/venv/lib/python3.12/site-packages/oslo_config/cfg.py:3253}}
Jun 24 07:56:49.112060 np0000003524 nova-conductor[98821]: DEBUG cotyledon.oslo_config_glue [-] profiler_jaeger.process_tags = {} {{(pid=98821) log_opt_values /opt/stack/data/venv/lib/python3.12/site-packages/oslo_config/cfg.py:3253}}
Jun 24 07:56:49.112176 np0000003524 nova-conductor[98821]: DEBUG cotyledon.oslo_config_glue [-] profiler_jaeger.service_name_prefix = None {{(pid=98821) log_opt_values /opt/stack/data/venv/lib/python3.12/site-packages/oslo_config/cfg.py:3253}}
Jun 24 07:56:49.112269 np0000003524 nova-conductor[98821]: DEBUG cotyledon.oslo_config_glue [-] profiler_otlp.service_name_prefix = None {{(pid=98821) log_opt_values /opt/stack/data/venv/lib/python3.12/site-packages/oslo_config/cfg.py:3253}}
Jun 24 07:56:49.112374 np0000003524 nova-conductor[98821]: DEBUG cotyledon.oslo_config_glue [-] oslo_messaging_rabbit.amqp_auto_delete = False {{(pid=98821) log_opt_values /opt/stack/data/venv/lib/python3.12/site-packages/oslo_config/cfg.py:3253}}
Jun 24 07:56:49.112437 np0000003524 nova-conductor[98821]: DEBUG cotyledon.oslo_config_glue [-] oslo_messaging_rabbit.amqp_durable_queues = False {{(pid=98821) log_opt_values /opt/stack/data/venv/lib/python3.12/site-packages/oslo_config/cfg.py:3253}}
Jun 24 07:56:49.112530 np0000003524 nova-conductor[98821]: DEBUG cotyledon.oslo_config_glue [-] oslo_messaging_rabbit.conn_pool_min_size = 2 {{(pid=98821) log_opt_values /opt/stack/data/venv/lib/python3.12/site-packages/oslo_config/cfg.py:3253}}
Jun 24 07:56:49.112604 np0000003524 nova-conductor[98821]: DEBUG cotyledon.oslo_config_glue [-] oslo_messaging_rabbit.conn_pool_ttl = 1200 {{(pid=98821) log_opt_values /opt/stack/data/venv/lib/python3.12/site-packages/oslo_config/cfg.py:3253}}
Jun 24 07:56:49.112681 np0000003524 nova-conductor[98821]: DEBUG cotyledon.oslo_config_glue [-] oslo_messaging_rabbit.direct_mandatory_flag = True {{(pid=98821) log_opt_values /opt/stack/data/venv/lib/python3.12/site-packages/oslo_config/cfg.py:3253}}
Jun 24 07:56:49.112746 np0000003524 nova-conductor[98821]: DEBUG cotyledon.oslo_config_glue [-] oslo_messaging_rabbit.enable_cancel_on_failover = False {{(pid=98821) log_opt_values /opt/stack/data/venv/lib/python3.12/site-packages/oslo_config/cfg.py:3253}}
Jun 24 07:56:49.112855 np0000003524 nova-conductor[98821]: DEBUG cotyledon.oslo_config_glue [-] oslo_messaging_rabbit.heartbeat_rate = 3 {{(pid=98821) log_opt_values /opt/stack/data/venv/lib/python3.12/site-packages/oslo_config/cfg.py:3253}}
Jun 24 07:56:49.112917 np0000003524 nova-conductor[98821]: DEBUG cotyledon.oslo_config_glue [-] oslo_messaging_rabbit.heartbeat_timeout_threshold = 60 {{(pid=98821) log_opt_values /opt/stack/data/venv/lib/python3.12/site-packages/oslo_config/cfg.py:3253}}
Jun 24 07:56:49.112993 np0000003524 nova-conductor[98821]: DEBUG cotyledon.oslo_config_glue [-] oslo_messaging_rabbit.hostname = np0000003524 {{(pid=98821) log_opt_values /opt/stack/data/venv/lib/python3.12/site-packages/oslo_config/cfg.py:3253}}
Jun 24 07:56:49.113063 np0000003524 nova-conductor[98821]: DEBUG cotyledon.oslo_config_glue [-] oslo_messaging_rabbit.kombu_compression = None {{(pid=98821) log_opt_values /opt/stack/data/venv/lib/python3.12/site-packages/oslo_config/cfg.py:3253}}
Jun 24 07:56:49.113125 np0000003524 nova-conductor[98821]: DEBUG cotyledon.oslo_config_glue [-] oslo_messaging_rabbit.kombu_failover_strategy = round-robin {{(pid=98821) log_opt_values /opt/stack/data/venv/lib/python3.12/site-packages/oslo_config/cfg.py:3253}}
Jun 24 07:56:49.113189 np0000003524 nova-conductor[98821]: DEBUG cotyledon.oslo_config_glue [-] oslo_messaging_rabbit.kombu_missing_consumer_retry_timeout = 60 {{(pid=98821) log_opt_values /opt/stack/data/venv/lib/python3.12/site-packages/oslo_config/cfg.py:3253}}
Jun 24 07:56:49.113268 np0000003524 nova-conductor[98821]: DEBUG cotyledon.oslo_config_glue [-] oslo_messaging_rabbit.kombu_reconnect_delay = 1.0 {{(pid=98821) log_opt_values /opt/stack/data/venv/lib/python3.12/site-packages/oslo_config/cfg.py:3253}}
Jun 24 07:56:49.113333 np0000003524 nova-conductor[98821]: DEBUG cotyledon.oslo_config_glue [-] oslo_messaging_rabbit.kombu_reconnect_splay = 0.0 {{(pid=98821) log_opt_values /opt/stack/data/venv/lib/python3.12/site-packages/oslo_config/cfg.py:3253}}
Jun 24 07:56:49.113401 np0000003524 nova-conductor[98821]: DEBUG cotyledon.oslo_config_glue [-] oslo_messaging_rabbit.processname = nova-conductor {{(pid=98821) log_opt_values /opt/stack/data/venv/lib/python3.12/site-packages/oslo_config/cfg.py:3253}}
Jun 24 07:56:49.113465 np0000003524 nova-conductor[98821]: DEBUG cotyledon.oslo_config_glue [-] oslo_messaging_rabbit.rabbit_ha_queues = False {{(pid=98821) log_opt_values /opt/stack/data/venv/lib/python3.12/site-packages/oslo_config/cfg.py:3253}}
Jun 24 07:56:49.113538 np0000003524 nova-conductor[98821]: DEBUG cotyledon.oslo_config_glue [-] oslo_messaging_rabbit.rabbit_interval_max = 30 {{(pid=98821) log_opt_values /opt/stack/data/venv/lib/python3.12/site-packages/oslo_config/cfg.py:3253}}
Jun 24 07:56:49.113603 np0000003524 nova-conductor[98821]: DEBUG cotyledon.oslo_config_glue [-] oslo_messaging_rabbit.rabbit_login_method = AMQPLAIN {{(pid=98821) log_opt_values /opt/stack/data/venv/lib/python3.12/site-packages/oslo_config/cfg.py:3253}}
Jun 24 07:56:49.113669 np0000003524 nova-conductor[98821]: DEBUG cotyledon.oslo_config_glue [-] oslo_messaging_rabbit.rabbit_qos_prefetch_count = 0 {{(pid=98821) log_opt_values /opt/stack/data/venv/lib/python3.12/site-packages/oslo_config/cfg.py:3253}}
Jun 24 07:56:49.113732 np0000003524 nova-conductor[98821]: DEBUG cotyledon.oslo_config_glue [-] oslo_messaging_rabbit.rabbit_quorum_delivery_limit = 0 {{(pid=98821) log_opt_values /opt/stack/data/venv/lib/python3.12/site-packages/oslo_config/cfg.py:3253}}
Jun 24 07:56:49.113795 np0000003524 nova-conductor[98821]: DEBUG cotyledon.oslo_config_glue [-] oslo_messaging_rabbit.rabbit_quorum_max_memory_bytes = 0 {{(pid=98821) log_opt_values /opt/stack/data/venv/lib/python3.12/site-packages/oslo_config/cfg.py:3253}}
Jun 24 07:56:49.113856 np0000003524 nova-conductor[98821]: DEBUG cotyledon.oslo_config_glue [-] oslo_messaging_rabbit.rabbit_quorum_max_memory_length = 0 {{(pid=98821) log_opt_values /opt/stack/data/venv/lib/python3.12/site-packages/oslo_config/cfg.py:3253}}
Jun 24 07:56:49.113920 np0000003524 nova-conductor[98821]: DEBUG cotyledon.oslo_config_glue [-] oslo_messaging_rabbit.rabbit_quorum_queue = False {{(pid=98821) log_opt_values /opt/stack/data/venv/lib/python3.12/site-packages/oslo_config/cfg.py:3253}}
Jun 24 07:56:49.113984 np0000003524 nova-conductor[98821]: DEBUG cotyledon.oslo_config_glue [-] oslo_messaging_rabbit.rabbit_retry_backoff = 2 {{(pid=98821) log_opt_values /opt/stack/data/venv/lib/python3.12/site-packages/oslo_config/cfg.py:3253}}
Jun 24 07:56:49.114046 np0000003524 nova-conductor[98821]: DEBUG cotyledon.oslo_config_glue [-] oslo_messaging_rabbit.rabbit_retry_interval = 1 {{(pid=98821) log_opt_values /opt/stack/data/venv/lib/python3.12/site-packages/oslo_config/cfg.py:3253}}
Jun 24 07:56:49.114108 np0000003524 nova-conductor[98821]: DEBUG cotyledon.oslo_config_glue [-] oslo_messaging_rabbit.rabbit_stream_fanout = False {{(pid=98821) log_opt_values /opt/stack/data/venv/lib/python3.12/site-packages/oslo_config/cfg.py:3253}}
Jun 24 07:56:49.114172 np0000003524 nova-conductor[98821]: DEBUG cotyledon.oslo_config_glue [-] oslo_messaging_rabbit.rabbit_transient_queues_ttl = 1800 {{(pid=98821) log_opt_values /opt/stack/data/venv/lib/python3.12/site-packages/oslo_config/cfg.py:3253}}
Jun 24 07:56:49.114255 np0000003524 nova-conductor[98821]: DEBUG cotyledon.oslo_config_glue [-] oslo_messaging_rabbit.rabbit_transient_quorum_queue = False {{(pid=98821) log_opt_values /opt/stack/data/venv/lib/python3.12/site-packages/oslo_config/cfg.py:3253}}
Jun 24 07:56:49.114300 np0000003524 nova-conductor[98812]: DEBUG oslo_db.sqlalchemy.engines [None req-551b8957-db15-416e-a1fc-b5ba65815e3d None None] MySQL server mode set to STRICT_TRANS_TABLES,STRICT_ALL_TABLES,NO_ZERO_IN_DATE,NO_ZERO_DATE,ERROR_FOR_DIVISION_BY_ZERO,TRADITIONAL,NO_ENGINE_SUBSTITUTION {{(pid=98812) _check_effective_sql_mode /opt/stack/data/venv/lib/python3.12/site-packages/oslo_db/sqlalchemy/engines.py:325}}
Jun 24 07:56:49.114333 np0000003524 nova-conductor[98821]: DEBUG cotyledon.oslo_config_glue [-] oslo_messaging_rabbit.rpc_conn_pool_size = 30 {{(pid=98821) log_opt_values /opt/stack/data/venv/lib/python3.12/site-packages/oslo_config/cfg.py:3253}}
Jun 24 07:56:49.114389 np0000003524 nova-conductor[98821]: DEBUG cotyledon.oslo_config_glue [-] oslo_messaging_rabbit.ssl = False {{(pid=98821) log_opt_values /opt/stack/data/venv/lib/python3.12/site-packages/oslo_config/cfg.py:3253}}
Jun 24 07:56:49.114791 np0000003524 nova-conductor[98821]: DEBUG cotyledon.oslo_config_glue [-] oslo_messaging_rabbit.ssl_ca_file = {{(pid=98821) log_opt_values /opt/stack/data/venv/lib/python3.12/site-packages/oslo_config/cfg.py:3253}}
Jun 24 07:56:49.114791 np0000003524 nova-conductor[98821]: DEBUG cotyledon.oslo_config_glue [-] oslo_messaging_rabbit.ssl_cert_file = {{(pid=98821) log_opt_values /opt/stack/data/venv/lib/python3.12/site-packages/oslo_config/cfg.py:3253}}
Jun 24 07:56:49.114791 np0000003524 nova-conductor[98821]: DEBUG cotyledon.oslo_config_glue [-] oslo_messaging_rabbit.ssl_enforce_fips_mode = False {{(pid=98821) log_opt_values /opt/stack/data/venv/lib/python3.12/site-packages/oslo_config/cfg.py:3253}}
Jun 24 07:56:49.114791 np0000003524 nova-conductor[98821]: DEBUG cotyledon.oslo_config_glue [-] oslo_messaging_rabbit.ssl_enforce_hostname_verification = True {{(pid=98821) log_opt_values /opt/stack/data/venv/lib/python3.12/site-packages/oslo_config/cfg.py:3253}}
Jun 24 07:56:49.114791 np0000003524 nova-conductor[98821]: DEBUG cotyledon.oslo_config_glue [-] oslo_messaging_rabbit.ssl_key_file = {{(pid=98821) log_opt_values /opt/stack/data/venv/lib/python3.12/site-packages/oslo_config/cfg.py:3253}}
Jun 24 07:56:49.114791 np0000003524 nova-conductor[98821]: DEBUG cotyledon.oslo_config_glue [-] oslo_messaging_rabbit.ssl_version = {{(pid=98821) log_opt_values /opt/stack/data/venv/lib/python3.12/site-packages/oslo_config/cfg.py:3253}}
Jun 24 07:56:49.114791 np0000003524 nova-conductor[98821]: DEBUG cotyledon.oslo_config_glue [-] oslo_messaging_rabbit.use_queue_manager = False {{(pid=98821) log_opt_values /opt/stack/data/venv/lib/python3.12/site-packages/oslo_config/cfg.py:3253}}
Jun 24 07:56:49.114791 np0000003524 nova-conductor[98821]: DEBUG cotyledon.oslo_config_glue [-] oslo_messaging_notifications.driver = ['messagingv2'] {{(pid=98821) log_opt_values /opt/stack/data/venv/lib/python3.12/site-packages/oslo_config/cfg.py:3253}}
Jun 24 07:56:49.114959 np0000003524 nova-conductor[98821]: DEBUG cotyledon.oslo_config_glue [-] oslo_messaging_notifications.retry = -1 {{(pid=98821) log_opt_values /opt/stack/data/venv/lib/python3.12/site-packages/oslo_config/cfg.py:3253}}
Jun 24 07:56:49.114959 np0000003524 nova-conductor[98821]: DEBUG cotyledon.oslo_config_glue [-] oslo_messaging_notifications.topics = ['notifications'] {{(pid=98821) log_opt_values /opt/stack/data/venv/lib/python3.12/site-packages/oslo_config/cfg.py:3253}}
Jun 24 07:56:49.115002 np0000003524 nova-conductor[98821]: DEBUG cotyledon.oslo_config_glue [-] oslo_messaging_notifications.transport_url = **** {{(pid=98821) log_opt_values /opt/stack/data/venv/lib/python3.12/site-packages/oslo_config/cfg.py:3253}}
Jun 24 07:56:49.115076 np0000003524 nova-conductor[98821]: DEBUG cotyledon.oslo_config_glue [-] oslo_limit.auth_section = None {{(pid=98821) log_opt_values /opt/stack/data/venv/lib/python3.12/site-packages/oslo_config/cfg.py:3253}}
Jun 24 07:56:49.115155 np0000003524 nova-conductor[98821]: DEBUG cotyledon.oslo_config_glue [-] oslo_limit.auth_type = None {{(pid=98821) log_opt_values /opt/stack/data/venv/lib/python3.12/site-packages/oslo_config/cfg.py:3253}}
Jun 24 07:56:49.115233 np0000003524 nova-conductor[98821]: DEBUG cotyledon.oslo_config_glue [-] oslo_limit.cafile = None {{(pid=98821) log_opt_values /opt/stack/data/venv/lib/python3.12/site-packages/oslo_config/cfg.py:3253}}
Jun 24 07:56:49.115308 np0000003524 nova-conductor[98821]: DEBUG cotyledon.oslo_config_glue [-] oslo_limit.certfile = None {{(pid=98821) log_opt_values /opt/stack/data/venv/lib/python3.12/site-packages/oslo_config/cfg.py:3253}}
Jun 24 07:56:49.115376 np0000003524 nova-conductor[98821]: DEBUG cotyledon.oslo_config_glue [-] oslo_limit.collect_timing = False {{(pid=98821) log_opt_values /opt/stack/data/venv/lib/python3.12/site-packages/oslo_config/cfg.py:3253}}
Jun 24 07:56:49.115808 np0000003524 nova-conductor[98821]: DEBUG cotyledon.oslo_config_glue [-] oslo_limit.connect_retries = None {{(pid=98821) log_opt_values /opt/stack/data/venv/lib/python3.12/site-packages/oslo_config/cfg.py:3253}}
Jun 24 07:56:49.115808 np0000003524 nova-conductor[98821]: DEBUG cotyledon.oslo_config_glue [-] oslo_limit.connect_retry_delay = None {{(pid=98821) log_opt_values /opt/stack/data/venv/lib/python3.12/site-packages/oslo_config/cfg.py:3253}}
Jun 24 07:56:49.115808 np0000003524 nova-conductor[98821]: DEBUG cotyledon.oslo_config_glue [-] oslo_limit.endpoint_id = None {{(pid=98821) log_opt_values /opt/stack/data/venv/lib/python3.12/site-packages/oslo_config/cfg.py:3253}}
Jun 24 07:56:49.115808 np0000003524 nova-conductor[98821]: DEBUG cotyledon.oslo_config_glue [-] oslo_limit.endpoint_interface = public {{(pid=98821) log_opt_values /opt/stack/data/venv/lib/python3.12/site-packages/oslo_config/cfg.py:3253}}
Jun 24 07:56:49.115808 np0000003524 nova-conductor[98821]: DEBUG cotyledon.oslo_config_glue [-] oslo_limit.endpoint_override = None {{(pid=98821) log_opt_values /opt/stack/data/venv/lib/python3.12/site-packages/oslo_config/cfg.py:3253}}
Jun 24 07:56:49.115808 np0000003524 nova-conductor[98821]: DEBUG cotyledon.oslo_config_glue [-] oslo_limit.endpoint_region_name = None {{(pid=98821) log_opt_values /opt/stack/data/venv/lib/python3.12/site-packages/oslo_config/cfg.py:3253}}
Jun 24 07:56:49.115808 np0000003524 nova-conductor[98821]: DEBUG cotyledon.oslo_config_glue [-] oslo_limit.endpoint_service_name = None {{(pid=98821) log_opt_values /opt/stack/data/venv/lib/python3.12/site-packages/oslo_config/cfg.py:3253}}
Jun 24 07:56:49.115808 np0000003524 nova-conductor[98821]: DEBUG cotyledon.oslo_config_glue [-] oslo_limit.endpoint_service_type = None {{(pid=98821) log_opt_values /opt/stack/data/venv/lib/python3.12/site-packages/oslo_config/cfg.py:3253}}
Jun 24 07:56:49.115808 np0000003524 nova-conductor[98821]: DEBUG cotyledon.oslo_config_glue [-] oslo_limit.insecure = False {{(pid=98821) log_opt_values /opt/stack/data/venv/lib/python3.12/site-packages/oslo_config/cfg.py:3253}}
Jun 24 07:56:49.116205 np0000003524 nova-conductor[98821]: DEBUG cotyledon.oslo_config_glue [-] oslo_limit.keyfile = None {{(pid=98821) log_opt_values /opt/stack/data/venv/lib/python3.12/site-packages/oslo_config/cfg.py:3253}}
Jun 24 07:56:49.116205 np0000003524 nova-conductor[98821]: DEBUG cotyledon.oslo_config_glue [-] oslo_limit.max_version = None {{(pid=98821) log_opt_values /opt/stack/data/venv/lib/python3.12/site-packages/oslo_config/cfg.py:3253}}
Jun 24 07:56:49.116205 np0000003524 nova-conductor[98821]: DEBUG cotyledon.oslo_config_glue [-] oslo_limit.min_version = None {{(pid=98821) log_opt_values /opt/stack/data/venv/lib/python3.12/site-packages/oslo_config/cfg.py:3253}}
Jun 24 07:56:49.116205 np0000003524 nova-conductor[98821]: DEBUG cotyledon.oslo_config_glue [-] oslo_limit.region_name = None {{(pid=98821) log_opt_values /opt/stack/data/venv/lib/python3.12/site-packages/oslo_config/cfg.py:3253}}
Jun 24 07:56:49.116205 np0000003524 nova-conductor[98821]: DEBUG cotyledon.oslo_config_glue [-] oslo_limit.retriable_status_codes = None {{(pid=98821) log_opt_values /opt/stack/data/venv/lib/python3.12/site-packages/oslo_config/cfg.py:3253}}
Jun 24 07:56:49.116205 np0000003524 nova-conductor[98821]: DEBUG cotyledon.oslo_config_glue [-] oslo_limit.service_name = None {{(pid=98821) log_opt_values /opt/stack/data/venv/lib/python3.12/site-packages/oslo_config/cfg.py:3253}}
Jun 24 07:56:49.116205 np0000003524 nova-conductor[98821]: DEBUG cotyledon.oslo_config_glue [-] oslo_limit.service_type = None {{(pid=98821) log_opt_values /opt/stack/data/venv/lib/python3.12/site-packages/oslo_config/cfg.py:3253}}
Jun 24 07:56:49.116205 np0000003524 nova-conductor[98821]: DEBUG cotyledon.oslo_config_glue [-] oslo_limit.split_loggers = False {{(pid=98821) log_opt_values /opt/stack/data/venv/lib/python3.12/site-packages/oslo_config/cfg.py:3253}}
Jun 24 07:56:49.116205 np0000003524 nova-conductor[98821]: DEBUG cotyledon.oslo_config_glue [-] oslo_limit.status_code_retries = None {{(pid=98821) log_opt_values /opt/stack/data/venv/lib/python3.12/site-packages/oslo_config/cfg.py:3253}}
Jun 24 07:56:49.116407 np0000003524 nova-conductor[98821]: DEBUG cotyledon.oslo_config_glue [-] oslo_limit.status_code_retry_delay = None {{(pid=98821) log_opt_values /opt/stack/data/venv/lib/python3.12/site-packages/oslo_config/cfg.py:3253}}
Jun 24 07:56:49.116407 np0000003524 nova-conductor[98821]: DEBUG cotyledon.oslo_config_glue [-] oslo_limit.timeout = None {{(pid=98821) log_opt_values /opt/stack/data/venv/lib/python3.12/site-packages/oslo_config/cfg.py:3253}}
Jun 24 07:56:49.116407 np0000003524 nova-conductor[98821]: DEBUG cotyledon.oslo_config_glue [-] oslo_limit.valid_interfaces = None {{(pid=98821) log_opt_values /opt/stack/data/venv/lib/python3.12/site-packages/oslo_config/cfg.py:3253}}
Jun 24 07:56:49.116407 np0000003524 nova-conductor[98821]: DEBUG cotyledon.oslo_config_glue [-] oslo_limit.version = None {{(pid=98821) log_opt_values /opt/stack/data/venv/lib/python3.12/site-packages/oslo_config/cfg.py:3253}}
Jun 24 07:56:49.116501 np0000003524 nova-conductor[98821]: DEBUG cotyledon.oslo_config_glue [-] oslo_reports.file_event_handler = None {{(pid=98821) log_opt_values /opt/stack/data/venv/lib/python3.12/site-packages/oslo_config/cfg.py:3253}}
Jun 24 07:56:49.116574 np0000003524 nova-conductor[98821]: DEBUG cotyledon.oslo_config_glue [-] oslo_reports.file_event_handler_interval = 1 {{(pid=98821) log_opt_values /opt/stack/data/venv/lib/python3.12/site-packages/oslo_config/cfg.py:3253}}
Jun 24 07:56:49.116647 np0000003524 nova-conductor[98821]: DEBUG cotyledon.oslo_config_glue [-] oslo_reports.log_dir = None {{(pid=98821) log_opt_values /opt/stack/data/venv/lib/python3.12/site-packages/oslo_config/cfg.py:3253}}
Jun 24 07:56:49.116711 np0000003524 nova-conductor[98821]: DEBUG cotyledon.oslo_config_glue [-] ******************************************************************************** {{(pid=98821) log_opt_values /opt/stack/data/venv/lib/python3.12/site-packages/oslo_config/cfg.py:3260}}
Jun 24 07:56:49.116880 np0000003524 nova-conductor[98821]: DEBUG cotyledon._service_worker [-] Run service ServiceWrapper(3) [98821] {{(pid=98821) wait_forever /opt/stack/data/venv/lib/python3.12/site-packages/cotyledon/_service_worker.py:218}}
Jun 24 07:56:49.117535 np0000003524 nova-conductor[98808]: DEBUG nova.service [None req-8520c747-c313-452e-836b-29f6c30fdf70 None None] Creating RPC server for service: nova-conductor on topic: conductor {{(pid=98808) start /opt/stack/nova/nova/service.py:196}}
Jun 24 07:56:49.118047 np0000003524 nova-conductor[98821]: INFO nova.service [-] Starting conductor node (version 33.1.0)
Jun 24 07:56:49.121200 np0000003524 nova-conductor[98818]: DEBUG oslo_db.sqlalchemy.engines [None req-5bc0c3a7-e249-43f5-9999-c693aa4799c2 None None] MySQL server mode set to STRICT_TRANS_TABLES,STRICT_ALL_TABLES,NO_ZERO_IN_DATE,NO_ZERO_DATE,ERROR_FOR_DIVISION_BY_ZERO,TRADITIONAL,NO_ENGINE_SUBSTITUTION {{(pid=98818) _check_effective_sql_mode /opt/stack/data/venv/lib/python3.12/site-packages/oslo_db/sqlalchemy/engines.py:325}}
Jun 24 07:56:49.122287 np0000003524 nova-conductor[98821]: INFO dbcounter [None req-5d4a0e51-7662-46ee-8a62-95f2d33ed721 None None] Registered counter for database nova_cell0
Jun 24 07:56:49.124421 np0000003524 nova-conductor[98812]: DEBUG dbcounter [-] [98812] Writer thread running {{(pid=98812) stat_writer /opt/stack/data/venv/lib/python3.12/site-packages/dbcounter.py:102}}
Jun 24 07:56:49.127652 np0000003524 nova-conductor[98812]: DEBUG nova.service [None req-551b8957-db15-416e-a1fc-b5ba65815e3d None None] Creating RPC server for service: nova-conductor on topic: conductor {{(pid=98812) start /opt/stack/nova/nova/service.py:196}}
Jun 24 07:56:49.130316 np0000003524 nova-conductor[98818]: DEBUG dbcounter [-] [98818] Writer thread running {{(pid=98818) stat_writer /opt/stack/data/venv/lib/python3.12/site-packages/dbcounter.py:102}}
Jun 24 07:56:49.133283 np0000003524 nova-conductor[98818]: DEBUG nova.service [None req-5bc0c3a7-e249-43f5-9999-c693aa4799c2 None None] Creating RPC server for service: nova-conductor on topic: conductor {{(pid=98818) start /opt/stack/nova/nova/service.py:196}}
Jun 24 07:56:49.140465 np0000003524 nova-conductor[98808]: DEBUG nova.service [None req-8520c747-c313-452e-836b-29f6c30fdf70 None None] Join ServiceGroup membership for this service conductor {{(pid=98808) start /opt/stack/nova/nova/service.py:222}}
Jun 24 07:56:49.141217 np0000003524 nova-conductor[98808]: DEBUG nova.servicegroup.drivers.db [None req-8520c747-c313-452e-836b-29f6c30fdf70 None None] DB_Driver: join new ServiceGroup member np0000003524 to the conductor group, service = {{(pid=98808) join /opt/stack/nova/nova/servicegroup/drivers/db.py:44}}
Jun 24 07:56:49.146563 np0000003524 nova-conductor[98812]: DEBUG nova.service [None req-551b8957-db15-416e-a1fc-b5ba65815e3d None None] Join ServiceGroup membership for this service conductor {{(pid=98812) start /opt/stack/nova/nova/service.py:222}}
Jun 24 07:56:49.146791 np0000003524 nova-conductor[98812]: DEBUG nova.servicegroup.drivers.db [None req-551b8957-db15-416e-a1fc-b5ba65815e3d None None] DB_Driver: join new ServiceGroup member np0000003524 to the conductor group, service = {{(pid=98812) join /opt/stack/nova/nova/servicegroup/drivers/db.py:44}}
Jun 24 07:56:49.149619 np0000003524 nova-conductor[98818]: DEBUG nova.service [None req-5bc0c3a7-e249-43f5-9999-c693aa4799c2 None None] Join ServiceGroup membership for this service conductor {{(pid=98818) start /opt/stack/nova/nova/service.py:222}}
Jun 24 07:56:49.149685 np0000003524 nova-conductor[98818]: DEBUG nova.servicegroup.drivers.db [None req-5bc0c3a7-e249-43f5-9999-c693aa4799c2 None None] DB_Driver: join new ServiceGroup member np0000003524 to the conductor group, service = {{(pid=98818) join /opt/stack/nova/nova/servicegroup/drivers/db.py:44}}
Jun 24 07:56:49.159301 np0000003524 nova-conductor[98821]: DEBUG oslo_db.sqlalchemy.engines [None req-5d4a0e51-7662-46ee-8a62-95f2d33ed721 None None] MySQL server mode set to STRICT_TRANS_TABLES,STRICT_ALL_TABLES,NO_ZERO_IN_DATE,NO_ZERO_DATE,ERROR_FOR_DIVISION_BY_ZERO,TRADITIONAL,NO_ENGINE_SUBSTITUTION {{(pid=98821) _check_effective_sql_mode /opt/stack/data/venv/lib/python3.12/site-packages/oslo_db/sqlalchemy/engines.py:325}}
Jun 24 07:56:49.167917 np0000003524 nova-conductor[98821]: DEBUG dbcounter [-] [98821] Writer thread running {{(pid=98821) stat_writer /opt/stack/data/venv/lib/python3.12/site-packages/dbcounter.py:102}}
Jun 24 07:56:49.170173 np0000003524 nova-conductor[98821]: DEBUG nova.service [None req-5d4a0e51-7662-46ee-8a62-95f2d33ed721 None None] Creating RPC server for service: nova-conductor on topic: conductor {{(pid=98821) start /opt/stack/nova/nova/service.py:196}}
Jun 24 07:56:49.186990 np0000003524 nova-conductor[98821]: DEBUG nova.service [None req-5d4a0e51-7662-46ee-8a62-95f2d33ed721 None None] Join ServiceGroup membership for this service conductor {{(pid=98821) start /opt/stack/nova/nova/service.py:222}}
Jun 24 07:56:49.187136 np0000003524 nova-conductor[98821]: DEBUG nova.servicegroup.drivers.db [None req-5d4a0e51-7662-46ee-8a62-95f2d33ed721 None None] DB_Driver: join new ServiceGroup member np0000003524 to the conductor group, service = {{(pid=98821) join /opt/stack/nova/nova/servicegroup/drivers/db.py:44}}
Jun 24 07:56:49.188535 np0000003524 nova-conductor[98821]: DEBUG oslo.service.backend._threading.loopingcall [None req-61225553-859d-4365-800d-a71b92e300f7 None None] Dynamic interval looping call 'nova.service.Service.periodic_tasks' sleeping for 60.00 seconds {{(pid=98821) _run_loop /opt/stack/data/venv/lib/python3.12/site-packages/oslo_service/backend/_threading/loopingcall.py:125}}
Jun 24 07:56:54.158907 np0000003524 nova-conductor[98808]: DEBUG oslo.service.backend._threading.loopingcall [-] Fixed interval looping call 'nova.servicegroup.drivers.db.DbDriver._report_state' sleeping for 119.99 seconds {{(pid=98808) _run_loop /opt/stack/data/venv/lib/python3.12/site-packages/oslo_service/backend/_threading/loopingcall.py:125}}
Jun 24 07:56:54.160430 np0000003524 nova-conductor[98818]: DEBUG oslo.service.backend._threading.loopingcall [-] Fixed interval looping call 'nova.servicegroup.drivers.db.DbDriver._report_state' sleeping for 119.99 seconds {{(pid=98818) _run_loop /opt/stack/data/venv/lib/python3.12/site-packages/oslo_service/backend/_threading/loopingcall.py:125}}
Jun 24 07:56:54.163361 np0000003524 nova-conductor[98812]: DEBUG oslo.service.backend._threading.loopingcall [-] Fixed interval looping call 'nova.servicegroup.drivers.db.DbDriver._report_state' sleeping for 119.99 seconds {{(pid=98812) _run_loop /opt/stack/data/venv/lib/python3.12/site-packages/oslo_service/backend/_threading/loopingcall.py:125}}
Jun 24 07:56:54.200427 np0000003524 nova-conductor[98821]: DEBUG oslo.service.backend._threading.loopingcall [-] Fixed interval looping call 'nova.servicegroup.drivers.db.DbDriver._report_state' sleeping for 119.99 seconds {{(pid=98821) _run_loop /opt/stack/data/venv/lib/python3.12/site-packages/oslo_service/backend/_threading/loopingcall.py:125}}
Jun 24 07:56:57.754474 np0000003524 nova-conductor[97300]: DEBUG dbcounter [-] [97300] Writing DB stats nova_api:SELECT=1 {{(pid=97300) stat_writer /opt/stack/data/venv/lib/python3.12/site-packages/dbcounter.py:115}}
Jun 24 07:56:57.872949 np0000003524 nova-conductor[97300]: DEBUG dbcounter [-] [97300] Writing DB stats nova_cell0:SELECT=1 {{(pid=97300) stat_writer /opt/stack/data/venv/lib/python3.12/site-packages/dbcounter.py:115}}
Jun 24 07:56:57.877874 np0000003524 nova-conductor[97300]: DEBUG dbcounter [-] [97300] Writing DB stats nova_cell1:SELECT=1 {{(pid=97300) stat_writer /opt/stack/data/venv/lib/python3.12/site-packages/dbcounter.py:115}}
Jun 24 07:57:01.149420 np0000003524 nova-conductor[98812]: DEBUG oslo.service.backend._threading.loopingcall [None req-f4a5a3d3-f209-48db-88dc-29974a124224 None None] Dynamic interval looping call 'nova.service.Service.periodic_tasks' sleeping for 60.00 seconds {{(pid=98812) _run_loop /opt/stack/data/venv/lib/python3.12/site-packages/oslo_service/backend/_threading/loopingcall.py:125}}
Jun 24 07:57:04.153727 np0000003524 nova-conductor[98808]: DEBUG dbcounter [-] [98808] Writing DB stats nova_cell0:SELECT=4,nova_cell0:INSERT=1,nova_cell0:UPDATE=1 {{(pid=98808) stat_writer /opt/stack/data/venv/lib/python3.12/site-packages/dbcounter.py:115}}
Jun 24 07:57:04.156913 np0000003524 nova-conductor[98818]: DEBUG dbcounter [-] [98818] Writing DB stats nova_cell0:SELECT=3 {{(pid=98818) stat_writer /opt/stack/data/venv/lib/python3.12/site-packages/dbcounter.py:115}}
Jun 24 07:57:04.162483 np0000003524 nova-conductor[98812]: DEBUG dbcounter [-] [98812] Writing DB stats nova_cell0:SELECT=3,nova_cell0:UPDATE=1 {{(pid=98812) stat_writer /opt/stack/data/venv/lib/python3.12/site-packages/dbcounter.py:115}}
Jun 24 07:57:04.196800 np0000003524 nova-conductor[98821]: DEBUG dbcounter [-] [98821] Writing DB stats nova_cell0:SELECT=3 {{(pid=98821) stat_writer /opt/stack/data/venv/lib/python3.12/site-packages/dbcounter.py:115}}
Jun 24 07:57:33.143770 np0000003524 nova-conductor[98808]: DEBUG oslo.service.backend._threading.loopingcall [None req-c6bcffb7-071d-4bb3-9993-192ca19e5671 None None] Dynamic interval looping call 'nova.service.Service.periodic_tasks' sleeping for 60.00 seconds {{(pid=98808) _run_loop /opt/stack/data/venv/lib/python3.12/site-packages/oslo_service/backend/_threading/loopingcall.py:125}}
Jun 24 07:57:38.151665 np0000003524 nova-conductor[98818]: DEBUG oslo.service.backend._threading.loopingcall [None req-0305e027-52d3-4737-ad07-2183c9232a13 None None] Dynamic interval looping call 'nova.service.Service.periodic_tasks' sleeping for 60.00 seconds {{(pid=98818) _run_loop /opt/stack/data/venv/lib/python3.12/site-packages/oslo_service/backend/_threading/loopingcall.py:125}}
Jun 24 07:57:49.189005 np0000003524 nova-conductor[98821]: DEBUG oslo.service.backend._threading.loopingcall [None req-61225553-859d-4365-800d-a71b92e300f7 None None] Dynamic interval looping call 'nova.service.Service.periodic_tasks' sleeping for 60.00 seconds {{(pid=98821) _run_loop /opt/stack/data/venv/lib/python3.12/site-packages/oslo_service/backend/_threading/loopingcall.py:125}}
Jun 24 07:58:01.149921 np0000003524 nova-conductor[98812]: DEBUG oslo.service.backend._threading.loopingcall [None req-f4a5a3d3-f209-48db-88dc-29974a124224 None None] Dynamic interval looping call 'nova.service.Service.periodic_tasks' sleeping for 60.00 seconds {{(pid=98812) _run_loop /opt/stack/data/venv/lib/python3.12/site-packages/oslo_service/backend/_threading/loopingcall.py:125}}
Jun 24 07:58:33.144227 np0000003524 nova-conductor[98808]: DEBUG oslo.service.backend._threading.loopingcall [None req-c6bcffb7-071d-4bb3-9993-192ca19e5671 None None] Dynamic interval looping call 'nova.service.Service.periodic_tasks' sleeping for 60.00 seconds {{(pid=98808) _run_loop /opt/stack/data/venv/lib/python3.12/site-packages/oslo_service/backend/_threading/loopingcall.py:125}}
Jun 24 07:58:38.152060 np0000003524 nova-conductor[98818]: DEBUG oslo.service.backend._threading.loopingcall [None req-0305e027-52d3-4737-ad07-2183c9232a13 None None] Dynamic interval looping call 'nova.service.Service.periodic_tasks' sleeping for 60.00 seconds {{(pid=98818) _run_loop /opt/stack/data/venv/lib/python3.12/site-packages/oslo_service/backend/_threading/loopingcall.py:125}}
Jun 24 07:58:49.189511 np0000003524 nova-conductor[98821]: DEBUG oslo.service.backend._threading.loopingcall [None req-61225553-859d-4365-800d-a71b92e300f7 None None] Dynamic interval looping call 'nova.service.Service.periodic_tasks' sleeping for 60.00 seconds {{(pid=98821) _run_loop /opt/stack/data/venv/lib/python3.12/site-packages/oslo_service/backend/_threading/loopingcall.py:125}}
Jun 24 07:58:54.157488 np0000003524 nova-conductor[98808]: DEBUG oslo.service.backend._threading.loopingcall [-] Fixed interval looping call 'nova.servicegroup.drivers.db.DbDriver._report_state' sleeping for 119.99 seconds {{(pid=98808) _run_loop /opt/stack/data/venv/lib/python3.12/site-packages/oslo_service/backend/_threading/loopingcall.py:125}}
Jun 24 07:58:54.157987 np0000003524 nova-conductor[98818]: DEBUG oslo.service.backend._threading.loopingcall [-] Fixed interval looping call 'nova.servicegroup.drivers.db.DbDriver._report_state' sleeping for 119.99 seconds {{(pid=98818) _run_loop /opt/stack/data/venv/lib/python3.12/site-packages/oslo_service/backend/_threading/loopingcall.py:125}}
Jun 24 07:58:54.158370 np0000003524 nova-conductor[98812]: DEBUG oslo.service.backend._threading.loopingcall [-] Fixed interval looping call 'nova.servicegroup.drivers.db.DbDriver._report_state' sleeping for 120.00 seconds {{(pid=98812) _run_loop /opt/stack/data/venv/lib/python3.12/site-packages/oslo_service/backend/_threading/loopingcall.py:125}}
Jun 24 07:58:54.194054 np0000003524 nova-conductor[98821]: DEBUG oslo.service.backend._threading.loopingcall [-] Fixed interval looping call 'nova.servicegroup.drivers.db.DbDriver._report_state' sleeping for 120.00 seconds {{(pid=98821) _run_loop /opt/stack/data/venv/lib/python3.12/site-packages/oslo_service/backend/_threading/loopingcall.py:125}}
Jun 24 07:59:01.150490 np0000003524 nova-conductor[98812]: DEBUG oslo.service.backend._threading.loopingcall [None req-f4a5a3d3-f209-48db-88dc-29974a124224 None None] Dynamic interval looping call 'nova.service.Service.periodic_tasks' sleeping for 60.00 seconds {{(pid=98812) _run_loop /opt/stack/data/venv/lib/python3.12/site-packages/oslo_service/backend/_threading/loopingcall.py:125}}
Jun 24 07:59:04.151055 np0000003524 nova-conductor[98808]: DEBUG dbcounter [-] [98808] Writing DB stats nova_cell0:SELECT=1,nova_cell0:UPDATE=1 {{(pid=98808) stat_writer /opt/stack/data/venv/lib/python3.12/site-packages/dbcounter.py:115}}
Jun 24 07:59:04.155696 np0000003524 nova-conductor[98818]: DEBUG dbcounter [-] [98818] Writing DB stats nova_cell0:SELECT=1,nova_cell0:UPDATE=1 {{(pid=98818) stat_writer /opt/stack/data/venv/lib/python3.12/site-packages/dbcounter.py:115}}
Jun 24 07:59:04.157323 np0000003524 nova-conductor[98812]: DEBUG dbcounter [-] [98812] Writing DB stats nova_cell0:SELECT=1,nova_cell0:UPDATE=1 {{(pid=98812) stat_writer /opt/stack/data/venv/lib/python3.12/site-packages/dbcounter.py:115}}
Jun 24 07:59:04.192593 np0000003524 nova-conductor[98821]: DEBUG dbcounter [-] [98821] Writing DB stats nova_cell0:SELECT=1 {{(pid=98821) stat_writer /opt/stack/data/venv/lib/python3.12/site-packages/dbcounter.py:115}}
Jun 24 07:59:18.307445 np0000003524 nova-conductor[98808]: DEBUG oslo_db.sqlalchemy.engines [None req-c185d87b-9fd8-4624-b90a-ad686a179f80 tempest-DeleteServersTestJSON-2002332183 tempest-DeleteServersTestJSON-2002332183-project-member] Parent process 97300 forked (98808) with an open database connection, which is being discarded and recreated. {{(pid=98808) checkout /opt/stack/data/venv/lib/python3.12/site-packages/oslo_db/sqlalchemy/engines.py:402}}
Jun 24 07:59:18.355345 np0000003524 nova-conductor[98808]: DEBUG dbcounter [-] [98808] Writer thread running {{(pid=98808) stat_writer /opt/stack/data/venv/lib/python3.12/site-packages/dbcounter.py:102}}
Jun 24 07:59:19.387560 np0000003524 nova-conductor[98808]: DEBUG nova.conductor.manager [None req-c185d87b-9fd8-4624-b90a-ad686a179f80 tempest-DeleteServersTestJSON-2002332183 tempest-DeleteServersTestJSON-2002332183-project-member] Took 1.03 seconds to select destinations for 1 instance(s). {{(pid=98808) _schedule_instances /opt/stack/nova/nova/conductor/manager.py:968}}
Jun 24 07:59:19.421733 np0000003524 nova-conductor[98808]: DEBUG oslo_concurrency.lockutils [None req-c185d87b-9fd8-4624-b90a-ad686a179f80 tempest-DeleteServersTestJSON-2002332183 tempest-DeleteServersTestJSON-2002332183-project-member] Acquiring lock "8d70b1bf-496f-4262-b72f-e3d1e41a3b74" by "nova.context.set_target_cell..get_or_set_cached_cell_and_set_connections" {{(pid=98808) inner /opt/stack/data/venv/lib/python3.12/site-packages/oslo_concurrency/lockutils.py:511}}
Jun 24 07:59:19.422026 np0000003524 nova-conductor[98808]: DEBUG oslo_concurrency.lockutils [None req-c185d87b-9fd8-4624-b90a-ad686a179f80 tempest-DeleteServersTestJSON-2002332183 tempest-DeleteServersTestJSON-2002332183-project-member] Lock "8d70b1bf-496f-4262-b72f-e3d1e41a3b74" acquired by "nova.context.set_target_cell..get_or_set_cached_cell_and_set_connections" :: waited 0.000s {{(pid=98808) inner /opt/stack/data/venv/lib/python3.12/site-packages/oslo_concurrency/lockutils.py:524}}
Jun 24 07:59:19.423851 np0000003524 nova-conductor[98808]: DEBUG oslo_concurrency.lockutils [None req-c185d87b-9fd8-4624-b90a-ad686a179f80 tempest-DeleteServersTestJSON-2002332183 tempest-DeleteServersTestJSON-2002332183-project-member] Lock "8d70b1bf-496f-4262-b72f-e3d1e41a3b74" "released" by "nova.context.set_target_cell..get_or_set_cached_cell_and_set_connections" :: held 0.002s {{(pid=98808) inner /opt/stack/data/venv/lib/python3.12/site-packages/oslo_concurrency/lockutils.py:543}}
Jun 24 07:59:19.426216 np0000003524 nova-conductor[98808]: INFO dbcounter [None req-c185d87b-9fd8-4624-b90a-ad686a179f80 tempest-DeleteServersTestJSON-2002332183 tempest-DeleteServersTestJSON-2002332183-project-member] Registered counter for database nova_cell1
Jun 24 07:59:19.476411 np0000003524 nova-conductor[98808]: DEBUG oslo_db.sqlalchemy.engines [None req-c185d87b-9fd8-4624-b90a-ad686a179f80 tempest-DeleteServersTestJSON-2002332183 tempest-DeleteServersTestJSON-2002332183-project-member] MySQL server mode set to STRICT_TRANS_TABLES,STRICT_ALL_TABLES,NO_ZERO_IN_DATE,NO_ZERO_DATE,ERROR_FOR_DIVISION_BY_ZERO,TRADITIONAL,NO_ENGINE_SUBSTITUTION {{(pid=98808) _check_effective_sql_mode /opt/stack/data/venv/lib/python3.12/site-packages/oslo_db/sqlalchemy/engines.py:325}}
Jun 24 07:59:19.482706 np0000003524 nova-conductor[98808]: DEBUG dbcounter [-] [98808] Writer thread running {{(pid=98808) stat_writer /opt/stack/data/venv/lib/python3.12/site-packages/dbcounter.py:102}}
Jun 24 07:59:19.499253 np0000003524 nova-conductor[98812]: DEBUG dbcounter [-] [98812] Writer thread running {{(pid=98812) stat_writer /opt/stack/data/venv/lib/python3.12/site-packages/dbcounter.py:102}}
Jun 24 07:59:19.557529 np0000003524 nova-conductor[98808]: INFO nova.utils [None req-c185d87b-9fd8-4624-b90a-ad686a179f80 tempest-DeleteServersTestJSON-2002332183 tempest-DeleteServersTestJSON-2002332183-project-member] The cell worker thread pool ForkProcess-1.cell_worker is initialized
Jun 24 07:59:19.557951 np0000003524 nova-conductor[98808]: DEBUG oslo_concurrency.lockutils [None req-c185d87b-9fd8-4624-b90a-ad686a179f80 tempest-DeleteServersTestJSON-2002332183 tempest-DeleteServersTestJSON-2002332183-project-member] Acquiring lock "00000000-0000-0000-0000-000000000000" by "nova.context.set_target_cell..get_or_set_cached_cell_and_set_connections" {{(pid=98808) inner /opt/stack/data/venv/lib/python3.12/site-packages/oslo_concurrency/lockutils.py:511}}
Jun 24 07:59:19.558121 np0000003524 nova-conductor[98808]: DEBUG oslo_concurrency.lockutils [None req-c185d87b-9fd8-4624-b90a-ad686a179f80 tempest-DeleteServersTestJSON-2002332183 tempest-DeleteServersTestJSON-2002332183-project-member] Lock "00000000-0000-0000-0000-000000000000" acquired by "nova.context.set_target_cell..get_or_set_cached_cell_and_set_connections" :: waited 0.000s {{(pid=98808) inner /opt/stack/data/venv/lib/python3.12/site-packages/oslo_concurrency/lockutils.py:524}}
Jun 24 07:59:19.558569 np0000003524 nova-conductor[98808]: DEBUG oslo_concurrency.lockutils [None req-c185d87b-9fd8-4624-b90a-ad686a179f80 tempest-DeleteServersTestJSON-2002332183 tempest-DeleteServersTestJSON-2002332183-project-member] Lock "00000000-0000-0000-0000-000000000000" "released" by "nova.context.set_target_cell..get_or_set_cached_cell_and_set_connections" :: held 0.000s {{(pid=98808) inner /opt/stack/data/venv/lib/python3.12/site-packages/oslo_concurrency/lockutils.py:543}}
Jun 24 07:59:19.559596 np0000003524 nova-conductor[98808]: DEBUG oslo_concurrency.lockutils [None req-c185d87b-9fd8-4624-b90a-ad686a179f80 tempest-DeleteServersTestJSON-2002332183 tempest-DeleteServersTestJSON-2002332183-project-member] Acquiring lock "8d70b1bf-496f-4262-b72f-e3d1e41a3b74" by "nova.context.set_target_cell..get_or_set_cached_cell_and_set_connections" {{(pid=98808) inner /opt/stack/data/venv/lib/python3.12/site-packages/oslo_concurrency/lockutils.py:511}}
Jun 24 07:59:19.559794 np0000003524 nova-conductor[98808]: DEBUG oslo_concurrency.lockutils [None req-c185d87b-9fd8-4624-b90a-ad686a179f80 tempest-DeleteServersTestJSON-2002332183 tempest-DeleteServersTestJSON-2002332183-project-member] Lock "8d70b1bf-496f-4262-b72f-e3d1e41a3b74" acquired by "nova.context.set_target_cell..get_or_set_cached_cell_and_set_connections" :: waited 0.000s {{(pid=98808) inner /opt/stack/data/venv/lib/python3.12/site-packages/oslo_concurrency/lockutils.py:524}}
Jun 24 07:59:19.559957 np0000003524 nova-conductor[98808]: DEBUG oslo_concurrency.lockutils [None req-c185d87b-9fd8-4624-b90a-ad686a179f80 tempest-DeleteServersTestJSON-2002332183 tempest-DeleteServersTestJSON-2002332183-project-member] Lock "8d70b1bf-496f-4262-b72f-e3d1e41a3b74" "released" by "nova.context.set_target_cell..get_or_set_cached_cell_and_set_connections" :: held 0.000s {{(pid=98808) inner /opt/stack/data/venv/lib/python3.12/site-packages/oslo_concurrency/lockutils.py:543}}
Jun 24 07:59:19.561260 np0000003524 nova-conductor[98808]: INFO dbcounter [None req-c185d87b-9fd8-4624-b90a-ad686a179f80 tempest-DeleteServersTestJSON-2002332183 tempest-DeleteServersTestJSON-2002332183-project-member] Registered counter for database nova_cell0
Jun 24 07:59:19.605405 np0000003524 nova-conductor[98808]: DEBUG oslo_db.sqlalchemy.engines [None req-c185d87b-9fd8-4624-b90a-ad686a179f80 tempest-DeleteServersTestJSON-2002332183 tempest-DeleteServersTestJSON-2002332183-project-member] MySQL server mode set to STRICT_TRANS_TABLES,STRICT_ALL_TABLES,NO_ZERO_IN_DATE,NO_ZERO_DATE,ERROR_FOR_DIVISION_BY_ZERO,TRADITIONAL,NO_ENGINE_SUBSTITUTION {{(pid=98808) _check_effective_sql_mode /opt/stack/data/venv/lib/python3.12/site-packages/oslo_db/sqlalchemy/engines.py:325}}
Jun 24 07:59:19.610514 np0000003524 nova-conductor[98808]: DEBUG dbcounter [-] [98808] Writer thread running {{(pid=98808) stat_writer /opt/stack/data/venv/lib/python3.12/site-packages/dbcounter.py:102}}
Jun 24 07:59:19.620185 np0000003524 nova-conductor[98808]: DEBUG nova.quota [None req-c185d87b-9fd8-4624-b90a-ad686a179f80 tempest-DeleteServersTestJSON-2002332183 tempest-DeleteServersTestJSON-2002332183-project-member] Getting quotas for project 5472768ebc344a2f9f10eb4ed933732c. Resources: {'cores', 'ram', 'instances'} {{(pid=98808) _get_quotas /opt/stack/nova/nova/quota.py:392}}
Jun 24 07:59:19.624301 np0000003524 nova-conductor[98808]: DEBUG nova.quota [None req-c185d87b-9fd8-4624-b90a-ad686a179f80 tempest-DeleteServersTestJSON-2002332183 tempest-DeleteServersTestJSON-2002332183-project-member] Getting quotas for user 3cd4cbbf3eca49279def53012b7c85cc and project 5472768ebc344a2f9f10eb4ed933732c. Resources: {'cores', 'ram', 'instances'} {{(pid=98808) _get_quotas /opt/stack/nova/nova/quota.py:382}}
Jun 24 07:59:19.631114 np0000003524 nova-conductor[98808]: DEBUG nova.conductor.manager [None req-c185d87b-9fd8-4624-b90a-ad686a179f80 tempest-DeleteServersTestJSON-2002332183 tempest-DeleteServersTestJSON-2002332183-project-member] [instance: ee88c721-65da-463d-b608-6e9d2b21ada9] Selected host: np0000003524; Selected node: np0000003524; Alternates: [] {{(pid=98808) schedule_and_build_instances /opt/stack/nova/nova/conductor/manager.py:1784}}
Jun 24 07:59:19.631729 np0000003524 nova-conductor[98808]: DEBUG oslo_concurrency.lockutils [None req-c185d87b-9fd8-4624-b90a-ad686a179f80 tempest-DeleteServersTestJSON-2002332183 tempest-DeleteServersTestJSON-2002332183-project-member] Acquiring lock "8d70b1bf-496f-4262-b72f-e3d1e41a3b74" by "nova.context.set_target_cell..get_or_set_cached_cell_and_set_connections" {{(pid=98808) inner /opt/stack/data/venv/lib/python3.12/site-packages/oslo_concurrency/lockutils.py:511}}
Jun 24 07:59:19.631960 np0000003524 nova-conductor[98808]: DEBUG oslo_concurrency.lockutils [None req-c185d87b-9fd8-4624-b90a-ad686a179f80 tempest-DeleteServersTestJSON-2002332183 tempest-DeleteServersTestJSON-2002332183-project-member] Lock "8d70b1bf-496f-4262-b72f-e3d1e41a3b74" acquired by "nova.context.set_target_cell..get_or_set_cached_cell_and_set_connections" :: waited 0.000s {{(pid=98808) inner /opt/stack/data/venv/lib/python3.12/site-packages/oslo_concurrency/lockutils.py:524}}
Jun 24 07:59:19.632108 np0000003524 nova-conductor[98808]: DEBUG oslo_concurrency.lockutils [None req-c185d87b-9fd8-4624-b90a-ad686a179f80 tempest-DeleteServersTestJSON-2002332183 tempest-DeleteServersTestJSON-2002332183-project-member] Lock "8d70b1bf-496f-4262-b72f-e3d1e41a3b74" "released" by "nova.context.set_target_cell..get_or_set_cached_cell_and_set_connections" :: held 0.000s {{(pid=98808) inner /opt/stack/data/venv/lib/python3.12/site-packages/oslo_concurrency/lockutils.py:543}}
Jun 24 07:59:19.635897 np0000003524 nova-conductor[98818]: DEBUG dbcounter [-] [98818] Writer thread running {{(pid=98818) stat_writer /opt/stack/data/venv/lib/python3.12/site-packages/dbcounter.py:102}}
Jun 24 07:59:19.644453 np0000003524 nova-conductor[98808]: DEBUG nova.conductor.manager [None req-c185d87b-9fd8-4624-b90a-ad686a179f80 tempest-DeleteServersTestJSON-2002332183 tempest-DeleteServersTestJSON-2002332183-project-member] [instance: ee88c721-65da-463d-b608-6e9d2b21ada9] block_device_mapping [BlockDeviceMapping(attachment_id=,boot_index=0,connection_info=None,created_at=,delete_on_termination=True,deleted=,deleted_at=,destination_type='local',device_name=None,device_type='disk',disk_bus=None,encrypted=False,encryption_format=None,encryption_options=None,encryption_secret_uuid=None,guest_format=None,id=,image_id='aee00147-25ef-4f83-87e5-7987f3824eaf',instance=,instance_uuid=,no_device=False,snapshot_id=None,source_type='image',tag=None,updated_at=,uuid=,volume_id=None,volume_size=None,volume_type=None)] {{(pid=98808) _create_block_device_mapping /opt/stack/nova/nova/conductor/manager.py:1529}}
Jun 24 07:59:19.644453 np0000003524 nova-conductor[98808]: DEBUG oslo_concurrency.lockutils [None req-c185d87b-9fd8-4624-b90a-ad686a179f80 tempest-DeleteServersTestJSON-2002332183 tempest-DeleteServersTestJSON-2002332183-project-member] Acquiring lock "8d70b1bf-496f-4262-b72f-e3d1e41a3b74" by "nova.context.set_target_cell..get_or_set_cached_cell_and_set_connections" {{(pid=98808) inner /opt/stack/data/venv/lib/python3.12/site-packages/oslo_concurrency/lockutils.py:511}}
Jun 24 07:59:19.645401 np0000003524 nova-conductor[98808]: DEBUG oslo_concurrency.lockutils [None req-c185d87b-9fd8-4624-b90a-ad686a179f80 tempest-DeleteServersTestJSON-2002332183 tempest-DeleteServersTestJSON-2002332183-project-member] Lock "8d70b1bf-496f-4262-b72f-e3d1e41a3b74" acquired by "nova.context.set_target_cell..get_or_set_cached_cell_and_set_connections" :: waited 0.000s {{(pid=98808) inner /opt/stack/data/venv/lib/python3.12/site-packages/oslo_concurrency/lockutils.py:524}}
Jun 24 07:59:19.645401 np0000003524 nova-conductor[98808]: DEBUG oslo_concurrency.lockutils [None req-c185d87b-9fd8-4624-b90a-ad686a179f80 tempest-DeleteServersTestJSON-2002332183 tempest-DeleteServersTestJSON-2002332183-project-member] Lock "8d70b1bf-496f-4262-b72f-e3d1e41a3b74" "released" by "nova.context.set_target_cell..get_or_set_cached_cell_and_set_connections" :: held 0.000s {{(pid=98808) inner /opt/stack/data/venv/lib/python3.12/site-packages/oslo_concurrency/lockutils.py:543}}
Jun 24 07:59:19.690101 np0000003524 nova-conductor[98808]: DEBUG oslo_concurrency.lockutils [None req-c185d87b-9fd8-4624-b90a-ad686a179f80 tempest-DeleteServersTestJSON-2002332183 tempest-DeleteServersTestJSON-2002332183-project-member] Acquiring lock "8d70b1bf-496f-4262-b72f-e3d1e41a3b74" by "nova.context.set_target_cell..get_or_set_cached_cell_and_set_connections" {{(pid=98808) inner /opt/stack/data/venv/lib/python3.12/site-packages/oslo_concurrency/lockutils.py:511}}
Jun 24 07:59:19.690626 np0000003524 nova-conductor[98808]: DEBUG oslo_concurrency.lockutils [None req-c185d87b-9fd8-4624-b90a-ad686a179f80 tempest-DeleteServersTestJSON-2002332183 tempest-DeleteServersTestJSON-2002332183-project-member] Lock "8d70b1bf-496f-4262-b72f-e3d1e41a3b74" acquired by "nova.context.set_target_cell..get_or_set_cached_cell_and_set_connections" :: waited 0.000s {{(pid=98808) inner /opt/stack/data/venv/lib/python3.12/site-packages/oslo_concurrency/lockutils.py:524}}
