Jun 12 00:00:30.962580 np0000002693 devstack@g-api.service[102098]: DEBUG glance_store.location [-] Registering scheme http with {'store': , 'location_class': , 'store_entry': 'http'} {{(pid=102098) register_scheme_map /opt/stack/data/venv/lib/python3.12/site-packages/glance_store/location.py:146}}
Jun 12 00:00:30.962634 np0000002693 devstack@g-api.service[102098]: DEBUG glance_store.location [-] Registering scheme https with {'store': , 'location_class': , 'store_entry': 'http'} {{(pid=102098) register_scheme_map /opt/stack/data/venv/lib/python3.12/site-packages/glance_store/location.py:146}}
Jun 12 00:00:30.962677 np0000002693 devstack@g-api.service[102098]: DEBUG glance_store.backend [-] Attempting to import store swift {{(pid=102098) _load_store /opt/stack/data/venv/lib/python3.12/site-packages/glance_store/backend.py:215}}
Jun 12 00:00:30.962856 np0000002693 devstack@g-api.service[102098]: WARNING oslo_config.cfg [-] Deprecated: Option "default_store" from group "glance_store" is deprecated for removal (
Jun 12 00:00:30.962856 np0000002693 devstack@g-api.service[102098]: This option is deprecated against new config option
Jun 12 00:00:30.962856 np0000002693 devstack@g-api.service[102098]: ``default_backend`` which acts similar to ``default_store`` config
Jun 12 00:00:30.962856 np0000002693 devstack@g-api.service[102098]: option.
Jun 12 00:00:30.962856 np0000002693 devstack@g-api.service[102098]: This option is scheduled for removal in the U development
Jun 12 00:00:30.962856 np0000002693 devstack@g-api.service[102098]: cycle.
Jun 12 00:00:30.962856 np0000002693 devstack@g-api.service[102098]: ). Its value may be silently ignored in the future.
Jun 12 00:00:30.963884 np0000002693 devstack@g-api.service[102098]: DEBUG glance_store.capabilities [-] Store glance_store._drivers.swift.store.SingleTenantStore doesn't support updating dynamic storage capabilities. Please overwrite 'update_capabilities' method of the store to implement updating logics if needed. {{(pid=102098) update_capabilities /opt/stack/data/venv/lib/python3.12/site-packages/glance_store/capabilities.py:91}}
Jun 12 00:00:30.963944 np0000002693 devstack@g-api.service[102098]: DEBUG glance_store.backend [-] Registering store swift with schemes ('swift+https', 'swift', 'swift+http', 'swift+config') {{(pid=102098) create_stores /opt/stack/data/venv/lib/python3.12/site-packages/glance_store/backend.py:261}}
Jun 12 00:00:30.964011 np0000002693 devstack@g-api.service[102098]: DEBUG glance_store.driver [-] Late loading location class glance_store._drivers.swift.store.StoreLocation {{(pid=102098) get_store_location_class /opt/stack/data/venv/lib/python3.12/site-packages/glance_store/driver.py:134}}
Jun 12 00:00:30.964065 np0000002693 devstack@g-api.service[102098]: DEBUG glance_store.location [-] Registering scheme swift+https with {'store': , 'location_class': , 'store_entry': 'swift'} {{(pid=102098) register_scheme_map /opt/stack/data/venv/lib/python3.12/site-packages/glance_store/location.py:146}}
Jun 12 00:00:30.964118 np0000002693 devstack@g-api.service[102098]: DEBUG glance_store.location [-] Registering scheme swift with {'store': , 'location_class': , 'store_entry': 'swift'} {{(pid=102098) register_scheme_map /opt/stack/data/venv/lib/python3.12/site-packages/glance_store/location.py:146}}
Jun 12 00:00:30.964167 np0000002693 devstack@g-api.service[102098]: DEBUG glance_store.location [-] Registering scheme swift+http with {'store': , 'location_class': , 'store_entry': 'swift'} {{(pid=102098) register_scheme_map /opt/stack/data/venv/lib/python3.12/site-packages/glance_store/location.py:146}}
Jun 12 00:00:30.964220 np0000002693 devstack@g-api.service[102098]: DEBUG glance_store.location [-] Registering scheme swift+config with {'store': , 'location_class': , 'store_entry': 'swift'} {{(pid=102098) register_scheme_map /opt/stack/data/venv/lib/python3.12/site-packages/glance_store/location.py:146}}
Jun 12 00:00:30.964308 np0000002693 devstack@g-api.service[102098]: DEBUG glance_store.backend [-] Attempting to import store swift {{(pid=102098) _load_store /opt/stack/data/venv/lib/python3.12/site-packages/glance_store/backend.py:215}}
Jun 12 00:00:30.965275 np0000002693 devstack@g-api.service[102098]: DEBUG glance_store.capabilities [-] Store glance_store._drivers.swift.store.SingleTenantStore doesn't support updating dynamic storage capabilities. Please overwrite 'update_capabilities' method of the store to implement updating logics if needed. {{(pid=102098) update_capabilities /opt/stack/data/venv/lib/python3.12/site-packages/glance_store/capabilities.py:91}}
Jun 12 00:00:30.965341 np0000002693 devstack@g-api.service[102098]: DEBUG glance_store.driver [-] Late loading location class glance_store._drivers.swift.store.StoreLocation {{(pid=102098) get_store_location_class /opt/stack/data/venv/lib/python3.12/site-packages/glance_store/driver.py:134}}
Jun 12 00:00:30.965385 np0000002693 devstack@g-api.service[102098]: DEBUG glance_store.location [-] Registering scheme swift+https with {'store': , 'location_class': , 'store_entry': 'swift'} {{(pid=102098) register_scheme_map /opt/stack/data/venv/lib/python3.12/site-packages/glance_store/location.py:146}}
Jun 12 00:00:30.965435 np0000002693 devstack@g-api.service[102098]: DEBUG glance_store.location [-] Registering scheme swift+https with {'store': , 'location_class': , 'store_entry': 'swift'} {{(pid=102098) register_scheme_map /opt/stack/data/venv/lib/python3.12/site-packages/glance_store/location.py:146}}
Jun 12 00:00:30.965473 np0000002693 devstack@g-api.service[102098]: DEBUG glance_store.location [-] Registering scheme swift with {'store': , 'location_class': , 'store_entry': 'swift'} {{(pid=102098) register_scheme_map /opt/stack/data/venv/lib/python3.12/site-packages/glance_store/location.py:146}}
Jun 12 00:00:30.965512 np0000002693 devstack@g-api.service[102098]: DEBUG glance_store.location [-] Registering scheme swift+https with {'store': , 'location_class': , 'store_entry': 'swift'} {{(pid=102098) register_scheme_map /opt/stack/data/venv/lib/python3.12/site-packages/glance_store/location.py:146}}
Jun 12 00:00:30.965571 np0000002693 devstack@g-api.service[102098]: DEBUG glance_store.location [-] Registering scheme swift with {'store': , 'location_class': , 'store_entry': 'swift'} {{(pid=102098) register_scheme_map /opt/stack/data/venv/lib/python3.12/site-packages/glance_store/location.py:146}}
Jun 12 00:00:30.965611 np0000002693 devstack@g-api.service[102098]: DEBUG glance_store.location [-] Registering scheme swift+http with {'store': , 'location_class': , 'store_entry': 'swift'} {{(pid=102098) register_scheme_map /opt/stack/data/venv/lib/python3.12/site-packages/glance_store/location.py:146}}
Jun 12 00:00:30.965666 np0000002693 devstack@g-api.service[102098]: DEBUG glance_store.location [-] Registering scheme swift+https with {'store': , 'location_class': , 'store_entry': 'swift'} {{(pid=102098) register_scheme_map /opt/stack/data/venv/lib/python3.12/site-packages/glance_store/location.py:146}}
Jun 12 00:00:30.965702 np0000002693 devstack@g-api.service[102098]: DEBUG glance_store.location [-] Registering scheme swift with {'store': , 'location_class': , 'store_entry': 'swift'} {{(pid=102098) register_scheme_map /opt/stack/data/venv/lib/python3.12/site-packages/glance_store/location.py:146}}
Jun 12 00:00:30.965748 np0000002693 devstack@g-api.service[102098]: DEBUG glance_store.location [-] Registering scheme swift+http with {'store': , 'location_class': , 'store_entry': 'swift'} {{(pid=102098) register_scheme_map /opt/stack/data/venv/lib/python3.12/site-packages/glance_store/location.py:146}}
Jun 12 00:00:30.965809 np0000002693 devstack@g-api.service[102098]: DEBUG glance_store.location [-] Registering scheme swift+config with {'store': , 'location_class': , 'store_entry': 'swift'} {{(pid=102098) register_scheme_map /opt/stack/data/venv/lib/python3.12/site-packages/glance_store/location.py:146}}
Jun 12 00:00:30.966050 np0000002693 devstack@g-api.service[102098]: DEBUG glance.sqlite_migration [-] SQLite caching database not located, skipping migration {{(pid=102098) get_db_path /opt/stack/glance/glance/sqlite_migration.py:68}}
Jun 12 00:00:30.966214 np0000002693 devstack@g-api.service[102098]: WARNING glance.common.wsgi_app [-] Import methods are enabled but staging directory /tmp/staging/ does not exist; Imports will fail!
Jun 12 00:00:31.165974 np0000002693 devstack@g-api.service[102100]: DEBUG glance.common.config [None req-6bef1212-b356-49d7-8b3f-99556570dd31 None None] Loading glance-api-keystone+cachemanagement from /etc/glance/glance-api-paste.ini {{(pid=102100) load_paste_app /opt/stack/glance/glance/common/config.py:758}}
Jun 12 00:00:31.197600 np0000002693 devstack@g-api.service[102098]: DEBUG glance.common.config [None req-50e22617-d174-44b8-9471-8a371e91283b None None] Loading glance-api-keystone+cachemanagement from /etc/glance/glance-api-paste.ini {{(pid=102098) load_paste_app /opt/stack/glance/glance/common/config.py:758}}
Jun 12 00:00:31.205953 np0000002693 devstack@g-api.service[102099]: DEBUG glance.common.config [None req-ddd09347-7e3c-495c-88d9-7dcc75941ff0 None None] Loading glance-api-keystone+cachemanagement from /etc/glance/glance-api-paste.ini {{(pid=102099) load_paste_app /opt/stack/glance/glance/common/config.py:758}}
Jun 12 00:00:31.709044 np0000002693 devstack@g-api.service[102098]: INFO glance.image_cache [None req-50e22617-d174-44b8-9471-8a371e91283b None None] Image cache loaded driver 'centralized_db'.
Jun 12 00:00:31.709457 np0000002693 devstack@g-api.service[102099]: INFO glance.image_cache [None req-ddd09347-7e3c-495c-88d9-7dcc75941ff0 None None] Image cache loaded driver 'centralized_db'.
Jun 12 00:00:31.710507 np0000002693 devstack@g-api.service[102100]: INFO glance.image_cache [None req-6bef1212-b356-49d7-8b3f-99556570dd31 None None] Image cache loaded driver 'centralized_db'.
Jun 12 00:00:31.751102 np0000002693 devstack@g-api.service[102098]: INFO dbcounter [None req-50e22617-d174-44b8-9471-8a371e91283b None None] Registered counter for database glance
Jun 12 00:00:31.752210 np0000002693 devstack@g-api.service[102099]: INFO dbcounter [None req-ddd09347-7e3c-495c-88d9-7dcc75941ff0 None None] Registered counter for database glance
Jun 12 00:00:31.753266 np0000002693 devstack@g-api.service[102100]: INFO dbcounter [None req-6bef1212-b356-49d7-8b3f-99556570dd31 None None] Registered counter for database glance
Jun 12 00:00:31.792930 np0000002693 devstack@g-api.service[102098]: DEBUG oslo_db.sqlalchemy.engines [None req-50e22617-d174-44b8-9471-8a371e91283b None None] MySQL server mode set to STRICT_TRANS_TABLES,STRICT_ALL_TABLES,NO_ZERO_IN_DATE,NO_ZERO_DATE,ERROR_FOR_DIVISION_BY_ZERO,TRADITIONAL,NO_ENGINE_SUBSTITUTION {{(pid=102098) _check_effective_sql_mode /opt/stack/data/venv/lib/python3.12/site-packages/oslo_db/sqlalchemy/engines.py:325}}
Jun 12 00:00:31.796131 np0000002693 devstack@g-api.service[102100]: DEBUG oslo_db.sqlalchemy.engines [None req-6bef1212-b356-49d7-8b3f-99556570dd31 None None] MySQL server mode set to STRICT_TRANS_TABLES,STRICT_ALL_TABLES,NO_ZERO_IN_DATE,NO_ZERO_DATE,ERROR_FOR_DIVISION_BY_ZERO,TRADITIONAL,NO_ENGINE_SUBSTITUTION {{(pid=102100) _check_effective_sql_mode /opt/stack/data/venv/lib/python3.12/site-packages/oslo_db/sqlalchemy/engines.py:325}}
Jun 12 00:00:31.799178 np0000002693 devstack@g-api.service[102099]: DEBUG oslo_db.sqlalchemy.engines [None req-ddd09347-7e3c-495c-88d9-7dcc75941ff0 None None] MySQL server mode set to STRICT_TRANS_TABLES,STRICT_ALL_TABLES,NO_ZERO_IN_DATE,NO_ZERO_DATE,ERROR_FOR_DIVISION_BY_ZERO,TRADITIONAL,NO_ENGINE_SUBSTITUTION {{(pid=102099) _check_effective_sql_mode /opt/stack/data/venv/lib/python3.12/site-packages/oslo_db/sqlalchemy/engines.py:325}}
Jun 12 00:00:31.812996 np0000002693 devstack@g-api.service[102098]: DEBUG dbcounter [-] [102098] Writer thread running {{(pid=102098) stat_writer /opt/stack/data/venv/lib/python3.12/site-packages/dbcounter.py:102}}
Jun 12 00:00:31.822809 np0000002693 devstack@g-api.service[102098]: INFO glance.image_cache [None req-50e22617-d174-44b8-9471-8a371e91283b None None] Image cache loaded driver 'centralized_db'.
Jun 12 00:00:31.823538 np0000002693 devstack@g-api.service[102100]: DEBUG dbcounter [-] [102100] Writer thread running {{(pid=102100) stat_writer /opt/stack/data/venv/lib/python3.12/site-packages/dbcounter.py:102}}
Jun 12 00:00:31.825888 np0000002693 devstack@g-api.service[102100]: DEBUG glance.image_cache.drivers.centralized_db [None req-6bef1212-b356-49d7-8b3f-99556570dd31 None None] Node reference is already recorded, ignoring it {{(pid=102100) configure /opt/stack/glance/glance/image_cache/drivers/centralized_db.py:71}}
Jun 12 00:00:31.826125 np0000002693 devstack@g-api.service[102099]: DEBUG dbcounter [-] [102099] Writer thread running {{(pid=102099) stat_writer /opt/stack/data/venv/lib/python3.12/site-packages/dbcounter.py:102}}
Jun 12 00:00:31.828533 np0000002693 devstack@g-api.service[102099]: DEBUG glance.image_cache.drivers.centralized_db [None req-ddd09347-7e3c-495c-88d9-7dcc75941ff0 None None] Node reference is already recorded, ignoring it {{(pid=102099) configure /opt/stack/glance/glance/image_cache/drivers/centralized_db.py:71}}
Jun 12 00:00:31.829165 np0000002693 devstack@g-api.service[102098]: DEBUG glance.image_cache.drivers.centralized_db [None req-50e22617-d174-44b8-9471-8a371e91283b None None] Node reference is already recorded, ignoring it {{(pid=102098) configure /opt/stack/glance/glance/image_cache/drivers/centralized_db.py:71}}
Jun 12 00:00:31.832722 np0000002693 devstack@g-api.service[102100]: INFO glance.image_cache [None req-6bef1212-b356-49d7-8b3f-99556570dd31 None None] Image cache loaded driver 'centralized_db'.
Jun 12 00:00:31.833346 np0000002693 devstack@g-api.service[102098]: DEBUG glance.api.v2.cached_images [None req-50e22617-d174-44b8-9471-8a371e91283b None None] Started cache worker thread {{(pid=102098) __init__ /opt/stack/glance/glance/api/v2/cached_images.py:69}}
Jun 12 00:00:31.833942 np0000002693 devstack@g-api.service[102098]: INFO glance.image_cache [None req-50e22617-d174-44b8-9471-8a371e91283b None None] Image cache loaded driver 'centralized_db'.
Jun 12 00:00:31.835883 np0000002693 devstack@g-api.service[102099]: INFO glance.image_cache [None req-ddd09347-7e3c-495c-88d9-7dcc75941ff0 None None] Image cache loaded driver 'centralized_db'.
Jun 12 00:00:31.839332 np0000002693 devstack@g-api.service[102098]: DEBUG glance.image_cache.drivers.centralized_db [None req-50e22617-d174-44b8-9471-8a371e91283b None None] Node reference is already recorded, ignoring it {{(pid=102098) configure /opt/stack/glance/glance/image_cache/drivers/centralized_db.py:71}}
Jun 12 00:00:31.842702 np0000002693 devstack@g-api.service[102100]: DEBUG glance.image_cache.drivers.centralized_db [None req-6bef1212-b356-49d7-8b3f-99556570dd31 None None] Node reference is already recorded, ignoring it {{(pid=102100) configure /opt/stack/glance/glance/image_cache/drivers/centralized_db.py:71}}
Jun 12 00:00:31.843748 np0000002693 devstack@g-api.service[102098]: INFO glance.api.middleware.cache_manage [None req-50e22617-d174-44b8-9471-8a371e91283b None None] Initialized image cache management middleware
Jun 12 00:00:31.843862 np0000002693 devstack@g-api.service[102099]: DEBUG glance.image_cache.drivers.centralized_db [None req-ddd09347-7e3c-495c-88d9-7dcc75941ff0 None None] Node reference is already recorded, ignoring it {{(pid=102099) configure /opt/stack/glance/glance/image_cache/drivers/centralized_db.py:71}}
Jun 12 00:00:31.843936 np0000002693 devstack@g-api.service[102098]: INFO glance.image_cache [None req-50e22617-d174-44b8-9471-8a371e91283b None None] Image cache loaded driver 'centralized_db'.
Jun 12 00:00:31.849217 np0000002693 devstack@g-api.service[102100]: DEBUG glance.api.v2.cached_images [None req-6bef1212-b356-49d7-8b3f-99556570dd31 None None] Started cache worker thread {{(pid=102100) __init__ /opt/stack/glance/glance/api/v2/cached_images.py:69}}
Jun 12 00:00:31.849922 np0000002693 devstack@g-api.service[102100]: INFO glance.image_cache [None req-6bef1212-b356-49d7-8b3f-99556570dd31 None None] Image cache loaded driver 'centralized_db'.
Jun 12 00:00:31.849992 np0000002693 devstack@g-api.service[102098]: DEBUG glance.image_cache.drivers.centralized_db [None req-50e22617-d174-44b8-9471-8a371e91283b None None] Node reference is already recorded, ignoring it {{(pid=102098) configure /opt/stack/glance/glance/image_cache/drivers/centralized_db.py:71}}
Jun 12 00:00:31.850438 np0000002693 devstack@g-api.service[102099]: DEBUG glance.api.v2.cached_images [None req-ddd09347-7e3c-495c-88d9-7dcc75941ff0 None None] Started cache worker thread {{(pid=102099) __init__ /opt/stack/glance/glance/api/v2/cached_images.py:69}}
Jun 12 00:00:31.851123 np0000002693 devstack@g-api.service[102099]: INFO glance.image_cache [None req-ddd09347-7e3c-495c-88d9-7dcc75941ff0 None None] Image cache loaded driver 'centralized_db'.
Jun 12 00:00:31.853351 np0000002693 devstack@g-api.service[102098]: INFO glance.api.middleware.cache [None req-50e22617-d174-44b8-9471-8a371e91283b None None] Initialized image cache middleware
Jun 12 00:00:31.858087 np0000002693 devstack@g-api.service[102100]: DEBUG glance.image_cache.drivers.centralized_db [None req-6bef1212-b356-49d7-8b3f-99556570dd31 None None] Node reference is already recorded, ignoring it {{(pid=102100) configure /opt/stack/glance/glance/image_cache/drivers/centralized_db.py:71}}
Jun 12 00:00:31.859104 np0000002693 devstack@g-api.service[102099]: DEBUG glance.image_cache.drivers.centralized_db [None req-ddd09347-7e3c-495c-88d9-7dcc75941ff0 None None] Node reference is already recorded, ignoring it {{(pid=102099) configure /opt/stack/glance/glance/image_cache/drivers/centralized_db.py:71}}
Jun 12 00:00:31.864672 np0000002693 devstack@g-api.service[102100]: INFO glance.api.middleware.cache_manage [None req-6bef1212-b356-49d7-8b3f-99556570dd31 None None] Initialized image cache management middleware
Jun 12 00:00:31.864883 np0000002693 devstack@g-api.service[102100]: INFO glance.image_cache [None req-6bef1212-b356-49d7-8b3f-99556570dd31 None None] Image cache loaded driver 'centralized_db'.
Jun 12 00:00:31.865597 np0000002693 devstack@g-api.service[102099]: INFO glance.api.middleware.cache_manage [None req-ddd09347-7e3c-495c-88d9-7dcc75941ff0 None None] Initialized image cache management middleware
Jun 12 00:00:31.865781 np0000002693 devstack@g-api.service[102099]: INFO glance.image_cache [None req-ddd09347-7e3c-495c-88d9-7dcc75941ff0 None None] Image cache loaded driver 'centralized_db'.
Jun 12 00:00:31.873412 np0000002693 devstack@g-api.service[102100]: DEBUG glance.image_cache.drivers.centralized_db [None req-6bef1212-b356-49d7-8b3f-99556570dd31 None None] Node reference is already recorded, ignoring it {{(pid=102100) configure /opt/stack/glance/glance/image_cache/drivers/centralized_db.py:71}}
Jun 12 00:00:31.873978 np0000002693 devstack@g-api.service[102099]: DEBUG glance.image_cache.drivers.centralized_db [None req-ddd09347-7e3c-495c-88d9-7dcc75941ff0 None None] Node reference is already recorded, ignoring it {{(pid=102099) configure /opt/stack/glance/glance/image_cache/drivers/centralized_db.py:71}}
Jun 12 00:00:31.878667 np0000002693 devstack@g-api.service[102100]: INFO glance.api.middleware.cache [None req-6bef1212-b356-49d7-8b3f-99556570dd31 None None] Initialized image cache middleware
Jun 12 00:00:31.880334 np0000002693 devstack@g-api.service[102099]: INFO glance.api.middleware.cache [None req-ddd09347-7e3c-495c-88d9-7dcc75941ff0 None None] Initialized image cache middleware
Jun 12 00:00:31.951191 np0000002693 devstack@g-api.service[102098]: DEBUG glance.common.config [None req-50e22617-d174-44b8-9471-8a371e91283b None None] ******************************************************************************** {{(pid=102098) log_opt_values /opt/stack/data/venv/lib/python3.12/site-packages/oslo_config/cfg.py:3229}}
Jun 12 00:00:31.951338 np0000002693 devstack@g-api.service[102098]: DEBUG glance.common.config [None req-50e22617-d174-44b8-9471-8a371e91283b None None] Configuration options gathered from: {{(pid=102098) log_opt_values /opt/stack/data/venv/lib/python3.12/site-packages/oslo_config/cfg.py:3230}}
Jun 12 00:00:31.951517 np0000002693 devstack@g-api.service[102098]: DEBUG glance.common.config [None req-50e22617-d174-44b8-9471-8a371e91283b None None] command line args: [] {{(pid=102098) log_opt_values /opt/stack/data/venv/lib/python3.12/site-packages/oslo_config/cfg.py:3231}}
Jun 12 00:00:31.951635 np0000002693 devstack@g-api.service[102098]: DEBUG glance.common.config [None req-50e22617-d174-44b8-9471-8a371e91283b None None] config files: ['/etc/glance/glance-image-import.conf', '/etc/glance/glance-api.conf'] {{(pid=102098) log_opt_values /opt/stack/data/venv/lib/python3.12/site-packages/oslo_config/cfg.py:3232}}
Jun 12 00:00:31.951703 np0000002693 devstack@g-api.service[102098]: DEBUG glance.common.config [None req-50e22617-d174-44b8-9471-8a371e91283b None None] ================================================================================ {{(pid=102098) log_opt_values /opt/stack/data/venv/lib/python3.12/site-packages/oslo_config/cfg.py:3237}}
Jun 12 00:00:31.951831 np0000002693 devstack@g-api.service[102098]: DEBUG glance.common.config [None req-50e22617-d174-44b8-9471-8a371e91283b None None] allow_anonymous_access = False {{(pid=102098) log_opt_values /opt/stack/data/venv/lib/python3.12/site-packages/oslo_config/cfg.py:3245}}
Jun 12 00:00:31.951946 np0000002693 devstack@g-api.service[102098]: DEBUG glance.common.config [None req-50e22617-d174-44b8-9471-8a371e91283b None None] api_limit_max = 1000 {{(pid=102098) log_opt_values /opt/stack/data/venv/lib/python3.12/site-packages/oslo_config/cfg.py:3245}}
Jun 12 00:00:31.952091 np0000002693 devstack@g-api.service[102098]: DEBUG glance.common.config [None req-50e22617-d174-44b8-9471-8a371e91283b None None] backlog = 4096 {{(pid=102098) log_opt_values /opt/stack/data/venv/lib/python3.12/site-packages/oslo_config/cfg.py:3245}}
Jun 12 00:00:31.952214 np0000002693 devstack@g-api.service[102098]: DEBUG glance.common.config [None req-50e22617-d174-44b8-9471-8a371e91283b None None] bind_host = 0.0.0.0 {{(pid=102098) log_opt_values /opt/stack/data/venv/lib/python3.12/site-packages/oslo_config/cfg.py:3245}}
Jun 12 00:00:31.952319 np0000002693 devstack@g-api.service[102098]: DEBUG glance.common.config [None req-50e22617-d174-44b8-9471-8a371e91283b None None] bind_port = 19292 {{(pid=102098) log_opt_values /opt/stack/data/venv/lib/python3.12/site-packages/oslo_config/cfg.py:3245}}
Jun 12 00:00:31.952411 np0000002693 devstack@g-api.service[102098]: DEBUG glance.common.config [None req-50e22617-d174-44b8-9471-8a371e91283b None None] client_socket_timeout = 900 {{(pid=102098) log_opt_values /opt/stack/data/venv/lib/python3.12/site-packages/oslo_config/cfg.py:3245}}
Jun 12 00:00:31.952504 np0000002693 devstack@g-api.service[102098]: DEBUG glance.common.config [None req-50e22617-d174-44b8-9471-8a371e91283b None None] config_dir = [] {{(pid=102098) log_opt_values /opt/stack/data/venv/lib/python3.12/site-packages/oslo_config/cfg.py:3245}}
Jun 12 00:00:31.952572 np0000002693 devstack@g-api.service[102098]: DEBUG glance.common.config [None req-50e22617-d174-44b8-9471-8a371e91283b None None] config_file = ['/etc/glance/glance-image-import.conf', '/etc/glance/glance-api.conf'] {{(pid=102098) log_opt_values /opt/stack/data/venv/lib/python3.12/site-packages/oslo_config/cfg.py:3245}}
Jun 12 00:00:31.952659 np0000002693 devstack@g-api.service[102098]: DEBUG glance.common.config [None req-50e22617-d174-44b8-9471-8a371e91283b None None] config_source = [] {{(pid=102098) log_opt_values /opt/stack/data/venv/lib/python3.12/site-packages/oslo_config/cfg.py:3245}}
Jun 12 00:00:31.952769 np0000002693 devstack@g-api.service[102098]: DEBUG glance.common.config [None req-50e22617-d174-44b8-9471-8a371e91283b None None] control_exchange = glance {{(pid=102098) log_opt_values /opt/stack/data/venv/lib/python3.12/site-packages/oslo_config/cfg.py:3245}}
Jun 12 00:00:31.952830 np0000002693 devstack@g-api.service[102098]: DEBUG glance.common.config [None req-50e22617-d174-44b8-9471-8a371e91283b None None] debug = True {{(pid=102098) log_opt_values /opt/stack/data/venv/lib/python3.12/site-packages/oslo_config/cfg.py:3245}}
Jun 12 00:00:31.953002 np0000002693 devstack@g-api.service[102098]: DEBUG glance.common.config [None req-50e22617-d174-44b8-9471-8a371e91283b None None] default_log_levels = ['amqp=WARN', 'boto=WARN', 'sqlalchemy=WARN', 'suds=INFO', 'oslo.messaging=INFO', 'oslo_messaging=INFO', 'iso8601=WARN', 'requests.packages.urllib3.connectionpool=WARN', 'urllib3.connectionpool=WARN', 'websocket=WARN', 'requests.packages.urllib3.util.retry=WARN', 'urllib3.util.retry=WARN', 'keystonemiddleware=WARN', 'routes.middleware=WARN', 'stevedore=WARN', 'taskflow=WARN', 'keystoneauth=WARN', 'oslo.cache=INFO', 'oslo_policy=INFO', 'dogpile.core.dogpile=INFO'] {{(pid=102098) log_opt_values /opt/stack/data/venv/lib/python3.12/site-packages/oslo_config/cfg.py:3245}}
Jun 12 00:00:31.953093 np0000002693 devstack@g-api.service[102098]: DEBUG glance.common.config [None req-50e22617-d174-44b8-9471-8a371e91283b None None] default_publisher_id = image.localhost {{(pid=102098) log_opt_values /opt/stack/data/venv/lib/python3.12/site-packages/oslo_config/cfg.py:3245}}
Jun 12 00:00:31.953183 np0000002693 devstack@g-api.service[102098]: DEBUG glance.common.config [None req-50e22617-d174-44b8-9471-8a371e91283b None None] delayed_delete = False {{(pid=102098) log_opt_values /opt/stack/data/venv/lib/python3.12/site-packages/oslo_config/cfg.py:3245}}
Jun 12 00:00:31.953272 np0000002693 devstack@g-api.service[102098]: DEBUG glance.common.config [None req-50e22617-d174-44b8-9471-8a371e91283b None None] digest_algorithm = sha256 {{(pid=102098) log_opt_values /opt/stack/data/venv/lib/python3.12/site-packages/oslo_config/cfg.py:3245}}
Jun 12 00:00:31.953363 np0000002693 devstack@g-api.service[102098]: DEBUG glance.common.config [None req-50e22617-d174-44b8-9471-8a371e91283b None None] disabled_notifications = [] {{(pid=102098) log_opt_values /opt/stack/data/venv/lib/python3.12/site-packages/oslo_config/cfg.py:3245}}
Jun 12 00:00:31.953445 np0000002693 devstack@g-api.service[102098]: DEBUG glance.common.config [None req-50e22617-d174-44b8-9471-8a371e91283b None None] do_secure_hash = True {{(pid=102098) log_opt_values /opt/stack/data/venv/lib/python3.12/site-packages/oslo_config/cfg.py:3245}}
Jun 12 00:00:31.953527 np0000002693 devstack@g-api.service[102098]: DEBUG glance.common.config [None req-50e22617-d174-44b8-9471-8a371e91283b None None] enabled_backends = None {{(pid=102098) log_opt_values /opt/stack/data/venv/lib/python3.12/site-packages/oslo_config/cfg.py:3245}}
Jun 12 00:00:31.953629 np0000002693 devstack@g-api.service[102098]: DEBUG glance.common.config [None req-50e22617-d174-44b8-9471-8a371e91283b None None] enabled_import_methods = ['glance-direct', 'web-download', 'copy-image'] {{(pid=102098) log_opt_values /opt/stack/data/venv/lib/python3.12/site-packages/oslo_config/cfg.py:3245}}
Jun 12 00:00:31.953716 np0000002693 devstack@g-api.service[102098]: DEBUG glance.common.config [None req-50e22617-d174-44b8-9471-8a371e91283b None None] fatal_deprecations = False {{(pid=102098) log_opt_values /opt/stack/data/venv/lib/python3.12/site-packages/oslo_config/cfg.py:3245}}
Jun 12 00:00:31.953819 np0000002693 devstack@g-api.service[102098]: DEBUG glance.common.config [None req-50e22617-d174-44b8-9471-8a371e91283b None None] hashing_algorithm = sha512 {{(pid=102098) log_opt_values /opt/stack/data/venv/lib/python3.12/site-packages/oslo_config/cfg.py:3245}}
Jun 12 00:00:31.953925 np0000002693 devstack@g-api.service[102098]: DEBUG glance.common.config [None req-50e22617-d174-44b8-9471-8a371e91283b None None] http_keepalive = True {{(pid=102098) log_opt_values /opt/stack/data/venv/lib/python3.12/site-packages/oslo_config/cfg.py:3245}}
Jun 12 00:00:31.954014 np0000002693 devstack@g-api.service[102098]: DEBUG glance.common.config [None req-50e22617-d174-44b8-9471-8a371e91283b None None] http_retries = 3 {{(pid=102098) log_opt_values /opt/stack/data/venv/lib/python3.12/site-packages/oslo_config/cfg.py:3245}}
Jun 12 00:00:31.954105 np0000002693 devstack@g-api.service[102098]: DEBUG glance.common.config [None req-50e22617-d174-44b8-9471-8a371e91283b None None] image_cache_dir = /opt/stack/data/glance/cache/ {{(pid=102098) log_opt_values /opt/stack/data/venv/lib/python3.12/site-packages/oslo_config/cfg.py:3245}}
Jun 12 00:00:31.954196 np0000002693 devstack@g-api.service[102098]: DEBUG glance.common.config [None req-50e22617-d174-44b8-9471-8a371e91283b None None] image_cache_driver = centralized_db {{(pid=102098) log_opt_values /opt/stack/data/venv/lib/python3.12/site-packages/oslo_config/cfg.py:3245}}
Jun 12 00:00:31.954284 np0000002693 devstack@g-api.service[102098]: DEBUG glance.common.config [None req-50e22617-d174-44b8-9471-8a371e91283b None None] image_cache_max_size = 10737418240 {{(pid=102098) log_opt_values /opt/stack/data/venv/lib/python3.12/site-packages/oslo_config/cfg.py:3245}}
Jun 12 00:00:31.954374 np0000002693 devstack@g-api.service[102098]: DEBUG glance.common.config [None req-50e22617-d174-44b8-9471-8a371e91283b None None] image_cache_sqlite_db = cache.db {{(pid=102098) log_opt_values /opt/stack/data/venv/lib/python3.12/site-packages/oslo_config/cfg.py:3245}}
Jun 12 00:00:31.954465 np0000002693 devstack@g-api.service[102098]: DEBUG glance.common.config [None req-50e22617-d174-44b8-9471-8a371e91283b None None] image_cache_stall_time = 86400 {{(pid=102098) log_opt_values /opt/stack/data/venv/lib/python3.12/site-packages/oslo_config/cfg.py:3245}}
Jun 12 00:00:31.954552 np0000002693 devstack@g-api.service[102098]: DEBUG glance.common.config [None req-50e22617-d174-44b8-9471-8a371e91283b None None] image_location_quota = 10 {{(pid=102098) log_opt_values /opt/stack/data/venv/lib/python3.12/site-packages/oslo_config/cfg.py:3245}}
Jun 12 00:00:31.954638 np0000002693 devstack@g-api.service[102098]: DEBUG glance.common.config [None req-50e22617-d174-44b8-9471-8a371e91283b None None] image_member_quota = 128 {{(pid=102098) log_opt_values /opt/stack/data/venv/lib/python3.12/site-packages/oslo_config/cfg.py:3245}}
Jun 12 00:00:31.954728 np0000002693 devstack@g-api.service[102098]: DEBUG glance.common.config [None req-50e22617-d174-44b8-9471-8a371e91283b None None] image_property_quota = 128 {{(pid=102098) log_opt_values /opt/stack/data/venv/lib/python3.12/site-packages/oslo_config/cfg.py:3245}}
Jun 12 00:00:31.954836 np0000002693 devstack@g-api.service[102098]: DEBUG glance.common.config [None req-50e22617-d174-44b8-9471-8a371e91283b None None] image_size_cap = 1099511627776 {{(pid=102098) log_opt_values /opt/stack/data/venv/lib/python3.12/site-packages/oslo_config/cfg.py:3245}}
Jun 12 00:00:31.954931 np0000002693 devstack@g-api.service[102098]: DEBUG glance.common.config [None req-50e22617-d174-44b8-9471-8a371e91283b None None] image_tag_quota = 128 {{(pid=102098) log_opt_values /opt/stack/data/venv/lib/python3.12/site-packages/oslo_config/cfg.py:3245}}
Jun 12 00:00:31.955016 np0000002693 devstack@g-api.service[102098]: DEBUG glance.common.config [None req-50e22617-d174-44b8-9471-8a371e91283b None None] instance_format = [instance: %(uuid)s] {{(pid=102098) log_opt_values /opt/stack/data/venv/lib/python3.12/site-packages/oslo_config/cfg.py:3245}}
Jun 12 00:00:31.955107 np0000002693 devstack@g-api.service[102098]: DEBUG glance.common.config [None req-50e22617-d174-44b8-9471-8a371e91283b None None] instance_uuid_format = [instance: %(uuid)s] {{(pid=102098) log_opt_values /opt/stack/data/venv/lib/python3.12/site-packages/oslo_config/cfg.py:3245}}
Jun 12 00:00:31.955191 np0000002693 devstack@g-api.service[102098]: DEBUG glance.common.config [None req-50e22617-d174-44b8-9471-8a371e91283b None None] limit_param_default = 25 {{(pid=102098) log_opt_values /opt/stack/data/venv/lib/python3.12/site-packages/oslo_config/cfg.py:3245}}
Jun 12 00:00:31.955286 np0000002693 devstack@g-api.service[102098]: DEBUG glance.common.config [None req-50e22617-d174-44b8-9471-8a371e91283b None None] log_color = False {{(pid=102098) log_opt_values /opt/stack/data/venv/lib/python3.12/site-packages/oslo_config/cfg.py:3245}}
Jun 12 00:00:31.955378 np0000002693 devstack@g-api.service[102098]: DEBUG glance.common.config [None req-50e22617-d174-44b8-9471-8a371e91283b None None] log_config_append = None {{(pid=102098) log_opt_values /opt/stack/data/venv/lib/python3.12/site-packages/oslo_config/cfg.py:3245}}
Jun 12 00:00:31.955470 np0000002693 devstack@g-api.service[102098]: DEBUG glance.common.config [None req-50e22617-d174-44b8-9471-8a371e91283b None None] log_date_format = %Y-%m-%d %H:%M:%S {{(pid=102098) log_opt_values /opt/stack/data/venv/lib/python3.12/site-packages/oslo_config/cfg.py:3245}}
Jun 12 00:00:31.955562 np0000002693 devstack@g-api.service[102098]: DEBUG glance.common.config [None req-50e22617-d174-44b8-9471-8a371e91283b None None] log_dir = None {{(pid=102098) log_opt_values /opt/stack/data/venv/lib/python3.12/site-packages/oslo_config/cfg.py:3245}}
Jun 12 00:00:31.955648 np0000002693 devstack@g-api.service[102098]: DEBUG glance.common.config [None req-50e22617-d174-44b8-9471-8a371e91283b None None] log_file = None {{(pid=102098) log_opt_values /opt/stack/data/venv/lib/python3.12/site-packages/oslo_config/cfg.py:3245}}
Jun 12 00:00:31.955732 np0000002693 devstack@g-api.service[102098]: DEBUG glance.common.config [None req-50e22617-d174-44b8-9471-8a371e91283b None None] log_rotate_interval = 1 {{(pid=102098) log_opt_values /opt/stack/data/venv/lib/python3.12/site-packages/oslo_config/cfg.py:3245}}
Jun 12 00:00:31.955835 np0000002693 devstack@g-api.service[102098]: DEBUG glance.common.config [None req-50e22617-d174-44b8-9471-8a371e91283b None None] log_rotate_interval_type = days {{(pid=102098) log_opt_values /opt/stack/data/venv/lib/python3.12/site-packages/oslo_config/cfg.py:3245}}
Jun 12 00:00:31.955974 np0000002693 devstack@g-api.service[102098]: DEBUG glance.common.config [None req-50e22617-d174-44b8-9471-8a371e91283b None None] log_rotation_type = none {{(pid=102098) log_opt_values /opt/stack/data/venv/lib/python3.12/site-packages/oslo_config/cfg.py:3245}}
Jun 12 00:00:31.956046 np0000002693 devstack@g-api.service[102098]: DEBUG glance.common.config [None req-50e22617-d174-44b8-9471-8a371e91283b None None] logging_context_format_string = %(color)s%(levelname)s %(name)s [%(global_request_id)s %(request_id)s %(project_name)s %(user_name)s%(color)s] %(instance)s%(color)s%(message)s {{(pid=102098) log_opt_values /opt/stack/data/venv/lib/python3.12/site-packages/oslo_config/cfg.py:3245}}
Jun 12 00:00:31.956111 np0000002693 devstack@g-api.service[102098]: DEBUG glance.common.config [None req-50e22617-d174-44b8-9471-8a371e91283b None None] logging_debug_format_suffix = {{(pid=%(process)d) %(funcName)s %(pathname)s:%(lineno)d}} {{(pid=102098) log_opt_values /opt/stack/data/venv/lib/python3.12/site-packages/oslo_config/cfg.py:3245}}
Jun 12 00:00:31.956207 np0000002693 devstack@g-api.service[102098]: DEBUG glance.common.config [None req-50e22617-d174-44b8-9471-8a371e91283b None None] logging_default_format_string = %(color)s%(levelname)s %(name)s [-%(color)s] %(instance)s%(color)s%(message)s {{(pid=102098) log_opt_values /opt/stack/data/venv/lib/python3.12/site-packages/oslo_config/cfg.py:3245}}
Jun 12 00:00:31.956297 np0000002693 devstack@g-api.service[102098]: DEBUG glance.common.config [None req-50e22617-d174-44b8-9471-8a371e91283b None None] logging_exception_prefix = ERROR %(name)s %(instance)s {{(pid=102098) log_opt_values /opt/stack/data/venv/lib/python3.12/site-packages/oslo_config/cfg.py:3245}}
Jun 12 00:00:31.956362 np0000002693 devstack@g-api.service[102098]: DEBUG glance.common.config [None req-50e22617-d174-44b8-9471-8a371e91283b None None] logging_user_identity_format = %(user)s %(project)s %(domain)s %(system_scope)s %(user_domain)s %(project_domain)s {{(pid=102098) log_opt_values /opt/stack/data/venv/lib/python3.12/site-packages/oslo_config/cfg.py:3245}}
Jun 12 00:00:31.956448 np0000002693 devstack@g-api.service[102098]: DEBUG glance.common.config [None req-50e22617-d174-44b8-9471-8a371e91283b None None] max_header_line = 16384 {{(pid=102098) log_opt_values /opt/stack/data/venv/lib/python3.12/site-packages/oslo_config/cfg.py:3245}}
Jun 12 00:00:31.956535 np0000002693 devstack@g-api.service[102098]: DEBUG glance.common.config [None req-50e22617-d174-44b8-9471-8a371e91283b None None] max_logfile_count = 30 {{(pid=102098) log_opt_values /opt/stack/data/venv/lib/python3.12/site-packages/oslo_config/cfg.py:3245}}
Jun 12 00:00:31.956616 np0000002693 devstack@g-api.service[102098]: DEBUG glance.common.config [None req-50e22617-d174-44b8-9471-8a371e91283b None None] max_logfile_size_mb = 200 {{(pid=102098) log_opt_values /opt/stack/data/venv/lib/python3.12/site-packages/oslo_config/cfg.py:3245}}
Jun 12 00:00:31.956698 np0000002693 devstack@g-api.service[102098]: DEBUG glance.common.config [None req-50e22617-d174-44b8-9471-8a371e91283b None None] max_request_id_length = 64 {{(pid=102098) log_opt_values /opt/stack/data/venv/lib/python3.12/site-packages/oslo_config/cfg.py:3245}}
Jun 12 00:00:31.956802 np0000002693 devstack@g-api.service[102098]: DEBUG glance.common.config [None req-50e22617-d174-44b8-9471-8a371e91283b None None] metadata_encryption_key = **** {{(pid=102098) log_opt_values /opt/stack/data/venv/lib/python3.12/site-packages/oslo_config/cfg.py:3245}}
Jun 12 00:00:31.956908 np0000002693 devstack@g-api.service[102098]: DEBUG glance.common.config [None req-50e22617-d174-44b8-9471-8a371e91283b None None] node_staging_uri = file:///tmp/staging/ {{(pid=102098) log_opt_values /opt/stack/data/venv/lib/python3.12/site-packages/oslo_config/cfg.py:3245}}
Jun 12 00:00:31.956995 np0000002693 devstack@g-api.service[102098]: DEBUG glance.common.config [None req-50e22617-d174-44b8-9471-8a371e91283b None None] property_protection_file = None {{(pid=102098) log_opt_values /opt/stack/data/venv/lib/python3.12/site-packages/oslo_config/cfg.py:3245}}
Jun 12 00:00:31.957087 np0000002693 devstack@g-api.service[102098]: DEBUG glance.common.config [None req-50e22617-d174-44b8-9471-8a371e91283b None None] property_protection_rule_format = roles {{(pid=102098) log_opt_values /opt/stack/data/venv/lib/python3.12/site-packages/oslo_config/cfg.py:3245}}
Jun 12 00:00:31.957172 np0000002693 devstack@g-api.service[102098]: DEBUG glance.common.config [None req-50e22617-d174-44b8-9471-8a371e91283b None None] public_endpoint = https://10.4.3.181/image {{(pid=102098) log_opt_values /opt/stack/data/venv/lib/python3.12/site-packages/oslo_config/cfg.py:3245}}
Jun 12 00:00:31.957261 np0000002693 devstack@g-api.service[102098]: DEBUG glance.common.config [None req-50e22617-d174-44b8-9471-8a371e91283b None None] publish_errors = False {{(pid=102098) log_opt_values /opt/stack/data/venv/lib/python3.12/site-packages/oslo_config/cfg.py:3245}}
Jun 12 00:00:31.957344 np0000002693 devstack@g-api.service[102098]: DEBUG glance.common.config [None req-50e22617-d174-44b8-9471-8a371e91283b None None] pydev_worker_debug_host = None {{(pid=102098) log_opt_values /opt/stack/data/venv/lib/python3.12/site-packages/oslo_config/cfg.py:3245}}
Jun 12 00:00:31.957427 np0000002693 devstack@g-api.service[102098]: DEBUG glance.common.config [None req-50e22617-d174-44b8-9471-8a371e91283b None None] pydev_worker_debug_port = 5678 {{(pid=102098) log_opt_values /opt/stack/data/venv/lib/python3.12/site-packages/oslo_config/cfg.py:3245}}
Jun 12 00:00:31.957511 np0000002693 devstack@g-api.service[102098]: DEBUG glance.common.config [None req-50e22617-d174-44b8-9471-8a371e91283b None None] rate_limit_burst = 0 {{(pid=102098) log_opt_values /opt/stack/data/venv/lib/python3.12/site-packages/oslo_config/cfg.py:3245}}
Jun 12 00:00:31.957602 np0000002693 devstack@g-api.service[102098]: DEBUG glance.common.config [None req-50e22617-d174-44b8-9471-8a371e91283b None None] rate_limit_except_level = CRITICAL {{(pid=102098) log_opt_values /opt/stack/data/venv/lib/python3.12/site-packages/oslo_config/cfg.py:3245}}
Jun 12 00:00:31.957685 np0000002693 devstack@g-api.service[102098]: DEBUG glance.common.config [None req-50e22617-d174-44b8-9471-8a371e91283b None None] rate_limit_interval = 0 {{(pid=102098) log_opt_values /opt/stack/data/venv/lib/python3.12/site-packages/oslo_config/cfg.py:3245}}
Jun 12 00:00:31.957780 np0000002693 devstack@g-api.service[102098]: DEBUG glance.common.config [None req-50e22617-d174-44b8-9471-8a371e91283b None None] scrub_pool_size = 1 {{(pid=102098) log_opt_values /opt/stack/data/venv/lib/python3.12/site-packages/oslo_config/cfg.py:3245}}
Jun 12 00:00:31.957866 np0000002693 devstack@g-api.service[102098]: DEBUG glance.common.config [None req-50e22617-d174-44b8-9471-8a371e91283b None None] scrub_time = 0 {{(pid=102098) log_opt_values /opt/stack/data/venv/lib/python3.12/site-packages/oslo_config/cfg.py:3245}}
Jun 12 00:00:31.957967 np0000002693 devstack@g-api.service[102098]: DEBUG glance.common.config [None req-50e22617-d174-44b8-9471-8a371e91283b None None] shell_completion = None {{(pid=102098) log_opt_values /opt/stack/data/venv/lib/python3.12/site-packages/oslo_config/cfg.py:3245}}
Jun 12 00:00:31.958059 np0000002693 devstack@g-api.service[102098]: DEBUG glance.common.config [None req-50e22617-d174-44b8-9471-8a371e91283b None None] show_image_direct_url = False {{(pid=102098) log_opt_values /opt/stack/data/venv/lib/python3.12/site-packages/oslo_config/cfg.py:3245}}
Jun 12 00:00:31.958250 np0000002693 devstack@g-api.service[102098]: WARNING oslo_config.cfg [None req-50e22617-d174-44b8-9471-8a371e91283b None None] Deprecated: Option "show_multiple_locations" from group "DEFAULT" is deprecated for removal (Use of this option, deprecated since Newton, is a security risk and will be removed once we figure out a way to satisfy those use cases that currently require it. An earlier announcement that the same functionality can be achieved with greater granularity by using policies is incorrect. You cannot work around this option via policy configuration at the present time, though that is the direction we believe the fix will take. Please keep an eye on the Glance release notes to stay up to date on progress in addressing this issue.). Its value may be silently ignored in the future.
Jun 12 00:00:31.958346 np0000002693 devstack@g-api.service[102098]: DEBUG glance.common.config [None req-50e22617-d174-44b8-9471-8a371e91283b None None] show_multiple_locations = False {{(pid=102098) log_opt_values /opt/stack/data/venv/lib/python3.12/site-packages/oslo_config/cfg.py:3245}}
Jun 12 00:00:31.958442 np0000002693 devstack@g-api.service[102098]: DEBUG glance.common.config [None req-50e22617-d174-44b8-9471-8a371e91283b None None] syslog_log_facility = LOG_USER {{(pid=102098) log_opt_values /opt/stack/data/venv/lib/python3.12/site-packages/oslo_config/cfg.py:3245}}
Jun 12 00:00:31.958528 np0000002693 devstack@g-api.service[102098]: DEBUG glance.common.config [None req-50e22617-d174-44b8-9471-8a371e91283b None None] tcp_keepidle = 600 {{(pid=102098) log_opt_values /opt/stack/data/venv/lib/python3.12/site-packages/oslo_config/cfg.py:3245}}
Jun 12 00:00:31.958619 np0000002693 devstack@g-api.service[102098]: DEBUG glance.common.config [None req-50e22617-d174-44b8-9471-8a371e91283b None None] transport_url = **** {{(pid=102098) log_opt_values /opt/stack/data/venv/lib/python3.12/site-packages/oslo_config/cfg.py:3245}}
Jun 12 00:00:31.958703 np0000002693 devstack@g-api.service[102098]: DEBUG glance.common.config [None req-50e22617-d174-44b8-9471-8a371e91283b None None] use_journal = False {{(pid=102098) log_opt_values /opt/stack/data/venv/lib/python3.12/site-packages/oslo_config/cfg.py:3245}}
Jun 12 00:00:31.958800 np0000002693 devstack@g-api.service[102098]: DEBUG glance.common.config [None req-50e22617-d174-44b8-9471-8a371e91283b None None] use_json = False {{(pid=102098) log_opt_values /opt/stack/data/venv/lib/python3.12/site-packages/oslo_config/cfg.py:3245}}
Jun 12 00:00:31.958906 np0000002693 devstack@g-api.service[102098]: DEBUG glance.common.config [None req-50e22617-d174-44b8-9471-8a371e91283b None None] use_keystone_limits = True {{(pid=102098) log_opt_values /opt/stack/data/venv/lib/python3.12/site-packages/oslo_config/cfg.py:3245}}
Jun 12 00:00:31.958997 np0000002693 devstack@g-api.service[102098]: DEBUG glance.common.config [None req-50e22617-d174-44b8-9471-8a371e91283b None None] use_stderr = False {{(pid=102098) log_opt_values /opt/stack/data/venv/lib/python3.12/site-packages/oslo_config/cfg.py:3245}}
Jun 12 00:00:31.959119 np0000002693 devstack@g-api.service[102098]: DEBUG glance.common.config [None req-50e22617-d174-44b8-9471-8a371e91283b None None] use_syslog = False {{(pid=102098) log_opt_values /opt/stack/data/venv/lib/python3.12/site-packages/oslo_config/cfg.py:3245}}
Jun 12 00:00:31.959181 np0000002693 devstack@g-api.service[102098]: DEBUG glance.common.config [None req-50e22617-d174-44b8-9471-8a371e91283b None None] user_storage_quota = 0 {{(pid=102098) log_opt_values /opt/stack/data/venv/lib/python3.12/site-packages/oslo_config/cfg.py:3245}}
Jun 12 00:00:31.959266 np0000002693 devstack@g-api.service[102098]: DEBUG glance.common.config [None req-50e22617-d174-44b8-9471-8a371e91283b None None] worker_self_reference_url = http://127.0.0.1:60999 {{(pid=102098) log_opt_values /opt/stack/data/venv/lib/python3.12/site-packages/oslo_config/cfg.py:3245}}
Jun 12 00:00:31.959355 np0000002693 devstack@g-api.service[102098]: DEBUG glance.common.config [None req-50e22617-d174-44b8-9471-8a371e91283b None None] workers = None {{(pid=102098) log_opt_values /opt/stack/data/venv/lib/python3.12/site-packages/oslo_config/cfg.py:3245}}
Jun 12 00:00:31.959450 np0000002693 devstack@g-api.service[102098]: DEBUG glance.common.config [None req-50e22617-d174-44b8-9471-8a371e91283b None None] oslo_concurrency.disable_process_locking = False {{(pid=102098) log_opt_values /opt/stack/data/venv/lib/python3.12/site-packages/oslo_config/cfg.py:3256}}
Jun 12 00:00:31.959547 np0000002693 devstack@g-api.service[102098]: DEBUG glance.common.config [None req-50e22617-d174-44b8-9471-8a371e91283b None None] oslo_concurrency.lock_path = /opt/stack/data/glance/locks {{(pid=102098) log_opt_values /opt/stack/data/venv/lib/python3.12/site-packages/oslo_config/cfg.py:3256}}
Jun 12 00:00:31.959642 np0000002693 devstack@g-api.service[102098]: DEBUG glance.common.config [None req-50e22617-d174-44b8-9471-8a371e91283b None None] oslo_middleware.enable_proxy_headers_parsing = False {{(pid=102098) log_opt_values /opt/stack/data/venv/lib/python3.12/site-packages/oslo_config/cfg.py:3256}}
Jun 12 00:00:31.959733 np0000002693 devstack@g-api.service[102098]: DEBUG glance.common.config [None req-50e22617-d174-44b8-9471-8a371e91283b None None] oslo_middleware.http_basic_auth_user_file = /etc/htpasswd {{(pid=102098) log_opt_values /opt/stack/data/venv/lib/python3.12/site-packages/oslo_config/cfg.py:3256}}
Jun 12 00:00:31.959835 np0000002693 devstack@g-api.service[102098]: DEBUG glance.common.config [None req-50e22617-d174-44b8-9471-8a371e91283b None None] paste_deploy.config_file = None {{(pid=102098) log_opt_values /opt/stack/data/venv/lib/python3.12/site-packages/oslo_config/cfg.py:3256}}
Jun 12 00:00:31.959948 np0000002693 devstack@g-api.service[102098]: DEBUG glance.common.config [None req-50e22617-d174-44b8-9471-8a371e91283b None None] paste_deploy.flavor = keystone+cachemanagement {{(pid=102098) log_opt_values /opt/stack/data/venv/lib/python3.12/site-packages/oslo_config/cfg.py:3256}}
Jun 12 00:00:31.960076 np0000002693 devstack@g-api.service[102098]: DEBUG glance.common.config [None req-50e22617-d174-44b8-9471-8a371e91283b None None] image_format.container_formats = ['ami', 'ari', 'aki', 'bare', 'ovf', 'ova', 'docker', 'compressed'] {{(pid=102098) log_opt_values /opt/stack/data/venv/lib/python3.12/site-packages/oslo_config/cfg.py:3256}}
Jun 12 00:00:31.960201 np0000002693 devstack@g-api.service[102098]: DEBUG glance.common.config [None req-50e22617-d174-44b8-9471-8a371e91283b None None] image_format.disk_formats = ['ami', 'ari', 'aki', 'vhd', 'vhdx', 'vmdk', 'raw', 'qcow2', 'vdi', 'iso', 'ploop'] {{(pid=102098) log_opt_values /opt/stack/data/venv/lib/python3.12/site-packages/oslo_config/cfg.py:3256}}
Jun 12 00:00:31.960290 np0000002693 devstack@g-api.service[102098]: DEBUG glance.common.config [None req-50e22617-d174-44b8-9471-8a371e91283b None None] image_format.gpt_safety_checks_nonfatal = [] {{(pid=102098) log_opt_values /opt/stack/data/venv/lib/python3.12/site-packages/oslo_config/cfg.py:3256}}
Jun 12 00:00:31.960386 np0000002693 devstack@g-api.service[102098]: DEBUG glance.common.config [None req-50e22617-d174-44b8-9471-8a371e91283b None None] image_format.require_image_format_match = True {{(pid=102098) log_opt_values /opt/stack/data/venv/lib/python3.12/site-packages/oslo_config/cfg.py:3256}}
Jun 12 00:00:31.960484 np0000002693 devstack@g-api.service[102098]: DEBUG glance.common.config [None req-50e22617-d174-44b8-9471-8a371e91283b None None] image_format.vmdk_allowed_types = ['streamOptimized', 'monolithicSparse'] {{(pid=102098) log_opt_values /opt/stack/data/venv/lib/python3.12/site-packages/oslo_config/cfg.py:3256}}
Jun 12 00:00:31.960580 np0000002693 devstack@g-api.service[102098]: DEBUG glance.common.config [None req-50e22617-d174-44b8-9471-8a371e91283b None None] task.task_executor = taskflow {{(pid=102098) log_opt_values /opt/stack/data/venv/lib/python3.12/site-packages/oslo_config/cfg.py:3256}}
Jun 12 00:00:31.960672 np0000002693 devstack@g-api.service[102098]: DEBUG glance.common.config [None req-50e22617-d174-44b8-9471-8a371e91283b None None] task.task_time_to_live = 48 {{(pid=102098) log_opt_values /opt/stack/data/venv/lib/python3.12/site-packages/oslo_config/cfg.py:3256}}
