Jun 12 00:02:32.690900 np0000002693 devstack@neutron-api.service[89987]: INFO neutron.db.ovn_revision_numbers_db [None req-1cd82ee3-de18-4ddd-97d5-58014457a9d2 admin admin] Successfully bumped revision number for resource c508137d-b415-4a9c-a63e-82b4816047bb (type: security_group_rules) to 0
Jun 12 00:02:32.708465 np0000002693 devstack@neutron-api.service[89987]: DEBUG neutron.api.rpc.handlers.resources_rpc [None req-1cd82ee3-de18-4ddd-97d5-58014457a9d2 admin admin] Pushing event updated for resources: {'SecurityGroup': ['ID=60de1e7d-d758-40dd-98e6-466a88718926,revision_number=1']} {{(pid=89987) push /opt/stack/neutron/neutron/api/rpc/handlers/resources_rpc.py:237}}
Jun 12 00:02:32.713523 np0000002693 devstack@neutron-api.service[89987]: DEBUG neutron.api.rpc.callbacks.version_manager [None req-1cd82ee3-de18-4ddd-97d5-58014457a9d2 admin admin] Tracked resource versions report:
Jun 12 00:02:32.713523 np0000002693 devstack@neutron-api.service[89987]: pushed versions:
Jun 12 00:02:32.713523 np0000002693 devstack@neutron-api.service[89987]: { 'AddressGroup': {'1.2'},
Jun 12 00:02:32.713523 np0000002693 devstack@neutron-api.service[89987]: 'Agent': {'1.1'},
Jun 12 00:02:32.713523 np0000002693 devstack@neutron-api.service[89987]: 'ConntrackHelper': {'1.0'},
Jun 12 00:02:32.713523 np0000002693 devstack@neutron-api.service[89987]: 'LocalIPAssociation': {'1.0'},
Jun 12 00:02:32.713523 np0000002693 devstack@neutron-api.service[89987]: 'Log': {'1.0'},
Jun 12 00:02:32.713523 np0000002693 devstack@neutron-api.service[89987]: 'NDPProxy': {'1.0'},
Jun 12 00:02:32.713523 np0000002693 devstack@neutron-api.service[89987]: 'Network': {'1.3'},
Jun 12 00:02:32.713523 np0000002693 devstack@neutron-api.service[89987]: 'Port': {'1.11'},
Jun 12 00:02:32.713523 np0000002693 devstack@neutron-api.service[89987]: 'PortForwarding': {'1.3'},
Jun 12 00:02:32.713523 np0000002693 devstack@neutron-api.service[89987]: 'QosPolicy': {'1.10'},
Jun 12 00:02:32.713523 np0000002693 devstack@neutron-api.service[89987]: 'SecurityGroup': {'1.6'},
Jun 12 00:02:32.713523 np0000002693 devstack@neutron-api.service[89987]: 'SecurityGroupRule': {'1.3'},
Jun 12 00:02:32.713523 np0000002693 devstack@neutron-api.service[89987]: 'SubPort': {'1.0'},
Jun 12 00:02:32.713523 np0000002693 devstack@neutron-api.service[89987]: 'Subnet': {'1.2'},
Jun 12 00:02:32.713523 np0000002693 devstack@neutron-api.service[89987]: 'Trunk': {'1.1'}}
Jun 12 00:02:32.713523 np0000002693 devstack@neutron-api.service[89987]: consumer versions:
Jun 12 00:02:32.713523 np0000002693 devstack@neutron-api.service[89987]: { OVN Neutron agent@np0000002693: {},
Jun 12 00:02:32.713523 np0000002693 devstack@neutron-api.service[89987]: OVN Controller Gateway agent@np0000002693: {}}
Jun 12 00:02:32.713523 np0000002693 devstack@neutron-api.service[89987]: {{(pid=89987) report /opt/stack/neutron/neutron/api/rpc/callbacks/version_manager.py:183}}
Jun 12 00:02:32.716272 np0000002693 devstack@neutron-api.service[89989]: DEBUG neutron.api.rpc.handlers.resources_rpc [None req-b474d6f2-abaa-4c07-bace-b44bb1d755ba admin admin] Pushing event updated for resources: {'Port': ['ID=9691f9c0-881e-4470-a505-ab2530949fa3,revision_number=1']} {{(pid=89989) push /opt/stack/neutron/neutron/api/rpc/handlers/resources_rpc.py:237}}
Jun 12 00:02:32.721475 np0000002693 devstack@neutron-api.service[89989]: DEBUG neutron.plugins.ml2.drivers.ovn.mech_driver.ovsdb.commands [None req-b474d6f2-abaa-4c07-bace-b44bb1d755ba admin admin] Converting tag [] to a tag_request {{(pid=89989) _tag_column_to_tag_request /opt/stack/neutron/neutron/plugins/ml2/drivers/ovn/mech_driver/ovsdb/commands.py:205}}
Jun 12 00:02:32.722161 np0000002693 devstack@neutron-api.service[89989]: DEBUG ovsdbapp.backend.ovs_idl.transaction [None req-ba909028-8a69-4694-b7e3-15c9563c7b24 None None] Running txn n=1 command(idx=0): AddLSwitchPortCommand(_result=None, lport=9691f9c0-881e-4470-a505-ab2530949fa3, lswitch=neutron-f00d2c2b-7767-4a58-9901-362bdd42bca6, may_exist=True, network_uuid=f00d2c2b-7767-4a58-9901-362bdd42bca6, columns={'addresses': ['fa:16:3e:a0:01:48'], 'external_ids': {'neutron:port_name': '', 'neutron:device_id': 'ovnmeta-f00d2c2b-7767-4a58-9901-362bdd42bca6', 'neutron:project_id': 'd56bb50c5ff54c7080a40838a8bcf61c', 'neutron:cidrs': '', 'neutron:device_owner': 'network:distributed', 'neutron:subnet_pool_addr_scope4': '', 'neutron:subnet_pool_addr_scope6': '', 'neutron:network_name': 'neutron-f00d2c2b-7767-4a58-9901-362bdd42bca6', 'neutron:security_group_ids': '', 'neutron:revision_number': '1', 'neutron:vnic_type': 'normal', 'neutron:port_capabilities': '', 'neutron:mtu': '1372'}, 'parent_name': [], 'enabled': True, 'options': {}, 'type': 'localport', 'port_security': [], 'dhcpv4_options': [], 'dhcpv6_options': [], 'tag_request': []}) {{(pid=89989) do_commit /opt/stack/data/venv/lib/python3.12/site-packages/ovsdbapp/backend/ovs_idl/transaction.py:89}}
Jun 12 00:02:32.722681 np0000002693 devstack@neutron-api.service[89989]: DEBUG ovsdbapp.backend.ovs_idl.transaction [None req-ba909028-8a69-4694-b7e3-15c9563c7b24 None None] Running txn n=1 command(idx=1): QoSDelCommand(_result=None, switch=neutron-f00d2c2b-7767-4a58-9901-362bdd42bca6, conditions=[('direction', '=', 'to-lport'), ('priority', '=', 2002), ('match', '=', 'outport == "9691f9c0-881e-4470-a505-ab2530949fa3"')], if_exists=True) {{(pid=89989) do_commit /opt/stack/data/venv/lib/python3.12/site-packages/ovsdbapp/backend/ovs_idl/transaction.py:89}}
Jun 12 00:02:32.722889 np0000002693 devstack@neutron-api.service[89989]: DEBUG ovsdbapp.backend.ovs_idl.transaction [None req-ba909028-8a69-4694-b7e3-15c9563c7b24 None None] Running txn n=1 command(idx=2): QoSDelCommand(_result=None, switch=neutron-f00d2c2b-7767-4a58-9901-362bdd42bca6, conditions=[('direction', '=', 'from-lport'), ('priority', '=', 2002), ('match', '=', 'inport == "9691f9c0-881e-4470-a505-ab2530949fa3"')], if_exists=True) {{(pid=89989) do_commit /opt/stack/data/venv/lib/python3.12/site-packages/ovsdbapp/backend/ovs_idl/transaction.py:89}}
Jun 12 00:02:32.727468 np0000002693 devstack@neutron-api.service[89988]: DEBUG neutron.plugins.ml2.drivers.ovn.mech_driver.ovsdb.ovsdb_monitor [None req-52a02a4a-c2e8-4b24-9a63-fbff4a1afff6 None None] Hash Ring: Node 800a23c0a01859698c7bfda5a03b0db8 (host: np0000002693) handling event "update" for row f00d2c2b-7767-4a58-9901-362bdd42bca6 (table: Logical_Switch) {{(pid=89988) notify /opt/stack/neutron/neutron/plugins/ml2/drivers/ovn/mech_driver/ovsdb/ovsdb_monitor.py:1015}}
Jun 12 00:02:32.727648 np0000002693 devstack@neutron-api.service[89988]: DEBUG neutron.plugins.ml2.drivers.ovn.mech_driver.ovsdb.ovsdb_monitor [None req-52a02a4a-c2e8-4b24-9a63-fbff4a1afff6 None None] Hash Ring: Node 800a23c0a01859698c7bfda5a03b0db8 (host: np0000002693) handling event "create" for row 1ed7f4d1-d6c4-4582-9783-61ff538a601e (table: Logical_Switch_Port) {{(pid=89988) notify /opt/stack/neutron/neutron/plugins/ml2/drivers/ovn/mech_driver/ovsdb/ovsdb_monitor.py:1015}}
Jun 12 00:02:32.728486 np0000002693 devstack@neutron-api.service[89988]: DEBUG ovsdbapp.backend.ovs_idl.event [None req-52a02a4a-c2e8-4b24-9a63-fbff4a1afff6 None None] Matched CREATE: LogicalSwitchPortCreateEvent(events=('create',), table='Logical_Switch_Port', conditions=[], old_conditions=None), priority=20 to row=Logical_Switch_Port(uuid=1ed7f4d1-d6c4-4582-9783-61ff538a601e, addresses=['fa:16:3e:a0:01:48'], dhcpv4_options=[], dhcpv6_options=[], dynamic_addresses=[], enabled=True, external_ids={'neutron:cidrs': '', 'neutron:device_id': 'ovnmeta-f00d2c2b-7767-4a58-9901-362bdd42bca6', 'neutron:device_owner': 'network:distributed', 'neutron:mtu': '1372', 'neutron:network_name': 'neutron-f00d2c2b-7767-4a58-9901-362bdd42bca6', 'neutron:port_capabilities': '', 'neutron:port_name': '', 'neutron:project_id': 'd56bb50c5ff54c7080a40838a8bcf61c', 'neutron:revision_number': '1', 'neutron:security_group_ids': '', 'neutron:subnet_pool_addr_scope4': '', 'neutron:subnet_pool_addr_scope6': '', 'neutron:vnic_type': 'normal'}, ha_chassis_group=[], mirror_rules=[], name='9691f9c0-881e-4470-a505-ab2530949fa3', options={}, parent_name=[], port_security=[], tag=[], tag_request=[], type='localport', up=[]) old= {{(pid=89988) matches /opt/stack/data/venv/lib/python3.12/site-packages/ovsdbapp/backend/ovs_idl/event.py:55}}
Jun 12 00:02:32.729783 np0000002693 devstack@neutron-api.service[89989]: DEBUG neutron.plugins.ml2.drivers.ovn.mech_driver.ovsdb.ovsdb_monitor [None req-690b85f4-fb71-4ebd-93b9-cb0be168ffd3 None None] Hash Ring: Node de236a8ca6e4523d9a8aa1f38ccc592c (host: np0000002693) handling event "create" for row be65bbf5-63e1-4fad-8ee5-3578fda91209 (table: Port_Binding) {{(pid=89989) notify /opt/stack/neutron/neutron/plugins/ml2/drivers/ovn/mech_driver/ovsdb/ovsdb_monitor.py:1015}}
Jun 12 00:02:32.730993 np0000002693 devstack@neutron-api.service[89988]: INFO neutron.plugins.ml2.drivers.ovn.mech_driver.mech_driver [None req-2a83c5e1-609c-4683-b691-cb6b0f9611d5 None None] OVN reports status down for port: 9691f9c0-881e-4470-a505-ab2530949fa3
Jun 12 00:02:32.733471 np0000002693 devstack@neutron-api.service[89988]: DEBUG neutron.plugins.ml2.drivers.ovn.mech_driver.ovsdb.ovsdb_monitor [None req-52a02a4a-c2e8-4b24-9a63-fbff4a1afff6 None None] Hash Ring: Node 800a23c0a01859698c7bfda5a03b0db8 (host: np0000002693) handling event "update" for row 1ed7f4d1-d6c4-4582-9783-61ff538a601e (table: Logical_Switch_Port) {{(pid=89988) notify /opt/stack/neutron/neutron/plugins/ml2/drivers/ovn/mech_driver/ovsdb/ovsdb_monitor.py:1015}}
Jun 12 00:02:32.746400 np0000002693 devstack@neutron-api.service[89987]: DEBUG neutron.plugins.ml2.drivers.helpers [None req-1cd82ee3-de18-4ddd-97d5-58014457a9d2 admin admin] geneve segment allocate from pool success with {'geneve_vni': 42922} {{(pid=89987) allocate_partially_specified_segment /opt/stack/neutron/neutron/plugins/ml2/drivers/helpers.py:142}}
Jun 12 00:02:32.751693 np0000002693 devstack@neutron-api.service[89987]: DEBUG neutron_lib.callbacks.manager [None req-1cd82ee3-de18-4ddd-97d5-58014457a9d2 admin admin] Publish callbacks ['neutron.plugins.ml2.plugin.Ml2Plugin._handle_segment_change-904222'] for segment (d79b2f9e-cba5-402d-9cfc-6d1f78947582), precommit_create {{(pid=89987) _notify_loop /opt/stack/data/venv/lib/python3.12/site-packages/neutron_lib/callbacks/manager.py:184}}
Jun 12 00:02:32.751693 np0000002693 devstack@neutron-api.service[89987]: INFO neutron.db.segments_db [None req-1cd82ee3-de18-4ddd-97d5-58014457a9d2 admin admin] Added segment d79b2f9e-cba5-402d-9cfc-6d1f78947582 of type geneve for network 4404b7a3-ae3c-4196-b97b-f763aafcef8a
Jun 12 00:02:32.755944 np0000002693 devstack@neutron-api.service[89989]: INFO neutron.db.ovn_revision_numbers_db [None req-b474d6f2-abaa-4c07-bace-b44bb1d755ba admin admin] Successfully bumped revision number for resource 9691f9c0-881e-4470-a505-ab2530949fa3 (type: ports) to 1
Jun 12 00:02:32.761149 np0000002693 devstack@neutron-api.service[89987]: DEBUG neutron_lib.callbacks.manager [None req-1cd82ee3-de18-4ddd-97d5-58014457a9d2 admin admin] Publish callbacks ['neutron.services.auto_allocate.db._ensure_external_network_default_value_callback-8034510573592'] for network (4404b7a3-ae3c-4196-b97b-f763aafcef8a), precommit_create {{(pid=89987) _notify_loop /opt/stack/data/venv/lib/python3.12/site-packages/neutron_lib/callbacks/manager.py:184}}
Jun 12 00:02:32.762593 np0000002693 devstack@neutron-api.service[89989]: DEBUG neutron.pecan_wsgi.hooks.policy_enforcement [None req-b474d6f2-abaa-4c07-bace-b44bb1d755ba admin admin] Attributes excluded by policy engine: ['standard_attr_id'] {{(pid=89989) _exclude_attributes_by_policy /opt/stack/neutron/neutron/pecan_wsgi/hooks/policy_enforcement.py:256}}
Jun 12 00:02:32.762975 np0000002693 devstack@neutron-api.service[89989]: DEBUG neutron_lib.callbacks.manager [None req-b474d6f2-abaa-4c07-bace-b44bb1d755ba admin admin] Publish callbacks [] for network (None), before_response {{(pid=89989) _notify_loop /opt/stack/data/venv/lib/python3.12/site-packages/neutron_lib/callbacks/manager.py:184}}
Jun 12 00:02:32.768375 np0000002693 devstack@neutron-api.service[89988]: DEBUG neutron_lib.callbacks.manager [None req-c2c7769f-e4df-428c-949e-494b97c8cb27 admin admin] Publish callbacks ['neutron.plugins.ml2.drivers.ovn.mech_driver.mech_driver.OVNMechanismDriver._validate_allowed_address_pairs-479392'] for allowed_address_pair (d1cc5ec6-926d-453e-86a9-9093d75a68f3), before_create {{(pid=89988) _notify_loop /opt/stack/data/venv/lib/python3.12/site-packages/neutron_lib/callbacks/manager.py:184}}
Jun 12 00:02:32.769010 np0000002693 devstack@neutron-api.service[89988]: DEBUG neutron_lib.callbacks.manager [None req-c2c7769f-e4df-428c-949e-494b97c8cb27 admin admin] Publish callbacks [] for port (d1cc5ec6-926d-453e-86a9-9093d75a68f3), precommit_create {{(pid=89988) _notify_loop /opt/stack/data/venv/lib/python3.12/site-packages/neutron_lib/callbacks/manager.py:184}}
Jun 12 00:02:32.769255 np0000002693 devstack@neutron-api.service[89988]: DEBUG neutron.plugins.ml2.drivers.ovn.mech_driver.mech_driver [None req-c2c7769f-e4df-428c-949e-494b97c8cb27 admin admin] No provisioning block for port d1cc5ec6-926d-453e-86a9-9093d75a68f3 since it does not have a host {{(pid=89988) _is_port_provisioning_required /opt/stack/neutron/neutron/plugins/ml2/drivers/ovn/mech_driver/mech_driver.py:896}}
Jun 12 00:02:32.769308 np0000002693 devstack@neutron-api.service[89988]: DEBUG neutron.db.ovn_revision_numbers_db [None req-c2c7769f-e4df-428c-949e-494b97c8cb27 admin admin] create_initial_revision uuid=d1cc5ec6-926d-453e-86a9-9093d75a68f3, type=ports, rev=-1 {{(pid=89988) create_initial_revision /opt/stack/neutron/neutron/db/ovn_revision_numbers_db.py:98}}
Jun 12 00:02:32.771012 np0000002693 devstack@neutron-api.service[89987]: DEBUG neutron.plugins.ml2.drivers.ovn.mech_driver.mech_driver [None req-1cd82ee3-de18-4ddd-97d5-58014457a9d2 admin admin] Validating network segment with type geneve, segmentation ID 42922, physical network None {{(pid=89987) _validate_network_segments /opt/stack/neutron/neutron/plugins/ml2/drivers/ovn/mech_driver/mech_driver.py:643}}
Jun 12 00:02:32.771191 np0000002693 devstack@neutron-api.service[89987]: DEBUG neutron.db.ovn_revision_numbers_db [None req-1cd82ee3-de18-4ddd-97d5-58014457a9d2 admin admin] create_initial_revision uuid=4404b7a3-ae3c-4196-b97b-f763aafcef8a, type=networks, rev=-1 {{(pid=89987) create_initial_revision /opt/stack/neutron/neutron/db/ovn_revision_numbers_db.py:98}}
Jun 12 00:02:32.773343 np0000002693 devstack@neutron-api.service[89989]: [pid: 89989|app: 0|req: 16/44] 10.4.3.181 () {68 vars in 1277 bytes} [Fri Jun 12 00:02:31 2026] POST /networking/v2.0/networks => generated 722 bytes in 799 msecs (HTTP/1.1 201) 4 headers in 162 bytes (1 switches on core 0)
Jun 12 00:02:32.777618 np0000002693 devstack@neutron-api.service[89987]: DEBUG neutron_lib.callbacks.manager [None req-1cd82ee3-de18-4ddd-97d5-58014457a9d2 admin admin] Publish callbacks ['neutron.plugins.ml2.ovo_rpc._ObjectChangeHandler.handle_event-2612116'] for network (4404b7a3-ae3c-4196-b97b-f763aafcef8a), after_create {{(pid=89987) _notify_loop /opt/stack/data/venv/lib/python3.12/site-packages/neutron_lib/callbacks/manager.py:184}}
Jun 12 00:02:32.787323 np0000002693 devstack@neutron-api.service[89988]: DEBUG neutron.db.provisioning_blocks [None req-2a83c5e1-609c-4683-b691-cb6b0f9611d5 None None] Transition to ACTIVE for port object 9691f9c0-881e-4470-a505-ab2530949fa3 will not be triggered until provisioned by entity L2. {{(pid=89988) add_provisioning_component /opt/stack/neutron/neutron/db/provisioning_blocks.py:74}}
Jun 12 00:02:32.791320 np0000002693 devstack@neutron-api.service[89987]: DEBUG neutron.api.rpc.handlers.resources_rpc [None req-1cd82ee3-de18-4ddd-97d5-58014457a9d2 admin admin] Pushing event updated for resources: {'Network': ['ID=4404b7a3-ae3c-4196-b97b-f763aafcef8a,revision_number=1']} {{(pid=89987) push /opt/stack/neutron/neutron/api/rpc/handlers/resources_rpc.py:237}}
Jun 12 00:02:32.799013 np0000002693 devstack@neutron-api.service[89987]: DEBUG ovsdbapp.backend.ovs_idl.transaction [None req-e9613eaa-2876-412d-881c-a38483df2ce0 None None] Running txn n=1 command(idx=0): AddNetworkCommand(_result=None, network_uuid=4404b7a3-ae3c-4196-b97b-f763aafcef8a, may_exist=True, columns={'external_ids': {'neutron:network_name': 'tempest-TaggedBootDevicesTest_v242-545418233-network', 'neutron:mtu': '1372', 'neutron:revision_number': '1', 'neutron:availability_zone_hints': '', 'neutron:provnet-network-type': 'geneve'}, 'other_config': {'mcast_snoop': 'false', 'mcast_flood_unregistered': 'false', 'vlan-passthru': 'false'}}) {{(pid=89987) do_commit /opt/stack/data/venv/lib/python3.12/site-packages/ovsdbapp/backend/ovs_idl/transaction.py:89}}
Jun 12 00:02:32.802969 np0000002693 devstack@neutron-api.service[89989]: DEBUG neutron.plugins.ml2.drivers.ovn.mech_driver.ovsdb.ovsdb_monitor [None req-690b85f4-fb71-4ebd-93b9-cb0be168ffd3 None None] Hash Ring: Node de236a8ca6e4523d9a8aa1f38ccc592c (host: np0000002693) handling event "create" for row b4b5fe6e-c1a3-477c-9893-b488e28a4986 (table: Datapath_Binding) {{(pid=89989) notify /opt/stack/neutron/neutron/plugins/ml2/drivers/ovn/mech_driver/ovsdb/ovsdb_monitor.py:1015}}
Jun 12 00:02:32.804556 np0000002693 devstack@neutron-api.service[89988]: DEBUG neutron.plugins.ml2.drivers.ovn.mech_driver.ovsdb.ovsdb_monitor [None req-52a02a4a-c2e8-4b24-9a63-fbff4a1afff6 None None] Hash Ring: Node 800a23c0a01859698c7bfda5a03b0db8 (host: np0000002693) handling event "create" for row 4404b7a3-ae3c-4196-b97b-f763aafcef8a (table: Logical_Switch) {{(pid=89988) notify /opt/stack/neutron/neutron/plugins/ml2/drivers/ovn/mech_driver/ovsdb/ovsdb_monitor.py:1015}}
Jun 12 00:02:32.823679 np0000002693 devstack@neutron-api.service[89987]: INFO neutron.db.ovn_revision_numbers_db [None req-1cd82ee3-de18-4ddd-97d5-58014457a9d2 admin admin] Successfully bumped revision number for resource 4404b7a3-ae3c-4196-b97b-f763aafcef8a (type: networks) to 1
Jun 12 00:02:32.834061 np0000002693 devstack@neutron-api.service[89988]: DEBUG neutron_lib.callbacks.manager [None req-c2c7769f-e4df-428c-949e-494b97c8cb27 admin admin] Publish callbacks ['neutron.plugins.ml2.ovo_rpc._ObjectChangeHandler.handle_event-2065378'] for port (d1cc5ec6-926d-453e-86a9-9093d75a68f3), after_create {{(pid=89988) _notify_loop /opt/stack/data/venv/lib/python3.12/site-packages/neutron_lib/callbacks/manager.py:184}}
Jun 12 00:02:32.835586 np0000002693 devstack@neutron-api.service[89987]: DEBUG neutron_lib.callbacks.manager [None req-1cd82ee3-de18-4ddd-97d5-58014457a9d2 admin admin] Publish callbacks ['neutron.plugins.ml2.plugin.SecurityGroupDbMixin._ensure_default_security_group_handler-109826'] for port (None), before_create {{(pid=89987) _notify_loop /opt/stack/data/venv/lib/python3.12/site-packages/neutron_lib/callbacks/manager.py:184}}
Jun 12 00:02:32.837155 np0000002693 devstack@neutron-api.service[89988]: DEBUG neutron.plugins.ml2.plugin [None req-2a83c5e1-609c-4683-b691-cb6b0f9611d5 None None] Current status of the port 9691f9c0-881e-4470-a505-ab2530949fa3 is: DOWN; New status is: DOWN {{(pid=89988) _update_individual_port_db_status /opt/stack/neutron/neutron/plugins/ml2/plugin.py:2470}}
Jun 12 00:02:32.838896 np0000002693 devstack@neutron-api.service[89988]: DEBUG ovsdbapp.backend.ovs_idl.transaction [None req-52a02a4a-c2e8-4b24-9a63-fbff4a1afff6 None None] Running txn n=1 command(idx=0): DbRemoveCommand(_result=None, table=Logical_Switch_Port, record=9691f9c0-881e-4470-a505-ab2530949fa3, column=external_ids, values=('neutron:host_id',), keyvalues={}, if_exists=True) {{(pid=89988) do_commit /opt/stack/data/venv/lib/python3.12/site-packages/ovsdbapp/backend/ovs_idl/transaction.py:89}}
Jun 12 00:02:32.868056 np0000002693 devstack@neutron-api.service[89988]: DEBUG neutron.api.rpc.handlers.resources_rpc [None req-c2c7769f-e4df-428c-949e-494b97c8cb27 admin admin] Pushing event updated for resources: {'Port': ['ID=d1cc5ec6-926d-453e-86a9-9093d75a68f3,revision_number=1']} {{(pid=89988) push /opt/stack/neutron/neutron/api/rpc/handlers/resources_rpc.py:237}}
Jun 12 00:02:32.880427 np0000002693 devstack@neutron-api.service[89988]: DEBUG neutron.plugins.ml2.drivers.ovn.mech_driver.ovsdb.commands [None req-c2c7769f-e4df-428c-949e-494b97c8cb27 admin admin] Converting tag [] to a tag_request {{(pid=89988) _tag_column_to_tag_request /opt/stack/neutron/neutron/plugins/ml2/drivers/ovn/mech_driver/ovsdb/commands.py:205}}
Jun 12 00:02:32.881212 np0000002693 devstack@neutron-api.service[89988]: DEBUG ovsdbapp.backend.ovs_idl.transaction [None req-52a02a4a-c2e8-4b24-9a63-fbff4a1afff6 None None] Running txn n=1 command(idx=0): AddLSwitchPortCommand(_result=None, lport=d1cc5ec6-926d-453e-86a9-9093d75a68f3, lswitch=neutron-d095b0ac-b249-4609-9aaf-17d800585098, may_exist=True, network_uuid=d095b0ac-b249-4609-9aaf-17d800585098, columns={'addresses': ['fa:16:3e:9f:ba:52'], 'external_ids': {'neutron:port_name': '', 'neutron:device_id': 'ovnmeta-d095b0ac-b249-4609-9aaf-17d800585098', 'neutron:project_id': '0205228907e7487bb0405c48af71b067', 'neutron:cidrs': '', 'neutron:device_owner': 'network:distributed', 'neutron:subnet_pool_addr_scope4': '', 'neutron:subnet_pool_addr_scope6': '', 'neutron:network_name': 'neutron-d095b0ac-b249-4609-9aaf-17d800585098', 'neutron:security_group_ids': '', 'neutron:revision_number': '1', 'neutron:vnic_type': 'normal', 'neutron:port_capabilities': '', 'neutron:mtu': '1372'}, 'parent_name': [], 'enabled': True, 'options': {}, 'type': 'localport', 'port_security': [], 'dhcpv4_options': [], 'dhcpv6_options': [], 'tag_request': []}) {{(pid=89988) do_commit /opt/stack/data/venv/lib/python3.12/site-packages/ovsdbapp/backend/ovs_idl/transaction.py:89}}
Jun 12 00:02:32.881797 np0000002693 devstack@neutron-api.service[89988]: DEBUG ovsdbapp.backend.ovs_idl.transaction [None req-52a02a4a-c2e8-4b24-9a63-fbff4a1afff6 None None] Running txn n=1 command(idx=1): QoSDelCommand(_result=None, switch=neutron-d095b0ac-b249-4609-9aaf-17d800585098, conditions=[('direction', '=', 'to-lport'), ('priority', '=', 2002), ('match', '=', 'outport == "d1cc5ec6-926d-453e-86a9-9093d75a68f3"')], if_exists=True) {{(pid=89988) do_commit /opt/stack/data/venv/lib/python3.12/site-packages/ovsdbapp/backend/ovs_idl/transaction.py:89}}
Jun 12 00:02:32.882026 np0000002693 devstack@neutron-api.service[89988]: DEBUG ovsdbapp.backend.ovs_idl.transaction [None req-52a02a4a-c2e8-4b24-9a63-fbff4a1afff6 None None] Running txn n=1 command(idx=2): QoSDelCommand(_result=None, switch=neutron-d095b0ac-b249-4609-9aaf-17d800585098, conditions=[('direction', '=', 'from-lport'), ('priority', '=', 2002), ('match', '=', 'inport == "d1cc5ec6-926d-453e-86a9-9093d75a68f3"')], if_exists=True) {{(pid=89988) do_commit /opt/stack/data/venv/lib/python3.12/site-packages/ovsdbapp/backend/ovs_idl/transaction.py:89}}
Jun 12 00:02:32.893936 np0000002693 devstack@neutron-api.service[89988]: DEBUG neutron.plugins.ml2.drivers.ovn.mech_driver.ovsdb.ovsdb_monitor [None req-52a02a4a-c2e8-4b24-9a63-fbff4a1afff6 None None] Hash Ring: Node 800a23c0a01859698c7bfda5a03b0db8 (host: np0000002693) handling event "create" for row 737c530c-7f80-41a0-b549-0bbecb752234 (table: Logical_Switch_Port) {{(pid=89988) notify /opt/stack/neutron/neutron/plugins/ml2/drivers/ovn/mech_driver/ovsdb/ovsdb_monitor.py:1015}}
Jun 12 00:02:32.895289 np0000002693 devstack@neutron-api.service[89988]: DEBUG ovsdbapp.backend.ovs_idl.event [None req-52a02a4a-c2e8-4b24-9a63-fbff4a1afff6 None None] Matched CREATE: LogicalSwitchPortCreateEvent(events=('create',), table='Logical_Switch_Port', conditions=[], old_conditions=None), priority=20 to row=Logical_Switch_Port(uuid=737c530c-7f80-41a0-b549-0bbecb752234, addresses=['fa:16:3e:9f:ba:52'], dhcpv4_options=[], dhcpv6_options=[], dynamic_addresses=[], enabled=True, external_ids={'neutron:cidrs': '', 'neutron:device_id': 'ovnmeta-d095b0ac-b249-4609-9aaf-17d800585098', 'neutron:device_owner': 'network:distributed', 'neutron:mtu': '1372', 'neutron:network_name': 'neutron-d095b0ac-b249-4609-9aaf-17d800585098', 'neutron:port_capabilities': '', 'neutron:port_name': '', 'neutron:project_id': '0205228907e7487bb0405c48af71b067', 'neutron:revision_number': '1', 'neutron:security_group_ids': '', 'neutron:subnet_pool_addr_scope4': '', 'neutron:subnet_pool_addr_scope6': '', 'neutron:vnic_type': 'normal'}, ha_chassis_group=[], mirror_rules=[], name='d1cc5ec6-926d-453e-86a9-9093d75a68f3', options={}, parent_name=[], port_security=[], tag=[], tag_request=[], type='localport', up=[]) old= {{(pid=89988) matches /opt/stack/data/venv/lib/python3.12/site-packages/ovsdbapp/backend/ovs_idl/event.py:55}}
Jun 12 00:02:32.895530 np0000002693 devstack@neutron-api.service[89987]: DEBUG neutron_lib.callbacks.manager [None req-1cd82ee3-de18-4ddd-97d5-58014457a9d2 admin admin] Publish callbacks ['neutron.plugins.ml2.drivers.ovn.mech_driver.mech_driver.OVNMechanismDriver._validate_allowed_address_pairs-362206'] for allowed_address_pair (7789f7e1-3d19-4247-a95e-45a9a4433917), before_create {{(pid=89987) _notify_loop /opt/stack/data/venv/lib/python3.12/site-packages/neutron_lib/callbacks/manager.py:184}}
Jun 12 00:02:32.895951 np0000002693 devstack@neutron-api.service[89987]: DEBUG neutron_lib.callbacks.manager [None req-1cd82ee3-de18-4ddd-97d5-58014457a9d2 admin admin] Publish callbacks [] for port (7789f7e1-3d19-4247-a95e-45a9a4433917), precommit_create {{(pid=89987) _notify_loop /opt/stack/data/venv/lib/python3.12/site-packages/neutron_lib/callbacks/manager.py:184}}
Jun 12 00:02:32.896097 np0000002693 devstack@neutron-api.service[89987]: DEBUG neutron.plugins.ml2.drivers.ovn.mech_driver.mech_driver [None req-1cd82ee3-de18-4ddd-97d5-58014457a9d2 admin admin] No provisioning block for port 7789f7e1-3d19-4247-a95e-45a9a4433917 since it does not have a host {{(pid=89987) _is_port_provisioning_required /opt/stack/neutron/neutron/plugins/ml2/drivers/ovn/mech_driver/mech_driver.py:896}}
Jun 12 00:02:32.896212 np0000002693 devstack@neutron-api.service[89987]: DEBUG neutron.db.ovn_revision_numbers_db [None req-1cd82ee3-de18-4ddd-97d5-58014457a9d2 admin admin] create_initial_revision uuid=7789f7e1-3d19-4247-a95e-45a9a4433917, type=ports, rev=-1 {{(pid=89987) create_initial_revision /opt/stack/neutron/neutron/db/ovn_revision_numbers_db.py:98}}
Jun 12 00:02:32.897023 np0000002693 devstack@neutron-api.service[89988]: INFO neutron.plugins.ml2.drivers.ovn.mech_driver.mech_driver [None req-2a83c5e1-609c-4683-b691-cb6b0f9611d5 None None] OVN reports status down for port: d1cc5ec6-926d-453e-86a9-9093d75a68f3
Jun 12 00:02:32.897547 np0000002693 devstack@neutron-api.service[89987]: DEBUG neutron.plugins.ml2.drivers.ovn.mech_driver.ovsdb.ovsdb_monitor [None req-e9613eaa-2876-412d-881c-a38483df2ce0 None None] Hash Ring: Node b587b303c9765dc98959823d0d4c029e (host: np0000002693) handling event "update" for row d095b0ac-b249-4609-9aaf-17d800585098 (table: Logical_Switch) {{(pid=89987) notify /opt/stack/neutron/neutron/plugins/ml2/drivers/ovn/mech_driver/ovsdb/ovsdb_monitor.py:1015}}
Jun 12 00:02:32.898140 np0000002693 devstack@neutron-api.service[89988]: DEBUG neutron.plugins.ml2.drivers.ovn.mech_driver.ovsdb.ovsdb_monitor [None req-52a02a4a-c2e8-4b24-9a63-fbff4a1afff6 None None] Hash Ring: Node 800a23c0a01859698c7bfda5a03b0db8 (host: np0000002693) handling event "update" for row 737c530c-7f80-41a0-b549-0bbecb752234 (table: Logical_Switch_Port) {{(pid=89988) notify /opt/stack/neutron/neutron/plugins/ml2/drivers/ovn/mech_driver/ovsdb/ovsdb_monitor.py:1015}}
Jun 12 00:02:32.899939 np0000002693 devstack@neutron-api.service[89987]: DEBUG neutron.plugins.ml2.drivers.ovn.mech_driver.ovsdb.ovsdb_monitor [None req-cbd54a3d-2086-4501-94df-a6dc37d344d4 None None] Hash Ring: Node b587b303c9765dc98959823d0d4c029e (host: np0000002693) handling event "create" for row 1c765c6c-ff34-4ffb-8ccd-db0cf1917221 (table: Port_Binding) {{(pid=89987) notify /opt/stack/neutron/neutron/plugins/ml2/drivers/ovn/mech_driver/ovsdb/ovsdb_monitor.py:1015}}
Jun 12 00:02:32.924259 np0000002693 devstack@neutron-api.service[89987]: DEBUG neutron_lib.callbacks.manager [None req-1cd82ee3-de18-4ddd-97d5-58014457a9d2 admin admin] Publish callbacks ['neutron.plugins.ml2.ovo_rpc._ObjectChangeHandler.handle_event-2612108'] for port (7789f7e1-3d19-4247-a95e-45a9a4433917), after_create {{(pid=89987) _notify_loop /opt/stack/data/venv/lib/python3.12/site-packages/neutron_lib/callbacks/manager.py:184}}
Jun 12 00:02:32.941743 np0000002693 devstack@neutron-api.service[89988]: DEBUG neutron.db.provisioning_blocks [None req-2a83c5e1-609c-4683-b691-cb6b0f9611d5 None None] Transition to ACTIVE for port object d1cc5ec6-926d-453e-86a9-9093d75a68f3 will not be triggered until provisioned by entity L2. {{(pid=89988) add_provisioning_component /opt/stack/neutron/neutron/db/provisioning_blocks.py:74}}
Jun 12 00:02:32.943055 np0000002693 devstack@neutron-api.service[89988]: INFO neutron.db.ovn_revision_numbers_db [None req-c2c7769f-e4df-428c-949e-494b97c8cb27 admin admin] Successfully bumped revision number for resource d1cc5ec6-926d-453e-86a9-9093d75a68f3 (type: ports) to 1
Jun 12 00:02:32.952919 np0000002693 devstack@neutron-api.service[89987]: DEBUG neutron.api.rpc.handlers.resources_rpc [None req-1cd82ee3-de18-4ddd-97d5-58014457a9d2 admin admin] Pushing event updated for resources: {'Port': ['ID=7789f7e1-3d19-4247-a95e-45a9a4433917,revision_number=1']} {{(pid=89987) push /opt/stack/neutron/neutron/api/rpc/handlers/resources_rpc.py:237}}
Jun 12 00:02:32.959326 np0000002693 devstack@neutron-api.service[89987]: DEBUG neutron.plugins.ml2.drivers.ovn.mech_driver.ovsdb.commands [None req-1cd82ee3-de18-4ddd-97d5-58014457a9d2 admin admin] Converting tag [] to a tag_request {{(pid=89987) _tag_column_to_tag_request /opt/stack/neutron/neutron/plugins/ml2/drivers/ovn/mech_driver/ovsdb/commands.py:205}}
Jun 12 00:02:32.960030 np0000002693 devstack@neutron-api.service[89987]: DEBUG ovsdbapp.backend.ovs_idl.transaction [None req-e9613eaa-2876-412d-881c-a38483df2ce0 None None] Running txn n=1 command(idx=0): AddLSwitchPortCommand(_result=None, lport=7789f7e1-3d19-4247-a95e-45a9a4433917, lswitch=neutron-4404b7a3-ae3c-4196-b97b-f763aafcef8a, may_exist=True, network_uuid=4404b7a3-ae3c-4196-b97b-f763aafcef8a, columns={'addresses': ['fa:16:3e:5d:4a:8d'], 'external_ids': {'neutron:port_name': '', 'neutron:device_id': 'ovnmeta-4404b7a3-ae3c-4196-b97b-f763aafcef8a', 'neutron:project_id': '250893ebd925484d92995daa7a88fa93', 'neutron:cidrs': '', 'neutron:device_owner': 'network:distributed', 'neutron:subnet_pool_addr_scope4': '', 'neutron:subnet_pool_addr_scope6': '', 'neutron:network_name': 'neutron-4404b7a3-ae3c-4196-b97b-f763aafcef8a', 'neutron:security_group_ids': '', 'neutron:revision_number': '1', 'neutron:vnic_type': 'normal', 'neutron:port_capabilities': '', 'neutron:mtu': '1372'}, 'parent_name': [], 'enabled': True, 'options': {}, 'type': 'localport', 'port_security': [], 'dhcpv4_options': [], 'dhcpv6_options': [], 'tag_request': []}) {{(pid=89987) do_commit /opt/stack/data/venv/lib/python3.12/site-packages/ovsdbapp/backend/ovs_idl/transaction.py:89}}
Jun 12 00:02:32.960535 np0000002693 devstack@neutron-api.service[89987]: DEBUG ovsdbapp.backend.ovs_idl.transaction [None req-e9613eaa-2876-412d-881c-a38483df2ce0 None None] Running txn n=1 command(idx=1): QoSDelCommand(_result=None, switch=neutron-4404b7a3-ae3c-4196-b97b-f763aafcef8a, conditions=[('direction', '=', 'to-lport'), ('priority', '=', 2002), ('match', '=', 'outport == "7789f7e1-3d19-4247-a95e-45a9a4433917"')], if_exists=True) {{(pid=89987) do_commit /opt/stack/data/venv/lib/python3.12/site-packages/ovsdbapp/backend/ovs_idl/transaction.py:89}}
Jun 12 00:02:32.960726 np0000002693 devstack@neutron-api.service[89987]: DEBUG ovsdbapp.backend.ovs_idl.transaction [None req-e9613eaa-2876-412d-881c-a38483df2ce0 None None] Running txn n=1 command(idx=2): QoSDelCommand(_result=None, switch=neutron-4404b7a3-ae3c-4196-b97b-f763aafcef8a, conditions=[('direction', '=', 'from-lport'), ('priority', '=', 2002), ('match', '=', 'inport == "7789f7e1-3d19-4247-a95e-45a9a4433917"')], if_exists=True) {{(pid=89987) do_commit /opt/stack/data/venv/lib/python3.12/site-packages/ovsdbapp/backend/ovs_idl/transaction.py:89}}
Jun 12 00:02:32.964618 np0000002693 devstack@neutron-api.service[89988]: DEBUG neutron.pecan_wsgi.hooks.policy_enforcement [None req-c2c7769f-e4df-428c-949e-494b97c8cb27 admin admin] Attributes excluded by policy engine: ['standard_attr_id'] {{(pid=89988) _exclude_attributes_by_policy /opt/stack/neutron/neutron/pecan_wsgi/hooks/policy_enforcement.py:256}}
Jun 12 00:02:32.965016 np0000002693 devstack@neutron-api.service[89988]: DEBUG neutron_lib.callbacks.manager [None req-c2c7769f-e4df-428c-949e-494b97c8cb27 admin admin] Publish callbacks [] for network (None), before_response {{(pid=89988) _notify_loop /opt/stack/data/venv/lib/python3.12/site-packages/neutron_lib/callbacks/manager.py:184}}
Jun 12 00:02:32.965891 np0000002693 devstack@neutron-api.service[89989]: DEBUG neutron.plugins.ml2.drivers.ovn.mech_driver.ovsdb.ovsdb_monitor [None req-690b85f4-fb71-4ebd-93b9-cb0be168ffd3 None None] Hash Ring: Node de236a8ca6e4523d9a8aa1f38ccc592c (host: np0000002693) handling event "create" for row 90a3b4a1-25ef-44c6-b09a-8b77044c140c (table: Port_Binding) {{(pid=89989) notify /opt/stack/neutron/neutron/plugins/ml2/drivers/ovn/mech_driver/ovsdb/ovsdb_monitor.py:1015}}
Jun 12 00:02:32.971662 np0000002693 devstack@neutron-api.service[89988]: DEBUG neutron.plugins.ml2.drivers.ovn.mech_driver.ovsdb.ovsdb_monitor [None req-52a02a4a-c2e8-4b24-9a63-fbff4a1afff6 None None] Hash Ring: Node 800a23c0a01859698c7bfda5a03b0db8 (host: np0000002693) handling event "update" for row 4404b7a3-ae3c-4196-b97b-f763aafcef8a (table: Logical_Switch) {{(pid=89988) notify /opt/stack/neutron/neutron/plugins/ml2/drivers/ovn/mech_driver/ovsdb/ovsdb_monitor.py:1015}}
Jun 12 00:02:32.972295 np0000002693 devstack@neutron-api.service[89988]: DEBUG neutron.plugins.ml2.drivers.ovn.mech_driver.ovsdb.ovsdb_monitor [None req-52a02a4a-c2e8-4b24-9a63-fbff4a1afff6 None None] Hash Ring: Node 800a23c0a01859698c7bfda5a03b0db8 (host: np0000002693) handling event "create" for row 545e08d4-60ac-4ca3-95d3-a9ab5b31b0d9 (table: Logical_Switch_Port) {{(pid=89988) notify /opt/stack/neutron/neutron/plugins/ml2/drivers/ovn/mech_driver/ovsdb/ovsdb_monitor.py:1015}}
Jun 12 00:02:32.973328 np0000002693 devstack@neutron-api.service[89988]: DEBUG ovsdbapp.backend.ovs_idl.event [None req-52a02a4a-c2e8-4b24-9a63-fbff4a1afff6 None None] Matched CREATE: LogicalSwitchPortCreateEvent(events=('create',), table='Logical_Switch_Port', conditions=[], old_conditions=None), priority=20 to row=Logical_Switch_Port(uuid=545e08d4-60ac-4ca3-95d3-a9ab5b31b0d9, addresses=['fa:16:3e:5d:4a:8d'], dhcpv4_options=[], dhcpv6_options=[], dynamic_addresses=[], enabled=True, external_ids={'neutron:cidrs': '', 'neutron:device_id': 'ovnmeta-4404b7a3-ae3c-4196-b97b-f763aafcef8a', 'neutron:device_owner': 'network:distributed', 'neutron:mtu': '1372', 'neutron:network_name': 'neutron-4404b7a3-ae3c-4196-b97b-f763aafcef8a', 'neutron:port_capabilities': '', 'neutron:port_name': '', 'neutron:project_id': '250893ebd925484d92995daa7a88fa93', 'neutron:revision_number': '1', 'neutron:security_group_ids': '', 'neutron:subnet_pool_addr_scope4': '', 'neutron:subnet_pool_addr_scope6': '', 'neutron:vnic_type': 'normal'}, ha_chassis_group=[], mirror_rules=[], name='7789f7e1-3d19-4247-a95e-45a9a4433917', options={}, parent_name=[], port_security=[], tag=[], tag_request=[], type='localport', up=[]) old= {{(pid=89988) matches /opt/stack/data/venv/lib/python3.12/site-packages/ovsdbapp/backend/ovs_idl/event.py:55}}
Jun 12 00:02:32.975940 np0000002693 devstack@neutron-api.service[89988]: DEBUG neutron.plugins.ml2.drivers.ovn.mech_driver.ovsdb.ovsdb_monitor [None req-52a02a4a-c2e8-4b24-9a63-fbff4a1afff6 None None] Hash Ring: Node 800a23c0a01859698c7bfda5a03b0db8 (host: np0000002693) handling event "update" for row 545e08d4-60ac-4ca3-95d3-a9ab5b31b0d9 (table: Logical_Switch_Port) {{(pid=89988) notify /opt/stack/neutron/neutron/plugins/ml2/drivers/ovn/mech_driver/ovsdb/ovsdb_monitor.py:1015}}
Jun 12 00:02:32.986149 np0000002693 devstack@neutron-api.service[89988]: DEBUG neutron.plugins.ml2.plugin [None req-2a83c5e1-609c-4683-b691-cb6b0f9611d5 None None] Current status of the port d1cc5ec6-926d-453e-86a9-9093d75a68f3 is: DOWN; New status is: DOWN {{(pid=89988) _update_individual_port_db_status /opt/stack/neutron/neutron/plugins/ml2/plugin.py:2470}}
Jun 12 00:02:32.987053 np0000002693 devstack@neutron-api.service[89988]: DEBUG ovsdbapp.backend.ovs_idl.transaction [None req-52a02a4a-c2e8-4b24-9a63-fbff4a1afff6 None None] Running txn n=1 command(idx=0): DbRemoveCommand(_result=None, table=Logical_Switch_Port, record=d1cc5ec6-926d-453e-86a9-9093d75a68f3, column=external_ids, values=('neutron:host_id',), keyvalues={}, if_exists=True) {{(pid=89988) do_commit /opt/stack/data/venv/lib/python3.12/site-packages/ovsdbapp/backend/ovs_idl/transaction.py:89}}
Jun 12 00:02:32.988327 np0000002693 devstack@neutron-api.service[89988]: INFO neutron.plugins.ml2.drivers.ovn.mech_driver.mech_driver [None req-2a83c5e1-609c-4683-b691-cb6b0f9611d5 None None] OVN reports status down for port: 7789f7e1-3d19-4247-a95e-45a9a4433917
Jun 12 00:02:32.991466 np0000002693 devstack@neutron-api.service[89988]: [pid: 89988|app: 0|req: 15/45] 10.4.3.181 () {68 vars in 1277 bytes} [Fri Jun 12 00:02:31 2026] POST /networking/v2.0/networks => generated 721 bytes in 1017 msecs (HTTP/1.1 201) 4 headers in 162 bytes (1 switches on core 0)
Jun 12 00:02:32.992155 np0000002693 devstack@neutron-api.service[89989]: DEBUG neutron.api.v2.base [None req-fc27d09a-6c7f-40f2-8178-09e61b614437 admin admin] Request body: {'network': {'name': 'tempest-AttachSCSIVolumeTestJSON-1847013502-network', 'project_id': '0d7a3d31560f45daa08e0e2a7fbe40c4'}} {{(pid=89989) prepare_request_body /opt/stack/neutron/neutron/api/v2/base.py:727}}
Jun 12 00:02:32.994655 np0000002693 devstack@neutron-api.service[89987]: INFO neutron.db.ovn_revision_numbers_db [None req-1cd82ee3-de18-4ddd-97d5-58014457a9d2 admin admin] Successfully bumped revision number for resource 7789f7e1-3d19-4247-a95e-45a9a4433917 (type: ports) to 1
Jun 12 00:02:33.001133 np0000002693 devstack@neutron-api.service[89987]: DEBUG neutron.pecan_wsgi.hooks.policy_enforcement [None req-1cd82ee3-de18-4ddd-97d5-58014457a9d2 admin admin] Attributes excluded by policy engine: ['standard_attr_id'] {{(pid=89987) _exclude_attributes_by_policy /opt/stack/neutron/neutron/pecan_wsgi/hooks/policy_enforcement.py:256}}
Jun 12 00:02:33.001357 np0000002693 devstack@neutron-api.service[89987]: DEBUG neutron_lib.callbacks.manager [None req-1cd82ee3-de18-4ddd-97d5-58014457a9d2 admin admin] Publish callbacks [] for network (None), before_response {{(pid=89987) _notify_loop /opt/stack/data/venv/lib/python3.12/site-packages/neutron_lib/callbacks/manager.py:184}}
Jun 12 00:02:33.007301 np0000002693 devstack@neutron-api.service[89989]: DEBUG neutron.pecan_wsgi.hooks.quota_enforcement [None req-fc27d09a-6c7f-40f2-8178-09e61b614437 admin admin] Made reservation on behalf of 0d7a3d31560f45daa08e0e2a7fbe40c4 for: {'network': 1} {{(pid=89989) before /opt/stack/neutron/neutron/pecan_wsgi/hooks/quota_enforcement.py:66}}
Jun 12 00:02:33.008125 np0000002693 devstack@neutron-api.service[89989]: DEBUG neutron_lib.callbacks.manager [None req-fc27d09a-6c7f-40f2-8178-09e61b614437 admin admin] Publish callbacks ['neutron.plugins.ml2.plugin.SecurityGroupDbMixin._ensure_default_security_group_handler-841360'] for network (None), before_create {{(pid=89989) _notify_loop /opt/stack/data/venv/lib/python3.12/site-packages/neutron_lib/callbacks/manager.py:184}}
Jun 12 00:02:33.009576 np0000002693 devstack@neutron-api.service[89987]: [pid: 89987|app: 0|req: 15/46] 10.4.3.181 () {68 vars in 1277 bytes} [Fri Jun 12 00:02:32 2026] POST /networking/v2.0/networks => generated 726 bytes in 948 msecs (HTTP/1.1 201) 4 headers in 162 bytes (1 switches on core 0)
Jun 12 00:02:33.010348 np0000002693 devstack@neutron-api.service[89988]: DEBUG neutron.db.provisioning_blocks [None req-2a83c5e1-609c-4683-b691-cb6b0f9611d5 None None] Transition to ACTIVE for port object 7789f7e1-3d19-4247-a95e-45a9a4433917 will not be triggered until provisioned by entity L2. {{(pid=89988) add_provisioning_component /opt/stack/neutron/neutron/db/provisioning_blocks.py:74}}
Jun 12 00:02:33.011848 np0000002693 devstack@neutron-api.service[89989]: DEBUG neutron_lib.callbacks.manager [None req-fc27d09a-6c7f-40f2-8178-09e61b614437 admin admin] Publish callbacks [] for security_group (None), before_create {{(pid=89989) _notify_loop /opt/stack/data/venv/lib/python3.12/site-packages/neutron_lib/callbacks/manager.py:184}}
Jun 12 00:02:33.029860 np0000002693 devstack@neutron-api.service[89988]: DEBUG neutron.plugins.ml2.plugin [None req-2a83c5e1-609c-4683-b691-cb6b0f9611d5 None None] Current status of the port 7789f7e1-3d19-4247-a95e-45a9a4433917 is: DOWN; New status is: DOWN {{(pid=89988) _update_individual_port_db_status /opt/stack/neutron/neutron/plugins/ml2/plugin.py:2470}}
Jun 12 00:02:33.031106 np0000002693 devstack@neutron-api.service[89988]: DEBUG ovsdbapp.backend.ovs_idl.transaction [None req-52a02a4a-c2e8-4b24-9a63-fbff4a1afff6 None None] Running txn n=1 command(idx=0): DbRemoveCommand(_result=None, table=Logical_Switch_Port, record=7789f7e1-3d19-4247-a95e-45a9a4433917, column=external_ids, values=('neutron:host_id',), keyvalues={}, if_exists=True) {{(pid=89988) do_commit /opt/stack/data/venv/lib/python3.12/site-packages/ovsdbapp/backend/ovs_idl/transaction.py:89}}
Jun 12 00:02:33.065535 np0000002693 devstack@neutron-api.service[89989]: DEBUG neutron_lib.callbacks.manager [None req-fc27d09a-6c7f-40f2-8178-09e61b614437 admin admin] Publish callbacks ['neutron.plugins.ml2.drivers.ovn.mech_driver.mech_driver.OVNMechanismDriver._create_security_group_precommit-288465'] for security_group (bc776a41-77f4-4d3b-aebb-3f636ce8e528), precommit_create {{(pid=89989) _notify_loop /opt/stack/data/venv/lib/python3.12/site-packages/neutron_lib/callbacks/manager.py:184}}
Jun 12 00:02:33.065649 np0000002693 devstack@neutron-api.service[89989]: DEBUG neutron.db.ovn_revision_numbers_db [None req-fc27d09a-6c7f-40f2-8178-09e61b614437 admin admin] create_initial_revision uuid=bc776a41-77f4-4d3b-aebb-3f636ce8e528, type=security_groups, rev=-1 {{(pid=89989) create_initial_revision /opt/stack/neutron/neutron/db/ovn_revision_numbers_db.py:98}}
Jun 12 00:02:33.066720 np0000002693 devstack@neutron-api.service[89989]: DEBUG neutron.db.ovn_revision_numbers_db [None req-fc27d09a-6c7f-40f2-8178-09e61b614437 admin admin] create_initial_revision uuid=3d4cf2c1-4a09-440f-a7b0-dc3e724b9893, type=security_group_rules, rev=-1 {{(pid=89989) create_initial_revision /opt/stack/neutron/neutron/db/ovn_revision_numbers_db.py:98}}
Jun 12 00:02:33.067602 np0000002693 devstack@neutron-api.service[89989]: DEBUG neutron.db.ovn_revision_numbers_db [None req-fc27d09a-6c7f-40f2-8178-09e61b614437 admin admin] create_initial_revision uuid=3ea6d29d-f12c-406d-8d23-2fc9a73214e1, type=security_group_rules, rev=-1 {{(pid=89989) create_initial_revision /opt/stack/neutron/neutron/db/ovn_revision_numbers_db.py:98}}
Jun 12 00:02:33.068449 np0000002693 devstack@neutron-api.service[89989]: DEBUG neutron.db.ovn_revision_numbers_db [None req-fc27d09a-6c7f-40f2-8178-09e61b614437 admin admin] create_initial_revision uuid=5c212aa1-e030-43aa-93d1-c71521b3d6a7, type=security_group_rules, rev=-1 {{(pid=89989) create_initial_revision /opt/stack/neutron/neutron/db/ovn_revision_numbers_db.py:98}}
Jun 12 00:02:33.069287 np0000002693 devstack@neutron-api.service[89989]: DEBUG neutron.db.ovn_revision_numbers_db [None req-fc27d09a-6c7f-40f2-8178-09e61b614437 admin admin] create_initial_revision uuid=7b857fd3-3e63-40fd-92e3-edfe1280e94c, type=security_group_rules, rev=-1 {{(pid=89989) create_initial_revision /opt/stack/neutron/neutron/db/ovn_revision_numbers_db.py:98}}
Jun 12 00:02:33.073316 np0000002693 devstack@neutron-api.service[89989]: DEBUG neutron_lib.callbacks.manager [None req-fc27d09a-6c7f-40f2-8178-09e61b614437 admin admin] Publish callbacks ['neutron.plugins.ml2.drivers.ovn.mech_driver.mech_driver.OVNMechanismDriver._create_security_group-288459', 'neutron.plugins.ml2.ovo_rpc._ObjectChangeHandler.handle_event-2610685'] for security_group (bc776a41-77f4-4d3b-aebb-3f636ce8e528), after_create {{(pid=89989) _notify_loop /opt/stack/data/venv/lib/python3.12/site-packages/neutron_lib/callbacks/manager.py:184}}
Jun 12 00:02:33.075480 np0000002693 devstack@neutron-api.service[89989]: DEBUG ovsdbapp.backend.ovs_idl.transaction [None req-ba909028-8a69-4694-b7e3-15c9563c7b24 None None] Running txn n=1 command(idx=0): PgAddCommand(_result=None, name=pg_bc776a41_77f4_4d3b_aebb_3f636ce8e528, may_exist=False, columns={'acls': [], 'external_ids': {'neutron:security_group_id': 'bc776a41-77f4-4d3b-aebb-3f636ce8e528'}}) {{(pid=89989) do_commit /opt/stack/data/venv/lib/python3.12/site-packages/ovsdbapp/backend/ovs_idl/transaction.py:89}}
Jun 12 00:02:33.075820 np0000002693 devstack@neutron-api.service[89989]: DEBUG ovsdbapp.backend.ovs_idl.transaction [None req-ba909028-8a69-4694-b7e3-15c9563c7b24 None None] Running txn n=1 command(idx=1): PgAclAddCommand(_result=None, entity=pg_bc776a41_77f4_4d3b_aebb_3f636ce8e528, direction=from-lport, priority=1002, match=inport == @pg_bc776a41_77f4_4d3b_aebb_3f636ce8e528 && ip6, action=allow-related, log=False, may_exist=True, severity=[], name=[], meter=[], external_ids={'neutron:security_group_rule_id': '3d4cf2c1-4a09-440f-a7b0-dc3e724b9893'}) {{(pid=89989) do_commit /opt/stack/data/venv/lib/python3.12/site-packages/ovsdbapp/backend/ovs_idl/transaction.py:89}}
Jun 12 00:02:33.076111 np0000002693 devstack@neutron-api.service[89989]: DEBUG ovsdbapp.backend.ovs_idl.transaction [None req-ba909028-8a69-4694-b7e3-15c9563c7b24 None None] Running txn n=1 command(idx=2): PgAclAddCommand(_result=None, entity=pg_bc776a41_77f4_4d3b_aebb_3f636ce8e528, direction=to-lport, priority=1002, match=outport == @pg_bc776a41_77f4_4d3b_aebb_3f636ce8e528 && ip6 && ip6.src == $pg_bc776a41_77f4_4d3b_aebb_3f636ce8e528_ip6, action=allow-related, log=False, may_exist=True, severity=[], name=[], meter=[], external_ids={'neutron:security_group_rule_id': '3ea6d29d-f12c-406d-8d23-2fc9a73214e1'}) {{(pid=89989) do_commit /opt/stack/data/venv/lib/python3.12/site-packages/ovsdbapp/backend/ovs_idl/transaction.py:89}}
Jun 12 00:02:33.076325 np0000002693 devstack@neutron-api.service[89989]: DEBUG ovsdbapp.backend.ovs_idl.transaction [None req-ba909028-8a69-4694-b7e3-15c9563c7b24 None None] Running txn n=1 command(idx=3): PgAclAddCommand(_result=None, entity=pg_bc776a41_77f4_4d3b_aebb_3f636ce8e528, direction=from-lport, priority=1002, match=inport == @pg_bc776a41_77f4_4d3b_aebb_3f636ce8e528 && ip4, action=allow-related, log=False, may_exist=True, severity=[], name=[], meter=[], external_ids={'neutron:security_group_rule_id': '5c212aa1-e030-43aa-93d1-c71521b3d6a7'}) {{(pid=89989) do_commit /opt/stack/data/venv/lib/python3.12/site-packages/ovsdbapp/backend/ovs_idl/transaction.py:89}}
Jun 12 00:02:33.076542 np0000002693 devstack@neutron-api.service[89989]: DEBUG ovsdbapp.backend.ovs_idl.transaction [None req-ba909028-8a69-4694-b7e3-15c9563c7b24 None None] Running txn n=1 command(idx=4): PgAclAddCommand(_result=None, entity=pg_bc776a41_77f4_4d3b_aebb_3f636ce8e528, direction=to-lport, priority=1002, match=outport == @pg_bc776a41_77f4_4d3b_aebb_3f636ce8e528 && ip4 && ip4.src == $pg_bc776a41_77f4_4d3b_aebb_3f636ce8e528_ip4, action=allow-related, log=False, may_exist=True, severity=[], name=[], meter=[], external_ids={'neutron:security_group_rule_id': '7b857fd3-3e63-40fd-92e3-edfe1280e94c'}) {{(pid=89989) do_commit /opt/stack/data/venv/lib/python3.12/site-packages/ovsdbapp/backend/ovs_idl/transaction.py:89}}
Jun 12 00:02:33.080799 np0000002693 devstack@neutron-api.service[89989]: DEBUG neutron.plugins.ml2.drivers.ovn.mech_driver.ovsdb.ovsdb_monitor [None req-ba909028-8a69-4694-b7e3-15c9563c7b24 None None] Hash Ring: Node de236a8ca6e4523d9a8aa1f38ccc592c (host: np0000002693) handling event "create" for row 726ef22b-6add-4860-ae22-60aad30dc0c5 (table: ACL) {{(pid=89989) notify /opt/stack/neutron/neutron/plugins/ml2/drivers/ovn/mech_driver/ovsdb/ovsdb_monitor.py:1015}}
Jun 12 00:02:33.081139 np0000002693 devstack@neutron-api.service[89989]: DEBUG neutron.plugins.ml2.drivers.ovn.mech_driver.ovsdb.ovsdb_monitor [None req-ba909028-8a69-4694-b7e3-15c9563c7b24 None None] Hash Ring: Node de236a8ca6e4523d9a8aa1f38ccc592c (host: np0000002693) handling event "create" for row f5ae95a4-65c7-40ed-9294-5b6a29f90930 (table: Port_Group) {{(pid=89989) notify /opt/stack/neutron/neutron/plugins/ml2/drivers/ovn/mech_driver/ovsdb/ovsdb_monitor.py:1015}}
Jun 12 00:02:33.081210 np0000002693 devstack@neutron-api.service[89987]: DEBUG neutron.plugins.ml2.drivers.ovn.mech_driver.ovsdb.ovsdb_monitor [None req-e9613eaa-2876-412d-881c-a38483df2ce0 None None] Hash Ring: Node b587b303c9765dc98959823d0d4c029e (host: np0000002693) handling event "create" for row 891f5511-6768-4035-a3f4-e566518dab6f (table: ACL) {{(pid=89987) notify /opt/stack/neutron/neutron/plugins/ml2/drivers/ovn/mech_driver/ovsdb/ovsdb_monitor.py:1015}}
Jun 12 00:02:33.081458 np0000002693 devstack@neutron-api.service[89988]: DEBUG neutron.plugins.ml2.drivers.ovn.mech_driver.ovsdb.ovsdb_monitor [None req-52a02a4a-c2e8-4b24-9a63-fbff4a1afff6 None None] Hash Ring: Node 800a23c0a01859698c7bfda5a03b0db8 (host: np0000002693) handling event "create" for row dcaaa09f-c2b3-4ad7-80b1-98e922a44453 (table: ACL) {{(pid=89988) notify /opt/stack/neutron/neutron/plugins/ml2/drivers/ovn/mech_driver/ovsdb/ovsdb_monitor.py:1015}}
