Jul 21 05:03:27.701469 np0000005528 devstack@g-api.service[103049]: DEBUG glance.common.config [None req-c6cd5c95-9a14-4ce9-be33-0a8afc2b3e23 None None] database.slave_connection = **** {{(pid=103049) log_opt_values /opt/stack/data/venv/lib/python3.12/site-packages/oslo_config/cfg.py:3253}}
Jul 21 05:03:27.701507 np0000005528 devstack@g-api.service[103051]: DEBUG glance.common.config [None req-e52b68ca-a7e7-4b93-98ca-d363f48e0f2c None None] barbican_service_user.timeout = None {{(pid=103051) log_opt_values /opt/stack/data/venv/lib/python3.12/site-packages/oslo_config/cfg.py:3253}}
Jul 21 05:03:27.701547 np0000005528 devstack@g-api.service[103049]: DEBUG glance.common.config [None req-c6cd5c95-9a14-4ce9-be33-0a8afc2b3e23 None None] database.sqlite_synchronous = True {{(pid=103049) log_opt_values /opt/stack/data/venv/lib/python3.12/site-packages/oslo_config/cfg.py:3253}}
Jul 21 05:03:27.701589 np0000005528 devstack@g-api.service[103051]: DEBUG glance.common.config [None req-e52b68ca-a7e7-4b93-98ca-d363f48e0f2c None None] database.asyncio_connection = **** {{(pid=103051) log_opt_values /opt/stack/data/venv/lib/python3.12/site-packages/oslo_config/cfg.py:3253}}
Jul 21 05:03:27.701642 np0000005528 devstack@g-api.service[103049]: DEBUG glance.common.config [None req-c6cd5c95-9a14-4ce9-be33-0a8afc2b3e23 None None] database.synchronous_reader = True {{(pid=103049) log_opt_values /opt/stack/data/venv/lib/python3.12/site-packages/oslo_config/cfg.py:3253}}
Jul 21 05:03:27.701687 np0000005528 devstack@g-api.service[103051]: DEBUG glance.common.config [None req-e52b68ca-a7e7-4b93-98ca-d363f48e0f2c None None] database.asyncio_slave_connection = **** {{(pid=103051) log_opt_values /opt/stack/data/venv/lib/python3.12/site-packages/oslo_config/cfg.py:3253}}
Jul 21 05:03:27.701727 np0000005528 devstack@g-api.service[103049]: DEBUG glance.common.config [None req-c6cd5c95-9a14-4ce9-be33-0a8afc2b3e23 None None] database.use_db_reconnect = False {{(pid=103049) log_opt_values /opt/stack/data/venv/lib/python3.12/site-packages/oslo_config/cfg.py:3253}}
Jul 21 05:03:27.701759 np0000005528 devstack@g-api.service[103051]: DEBUG glance.common.config [None req-e52b68ca-a7e7-4b93-98ca-d363f48e0f2c None None] database.backend = sqlalchemy {{(pid=103051) log_opt_values /opt/stack/data/venv/lib/python3.12/site-packages/oslo_config/cfg.py:3253}}
Jul 21 05:03:27.701787 np0000005528 devstack@g-api.service[103049]: DEBUG glance.common.config [None req-c6cd5c95-9a14-4ce9-be33-0a8afc2b3e23 None None] healthcheck.allowed_source_ranges = [] {{(pid=103049) log_opt_values /opt/stack/data/venv/lib/python3.12/site-packages/oslo_config/cfg.py:3253}}
Jul 21 05:03:27.701787 np0000005528 devstack@g-api.service[103049]: DEBUG glance.common.config [None req-c6cd5c95-9a14-4ce9-be33-0a8afc2b3e23 None None] healthcheck.backends = ['disable_by_file'] {{(pid=103049) log_opt_values /opt/stack/data/venv/lib/python3.12/site-packages/oslo_config/cfg.py:3253}}
Jul 21 05:03:27.701831 np0000005528 devstack@g-api.service[103051]: DEBUG glance.common.config [None req-e52b68ca-a7e7-4b93-98ca-d363f48e0f2c None None] database.connection = **** {{(pid=103051) log_opt_values /opt/stack/data/venv/lib/python3.12/site-packages/oslo_config/cfg.py:3253}}
Jul 21 05:03:27.701852 np0000005528 devstack@g-api.service[103049]: DEBUG glance.common.config [None req-c6cd5c95-9a14-4ce9-be33-0a8afc2b3e23 None None] healthcheck.detailed = False {{(pid=103049) log_opt_values /opt/stack/data/venv/lib/python3.12/site-packages/oslo_config/cfg.py:3253}}
Jul 21 05:03:27.701874 np0000005528 devstack@g-api.service[103051]: DEBUG glance.common.config [None req-e52b68ca-a7e7-4b93-98ca-d363f48e0f2c None None] database.connection_debug = 0 {{(pid=103051) log_opt_values /opt/stack/data/venv/lib/python3.12/site-packages/oslo_config/cfg.py:3253}}
Jul 21 05:03:27.701900 np0000005528 devstack@g-api.service[103049]: DEBUG glance.common.config [None req-c6cd5c95-9a14-4ce9-be33-0a8afc2b3e23 None None] healthcheck.disable_by_file_path = None {{(pid=103049) log_opt_values /opt/stack/data/venv/lib/python3.12/site-packages/oslo_config/cfg.py:3253}}
Jul 21 05:03:27.701923 np0000005528 devstack@g-api.service[103051]: DEBUG glance.common.config [None req-e52b68ca-a7e7-4b93-98ca-d363f48e0f2c None None] database.connection_parameters = {{(pid=103051) log_opt_values /opt/stack/data/venv/lib/python3.12/site-packages/oslo_config/cfg.py:3253}}
Jul 21 05:03:27.701951 np0000005528 devstack@g-api.service[103049]: DEBUG glance.common.config [None req-c6cd5c95-9a14-4ce9-be33-0a8afc2b3e23 None None] healthcheck.ignore_proxied_requests = False {{(pid=103049) log_opt_values /opt/stack/data/venv/lib/python3.12/site-packages/oslo_config/cfg.py:3253}}
Jul 21 05:03:27.701974 np0000005528 devstack@g-api.service[103051]: DEBUG glance.common.config [None req-e52b68ca-a7e7-4b93-98ca-d363f48e0f2c None None] database.connection_recycle_time = 3600 {{(pid=103051) log_opt_values /opt/stack/data/venv/lib/python3.12/site-packages/oslo_config/cfg.py:3253}}
Jul 21 05:03:27.701994 np0000005528 devstack@g-api.service[103049]: DEBUG glance.common.config [None req-c6cd5c95-9a14-4ce9-be33-0a8afc2b3e23 None None] ******************************************************************************** {{(pid=103049) log_opt_values /opt/stack/data/venv/lib/python3.12/site-packages/oslo_config/cfg.py:3260}}
Jul 21 05:03:27.702016 np0000005528 devstack@g-api.service[103051]: DEBUG glance.common.config [None req-e52b68ca-a7e7-4b93-98ca-d363f48e0f2c None None] database.connection_trace = False {{(pid=103051) log_opt_values /opt/stack/data/venv/lib/python3.12/site-packages/oslo_config/cfg.py:3253}}
Jul 21 05:03:27.702037 np0000005528 devstack@g-api.service[103049]: WSGI app 0 (mountpoint='') ready in 2 seconds on interpreter 0x79bfcb4a4668 pid: 103049 (default app)
Jul 21 05:03:27.702062 np0000005528 devstack@g-api.service[103051]: DEBUG glance.common.config [None req-e52b68ca-a7e7-4b93-98ca-d363f48e0f2c None None] database.db_inc_retry_interval = True {{(pid=103051) log_opt_values /opt/stack/data/venv/lib/python3.12/site-packages/oslo_config/cfg.py:3253}}
Jul 21 05:03:27.702062 np0000005528 devstack@g-api.service[103051]: DEBUG glance.common.config [None req-e52b68ca-a7e7-4b93-98ca-d363f48e0f2c None None] database.db_max_retries = 20 {{(pid=103051) log_opt_values /opt/stack/data/venv/lib/python3.12/site-packages/oslo_config/cfg.py:3253}}
Jul 21 05:03:27.702062 np0000005528 devstack@g-api.service[103051]: DEBUG glance.common.config [None req-e52b68ca-a7e7-4b93-98ca-d363f48e0f2c None None] database.db_max_retry_interval = 10 {{(pid=103051) log_opt_values /opt/stack/data/venv/lib/python3.12/site-packages/oslo_config/cfg.py:3253}}
Jul 21 05:03:27.702062 np0000005528 devstack@g-api.service[103051]: DEBUG glance.common.config [None req-e52b68ca-a7e7-4b93-98ca-d363f48e0f2c None None] database.db_retry_interval = 1 {{(pid=103051) log_opt_values /opt/stack/data/venv/lib/python3.12/site-packages/oslo_config/cfg.py:3253}}
Jul 21 05:03:27.702062 np0000005528 devstack@g-api.service[103051]: DEBUG glance.common.config [None req-e52b68ca-a7e7-4b93-98ca-d363f48e0f2c None None] database.max_overflow = 50 {{(pid=103051) log_opt_values /opt/stack/data/venv/lib/python3.12/site-packages/oslo_config/cfg.py:3253}}
Jul 21 05:03:27.702062 np0000005528 devstack@g-api.service[103051]: DEBUG glance.common.config [None req-e52b68ca-a7e7-4b93-98ca-d363f48e0f2c None None] database.max_pool_size = 5 {{(pid=103051) log_opt_values /opt/stack/data/venv/lib/python3.12/site-packages/oslo_config/cfg.py:3253}}
Jul 21 05:03:27.702062 np0000005528 devstack@g-api.service[103051]: DEBUG glance.common.config [None req-e52b68ca-a7e7-4b93-98ca-d363f48e0f2c None None] database.max_retries = 10 {{(pid=103051) log_opt_values /opt/stack/data/venv/lib/python3.12/site-packages/oslo_config/cfg.py:3253}}
Jul 21 05:03:27.702199 np0000005528 devstack@g-api.service[103051]: DEBUG glance.common.config [None req-e52b68ca-a7e7-4b93-98ca-d363f48e0f2c None None] database.mysql_sql_mode = TRADITIONAL {{(pid=103051) log_opt_values /opt/stack/data/venv/lib/python3.12/site-packages/oslo_config/cfg.py:3253}}
Jul 21 05:03:27.702199 np0000005528 devstack@g-api.service[103051]: DEBUG glance.common.config [None req-e52b68ca-a7e7-4b93-98ca-d363f48e0f2c None None] database.mysql_wsrep_sync_wait = None {{(pid=103051) log_opt_values /opt/stack/data/venv/lib/python3.12/site-packages/oslo_config/cfg.py:3253}}
Jul 21 05:03:27.702199 np0000005528 devstack@g-api.service[103051]: DEBUG glance.common.config [None req-e52b68ca-a7e7-4b93-98ca-d363f48e0f2c None None] database.pool_timeout = None {{(pid=103051) log_opt_values /opt/stack/data/venv/lib/python3.12/site-packages/oslo_config/cfg.py:3253}}
Jul 21 05:03:27.702199 np0000005528 devstack@g-api.service[103051]: DEBUG glance.common.config [None req-e52b68ca-a7e7-4b93-98ca-d363f48e0f2c None None] database.retry_interval = 10 {{(pid=103051) log_opt_values /opt/stack/data/venv/lib/python3.12/site-packages/oslo_config/cfg.py:3253}}
Jul 21 05:03:27.702199 np0000005528 devstack@g-api.service[103051]: DEBUG glance.common.config [None req-e52b68ca-a7e7-4b93-98ca-d363f48e0f2c None None] database.slave_connection = **** {{(pid=103051) log_opt_values /opt/stack/data/venv/lib/python3.12/site-packages/oslo_config/cfg.py:3253}}
Jul 21 05:03:27.702199 np0000005528 devstack@g-api.service[103051]: DEBUG glance.common.config [None req-e52b68ca-a7e7-4b93-98ca-d363f48e0f2c None None] database.sqlite_synchronous = True {{(pid=103051) log_opt_values /opt/stack/data/venv/lib/python3.12/site-packages/oslo_config/cfg.py:3253}}
Jul 21 05:03:27.702199 np0000005528 devstack@g-api.service[103051]: DEBUG glance.common.config [None req-e52b68ca-a7e7-4b93-98ca-d363f48e0f2c None None] database.synchronous_reader = True {{(pid=103051) log_opt_values /opt/stack/data/venv/lib/python3.12/site-packages/oslo_config/cfg.py:3253}}
Jul 21 05:03:27.702357 np0000005528 devstack@g-api.service[103051]: DEBUG glance.common.config [None req-e52b68ca-a7e7-4b93-98ca-d363f48e0f2c None None] database.use_db_reconnect = False {{(pid=103051) log_opt_values /opt/stack/data/venv/lib/python3.12/site-packages/oslo_config/cfg.py:3253}}
Jul 21 05:03:27.702357 np0000005528 devstack@g-api.service[103051]: DEBUG glance.common.config [None req-e52b68ca-a7e7-4b93-98ca-d363f48e0f2c None None] healthcheck.allowed_source_ranges = [] {{(pid=103051) log_opt_values /opt/stack/data/venv/lib/python3.12/site-packages/oslo_config/cfg.py:3253}}
Jul 21 05:03:27.702357 np0000005528 devstack@g-api.service[103051]: DEBUG glance.common.config [None req-e52b68ca-a7e7-4b93-98ca-d363f48e0f2c None None] healthcheck.backends = ['disable_by_file'] {{(pid=103051) log_opt_values /opt/stack/data/venv/lib/python3.12/site-packages/oslo_config/cfg.py:3253}}
Jul 21 05:03:27.702357 np0000005528 devstack@g-api.service[103051]: DEBUG glance.common.config [None req-e52b68ca-a7e7-4b93-98ca-d363f48e0f2c None None] healthcheck.detailed = False {{(pid=103051) log_opt_values /opt/stack/data/venv/lib/python3.12/site-packages/oslo_config/cfg.py:3253}}
Jul 21 05:03:27.702357 np0000005528 devstack@g-api.service[103051]: DEBUG glance.common.config [None req-e52b68ca-a7e7-4b93-98ca-d363f48e0f2c None None] healthcheck.disable_by_file_path = None {{(pid=103051) log_opt_values /opt/stack/data/venv/lib/python3.12/site-packages/oslo_config/cfg.py:3253}}
Jul 21 05:03:27.702357 np0000005528 devstack@g-api.service[103051]: DEBUG glance.common.config [None req-e52b68ca-a7e7-4b93-98ca-d363f48e0f2c None None] healthcheck.ignore_proxied_requests = False {{(pid=103051) log_opt_values /opt/stack/data/venv/lib/python3.12/site-packages/oslo_config/cfg.py:3253}}
Jul 21 05:03:27.702357 np0000005528 devstack@g-api.service[103051]: DEBUG glance.common.config [None req-e52b68ca-a7e7-4b93-98ca-d363f48e0f2c None None] ******************************************************************************** {{(pid=103051) log_opt_values /opt/stack/data/venv/lib/python3.12/site-packages/oslo_config/cfg.py:3260}}
Jul 21 05:03:27.702502 np0000005528 devstack@g-api.service[103051]: WSGI app 0 (mountpoint='') ready in 2 seconds on interpreter 0x79bfcb4a4668 pid: 103051 (default app)
Jul 21 05:03:28.930396 np0000005528 devstack@g-api.service[103050]: DEBUG glance.api.middleware.version_negotiation [None req-df8d5f30-e5c3-47a1-8396-40d64bacf154 None None] Determining version of request: GET / Accept: application/json {{(pid=103050) process_request /opt/stack/glance/glance/api/middleware/version_negotiation.py:44}}
Jul 21 05:03:28.930765 np0000005528 devstack@g-api.service[103050]: DEBUG glance.api.middleware.version_negotiation [None req-df8d5f30-e5c3-47a1-8396-40d64bacf154 None None] Using url versioning {{(pid=103050) process_request /opt/stack/glance/glance/api/middleware/version_negotiation.py:57}}
Jul 21 05:03:28.930765 np0000005528 devstack@g-api.service[103050]: DEBUG glance.api.middleware.version_negotiation [None req-df8d5f30-e5c3-47a1-8396-40d64bacf154 None None] Unknown version. Returning version choices. {{(pid=103050) process_request /opt/stack/glance/glance/api/middleware/version_negotiation.py:64}}
Jul 21 05:03:28.931191 np0000005528 devstack@g-api.service[103050]: [pid: 103050|app: 0|req: 2/2] 127.0.0.1 () {36 vars in 573 bytes} [Tue Jul 21 05:03:28 2026] GET / => generated 1515 bytes in 1 msecs (HTTP/1.1 300) 3 headers in 106 bytes (1 switches on core 0)
Jul 21 05:03:28.942234 np0000005528 devstack@g-api.service[103048]: DEBUG glance.api.middleware.version_negotiation [None req-ad107999-9ddc-4e7d-aaad-a0b4b7fe0d4b None None] Determining version of request: POST /v2/images Accept: */* {{(pid=103048) process_request /opt/stack/glance/glance/api/middleware/version_negotiation.py:44}}
Jul 21 05:03:28.942569 np0000005528 devstack@g-api.service[103048]: DEBUG glance.api.middleware.version_negotiation [None req-ad107999-9ddc-4e7d-aaad-a0b4b7fe0d4b None None] Using url versioning {{(pid=103048) process_request /opt/stack/glance/glance/api/middleware/version_negotiation.py:57}}
Jul 21 05:03:28.943027 np0000005528 devstack@g-api.service[103048]: DEBUG glance.api.middleware.version_negotiation [None req-ad107999-9ddc-4e7d-aaad-a0b4b7fe0d4b None None] Matched version: v2 {{(pid=103048) process_request /opt/stack/glance/glance/api/middleware/version_negotiation.py:69}}
Jul 21 05:03:28.943172 np0000005528 devstack@g-api.service[103048]: DEBUG glance.api.middleware.version_negotiation [None req-ad107999-9ddc-4e7d-aaad-a0b4b7fe0d4b None None] new path /v2/images {{(pid=103048) process_request /opt/stack/glance/glance/api/middleware/version_negotiation.py:70}}
Jul 21 05:03:29.850343 np0000005528 devstack@g-api.service[103048]: [pid: 103048|app: 0|req: 1/3] 127.0.0.1 () {42 vars in 836 bytes} [Tue Jul 21 05:03:28 2026] POST /v2/images => generated 807 bytes in 908 msecs (HTTP/1.1 201) 6 headers in 315 bytes (1 switches on core 0)
Jul 21 05:03:29.859192 np0000005528 devstack@g-api.service[103049]: DEBUG glance.api.middleware.version_negotiation [None req-c6cd5c95-9a14-4ce9-be33-0a8afc2b3e23 None None] Determining version of request: PUT /v2/images/8f10f2fa-3a79-435d-adfb-c4496ca58e02/stage Accept: {{(pid=103049) process_request /opt/stack/glance/glance/api/middleware/version_negotiation.py:44}}
Jul 21 05:03:29.859472 np0000005528 devstack@g-api.service[103049]: DEBUG glance.api.middleware.version_negotiation [None req-c6cd5c95-9a14-4ce9-be33-0a8afc2b3e23 None None] Using url versioning {{(pid=103049) process_request /opt/stack/glance/glance/api/middleware/version_negotiation.py:57}}
Jul 21 05:03:29.859781 np0000005528 devstack@g-api.service[103049]: DEBUG glance.api.middleware.version_negotiation [None req-c6cd5c95-9a14-4ce9-be33-0a8afc2b3e23 None None] Matched version: v2 {{(pid=103049) process_request /opt/stack/glance/glance/api/middleware/version_negotiation.py:69}}
Jul 21 05:03:29.859892 np0000005528 devstack@g-api.service[103049]: DEBUG glance.api.middleware.version_negotiation [None req-c6cd5c95-9a14-4ce9-be33-0a8afc2b3e23 None None] new path /v2/images/8f10f2fa-3a79-435d-adfb-c4496ca58e02/stage {{(pid=103049) process_request /opt/stack/glance/glance/api/middleware/version_negotiation.py:70}}
Jul 21 05:03:30.458353 np0000005528 devstack@g-api.service[103049]: DEBUG glance_store.backend [None req-19ce72d9-0941-4586-9c7c-6a4f152160df admin admin] Attempting to import store cinder {{(pid=103049) _load_store /opt/stack/data/venv/lib/python3.12/site-packages/glance_store/backend.py:215}}
Jul 21 05:03:30.458467 np0000005528 devstack@g-api.service[103049]: DEBUG glance_store.backend [None req-19ce72d9-0941-4586-9c7c-6a4f152160df admin admin] Attempting to import store file {{(pid=103049) _load_store /opt/stack/data/venv/lib/python3.12/site-packages/glance_store/backend.py:215}}
Jul 21 05:03:30.458575 np0000005528 devstack@g-api.service[103049]: DEBUG glance_store.backend [None req-19ce72d9-0941-4586-9c7c-6a4f152160df admin admin] Attempting to import store glance.store.cinder.Store {{(pid=103049) _load_store /opt/stack/data/venv/lib/python3.12/site-packages/glance_store/backend.py:215}}
Jul 21 05:03:30.458735 np0000005528 devstack@g-api.service[103049]: DEBUG glance_store.backend [None req-19ce72d9-0941-4586-9c7c-6a4f152160df admin admin] Attempting to import store glance.store.filesystem.Store {{(pid=103049) _load_store /opt/stack/data/venv/lib/python3.12/site-packages/glance_store/backend.py:215}}
Jul 21 05:03:30.458833 np0000005528 devstack@g-api.service[103049]: DEBUG glance_store.backend [None req-19ce72d9-0941-4586-9c7c-6a4f152160df admin admin] Attempting to import store glance.store.http.Store {{(pid=103049) _load_store /opt/stack/data/venv/lib/python3.12/site-packages/glance_store/backend.py:215}}
Jul 21 05:03:30.458922 np0000005528 devstack@g-api.service[103049]: DEBUG glance_store.backend [None req-19ce72d9-0941-4586-9c7c-6a4f152160df admin admin] Attempting to import store glance.store.rbd.Store {{(pid=103049) _load_store /opt/stack/data/venv/lib/python3.12/site-packages/glance_store/backend.py:215}}
Jul 21 05:03:30.459011 np0000005528 devstack@g-api.service[103049]: DEBUG glance_store.backend [None req-19ce72d9-0941-4586-9c7c-6a4f152160df admin admin] Attempting to import store glance.store.s3.Store {{(pid=103049) _load_store /opt/stack/data/venv/lib/python3.12/site-packages/glance_store/backend.py:215}}
Jul 21 05:03:30.459119 np0000005528 devstack@g-api.service[103049]: DEBUG glance_store.backend [None req-19ce72d9-0941-4586-9c7c-6a4f152160df admin admin] Attempting to import store glance.store.swift.Store {{(pid=103049) _load_store /opt/stack/data/venv/lib/python3.12/site-packages/glance_store/backend.py:215}}
Jul 21 05:03:30.459201 np0000005528 devstack@g-api.service[103049]: DEBUG glance_store.backend [None req-19ce72d9-0941-4586-9c7c-6a4f152160df admin admin] Attempting to import store glance.store.vmware_datastore.Store {{(pid=103049) _load_store /opt/stack/data/venv/lib/python3.12/site-packages/glance_store/backend.py:215}}
Jul 21 05:03:30.459289 np0000005528 devstack@g-api.service[103049]: DEBUG glance_store.backend [None req-19ce72d9-0941-4586-9c7c-6a4f152160df admin admin] Attempting to import store http {{(pid=103049) _load_store /opt/stack/data/venv/lib/python3.12/site-packages/glance_store/backend.py:215}}
Jul 21 05:03:30.459373 np0000005528 devstack@g-api.service[103049]: DEBUG glance_store.backend [None req-19ce72d9-0941-4586-9c7c-6a4f152160df admin admin] Attempting to import store no_conf {{(pid=103049) _load_store /opt/stack/data/venv/lib/python3.12/site-packages/glance_store/backend.py:215}}
Jul 21 05:03:30.459460 np0000005528 devstack@g-api.service[103049]: DEBUG glance_store.backend [None req-19ce72d9-0941-4586-9c7c-6a4f152160df admin admin] Attempting to import store rbd {{(pid=103049) _load_store /opt/stack/data/venv/lib/python3.12/site-packages/glance_store/backend.py:215}}
Jul 21 05:03:30.459542 np0000005528 devstack@g-api.service[103049]: DEBUG glance_store.backend [None req-19ce72d9-0941-4586-9c7c-6a4f152160df admin admin] Attempting to import store s3 {{(pid=103049) _load_store /opt/stack/data/venv/lib/python3.12/site-packages/glance_store/backend.py:215}}
Jul 21 05:03:30.459625 np0000005528 devstack@g-api.service[103049]: DEBUG glance_store.backend [None req-19ce72d9-0941-4586-9c7c-6a4f152160df admin admin] Attempting to import store swift {{(pid=103049) _load_store /opt/stack/data/venv/lib/python3.12/site-packages/glance_store/backend.py:215}}
Jul 21 05:03:30.459735 np0000005528 devstack@g-api.service[103049]: DEBUG glance_store.backend [None req-19ce72d9-0941-4586-9c7c-6a4f152160df admin admin] Attempting to import store vmware {{(pid=103049) _load_store /opt/stack/data/venv/lib/python3.12/site-packages/glance_store/backend.py:215}}
Jul 21 05:03:30.459818 np0000005528 devstack@g-api.service[103049]: DEBUG glance_store.backend [None req-19ce72d9-0941-4586-9c7c-6a4f152160df admin admin] Registering options for group glance_store {{(pid=103049) register_opts /opt/stack/data/venv/lib/python3.12/site-packages/glance_store/backend.py:144}}
Jul 21 05:03:30.459913 np0000005528 devstack@g-api.service[103049]: DEBUG glance_store.backend [None req-19ce72d9-0941-4586-9c7c-6a4f152160df admin admin] Registering options for group glance_store {{(pid=103049) register_opts /opt/stack/data/venv/lib/python3.12/site-packages/glance_store/backend.py:144}}
Jul 21 05:03:30.460252 np0000005528 devstack@g-api.service[103049]: DEBUG glance_store.backend [None req-19ce72d9-0941-4586-9c7c-6a4f152160df admin admin] Attempting to import store file {{(pid=103049) _load_store /opt/stack/data/venv/lib/python3.12/site-packages/glance_store/backend.py:215}}
Jul 21 05:03:30.460581 np0000005528 devstack@g-api.service[103049]: INFO glance_store._drivers.filesystem [None req-19ce72d9-0941-4586-9c7c-6a4f152160df admin admin] Directory to write image files does not exist (/tmp/staging/). Creating.
Jul 21 05:03:30.460809 np0000005528 devstack@g-api.service[103049]: DEBUG glance_store.capabilities [None req-19ce72d9-0941-4586-9c7c-6a4f152160df admin admin] Store glance_store._drivers.filesystem.Store doesn't support updating dynamic storage capabilities. Please overwrite 'update_capabilities' method of the store to implement updating logics if needed. {{(pid=103049) update_capabilities /opt/stack/data/venv/lib/python3.12/site-packages/glance_store/capabilities.py:91}}
Jul 21 05:03:31.003389 np0000005528 devstack@g-api.service[103049]: DEBUG glance_store._drivers.filesystem [None req-19ce72d9-0941-4586-9c7c-6a4f152160df admin admin] Wrote 21430272 bytes to /tmp/staging/8f10f2fa-3a79-435d-adfb-c4496ca58e02 with checksum c8fc807773e5354afe61636071771906 and multihash c8fc807773e5354afe61636071771906 {{(pid=103049) add /opt/stack/data/venv/lib/python3.12/site-packages/glance_store/_drivers/filesystem.py:899}}
Jul 21 05:03:31.020381 np0000005528 devstack@g-api.service[103049]: [pid: 103049|app: 0|req: 1/4] 127.0.0.1 () {42 vars in 931 bytes} [Tue Jul 21 05:03:29 2026] PUT /v2/images/8f10f2fa-3a79-435d-adfb-c4496ca58e02/stage => generated 0 bytes in 1161 msecs (HTTP/1.1 204) 4 headers in 171 bytes (1 switches on core 0)
Jul 21 05:03:31.029088 np0000005528 devstack@g-api.service[103051]: DEBUG glance.api.middleware.version_negotiation [None req-e52b68ca-a7e7-4b93-98ca-d363f48e0f2c None None] Determining version of request: POST /v2/images/8f10f2fa-3a79-435d-adfb-c4496ca58e02/import Accept: */* {{(pid=103051) process_request /opt/stack/glance/glance/api/middleware/version_negotiation.py:44}}
Jul 21 05:03:31.029482 np0000005528 devstack@g-api.service[103051]: DEBUG glance.api.middleware.version_negotiation [None req-e52b68ca-a7e7-4b93-98ca-d363f48e0f2c None None] Using url versioning {{(pid=103051) process_request /opt/stack/glance/glance/api/middleware/version_negotiation.py:57}}
Jul 21 05:03:31.029927 np0000005528 devstack@g-api.service[103051]: DEBUG glance.api.middleware.version_negotiation [None req-e52b68ca-a7e7-4b93-98ca-d363f48e0f2c None None] Matched version: v2 {{(pid=103051) process_request /opt/stack/glance/glance/api/middleware/version_negotiation.py:69}}
Jul 21 05:03:31.030086 np0000005528 devstack@g-api.service[103051]: DEBUG glance.api.middleware.version_negotiation [None req-e52b68ca-a7e7-4b93-98ca-d363f48e0f2c None None] new path /v2/images/8f10f2fa-3a79-435d-adfb-c4496ca58e02/import {{(pid=103051) process_request /opt/stack/glance/glance/api/middleware/version_negotiation.py:70}}
Jul 21 05:03:31.613924 np0000005528 devstack@g-api.service[103051]: DEBUG glance.domain [None req-334f90cc-3af1-41b5-9120-6733df44de9b admin admin] Loading taskflow executor {{(pid=103051) new_task_executor /opt/stack/glance/glance/domain/__init__.py:515}}
Jul 21 05:03:31.785821 np0000005528 devstack@g-api.service[103051]: DEBUG oslo_concurrency.lockutils [None req-334f90cc-3af1-41b5-9120-6733df44de9b admin admin] Acquiring lock "tasks_pool" by "glance.api.common.memoize..memoizer_wrapper..memoizer" {{(pid=103051) inner /opt/stack/data/venv/lib/python3.12/site-packages/oslo_concurrency/lockutils.py:512}}
Jul 21 05:03:31.785938 np0000005528 devstack@g-api.service[103051]: DEBUG oslo_concurrency.lockutils [None req-334f90cc-3af1-41b5-9120-6733df44de9b admin admin] Lock "tasks_pool" acquired by "glance.api.common.memoize..memoizer_wrapper..memoizer" :: waited 0.000s {{(pid=103051) inner /opt/stack/data/venv/lib/python3.12/site-packages/oslo_concurrency/lockutils.py:525}}
Jul 21 05:03:31.786318 np0000005528 devstack@g-api.service[103051]: DEBUG glance.api.common [None req-334f90cc-3af1-41b5-9120-6733df44de9b admin admin] Initializing named threadpool 'tasks_pool' {{(pid=103051) _get_thread_pool /opt/stack/glance/glance/api/common.py:242}}
Jul 21 05:03:31.786765 np0000005528 devstack@g-api.service[103051]: DEBUG glance.async_ [None req-334f90cc-3af1-41b5-9120-6733df44de9b admin admin] Creating threadpool model 'ThreadPoolExecutor' with size 16 {{(pid=103051) __init__ /opt/stack/glance/glance/async_/__init__.py:100}}
Jul 21 05:03:31.786875 np0000005528 devstack@g-api.service[103051]: DEBUG oslo_concurrency.lockutils [None req-334f90cc-3af1-41b5-9120-6733df44de9b admin admin] Lock "tasks_pool" "released" by "glance.api.common.memoize..memoizer_wrapper..memoizer" :: held 0.001s {{(pid=103051) inner /opt/stack/data/venv/lib/python3.12/site-packages/oslo_concurrency/lockutils.py:544}}
Jul 21 05:03:31.786986 np0000005528 devstack@g-api.service[103051]: DEBUG glance.async_ [None req-334f90cc-3af1-41b5-9120-6733df44de9b admin admin] Spawning with ThreadPoolExecutor: >((,), {}) {{(pid=103051) spawn /opt/stack/glance/glance/async_/__init__.py:106}}
Jul 21 05:03:31.788966 np0000005528 devstack@g-api.service[103051]: [pid: 103051|app: 0|req: 1/5] 127.0.0.1 () {42 vars in 923 bytes} [Tue Jul 21 05:03:31 2026] POST /v2/images/8f10f2fa-3a79-435d-adfb-c4496ca58e02/import => generated 0 bytes in 760 msecs (HTTP/1.1 202) 4 headers in 169 bytes (1 switches on core 0)
Jul 21 05:03:31.791698 np0000005528 devstack@g-api.service[103051]: INFO glance.domain [-] Task [f5d5b51e-8730-4c70-979b-8324bc111dd0] status changing from pending to processing
Jul 21 05:03:31.796613 np0000005528 devstack@g-api.service[103050]: DEBUG glance.api.middleware.version_negotiation [None req-df8d5f30-e5c3-47a1-8396-40d64bacf154 None None] Determining version of request: GET /v2/images/8f10f2fa-3a79-435d-adfb-c4496ca58e02 Accept: */* {{(pid=103050) process_request /opt/stack/glance/glance/api/middleware/version_negotiation.py:44}}
Jul 21 05:03:31.796896 np0000005528 devstack@g-api.service[103050]: DEBUG glance.api.middleware.version_negotiation [None req-df8d5f30-e5c3-47a1-8396-40d64bacf154 None None] Using url versioning {{(pid=103050) process_request /opt/stack/glance/glance/api/middleware/version_negotiation.py:57}}
Jul 21 05:03:31.797160 np0000005528 devstack@g-api.service[103050]: DEBUG glance.api.middleware.version_negotiation [None req-df8d5f30-e5c3-47a1-8396-40d64bacf154 None None] Matched version: v2 {{(pid=103050) process_request /opt/stack/glance/glance/api/middleware/version_negotiation.py:69}}
Jul 21 05:03:31.797252 np0000005528 devstack@g-api.service[103050]: DEBUG glance.api.middleware.version_negotiation [None req-df8d5f30-e5c3-47a1-8396-40d64bacf154 None None] new path /v2/images/8f10f2fa-3a79-435d-adfb-c4496ca58e02 {{(pid=103050) process_request /opt/stack/glance/glance/api/middleware/version_negotiation.py:70}}
Jul 21 05:03:31.803330 np0000005528 devstack@g-api.service[103051]: DEBUG glance.async_.taskflow_executor [-] Taskflow executor picked up the execution of task ID f5d5b51e-8730-4c70-979b-8324bc111dd0 of task type api_image_import {{(pid=103051) _run /opt/stack/glance/glance/async_/taskflow_executor.py:175}}
Jul 21 05:03:31.824596 np0000005528 devstack@g-api.service[103051]: DEBUG glance_store.backend [-] Attempting to import store cinder {{(pid=103051) _load_store /opt/stack/data/venv/lib/python3.12/site-packages/glance_store/backend.py:215}}
Jul 21 05:03:31.824737 np0000005528 devstack@g-api.service[103051]: DEBUG glance_store.backend [-] Attempting to import store file {{(pid=103051) _load_store /opt/stack/data/venv/lib/python3.12/site-packages/glance_store/backend.py:215}}
Jul 21 05:03:31.824837 np0000005528 devstack@g-api.service[103051]: DEBUG glance_store.backend [-] Attempting to import store glance.store.cinder.Store {{(pid=103051) _load_store /opt/stack/data/venv/lib/python3.12/site-packages/glance_store/backend.py:215}}
Jul 21 05:03:31.824896 np0000005528 devstack@g-api.service[103051]: DEBUG glance_store.backend [-] Attempting to import store glance.store.filesystem.Store {{(pid=103051) _load_store /opt/stack/data/venv/lib/python3.12/site-packages/glance_store/backend.py:215}}
Jul 21 05:03:31.824970 np0000005528 devstack@g-api.service[103051]: DEBUG glance_store.backend [-] Attempting to import store glance.store.http.Store {{(pid=103051) _load_store /opt/stack/data/venv/lib/python3.12/site-packages/glance_store/backend.py:215}}
Jul 21 05:03:31.825028 np0000005528 devstack@g-api.service[103051]: DEBUG glance_store.backend [-] Attempting to import store glance.store.rbd.Store {{(pid=103051) _load_store /opt/stack/data/venv/lib/python3.12/site-packages/glance_store/backend.py:215}}
Jul 21 05:03:31.825124 np0000005528 devstack@g-api.service[103051]: DEBUG glance_store.backend [-] Attempting to import store glance.store.s3.Store {{(pid=103051) _load_store /opt/stack/data/venv/lib/python3.12/site-packages/glance_store/backend.py:215}}
Jul 21 05:03:31.825198 np0000005528 devstack@g-api.service[103051]: DEBUG glance_store.backend [-] Attempting to import store glance.store.swift.Store {{(pid=103051) _load_store /opt/stack/data/venv/lib/python3.12/site-packages/glance_store/backend.py:215}}
Jul 21 05:03:31.825265 np0000005528 devstack@g-api.service[103051]: DEBUG glance_store.backend [-] Attempting to import store glance.store.vmware_datastore.Store {{(pid=103051) _load_store /opt/stack/data/venv/lib/python3.12/site-packages/glance_store/backend.py:215}}
Jul 21 05:03:31.825362 np0000005528 devstack@g-api.service[103051]: DEBUG glance_store.backend [-] Attempting to import store http {{(pid=103051) _load_store /opt/stack/data/venv/lib/python3.12/site-packages/glance_store/backend.py:215}}
Jul 21 05:03:31.825433 np0000005528 devstack@g-api.service[103051]: DEBUG glance_store.backend [-] Attempting to import store no_conf {{(pid=103051) _load_store /opt/stack/data/venv/lib/python3.12/site-packages/glance_store/backend.py:215}}
Jul 21 05:03:31.825506 np0000005528 devstack@g-api.service[103051]: DEBUG glance_store.backend [-] Attempting to import store rbd {{(pid=103051) _load_store /opt/stack/data/venv/lib/python3.12/site-packages/glance_store/backend.py:215}}
Jul 21 05:03:31.825576 np0000005528 devstack@g-api.service[103051]: DEBUG glance_store.backend [-] Attempting to import store s3 {{(pid=103051) _load_store /opt/stack/data/venv/lib/python3.12/site-packages/glance_store/backend.py:215}}
Jul 21 05:03:31.825670 np0000005528 devstack@g-api.service[103051]: DEBUG glance_store.backend [-] Attempting to import store swift {{(pid=103051) _load_store /opt/stack/data/venv/lib/python3.12/site-packages/glance_store/backend.py:215}}
Jul 21 05:03:31.825754 np0000005528 devstack@g-api.service[103051]: DEBUG glance_store.backend [-] Attempting to import store vmware {{(pid=103051) _load_store /opt/stack/data/venv/lib/python3.12/site-packages/glance_store/backend.py:215}}
Jul 21 05:03:31.825828 np0000005528 devstack@g-api.service[103051]: DEBUG glance_store.backend [-] Registering options for group glance_store {{(pid=103051) register_opts /opt/stack/data/venv/lib/python3.12/site-packages/glance_store/backend.py:144}}
Jul 21 05:03:31.825905 np0000005528 devstack@g-api.service[103051]: DEBUG glance_store.backend [-] Registering options for group glance_store {{(pid=103051) register_opts /opt/stack/data/venv/lib/python3.12/site-packages/glance_store/backend.py:144}}
Jul 21 05:03:31.826180 np0000005528 devstack@g-api.service[103051]: DEBUG glance_store.backend [-] Attempting to import store file {{(pid=103051) _load_store /opt/stack/data/venv/lib/python3.12/site-packages/glance_store/backend.py:215}}
Jul 21 05:03:31.826539 np0000005528 devstack@g-api.service[103051]: DEBUG glance_store.capabilities [-] Store glance_store._drivers.filesystem.Store doesn't support updating dynamic storage capabilities. Please overwrite 'update_capabilities' method of the store to implement updating logics if needed. {{(pid=103051) update_capabilities /opt/stack/data/venv/lib/python3.12/site-packages/glance_store/capabilities.py:91}}
Jul 21 05:03:31.829490 np0000005528 devstack@g-api.service[103050]: [pid: 103050|app: 0|req: 3/6] 127.0.0.1 () {38 vars in 856 bytes} [Tue Jul 21 05:03:31 2026] GET /v2/images/8f10f2fa-3a79-435d-adfb-c4496ca58e02 => generated 879 bytes in 33 msecs (HTTP/1.1 200) 4 headers in 157 bytes (1 switches on core 0)
Jul 21 05:03:31.833035 np0000005528 devstack@g-api.service[103051]: DEBUG glance.async_.flows.api_image_import [-] Image 8f10f2fa-3a79-435d-adfb-c4496ca58e02 os_glance_importing_to_stores= {{(pid=103051) merge_store_list /opt/stack/glance/glance/async_/flows/api_image_import.py:297}}
Jul 21 05:03:31.833139 np0000005528 devstack@g-api.service[103051]: DEBUG glance.async_.flows.api_image_import [-] Image 8f10f2fa-3a79-435d-adfb-c4496ca58e02 os_glance_failed_import= {{(pid=103051) merge_store_list /opt/stack/glance/glance/async_/flows/api_image_import.py:297}}
Jul 21 05:03:31.837428 np0000005528 devstack@g-api.service[103051]: DEBUG glance.async_.flows.api_image_import [-] Image 8f10f2fa-3a79-435d-adfb-c4496ca58e02 status changing from uploading to importing {{(pid=103051) __exit__ /opt/stack/glance/glance/async_/flows/api_image_import.py:184}}
Jul 21 05:03:32.272827 np0000005528 devstack@g-api.service[103051]: DEBUG glance.async_ [-] Creating threadpool model 'ThreadPoolExecutor' with size 10 {{(pid=103051) __init__ /opt/stack/glance/glance/async_/__init__.py:100}}
Jul 21 05:03:32.287895 np0000005528 devstack@g-api.service[103051]: DEBUG glance.async_.taskflow_executor [-] Flow 'api_image_import' (b24dffdf-86a5-498f-9791-75b08b51293b) transitioned into state 'RUNNING' from state 'PENDING' {{(pid=103051) _flow_receiver /opt/stack/data/venv/lib/python3.12/site-packages/taskflow/listeners/logging.py:160}}
Jul 21 05:03:32.289644 np0000005528 devstack@g-api.service[103051]: DEBUG glance.async_.taskflow_executor [-] Task 'api_image_import-ImageLock-f5d5b51e-8730-4c70-979b-8324bc111dd0' (be387a31-4ab8-4d24-8eb3-c49ed539fcef) transitioned into state 'RUNNING' from state 'PENDING' {{(pid=103051) _task_receiver /opt/stack/data/venv/lib/python3.12/site-packages/taskflow/listeners/logging.py:242}}
Jul 21 05:03:32.295115 np0000005528 devstack@g-api.service[103051]: DEBUG glance.async_.flows.api_image_import [-] Image 8f10f2fa-3a79-435d-adfb-c4496ca58e02 import task f5d5b51e-8730-4c70-979b-8324bc111dd0 lock confirmed {{(pid=103051) execute /opt/stack/glance/glance/async_/flows/api_image_import.py:497}}
Jul 21 05:03:32.295711 np0000005528 devstack@g-api.service[103051]: DEBUG glance.async_.taskflow_executor [-] Task 'api_image_import-ImageLock-f5d5b51e-8730-4c70-979b-8324bc111dd0' (be387a31-4ab8-4d24-8eb3-c49ed539fcef) transitioned into state 'SUCCESS' from state 'RUNNING' with result 'None' {{(pid=103051) _task_receiver /opt/stack/data/venv/lib/python3.12/site-packages/taskflow/listeners/logging.py:218}}
Jul 21 05:03:32.296385 np0000005528 devstack@g-api.service[103051]: DEBUG glance.async_.taskflow_executor [-] Task 'api_image_import-ConfigureStaging-f5d5b51e-8730-4c70-979b-8324bc111dd0' (683f7be7-991c-4626-893b-2589d5ba72b6) transitioned into state 'RUNNING' from state 'PENDING' {{(pid=103051) _task_receiver /opt/stack/data/venv/lib/python3.12/site-packages/taskflow/listeners/logging.py:242}}
Jul 21 05:03:32.297061 np0000005528 devstack@g-api.service[103051]: DEBUG glance.async_.taskflow_executor [-] Task 'api_image_import-ConfigureStaging-f5d5b51e-8730-4c70-979b-8324bc111dd0' (683f7be7-991c-4626-893b-2589d5ba72b6) transitioned into state 'SUCCESS' from state 'RUNNING' with result 'file:///tmp/staging/8f10f2fa-3a79-435d-adfb-c4496ca58e02' {{(pid=103051) _task_receiver /opt/stack/data/venv/lib/python3.12/site-packages/taskflow/listeners/logging.py:218}}
Jul 21 05:03:32.297662 np0000005528 devstack@g-api.service[103051]: DEBUG glance.async_.taskflow_executor [-] Task 'api_image_import--ImportToStore-f5d5b51e-8730-4c70-979b-8324bc111dd0' (ca56c811-27d5-47f1-89fa-956a090f7c0a) transitioned into state 'RUNNING' from state 'PENDING' {{(pid=103051) _task_receiver /opt/stack/data/venv/lib/python3.12/site-packages/taskflow/listeners/logging.py:242}}
Jul 21 05:03:32.302091 np0000005528 devstack@g-api.service[103051]: INFO glance.common.scripts.image_import.main [-] Task f5d5b51e-8730-4c70-979b-8324bc111dd0: Got image data uri file:///tmp/staging/8f10f2fa-3a79-435d-adfb-c4496ca58e02 to be imported
Jul 21 05:03:32.303238 np0000005528 devstack@g-api.service[103051]: DEBUG glance.location [-] Enabling in-flight format inspection for qcow2 {{(pid=103051) set_data /opt/stack/glance/glance/location.py:596}}
Jul 21 05:03:32.303540 np0000005528 devstack@g-api.service[103051]: DEBUG glance_store.backend [-] Attempting to import store swift {{(pid=103051) _load_store /opt/stack/data/venv/lib/python3.12/site-packages/glance_store/backend.py:215}}
Jul 21 05:03:32.304684 np0000005528 devstack@g-api.service[103051]: DEBUG glance_store.capabilities [-] Store glance_store._drivers.swift.store.SingleTenantStore doesn't support updating dynamic storage capabilities. Please overwrite 'update_capabilities' method of the store to implement updating logics if needed. {{(pid=103051) update_capabilities /opt/stack/data/venv/lib/python3.12/site-packages/glance_store/capabilities.py:91}}
Jul 21 05:03:32.304749 np0000005528 devstack@g-api.service[103051]: DEBUG glance_store.driver [-] Late loading location class glance_store._drivers.swift.store.StoreLocation {{(pid=103051) get_store_location_class /opt/stack/data/venv/lib/python3.12/site-packages/glance_store/driver.py:134}}
Jul 21 05:03:32.304812 np0000005528 devstack@g-api.service[103051]: DEBUG glance_store.location [-] Registering scheme swift+https with {'store': , 'location_class': , 'store_entry': 'swift'} {{(pid=103051) register_scheme_map /opt/stack/data/venv/lib/python3.12/site-packages/glance_store/location.py:146}}
Jul 21 05:03:32.304865 np0000005528 devstack@g-api.service[103051]: DEBUG glance_store.location [-] Registering scheme swift+https with {'store': , 'location_class': , 'store_entry': 'swift'} {{(pid=103051) register_scheme_map /opt/stack/data/venv/lib/python3.12/site-packages/glance_store/location.py:146}}
Jul 21 05:03:32.304904 np0000005528 devstack@g-api.service[103051]: DEBUG glance_store.location [-] Registering scheme swift with {'store': , 'location_class': , 'store_entry': 'swift'} {{(pid=103051) register_scheme_map /opt/stack/data/venv/lib/python3.12/site-packages/glance_store/location.py:146}}
Jul 21 05:03:32.304950 np0000005528 devstack@g-api.service[103051]: DEBUG glance_store.location [-] Registering scheme swift+https with {'store': , 'location_class': , 'store_entry': 'swift'} {{(pid=103051) register_scheme_map /opt/stack/data/venv/lib/python3.12/site-packages/glance_store/location.py:146}}
Jul 21 05:03:32.304989 np0000005528 devstack@g-api.service[103051]: DEBUG glance_store.location [-] Registering scheme swift with {'store': , 'location_class': , 'store_entry': 'swift'} {{(pid=103051) register_scheme_map /opt/stack/data/venv/lib/python3.12/site-packages/glance_store/location.py:146}}
Jul 21 05:03:32.305025 np0000005528 devstack@g-api.service[103051]: DEBUG glance_store.location [-] Registering scheme swift+http with {'store': , 'location_class': , 'store_entry': 'swift'} {{(pid=103051) register_scheme_map /opt/stack/data/venv/lib/python3.12/site-packages/glance_store/location.py:146}}
Jul 21 05:03:32.305091 np0000005528 devstack@g-api.service[103051]: DEBUG glance_store.location [-] Registering scheme swift+https with {'store': , 'location_class': , 'store_entry': 'swift'} {{(pid=103051) register_scheme_map /opt/stack/data/venv/lib/python3.12/site-packages/glance_store/location.py:146}}
Jul 21 05:03:32.305129 np0000005528 devstack@g-api.service[103051]: DEBUG glance_store.location [-] Registering scheme swift with {'store': , 'location_class': , 'store_entry': 'swift'} {{(pid=103051) register_scheme_map /opt/stack/data/venv/lib/python3.12/site-packages/glance_store/location.py:146}}
Jul 21 05:03:32.305185 np0000005528 devstack@g-api.service[103051]: DEBUG glance_store.location [-] Registering scheme swift+http with {'store': , 'location_class': , 'store_entry': 'swift'} {{(pid=103051) register_scheme_map /opt/stack/data/venv/lib/python3.12/site-packages/glance_store/location.py:146}}
Jul 21 05:03:32.305225 np0000005528 devstack@g-api.service[103051]: DEBUG glance_store.location [-] Registering scheme swift+config with {'store': , 'location_class': , 'store_entry': 'swift'} {{(pid=103051) register_scheme_map /opt/stack/data/venv/lib/python3.12/site-packages/glance_store/location.py:146}}
Jul 21 05:03:32.735939 np0000005528 devstack@g-api.service[103051]: INFO swiftclient [-] REQ: curl -i https://10.4.3.187:8080/v1/AUTH_d49cef1f1f9945218719663acfebbe36/glance -I -H "X-Auth-Token: gAAAAABqXv2kGs_h..."
Jul 21 05:03:32.736043 np0000005528 devstack@g-api.service[103051]: INFO swiftclient [-] RESP STATUS: 404 Not Found
Jul 21 05:03:32.736186 np0000005528 devstack@g-api.service[103051]: INFO swiftclient [-] RESP HEADERS: {'Date': 'Tue, 21 Jul 2026 05:03:32 GMT', 'Server': 'Apache/2.4.58 (Ubuntu)', 'Content-Type': 'text/html; charset=UTF-8', 'X-Trans-Id': 'txf043c07497134bf081075-006a5efda4', 'X-Openstack-Request-Id': 'txf043c07497134bf081075-006a5efda4', 'Connection': 'close'}
Jul 21 05:03:32.736421 np0000005528 devstack@g-api.service[103051]: INFO glance_store._drivers.swift.store [-] Creating swift container glance
Jul 21 05:03:32.783851 np0000005528 devstack@g-api.service[103051]: DEBUG swiftclient [-] REQ: curl -i https://10.4.3.187:8080/v1/AUTH_d49cef1f1f9945218719663acfebbe36/glance -X PUT -H "X-Auth-Token: gAAAAABqXv2kGs_h..." -H "Content-Length: 0" {{(pid=103051) http_log /opt/stack/data/venv/lib/python3.12/site-packages/swiftclient/client.py:160}}
Jul 21 05:03:32.783924 np0000005528 devstack@g-api.service[103051]: DEBUG swiftclient [-] RESP STATUS: 201 Created {{(pid=103051) http_log /opt/stack/data/venv/lib/python3.12/site-packages/swiftclient/client.py:161}}
Jul 21 05:03:32.784017 np0000005528 devstack@g-api.service[103051]: DEBUG swiftclient [-] RESP HEADERS: {'Date': 'Tue, 21 Jul 2026 05:03:32 GMT', 'Server': 'Apache/2.4.58 (Ubuntu)', 'Content-Type': 'text/html; charset=UTF-8', 'Content-Length': '0', 'X-Trans-Id': 'tx3058ab3ea37d4d98a00cb-006a5efda4', 'X-Openstack-Request-Id': 'tx3058ab3ea37d4d98a00cb-006a5efda4', 'Connection': 'close'} {{(pid=103051) http_log /opt/stack/data/venv/lib/python3.12/site-packages/swiftclient/client.py:162}}
Jul 21 05:03:32.784123 np0000005528 devstack@g-api.service[103051]: DEBUG glance_store._drivers.swift.store [-] Adding image object '8f10f2fa-3a79-435d-adfb-c4496ca58e02' to Swift {{(pid=103051) add /opt/stack/data/venv/lib/python3.12/site-packages/glance_store/_drivers/swift/store.py:970}}
Jul 21 05:03:32.789101 np0000005528 devstack@g-api.service[103051]: DEBUG oslo_utils.imageutils.format_inspector [-] Format inspector for vmdk does not match, excluding from consideration (Signature KDMV not found: b'QFI\xfb') {{(pid=103051) _process_chunk /opt/stack/data/venv/lib/python3.12/site-packages/oslo_utils/imageutils/format_inspector.py:1758}}
Jul 21 05:03:32.793395 np0000005528 devstack@g-api.service[103051]: DEBUG oslo_utils.imageutils.format_inspector [-] Format inspector for vhdx does not match, excluding from consideration (Region signature not found at 30000) {{(pid=103051) _process_chunk /opt/stack/data/venv/lib/python3.12/site-packages/oslo_utils/imageutils/format_inspector.py:1758}}
Jul 21 05:03:33.064034 np0000005528 devstack@g-api.service[103048]: DEBUG glance.api.middleware.version_negotiation [None req-da5a7187-dcf5-48c7-a58b-e16570bde694 admin admin] Determining version of request: POST /v2/images Accept: */* {{(pid=103048) process_request /opt/stack/glance/glance/api/middleware/version_negotiation.py:44}}
Jul 21 05:03:33.064398 np0000005528 devstack@g-api.service[103048]: DEBUG glance.api.middleware.version_negotiation [None req-da5a7187-dcf5-48c7-a58b-e16570bde694 admin admin] Using url versioning {{(pid=103048) process_request /opt/stack/glance/glance/api/middleware/version_negotiation.py:57}}
Jul 21 05:03:33.064398 np0000005528 devstack@g-api.service[103048]: DEBUG glance.api.middleware.version_negotiation [None req-da5a7187-dcf5-48c7-a58b-e16570bde694 admin admin] Matched version: v2 {{(pid=103048) process_request /opt/stack/glance/glance/api/middleware/version_negotiation.py:69}}
Jul 21 05:03:33.064398 np0000005528 devstack@g-api.service[103048]: DEBUG glance.api.middleware.version_negotiation [None req-da5a7187-dcf5-48c7-a58b-e16570bde694 admin admin] new path /v2/images {{(pid=103048) process_request /opt/stack/glance/glance/api/middleware/version_negotiation.py:70}}
Jul 21 05:03:33.086367 np0000005528 devstack@g-api.service[103051]: DEBUG swiftclient [-] REQ: curl -i https://10.4.3.187:8080/v1/AUTH_d49cef1f1f9945218719663acfebbe36/glance/8f10f2fa-3a79-435d-adfb-c4496ca58e02 -X PUT -H "X-Auth-Token: gAAAAABqXv2kGs_h..." -H "Content-Length: 21430272" {{(pid=103051) http_log /opt/stack/data/venv/lib/python3.12/site-packages/swiftclient/client.py:160}}
Jul 21 05:03:33.086428 np0000005528 devstack@g-api.service[103051]: DEBUG swiftclient [-] RESP STATUS: 201 Created {{(pid=103051) http_log /opt/stack/data/venv/lib/python3.12/site-packages/swiftclient/client.py:161}}
Jul 21 05:03:33.086557 np0000005528 devstack@g-api.service[103051]: DEBUG swiftclient [-] RESP HEADERS: {'Date': 'Tue, 21 Jul 2026 05:03:33 GMT', 'Server': 'Apache/2.4.58 (Ubuntu)', 'Content-Type': 'text/html; charset=UTF-8', 'Content-Length': '0', 'Etag': 'c8fc807773e5354afe61636071771906', 'Last-Modified': 'Tue, 21 Jul 2026 05:03:33 GMT', 'X-Trans-Id': 'txdf22f9d4e7cc4dcb9a782-006a5efda4', 'X-Openstack-Request-Id': 'txdf22f9d4e7cc4dcb9a782-006a5efda4', 'Connection': 'close'} {{(pid=103051) http_log /opt/stack/data/venv/lib/python3.12/site-packages/swiftclient/client.py:162}}
Jul 21 05:03:33.097827 np0000005528 devstack@g-api.service[103051]: INFO glance.location [-] Image format matched and virtual size computed: 117440512
Jul 21 05:03:33.103933 np0000005528 devstack@g-api.service[103051]: DEBUG glance.async_.flows.api_image_import [-] Image 8f10f2fa-3a79-435d-adfb-c4496ca58e02 status changing from importing to active {{(pid=103051) __exit__ /opt/stack/glance/glance/async_/flows/api_image_import.py:184}}
Jul 21 05:03:33.123526 np0000005528 devstack@g-api.service[103051]: DEBUG glance_store.backend [-] Attempting to import store swift {{(pid=103051) _load_store /opt/stack/data/venv/lib/python3.12/site-packages/glance_store/backend.py:215}}
Jul 21 05:03:33.124674 np0000005528 devstack@g-api.service[103051]: DEBUG glance_store.capabilities [-] Store glance_store._drivers.swift.store.SingleTenantStore doesn't support updating dynamic storage capabilities. Please overwrite 'update_capabilities' method of the store to implement updating logics if needed. {{(pid=103051) update_capabilities /opt/stack/data/venv/lib/python3.12/site-packages/glance_store/capabilities.py:91}}
Jul 21 05:03:33.124730 np0000005528 devstack@g-api.service[103051]: DEBUG glance_store.driver [-] Late loading location class glance_store._drivers.swift.store.StoreLocation {{(pid=103051) get_store_location_class /opt/stack/data/venv/lib/python3.12/site-packages/glance_store/driver.py:134}}
Jul 21 05:03:33.124805 np0000005528 devstack@g-api.service[103051]: DEBUG glance_store.location [-] Registering scheme swift+https with {'store': , 'location_class': , 'store_entry': 'swift'} {{(pid=103051) register_scheme_map /opt/stack/data/venv/lib/python3.12/site-packages/glance_store/location.py:146}}
Jul 21 05:03:33.124864 np0000005528 devstack@g-api.service[103051]: DEBUG glance_store.location [-] Registering scheme swift+https with {'store': , 'location_class': , 'store_entry': 'swift'} {{(pid=103051) register_scheme_map /opt/stack/data/venv/lib/python3.12/site-packages/glance_store/location.py:146}}
Jul 21 05:03:33.124916 np0000005528 devstack@g-api.service[103051]: DEBUG glance_store.location [-] Registering scheme swift with {'store': , 'location_class': , 'store_entry': 'swift'} {{(pid=103051) register_scheme_map /opt/stack/data/venv/lib/python3.12/site-packages/glance_store/location.py:146}}
