Jul 21 05:03:03.978173 np0000005528 nova-scheduler[96588]: DEBUG cotyledon.oslo_config_glue [-] workarounds.never_download_image_if_on_rbd = False {{(pid=96588) log_opt_values /opt/stack/data/venv/lib/python3.12/site-packages/oslo_config/cfg.py:3253}}
Jul 21 05:03:03.978173 np0000005528 nova-scheduler[96588]: DEBUG cotyledon.oslo_config_glue [-] workarounds.qemu_monitor_announce_self_count = 3 {{(pid=96588) log_opt_values /opt/stack/data/venv/lib/python3.12/site-packages/oslo_config/cfg.py:3253}}
Jul 21 05:03:03.978332 np0000005528 nova-scheduler[96588]: DEBUG cotyledon.oslo_config_glue [-] workarounds.qemu_monitor_announce_self_interval = 1 {{(pid=96588) log_opt_values /opt/stack/data/venv/lib/python3.12/site-packages/oslo_config/cfg.py:3253}}
Jul 21 05:03:03.978332 np0000005528 nova-scheduler[96588]: DEBUG cotyledon.oslo_config_glue [-] workarounds.reserve_disk_resource_for_image_cache = False {{(pid=96588) log_opt_values /opt/stack/data/venv/lib/python3.12/site-packages/oslo_config/cfg.py:3253}}
Jul 21 05:03:03.978332 np0000005528 nova-scheduler[96588]: DEBUG cotyledon.oslo_config_glue [-] workarounds.skip_cpu_compare_at_startup = False {{(pid=96588) log_opt_values /opt/stack/data/venv/lib/python3.12/site-packages/oslo_config/cfg.py:3253}}
Jul 21 05:03:03.978332 np0000005528 nova-scheduler[96588]: DEBUG cotyledon.oslo_config_glue [-] workarounds.skip_cpu_compare_on_dest = False {{(pid=96588) log_opt_values /opt/stack/data/venv/lib/python3.12/site-packages/oslo_config/cfg.py:3253}}
Jul 21 05:03:03.978332 np0000005528 nova-scheduler[96588]: DEBUG cotyledon.oslo_config_glue [-] workarounds.skip_hypervisor_version_check_on_lm = False {{(pid=96588) log_opt_values /opt/stack/data/venv/lib/python3.12/site-packages/oslo_config/cfg.py:3253}}
Jul 21 05:03:03.978332 np0000005528 nova-scheduler[96588]: DEBUG cotyledon.oslo_config_glue [-] workarounds.skip_reserve_in_use_ironic_nodes = False {{(pid=96588) log_opt_values /opt/stack/data/venv/lib/python3.12/site-packages/oslo_config/cfg.py:3253}}
Jul 21 05:03:03.978332 np0000005528 nova-scheduler[96588]: DEBUG cotyledon.oslo_config_glue [-] workarounds.unified_limits_count_pcpu_as_vcpu = False {{(pid=96588) log_opt_values /opt/stack/data/venv/lib/python3.12/site-packages/oslo_config/cfg.py:3253}}
Jul 21 05:03:03.978332 np0000005528 nova-scheduler[96588]: DEBUG cotyledon.oslo_config_glue [-] workarounds.wait_for_vif_plugged_event_during_hard_reboot = [] {{(pid=96588) log_opt_values /opt/stack/data/venv/lib/python3.12/site-packages/oslo_config/cfg.py:3253}}
Jul 21 05:03:03.978500 np0000005528 nova-scheduler[96588]: DEBUG cotyledon.oslo_config_glue [-] wsgi.api_paste_config = /etc/nova/api-paste.ini {{(pid=96588) log_opt_values /opt/stack/data/venv/lib/python3.12/site-packages/oslo_config/cfg.py:3253}}
Jul 21 05:03:03.978500 np0000005528 nova-scheduler[96588]: DEBUG cotyledon.oslo_config_glue [-] wsgi.secure_proxy_ssl_header = None {{(pid=96588) log_opt_values /opt/stack/data/venv/lib/python3.12/site-packages/oslo_config/cfg.py:3253}}
Jul 21 05:03:03.978500 np0000005528 nova-scheduler[96588]: DEBUG cotyledon.oslo_config_glue [-] zvm.ca_file = None {{(pid=96588) log_opt_values /opt/stack/data/venv/lib/python3.12/site-packages/oslo_config/cfg.py:3253}}
Jul 21 05:03:03.978500 np0000005528 nova-scheduler[96588]: DEBUG cotyledon.oslo_config_glue [-] zvm.cloud_connector_url = None {{(pid=96588) log_opt_values /opt/stack/data/venv/lib/python3.12/site-packages/oslo_config/cfg.py:3253}}
Jul 21 05:03:03.978500 np0000005528 nova-scheduler[96588]: DEBUG cotyledon.oslo_config_glue [-] zvm.image_tmp_path = /opt/stack/data/nova/images {{(pid=96588) log_opt_values /opt/stack/data/venv/lib/python3.12/site-packages/oslo_config/cfg.py:3253}}
Jul 21 05:03:03.978592 np0000005528 nova-scheduler[96588]: DEBUG cotyledon.oslo_config_glue [-] zvm.reachable_timeout = 300 {{(pid=96588) log_opt_values /opt/stack/data/venv/lib/python3.12/site-packages/oslo_config/cfg.py:3253}}
Jul 21 05:03:03.978592 np0000005528 nova-scheduler[96588]: DEBUG cotyledon.oslo_config_glue [-] oslo_versionedobjects.fatal_exception_format_errors = False {{(pid=96588) log_opt_values /opt/stack/data/venv/lib/python3.12/site-packages/oslo_config/cfg.py:3253}}
Jul 21 05:03:03.978691 np0000005528 nova-scheduler[96588]: DEBUG cotyledon.oslo_config_glue [-] oslo_middleware.http_basic_auth_user_file = /etc/htpasswd {{(pid=96588) log_opt_values /opt/stack/data/venv/lib/python3.12/site-packages/oslo_config/cfg.py:3253}}
Jul 21 05:03:03.978755 np0000005528 nova-scheduler[96588]: DEBUG cotyledon.oslo_config_glue [-] oslo_messaging_metrics.metrics_buffer_size = 1000 {{(pid=96588) log_opt_values /opt/stack/data/venv/lib/python3.12/site-packages/oslo_config/cfg.py:3253}}
Jul 21 05:03:03.978794 np0000005528 nova-scheduler[96588]: DEBUG cotyledon.oslo_config_glue [-] oslo_messaging_metrics.metrics_enabled = False {{(pid=96588) log_opt_values /opt/stack/data/venv/lib/python3.12/site-packages/oslo_config/cfg.py:3253}}
Jul 21 05:03:03.978819 np0000005528 nova-scheduler[96588]: DEBUG cotyledon.oslo_config_glue [-] oslo_messaging_metrics.metrics_process_name = {{(pid=96588) log_opt_values /opt/stack/data/venv/lib/python3.12/site-packages/oslo_config/cfg.py:3253}}
Jul 21 05:03:03.978866 np0000005528 nova-scheduler[96588]: DEBUG cotyledon.oslo_config_glue [-] oslo_messaging_metrics.metrics_socket_file = /var/tmp/metrics_collector.sock {{(pid=96588) log_opt_values /opt/stack/data/venv/lib/python3.12/site-packages/oslo_config/cfg.py:3253}}
Jul 21 05:03:03.978900 np0000005528 nova-scheduler[96588]: DEBUG cotyledon.oslo_config_glue [-] oslo_messaging_metrics.metrics_thread_stop_timeout = 10 {{(pid=96588) log_opt_values /opt/stack/data/venv/lib/python3.12/site-packages/oslo_config/cfg.py:3253}}
Jul 21 05:03:03.978952 np0000005528 nova-scheduler[96588]: DEBUG cotyledon.oslo_config_glue [-] profiler.connection_string = messaging:// {{(pid=96588) log_opt_values /opt/stack/data/venv/lib/python3.12/site-packages/oslo_config/cfg.py:3253}}
Jul 21 05:03:03.978989 np0000005528 nova-scheduler[96588]: DEBUG cotyledon.oslo_config_glue [-] profiler.enabled = False {{(pid=96588) log_opt_values /opt/stack/data/venv/lib/python3.12/site-packages/oslo_config/cfg.py:3253}}
Jul 21 05:03:03.979025 np0000005528 nova-scheduler[96588]: DEBUG cotyledon.oslo_config_glue [-] profiler.es_doc_type = notification {{(pid=96588) log_opt_values /opt/stack/data/venv/lib/python3.12/site-packages/oslo_config/cfg.py:3253}}
Jul 21 05:03:03.979065 np0000005528 nova-scheduler[96588]: DEBUG cotyledon.oslo_config_glue [-] profiler.es_scroll_size = 10000 {{(pid=96588) log_opt_values /opt/stack/data/venv/lib/python3.12/site-packages/oslo_config/cfg.py:3253}}
Jul 21 05:03:03.979098 np0000005528 nova-scheduler[96588]: DEBUG cotyledon.oslo_config_glue [-] profiler.es_scroll_time = 2m {{(pid=96588) log_opt_values /opt/stack/data/venv/lib/python3.12/site-packages/oslo_config/cfg.py:3253}}
Jul 21 05:03:03.979122 np0000005528 nova-scheduler[96588]: DEBUG cotyledon.oslo_config_glue [-] profiler.filter_error_trace = False {{(pid=96588) log_opt_values /opt/stack/data/venv/lib/python3.12/site-packages/oslo_config/cfg.py:3253}}
Jul 21 05:03:03.979160 np0000005528 nova-scheduler[96588]: DEBUG cotyledon.oslo_config_glue [-] profiler.hmac_keys = **** {{(pid=96588) log_opt_values /opt/stack/data/venv/lib/python3.12/site-packages/oslo_config/cfg.py:3253}}
Jul 21 05:03:03.979186 np0000005528 nova-scheduler[96588]: DEBUG cotyledon.oslo_config_glue [-] profiler.sentinel_service_name = mymaster {{(pid=96588) log_opt_values /opt/stack/data/venv/lib/python3.12/site-packages/oslo_config/cfg.py:3253}}
Jul 21 05:03:03.979228 np0000005528 nova-scheduler[96588]: DEBUG cotyledon.oslo_config_glue [-] profiler.socket_timeout = 0.1 {{(pid=96588) log_opt_values /opt/stack/data/venv/lib/python3.12/site-packages/oslo_config/cfg.py:3253}}
Jul 21 05:03:03.979261 np0000005528 nova-scheduler[96588]: DEBUG cotyledon.oslo_config_glue [-] profiler.trace_requests = False {{(pid=96588) log_opt_values /opt/stack/data/venv/lib/python3.12/site-packages/oslo_config/cfg.py:3253}}
Jul 21 05:03:03.979313 np0000005528 nova-scheduler[96588]: DEBUG cotyledon.oslo_config_glue [-] profiler.trace_sqlalchemy = False {{(pid=96588) log_opt_values /opt/stack/data/venv/lib/python3.12/site-packages/oslo_config/cfg.py:3253}}
Jul 21 05:03:03.979357 np0000005528 nova-scheduler[96588]: DEBUG cotyledon.oslo_config_glue [-] profiler_jaeger.process_tags = {} {{(pid=96588) log_opt_values /opt/stack/data/venv/lib/python3.12/site-packages/oslo_config/cfg.py:3253}}
Jul 21 05:03:03.979393 np0000005528 nova-scheduler[96588]: DEBUG cotyledon.oslo_config_glue [-] profiler_jaeger.service_name_prefix = None {{(pid=96588) log_opt_values /opt/stack/data/venv/lib/python3.12/site-packages/oslo_config/cfg.py:3253}}
Jul 21 05:03:03.979428 np0000005528 nova-scheduler[96588]: DEBUG cotyledon.oslo_config_glue [-] profiler_otlp.service_name_prefix = None {{(pid=96588) log_opt_values /opt/stack/data/venv/lib/python3.12/site-packages/oslo_config/cfg.py:3253}}
Jul 21 05:03:03.979494 np0000005528 nova-scheduler[96588]: DEBUG cotyledon.oslo_config_glue [-] oslo_messaging_rabbit.amqp_auto_delete = False {{(pid=96588) log_opt_values /opt/stack/data/venv/lib/python3.12/site-packages/oslo_config/cfg.py:3253}}
Jul 21 05:03:03.979559 np0000005528 nova-scheduler[96588]: DEBUG cotyledon.oslo_config_glue [-] oslo_messaging_rabbit.amqp_durable_queues = False {{(pid=96588) log_opt_values /opt/stack/data/venv/lib/python3.12/site-packages/oslo_config/cfg.py:3253}}
Jul 21 05:03:03.979612 np0000005528 nova-scheduler[96588]: DEBUG cotyledon.oslo_config_glue [-] oslo_messaging_rabbit.conn_pool_min_size = 2 {{(pid=96588) log_opt_values /opt/stack/data/venv/lib/python3.12/site-packages/oslo_config/cfg.py:3253}}
Jul 21 05:03:03.979716 np0000005528 nova-scheduler[96588]: DEBUG cotyledon.oslo_config_glue [-] oslo_messaging_rabbit.conn_pool_ttl = 1200 {{(pid=96588) log_opt_values /opt/stack/data/venv/lib/python3.12/site-packages/oslo_config/cfg.py:3253}}
Jul 21 05:03:03.979776 np0000005528 nova-scheduler[96588]: DEBUG cotyledon.oslo_config_glue [-] oslo_messaging_rabbit.direct_mandatory_flag = True {{(pid=96588) log_opt_values /opt/stack/data/venv/lib/python3.12/site-packages/oslo_config/cfg.py:3253}}
Jul 21 05:03:03.979811 np0000005528 nova-scheduler[96588]: DEBUG cotyledon.oslo_config_glue [-] oslo_messaging_rabbit.enable_cancel_on_failover = False {{(pid=96588) log_opt_values /opt/stack/data/venv/lib/python3.12/site-packages/oslo_config/cfg.py:3253}}
Jul 21 05:03:03.979846 np0000005528 nova-scheduler[96588]: DEBUG cotyledon.oslo_config_glue [-] oslo_messaging_rabbit.heartbeat_rate = 3 {{(pid=96588) log_opt_values /opt/stack/data/venv/lib/python3.12/site-packages/oslo_config/cfg.py:3253}}
Jul 21 05:03:03.979882 np0000005528 nova-scheduler[96588]: DEBUG cotyledon.oslo_config_glue [-] oslo_messaging_rabbit.heartbeat_timeout_threshold = 60 {{(pid=96588) log_opt_values /opt/stack/data/venv/lib/python3.12/site-packages/oslo_config/cfg.py:3253}}
Jul 21 05:03:03.979926 np0000005528 nova-scheduler[96588]: DEBUG cotyledon.oslo_config_glue [-] oslo_messaging_rabbit.hostname = np0000005528 {{(pid=96588) log_opt_values /opt/stack/data/venv/lib/python3.12/site-packages/oslo_config/cfg.py:3253}}
Jul 21 05:03:03.979969 np0000005528 nova-scheduler[96588]: DEBUG cotyledon.oslo_config_glue [-] oslo_messaging_rabbit.kombu_compression = None {{(pid=96588) log_opt_values /opt/stack/data/venv/lib/python3.12/site-packages/oslo_config/cfg.py:3253}}
Jul 21 05:03:03.980001 np0000005528 nova-scheduler[96588]: DEBUG cotyledon.oslo_config_glue [-] oslo_messaging_rabbit.kombu_failover_strategy = round-robin {{(pid=96588) log_opt_values /opt/stack/data/venv/lib/python3.12/site-packages/oslo_config/cfg.py:3253}}
Jul 21 05:03:03.980044 np0000005528 nova-scheduler[96588]: DEBUG cotyledon.oslo_config_glue [-] oslo_messaging_rabbit.kombu_missing_consumer_retry_timeout = 60 {{(pid=96588) log_opt_values /opt/stack/data/venv/lib/python3.12/site-packages/oslo_config/cfg.py:3253}}
Jul 21 05:03:03.980086 np0000005528 nova-scheduler[96588]: DEBUG cotyledon.oslo_config_glue [-] oslo_messaging_rabbit.kombu_reconnect_delay = 1.0 {{(pid=96588) log_opt_values /opt/stack/data/venv/lib/python3.12/site-packages/oslo_config/cfg.py:3253}}
Jul 21 05:03:03.980158 np0000005528 nova-scheduler[96588]: DEBUG cotyledon.oslo_config_glue [-] oslo_messaging_rabbit.kombu_reconnect_splay = 0.0 {{(pid=96588) log_opt_values /opt/stack/data/venv/lib/python3.12/site-packages/oslo_config/cfg.py:3253}}
Jul 21 05:03:03.980158 np0000005528 nova-scheduler[96588]: DEBUG cotyledon.oslo_config_glue [-] oslo_messaging_rabbit.processname = nova-scheduler {{(pid=96588) log_opt_values /opt/stack/data/venv/lib/python3.12/site-packages/oslo_config/cfg.py:3253}}
Jul 21 05:03:03.980201 np0000005528 nova-scheduler[96588]: DEBUG cotyledon.oslo_config_glue [-] oslo_messaging_rabbit.rabbit_ha_queues = False {{(pid=96588) log_opt_values /opt/stack/data/venv/lib/python3.12/site-packages/oslo_config/cfg.py:3253}}
Jul 21 05:03:03.980223 np0000005528 nova-scheduler[96588]: DEBUG cotyledon.oslo_config_glue [-] oslo_messaging_rabbit.rabbit_interval_max = 30 {{(pid=96588) log_opt_values /opt/stack/data/venv/lib/python3.12/site-packages/oslo_config/cfg.py:3253}}
Jul 21 05:03:03.980245 np0000005528 nova-scheduler[96588]: DEBUG cotyledon.oslo_config_glue [-] oslo_messaging_rabbit.rabbit_login_method = AMQPLAIN {{(pid=96588) log_opt_values /opt/stack/data/venv/lib/python3.12/site-packages/oslo_config/cfg.py:3253}}
Jul 21 05:03:03.980272 np0000005528 nova-scheduler[96588]: DEBUG cotyledon.oslo_config_glue [-] oslo_messaging_rabbit.rabbit_qos_prefetch_count = 0 {{(pid=96588) log_opt_values /opt/stack/data/venv/lib/python3.12/site-packages/oslo_config/cfg.py:3253}}
Jul 21 05:03:03.980329 np0000005528 nova-scheduler[96588]: DEBUG cotyledon.oslo_config_glue [-] oslo_messaging_rabbit.rabbit_quorum_delivery_limit = 0 {{(pid=96588) log_opt_values /opt/stack/data/venv/lib/python3.12/site-packages/oslo_config/cfg.py:3253}}
Jul 21 05:03:03.980367 np0000005528 nova-scheduler[96588]: DEBUG cotyledon.oslo_config_glue [-] oslo_messaging_rabbit.rabbit_quorum_max_memory_bytes = 0 {{(pid=96588) log_opt_values /opt/stack/data/venv/lib/python3.12/site-packages/oslo_config/cfg.py:3253}}
Jul 21 05:03:03.980401 np0000005528 nova-scheduler[96588]: DEBUG cotyledon.oslo_config_glue [-] oslo_messaging_rabbit.rabbit_quorum_max_memory_length = 0 {{(pid=96588) log_opt_values /opt/stack/data/venv/lib/python3.12/site-packages/oslo_config/cfg.py:3253}}
Jul 21 05:03:03.980436 np0000005528 nova-scheduler[96588]: DEBUG cotyledon.oslo_config_glue [-] oslo_messaging_rabbit.rabbit_quorum_queue = False {{(pid=96588) log_opt_values /opt/stack/data/venv/lib/python3.12/site-packages/oslo_config/cfg.py:3253}}
Jul 21 05:03:03.980465 np0000005528 nova-scheduler[96588]: DEBUG cotyledon.oslo_config_glue [-] oslo_messaging_rabbit.rabbit_retry_backoff = 2 {{(pid=96588) log_opt_values /opt/stack/data/venv/lib/python3.12/site-packages/oslo_config/cfg.py:3253}}
Jul 21 05:03:03.980502 np0000005528 nova-scheduler[96588]: DEBUG cotyledon.oslo_config_glue [-] oslo_messaging_rabbit.rabbit_retry_interval = 1 {{(pid=96588) log_opt_values /opt/stack/data/venv/lib/python3.12/site-packages/oslo_config/cfg.py:3253}}
Jul 21 05:03:03.980542 np0000005528 nova-scheduler[96588]: DEBUG cotyledon.oslo_config_glue [-] oslo_messaging_rabbit.rabbit_stream_fanout = False {{(pid=96588) log_opt_values /opt/stack/data/venv/lib/python3.12/site-packages/oslo_config/cfg.py:3253}}
Jul 21 05:03:03.980590 np0000005528 nova-scheduler[96588]: DEBUG cotyledon.oslo_config_glue [-] oslo_messaging_rabbit.rabbit_transient_queues_ttl = 1800 {{(pid=96588) log_opt_values /opt/stack/data/venv/lib/python3.12/site-packages/oslo_config/cfg.py:3253}}
Jul 21 05:03:03.980645 np0000005528 nova-scheduler[96588]: DEBUG cotyledon.oslo_config_glue [-] oslo_messaging_rabbit.rabbit_transient_quorum_queue = False {{(pid=96588) log_opt_values /opt/stack/data/venv/lib/python3.12/site-packages/oslo_config/cfg.py:3253}}
Jul 21 05:03:03.980710 np0000005528 nova-scheduler[96588]: DEBUG cotyledon.oslo_config_glue [-] oslo_messaging_rabbit.rpc_conn_pool_size = 30 {{(pid=96588) log_opt_values /opt/stack/data/venv/lib/python3.12/site-packages/oslo_config/cfg.py:3253}}
Jul 21 05:03:03.980750 np0000005528 nova-scheduler[96588]: DEBUG cotyledon.oslo_config_glue [-] oslo_messaging_rabbit.ssl = False {{(pid=96588) log_opt_values /opt/stack/data/venv/lib/python3.12/site-packages/oslo_config/cfg.py:3253}}
Jul 21 05:03:03.980796 np0000005528 nova-scheduler[96588]: DEBUG cotyledon.oslo_config_glue [-] oslo_messaging_rabbit.ssl_ca_file = {{(pid=96588) log_opt_values /opt/stack/data/venv/lib/python3.12/site-packages/oslo_config/cfg.py:3253}}
Jul 21 05:03:03.980829 np0000005528 nova-scheduler[96588]: DEBUG cotyledon.oslo_config_glue [-] oslo_messaging_rabbit.ssl_cert_file = {{(pid=96588) log_opt_values /opt/stack/data/venv/lib/python3.12/site-packages/oslo_config/cfg.py:3253}}
Jul 21 05:03:03.980853 np0000005528 nova-scheduler[96588]: DEBUG cotyledon.oslo_config_glue [-] oslo_messaging_rabbit.ssl_enforce_fips_mode = False {{(pid=96588) log_opt_values /opt/stack/data/venv/lib/python3.12/site-packages/oslo_config/cfg.py:3253}}
Jul 21 05:03:03.980880 np0000005528 nova-scheduler[96588]: DEBUG cotyledon.oslo_config_glue [-] oslo_messaging_rabbit.ssl_enforce_hostname_verification = True {{(pid=96588) log_opt_values /opt/stack/data/venv/lib/python3.12/site-packages/oslo_config/cfg.py:3253}}
Jul 21 05:03:03.980913 np0000005528 nova-scheduler[96588]: DEBUG cotyledon.oslo_config_glue [-] oslo_messaging_rabbit.ssl_key_file = {{(pid=96588) log_opt_values /opt/stack/data/venv/lib/python3.12/site-packages/oslo_config/cfg.py:3253}}
Jul 21 05:03:03.980936 np0000005528 nova-scheduler[96588]: DEBUG cotyledon.oslo_config_glue [-] oslo_messaging_rabbit.ssl_version = {{(pid=96588) log_opt_values /opt/stack/data/venv/lib/python3.12/site-packages/oslo_config/cfg.py:3253}}
Jul 21 05:03:03.980980 np0000005528 nova-scheduler[96588]: DEBUG cotyledon.oslo_config_glue [-] oslo_messaging_rabbit.use_queue_manager = False {{(pid=96588) log_opt_values /opt/stack/data/venv/lib/python3.12/site-packages/oslo_config/cfg.py:3253}}
Jul 21 05:03:03.981021 np0000005528 nova-scheduler[96588]: DEBUG cotyledon.oslo_config_glue [-] oslo_messaging_notifications.driver = ['messagingv2'] {{(pid=96588) log_opt_values /opt/stack/data/venv/lib/python3.12/site-packages/oslo_config/cfg.py:3253}}
Jul 21 05:03:03.981058 np0000005528 nova-scheduler[96588]: DEBUG cotyledon.oslo_config_glue [-] oslo_messaging_notifications.retry = -1 {{(pid=96588) log_opt_values /opt/stack/data/venv/lib/python3.12/site-packages/oslo_config/cfg.py:3253}}
Jul 21 05:03:03.981087 np0000005528 nova-scheduler[96588]: DEBUG cotyledon.oslo_config_glue [-] oslo_messaging_notifications.topics = ['notifications'] {{(pid=96588) log_opt_values /opt/stack/data/venv/lib/python3.12/site-packages/oslo_config/cfg.py:3253}}
Jul 21 05:03:03.981130 np0000005528 nova-scheduler[96588]: DEBUG cotyledon.oslo_config_glue [-] oslo_messaging_notifications.transport_url = **** {{(pid=96588) log_opt_values /opt/stack/data/venv/lib/python3.12/site-packages/oslo_config/cfg.py:3253}}
Jul 21 05:03:03.981299 np0000005528 nova-scheduler[96588]: DEBUG cotyledon.oslo_config_glue [-] oslo_limit.auth_section = None {{(pid=96588) log_opt_values /opt/stack/data/venv/lib/python3.12/site-packages/oslo_config/cfg.py:3253}}
Jul 21 05:03:03.981299 np0000005528 nova-scheduler[96588]: DEBUG cotyledon.oslo_config_glue [-] oslo_limit.auth_type = None {{(pid=96588) log_opt_values /opt/stack/data/venv/lib/python3.12/site-packages/oslo_config/cfg.py:3253}}
Jul 21 05:03:03.981299 np0000005528 nova-scheduler[96588]: DEBUG cotyledon.oslo_config_glue [-] oslo_limit.cafile = None {{(pid=96588) log_opt_values /opt/stack/data/venv/lib/python3.12/site-packages/oslo_config/cfg.py:3253}}
Jul 21 05:03:03.981299 np0000005528 nova-scheduler[96588]: DEBUG cotyledon.oslo_config_glue [-] oslo_limit.certfile = None {{(pid=96588) log_opt_values /opt/stack/data/venv/lib/python3.12/site-packages/oslo_config/cfg.py:3253}}
Jul 21 05:03:03.981410 np0000005528 nova-scheduler[96588]: DEBUG cotyledon.oslo_config_glue [-] oslo_limit.collect_timing = False {{(pid=96588) log_opt_values /opt/stack/data/venv/lib/python3.12/site-packages/oslo_config/cfg.py:3253}}
Jul 21 05:03:03.981410 np0000005528 nova-scheduler[96588]: DEBUG cotyledon.oslo_config_glue [-] oslo_limit.connect_retries = None {{(pid=96588) log_opt_values /opt/stack/data/venv/lib/python3.12/site-packages/oslo_config/cfg.py:3253}}
Jul 21 05:03:03.981410 np0000005528 nova-scheduler[96588]: DEBUG cotyledon.oslo_config_glue [-] oslo_limit.connect_retry_delay = None {{(pid=96588) log_opt_values /opt/stack/data/venv/lib/python3.12/site-packages/oslo_config/cfg.py:3253}}
Jul 21 05:03:03.981473 np0000005528 nova-scheduler[96588]: DEBUG cotyledon.oslo_config_glue [-] oslo_limit.endpoint_id = None {{(pid=96588) log_opt_values /opt/stack/data/venv/lib/python3.12/site-packages/oslo_config/cfg.py:3253}}
Jul 21 05:03:03.981504 np0000005528 nova-scheduler[96588]: DEBUG cotyledon.oslo_config_glue [-] oslo_limit.endpoint_interface = public {{(pid=96588) log_opt_values /opt/stack/data/venv/lib/python3.12/site-packages/oslo_config/cfg.py:3253}}
Jul 21 05:03:03.981527 np0000005528 nova-scheduler[96588]: DEBUG cotyledon.oslo_config_glue [-] oslo_limit.endpoint_override = None {{(pid=96588) log_opt_values /opt/stack/data/venv/lib/python3.12/site-packages/oslo_config/cfg.py:3253}}
Jul 21 05:03:03.981564 np0000005528 nova-scheduler[96588]: DEBUG cotyledon.oslo_config_glue [-] oslo_limit.endpoint_region_name = None {{(pid=96588) log_opt_values /opt/stack/data/venv/lib/python3.12/site-packages/oslo_config/cfg.py:3253}}
Jul 21 05:03:03.981616 np0000005528 nova-scheduler[96588]: DEBUG cotyledon.oslo_config_glue [-] oslo_limit.endpoint_service_name = None {{(pid=96588) log_opt_values /opt/stack/data/venv/lib/python3.12/site-packages/oslo_config/cfg.py:3253}}
Jul 21 05:03:03.981707 np0000005528 nova-scheduler[96588]: DEBUG cotyledon.oslo_config_glue [-] oslo_limit.endpoint_service_type = None {{(pid=96588) log_opt_values /opt/stack/data/venv/lib/python3.12/site-packages/oslo_config/cfg.py:3253}}
Jul 21 05:03:03.981764 np0000005528 nova-scheduler[96588]: DEBUG cotyledon.oslo_config_glue [-] oslo_limit.insecure = False {{(pid=96588) log_opt_values /opt/stack/data/venv/lib/python3.12/site-packages/oslo_config/cfg.py:3253}}
Jul 21 05:03:03.981811 np0000005528 nova-scheduler[96588]: DEBUG cotyledon.oslo_config_glue [-] oslo_limit.keyfile = None {{(pid=96588) log_opt_values /opt/stack/data/venv/lib/python3.12/site-packages/oslo_config/cfg.py:3253}}
Jul 21 05:03:03.981849 np0000005528 nova-scheduler[96588]: DEBUG cotyledon.oslo_config_glue [-] oslo_limit.max_version = None {{(pid=96588) log_opt_values /opt/stack/data/venv/lib/python3.12/site-packages/oslo_config/cfg.py:3253}}
Jul 21 05:03:03.981887 np0000005528 nova-scheduler[96588]: DEBUG cotyledon.oslo_config_glue [-] oslo_limit.min_version = None {{(pid=96588) log_opt_values /opt/stack/data/venv/lib/python3.12/site-packages/oslo_config/cfg.py:3253}}
Jul 21 05:03:03.981923 np0000005528 nova-scheduler[96588]: DEBUG cotyledon.oslo_config_glue [-] oslo_limit.region_name = None {{(pid=96588) log_opt_values /opt/stack/data/venv/lib/python3.12/site-packages/oslo_config/cfg.py:3253}}
Jul 21 05:03:03.981955 np0000005528 nova-scheduler[96588]: DEBUG cotyledon.oslo_config_glue [-] oslo_limit.retriable_status_codes = None {{(pid=96588) log_opt_values /opt/stack/data/venv/lib/python3.12/site-packages/oslo_config/cfg.py:3253}}
Jul 21 05:03:03.981998 np0000005528 nova-scheduler[96588]: DEBUG cotyledon.oslo_config_glue [-] oslo_limit.service_name = None {{(pid=96588) log_opt_values /opt/stack/data/venv/lib/python3.12/site-packages/oslo_config/cfg.py:3253}}
Jul 21 05:03:03.982040 np0000005528 nova-scheduler[96588]: DEBUG cotyledon.oslo_config_glue [-] oslo_limit.service_type = None {{(pid=96588) log_opt_values /opt/stack/data/venv/lib/python3.12/site-packages/oslo_config/cfg.py:3253}}
Jul 21 05:03:03.982078 np0000005528 nova-scheduler[96588]: DEBUG cotyledon.oslo_config_glue [-] oslo_limit.split_loggers = False {{(pid=96588) log_opt_values /opt/stack/data/venv/lib/python3.12/site-packages/oslo_config/cfg.py:3253}}
Jul 21 05:03:03.982115 np0000005528 nova-scheduler[96588]: DEBUG cotyledon.oslo_config_glue [-] oslo_limit.status_code_retries = None {{(pid=96588) log_opt_values /opt/stack/data/venv/lib/python3.12/site-packages/oslo_config/cfg.py:3253}}
Jul 21 05:03:03.982153 np0000005528 nova-scheduler[96588]: DEBUG cotyledon.oslo_config_glue [-] oslo_limit.status_code_retry_delay = None {{(pid=96588) log_opt_values /opt/stack/data/venv/lib/python3.12/site-packages/oslo_config/cfg.py:3253}}
Jul 21 05:03:03.982191 np0000005528 nova-scheduler[96588]: DEBUG cotyledon.oslo_config_glue [-] oslo_limit.timeout = None {{(pid=96588) log_opt_values /opt/stack/data/venv/lib/python3.12/site-packages/oslo_config/cfg.py:3253}}
Jul 21 05:03:03.982237 np0000005528 nova-scheduler[96588]: DEBUG cotyledon.oslo_config_glue [-] oslo_limit.valid_interfaces = None {{(pid=96588) log_opt_values /opt/stack/data/venv/lib/python3.12/site-packages/oslo_config/cfg.py:3253}}
Jul 21 05:03:03.982270 np0000005528 nova-scheduler[96588]: DEBUG cotyledon.oslo_config_glue [-] oslo_limit.version = None {{(pid=96588) log_opt_values /opt/stack/data/venv/lib/python3.12/site-packages/oslo_config/cfg.py:3253}}
Jul 21 05:03:03.982323 np0000005528 nova-scheduler[96588]: DEBUG cotyledon.oslo_config_glue [-] oslo_reports.file_event_handler = None {{(pid=96588) log_opt_values /opt/stack/data/venv/lib/python3.12/site-packages/oslo_config/cfg.py:3253}}
Jul 21 05:03:03.982373 np0000005528 nova-scheduler[96588]: DEBUG cotyledon.oslo_config_glue [-] oslo_reports.file_event_handler_interval = 1 {{(pid=96588) log_opt_values /opt/stack/data/venv/lib/python3.12/site-packages/oslo_config/cfg.py:3253}}
Jul 21 05:03:03.982422 np0000005528 nova-scheduler[96588]: DEBUG cotyledon.oslo_config_glue [-] oslo_reports.log_dir = None {{(pid=96588) log_opt_values /opt/stack/data/venv/lib/python3.12/site-packages/oslo_config/cfg.py:3253}}
Jul 21 05:03:03.982461 np0000005528 nova-scheduler[96588]: DEBUG cotyledon.oslo_config_glue [-] ******************************************************************************** {{(pid=96588) log_opt_values /opt/stack/data/venv/lib/python3.12/site-packages/oslo_config/cfg.py:3260}}
Jul 21 05:03:03.982725 np0000005528 nova-scheduler[96588]: DEBUG cotyledon._service_worker [-] Run service ServiceWrapper(3) [96588] {{(pid=96588) wait_forever /opt/stack/data/venv/lib/python3.12/site-packages/cotyledon/_service_worker.py:218}}
Jul 21 05:03:03.982826 np0000005528 nova-scheduler[96586]: INFO dbcounter [None req-469de2bd-b655-44bc-b73a-473240e3dcb0 None None] Registered counter for database nova_cell0
Jul 21 05:03:03.984018 np0000005528 nova-scheduler[96588]: INFO nova.service [-] Starting scheduler node (version 33.1.0)
Jul 21 05:03:03.988434 np0000005528 nova-scheduler[96588]: INFO dbcounter [None req-557ac77e-c32d-41d9-9224-acda11700779 None None] Registered counter for database nova_cell0
Jul 21 05:03:03.992865 np0000005528 nova-scheduler[96582]: DEBUG oslo_db.sqlalchemy.engines [None req-ed752dc8-b358-4636-9341-d74396ce5226 None None] MySQL server mode set to STRICT_TRANS_TABLES,STRICT_ALL_TABLES,NO_ZERO_IN_DATE,NO_ZERO_DATE,ERROR_FOR_DIVISION_BY_ZERO,TRADITIONAL,NO_ENGINE_SUBSTITUTION {{(pid=96582) _check_effective_sql_mode /opt/stack/data/venv/lib/python3.12/site-packages/oslo_db/sqlalchemy/engines.py:325}}
Jul 21 05:03:04.001889 np0000005528 nova-scheduler[96584]: DEBUG oslo_db.sqlalchemy.engines [None req-10a2ca09-580a-434a-8d90-9b9ed0c4676e None None] MySQL server mode set to STRICT_TRANS_TABLES,STRICT_ALL_TABLES,NO_ZERO_IN_DATE,NO_ZERO_DATE,ERROR_FOR_DIVISION_BY_ZERO,TRADITIONAL,NO_ENGINE_SUBSTITUTION {{(pid=96584) _check_effective_sql_mode /opt/stack/data/venv/lib/python3.12/site-packages/oslo_db/sqlalchemy/engines.py:325}}
Jul 21 05:03:04.007475 np0000005528 nova-scheduler[96582]: DEBUG dbcounter [-] [96582] Writer thread running {{(pid=96582) stat_writer /opt/stack/data/venv/lib/python3.12/site-packages/dbcounter.py:102}}
Jul 21 05:03:04.014658 np0000005528 nova-scheduler[96584]: DEBUG dbcounter [-] [96584] Writer thread running {{(pid=96584) stat_writer /opt/stack/data/venv/lib/python3.12/site-packages/dbcounter.py:102}}
Jul 21 05:03:04.031885 np0000005528 nova-scheduler[96588]: DEBUG oslo_db.sqlalchemy.engines [None req-557ac77e-c32d-41d9-9224-acda11700779 None None] MySQL server mode set to STRICT_TRANS_TABLES,STRICT_ALL_TABLES,NO_ZERO_IN_DATE,NO_ZERO_DATE,ERROR_FOR_DIVISION_BY_ZERO,TRADITIONAL,NO_ENGINE_SUBSTITUTION {{(pid=96588) _check_effective_sql_mode /opt/stack/data/venv/lib/python3.12/site-packages/oslo_db/sqlalchemy/engines.py:325}}
Jul 21 05:03:04.033813 np0000005528 nova-scheduler[96582]: DEBUG nova.service [None req-ed752dc8-b358-4636-9341-d74396ce5226 None None] Creating RPC server for service: nova-scheduler on topic: scheduler {{(pid=96582) start /opt/stack/nova/nova/service.py:196}}
Jul 21 05:03:04.040850 np0000005528 nova-scheduler[96586]: DEBUG oslo_db.sqlalchemy.engines [None req-469de2bd-b655-44bc-b73a-473240e3dcb0 None None] MySQL server mode set to STRICT_TRANS_TABLES,STRICT_ALL_TABLES,NO_ZERO_IN_DATE,NO_ZERO_DATE,ERROR_FOR_DIVISION_BY_ZERO,TRADITIONAL,NO_ENGINE_SUBSTITUTION {{(pid=96586) _check_effective_sql_mode /opt/stack/data/venv/lib/python3.12/site-packages/oslo_db/sqlalchemy/engines.py:325}}
Jul 21 05:03:04.041022 np0000005528 nova-scheduler[96584]: DEBUG nova.service [None req-10a2ca09-580a-434a-8d90-9b9ed0c4676e None None] Creating RPC server for service: nova-scheduler on topic: scheduler {{(pid=96584) start /opt/stack/nova/nova/service.py:196}}
Jul 21 05:03:04.041417 np0000005528 nova-scheduler[96588]: DEBUG dbcounter [-] [96588] Writer thread running {{(pid=96588) stat_writer /opt/stack/data/venv/lib/python3.12/site-packages/dbcounter.py:102}}
Jul 21 05:03:04.044294 np0000005528 nova-scheduler[96588]: DEBUG nova.service [None req-557ac77e-c32d-41d9-9224-acda11700779 None None] Creating RPC server for service: nova-scheduler on topic: scheduler {{(pid=96588) start /opt/stack/nova/nova/service.py:196}}
Jul 21 05:03:04.052113 np0000005528 nova-scheduler[96586]: DEBUG dbcounter [-] [96586] Writer thread running {{(pid=96586) stat_writer /opt/stack/data/venv/lib/python3.12/site-packages/dbcounter.py:102}}
Jul 21 05:03:04.055498 np0000005528 nova-scheduler[96586]: DEBUG nova.service [None req-469de2bd-b655-44bc-b73a-473240e3dcb0 None None] Creating RPC server for service: nova-scheduler on topic: scheduler {{(pid=96586) start /opt/stack/nova/nova/service.py:196}}
Jul 21 05:03:04.070997 np0000005528 nova-scheduler[96588]: DEBUG nova.service [None req-557ac77e-c32d-41d9-9224-acda11700779 None None] Join ServiceGroup membership for this service scheduler {{(pid=96588) start /opt/stack/nova/nova/service.py:222}}
Jul 21 05:03:04.071091 np0000005528 nova-scheduler[96584]: DEBUG nova.service [None req-10a2ca09-580a-434a-8d90-9b9ed0c4676e None None] Join ServiceGroup membership for this service scheduler {{(pid=96584) start /opt/stack/nova/nova/service.py:222}}
Jul 21 05:03:04.071163 np0000005528 nova-scheduler[96588]: DEBUG nova.servicegroup.drivers.db [None req-557ac77e-c32d-41d9-9224-acda11700779 None None] DB_Driver: join new ServiceGroup member np0000005528 to the scheduler group, service = {{(pid=96588) join /opt/stack/nova/nova/servicegroup/drivers/db.py:44}}
Jul 21 05:03:04.071295 np0000005528 nova-scheduler[96584]: DEBUG nova.servicegroup.drivers.db [None req-10a2ca09-580a-434a-8d90-9b9ed0c4676e None None] DB_Driver: join new ServiceGroup member np0000005528 to the scheduler group, service = {{(pid=96584) join /opt/stack/nova/nova/servicegroup/drivers/db.py:44}}
Jul 21 05:03:04.076595 np0000005528 nova-scheduler[96582]: DEBUG nova.service [None req-ed752dc8-b358-4636-9341-d74396ce5226 None None] Join ServiceGroup membership for this service scheduler {{(pid=96582) start /opt/stack/nova/nova/service.py:222}}
Jul 21 05:03:04.076905 np0000005528 nova-scheduler[96582]: DEBUG nova.servicegroup.drivers.db [None req-ed752dc8-b358-4636-9341-d74396ce5226 None None] DB_Driver: join new ServiceGroup member np0000005528 to the scheduler group, service = {{(pid=96582) join /opt/stack/nova/nova/servicegroup/drivers/db.py:44}}
Jul 21 05:03:04.088198 np0000005528 nova-scheduler[96586]: DEBUG nova.service [None req-469de2bd-b655-44bc-b73a-473240e3dcb0 None None] Join ServiceGroup membership for this service scheduler {{(pid=96586) start /opt/stack/nova/nova/service.py:222}}
Jul 21 05:03:04.088477 np0000005528 nova-scheduler[96586]: DEBUG nova.servicegroup.drivers.db [None req-469de2bd-b655-44bc-b73a-473240e3dcb0 None None] DB_Driver: join new ServiceGroup member np0000005528 to the scheduler group, service = {{(pid=96586) join /opt/stack/nova/nova/servicegroup/drivers/db.py:44}}
Jul 21 05:03:09.089620 np0000005528 nova-scheduler[96588]: DEBUG oslo.service.backend._threading.loopingcall [-] Fixed interval looping call 'nova.servicegroup.drivers.db.DbDriver._report_state' sleeping for 119.98 seconds {{(pid=96588) _run_loop /opt/stack/data/venv/lib/python3.12/site-packages/oslo_service/backend/_threading/loopingcall.py:125}}
Jul 21 05:03:09.090378 np0000005528 nova-scheduler[96584]: DEBUG oslo.service.backend._threading.loopingcall [-] Fixed interval looping call 'nova.servicegroup.drivers.db.DbDriver._report_state' sleeping for 119.98 seconds {{(pid=96584) _run_loop /opt/stack/data/venv/lib/python3.12/site-packages/oslo_service/backend/_threading/loopingcall.py:125}}
Jul 21 05:03:09.090918 np0000005528 nova-scheduler[96582]: DEBUG oslo.service.backend._threading.loopingcall [-] Fixed interval looping call 'nova.servicegroup.drivers.db.DbDriver._report_state' sleeping for 119.99 seconds {{(pid=96582) _run_loop /opt/stack/data/venv/lib/python3.12/site-packages/oslo_service/backend/_threading/loopingcall.py:125}}
Jul 21 05:03:09.098361 np0000005528 nova-scheduler[96586]: DEBUG oslo.service.backend._threading.loopingcall [-] Fixed interval looping call 'nova.servicegroup.drivers.db.DbDriver._report_state' sleeping for 119.99 seconds {{(pid=96586) _run_loop /opt/stack/data/venv/lib/python3.12/site-packages/oslo_service/backend/_threading/loopingcall.py:125}}
Jul 21 05:03:12.589053 np0000005528 nova-scheduler[95383]: DEBUG dbcounter [-] [95383] Writing DB stats nova_api:SELECT=3 {{(pid=95383) stat_writer /opt/stack/data/venv/lib/python3.12/site-packages/dbcounter.py:115}}
Jul 21 05:03:12.730188 np0000005528 nova-scheduler[95383]: DEBUG dbcounter [-] [95383] Writing DB stats nova_cell0:SELECT=1 {{(pid=95383) stat_writer /opt/stack/data/venv/lib/python3.12/site-packages/dbcounter.py:115}}
Jul 21 05:03:12.737032 np0000005528 nova-scheduler[95383]: DEBUG dbcounter [-] [95383] Writing DB stats nova_cell1:SELECT=1 {{(pid=95383) stat_writer /opt/stack/data/venv/lib/python3.12/site-packages/dbcounter.py:115}}
Jul 21 05:03:19.085710 np0000005528 nova-scheduler[96584]: DEBUG dbcounter [-] [96584] Writing DB stats nova_cell0:SELECT=5,nova_cell0:INSERT=1,nova_cell0:UPDATE=1 {{(pid=96584) stat_writer /opt/stack/data/venv/lib/python3.12/site-packages/dbcounter.py:115}}
Jul 21 05:03:19.086026 np0000005528 nova-scheduler[96588]: DEBUG dbcounter [-] [96588] Writing DB stats nova_cell0:SELECT=3,nova_cell0:UPDATE=1 {{(pid=96588) stat_writer /opt/stack/data/venv/lib/python3.12/site-packages/dbcounter.py:115}}
Jul 21 05:03:19.088911 np0000005528 nova-scheduler[96582]: DEBUG dbcounter [-] [96582] Writing DB stats nova_cell0:SELECT=4,nova_cell0:INSERT=1,nova_cell0:UPDATE=1 {{(pid=96582) stat_writer /opt/stack/data/venv/lib/python3.12/site-packages/dbcounter.py:115}}
Jul 21 05:03:19.096899 np0000005528 nova-scheduler[96586]: DEBUG dbcounter [-] [96586] Writing DB stats nova_cell0:SELECT=3 {{(pid=96586) stat_writer /opt/stack/data/venv/lib/python3.12/site-packages/dbcounter.py:115}}
Jul 21 05:03:21.073379 np0000005528 nova-scheduler[96584]: DEBUG oslo.service.backend._threading.loopingcall [None req-0f1b1145-1c6a-4ce0-9c05-466a3ad990cb None None] Dynamic interval looping call 'nova.service.Service.periodic_tasks' sleeping for 60.00 seconds {{(pid=96584) _run_loop /opt/stack/data/venv/lib/python3.12/site-packages/oslo_service/backend/_threading/loopingcall.py:125}}
Jul 21 05:03:48.078852 np0000005528 nova-scheduler[96582]: DEBUG oslo.service.backend._threading.loopingcall [None req-3ca27954-0288-4362-8d0a-729b16671506 None None] Dynamic interval looping call 'nova.service.Service.periodic_tasks' sleeping for 60.00 seconds {{(pid=96582) _run_loop /opt/stack/data/venv/lib/python3.12/site-packages/oslo_service/backend/_threading/loopingcall.py:125}}
Jul 21 05:03:55.090836 np0000005528 nova-scheduler[96586]: DEBUG oslo.service.backend._threading.loopingcall [None req-e1215254-7ce4-4585-896b-a7da6a57ee2c None None] Dynamic interval looping call 'nova.service.Service.periodic_tasks' sleeping for 60.00 seconds {{(pid=96586) _run_loop /opt/stack/data/venv/lib/python3.12/site-packages/oslo_service/backend/_threading/loopingcall.py:125}}
Jul 21 05:03:56.073426 np0000005528 nova-scheduler[96588]: DEBUG oslo.service.backend._threading.loopingcall [None req-5b62d692-816f-4399-8225-78be66bbec30 None None] Dynamic interval looping call 'nova.service.Service.periodic_tasks' sleeping for 60.00 seconds {{(pid=96588) _run_loop /opt/stack/data/venv/lib/python3.12/site-packages/oslo_service/backend/_threading/loopingcall.py:125}}
Jul 21 05:04:21.073907 np0000005528 nova-scheduler[96584]: DEBUG oslo.service.backend._threading.loopingcall [None req-0f1b1145-1c6a-4ce0-9c05-466a3ad990cb None None] Dynamic interval looping call 'nova.service.Service.periodic_tasks' sleeping for 60.00 seconds {{(pid=96584) _run_loop /opt/stack/data/venv/lib/python3.12/site-packages/oslo_service/backend/_threading/loopingcall.py:125}}
Jul 21 05:04:48.079260 np0000005528 nova-scheduler[96582]: DEBUG oslo.service.backend._threading.loopingcall [None req-3ca27954-0288-4362-8d0a-729b16671506 None None] Dynamic interval looping call 'nova.service.Service.periodic_tasks' sleeping for 60.00 seconds {{(pid=96582) _run_loop /opt/stack/data/venv/lib/python3.12/site-packages/oslo_service/backend/_threading/loopingcall.py:125}}
Jul 21 05:04:55.091605 np0000005528 nova-scheduler[96586]: DEBUG oslo.service.backend._threading.loopingcall [None req-e1215254-7ce4-4585-896b-a7da6a57ee2c None None] Dynamic interval looping call 'nova.service.Service.periodic_tasks' sleeping for 60.00 seconds {{(pid=96586) _run_loop /opt/stack/data/venv/lib/python3.12/site-packages/oslo_service/backend/_threading/loopingcall.py:125}}
Jul 21 05:04:56.073972 np0000005528 nova-scheduler[96588]: DEBUG oslo.service.backend._threading.loopingcall [None req-5b62d692-816f-4399-8225-78be66bbec30 None None] Dynamic interval looping call 'nova.service.Service.periodic_tasks' sleeping for 60.00 seconds {{(pid=96588) _run_loop /opt/stack/data/venv/lib/python3.12/site-packages/oslo_service/backend/_threading/loopingcall.py:125}}
Jul 21 05:05:09.080168 np0000005528 nova-scheduler[96588]: DEBUG oslo.service.backend._threading.loopingcall [-] Fixed interval looping call 'nova.servicegroup.drivers.db.DbDriver._report_state' sleeping for 119.99 seconds {{(pid=96588) _run_loop /opt/stack/data/venv/lib/python3.12/site-packages/oslo_service/backend/_threading/loopingcall.py:125}}
Jul 21 05:05:09.081616 np0000005528 nova-scheduler[96584]: DEBUG oslo.service.backend._threading.loopingcall [-] Fixed interval looping call 'nova.servicegroup.drivers.db.DbDriver._report_state' sleeping for 119.99 seconds {{(pid=96584) _run_loop /opt/stack/data/venv/lib/python3.12/site-packages/oslo_service/backend/_threading/loopingcall.py:125}}
Jul 21 05:05:09.085813 np0000005528 nova-scheduler[96582]: DEBUG oslo.service.backend._threading.loopingcall [-] Fixed interval looping call 'nova.servicegroup.drivers.db.DbDriver._report_state' sleeping for 120.00 seconds {{(pid=96582) _run_loop /opt/stack/data/venv/lib/python3.12/site-packages/oslo_service/backend/_threading/loopingcall.py:125}}
Jul 21 05:05:09.094306 np0000005528 nova-scheduler[96586]: DEBUG oslo.service.backend._threading.loopingcall [-] Fixed interval looping call 'nova.servicegroup.drivers.db.DbDriver._report_state' sleeping for 119.99 seconds {{(pid=96586) _run_loop /opt/stack/data/venv/lib/python3.12/site-packages/oslo_service/backend/_threading/loopingcall.py:125}}
Jul 21 05:05:19.073883 np0000005528 nova-scheduler[96588]: DEBUG dbcounter [-] [96588] Writing DB stats nova_cell0:SELECT=1,nova_cell0:UPDATE=1 {{(pid=96588) stat_writer /opt/stack/data/venv/lib/python3.12/site-packages/dbcounter.py:115}}
Jul 21 05:05:19.074992 np0000005528 nova-scheduler[96584]: DEBUG dbcounter [-] [96584] Writing DB stats nova_cell0:SELECT=1,nova_cell0:UPDATE=1 {{(pid=96584) stat_writer /opt/stack/data/venv/lib/python3.12/site-packages/dbcounter.py:115}}
Jul 21 05:05:19.083670 np0000005528 nova-scheduler[96582]: DEBUG dbcounter [-] [96582] Writing DB stats nova_cell0:SELECT=1 {{(pid=96582) stat_writer /opt/stack/data/venv/lib/python3.12/site-packages/dbcounter.py:115}}
Jul 21 05:05:19.093949 np0000005528 nova-scheduler[96586]: DEBUG dbcounter [-] [96586] Writing DB stats nova_cell0:SELECT=1 {{(pid=96586) stat_writer /opt/stack/data/venv/lib/python3.12/site-packages/dbcounter.py:115}}
Jul 21 05:05:21.074692 np0000005528 nova-scheduler[96584]: DEBUG oslo.service.backend._threading.loopingcall [None req-0f1b1145-1c6a-4ce0-9c05-466a3ad990cb None None] Dynamic interval looping call 'nova.service.Service.periodic_tasks' sleeping for 60.00 seconds {{(pid=96584) _run_loop /opt/stack/data/venv/lib/python3.12/site-packages/oslo_service/backend/_threading/loopingcall.py:125}}
Jul 21 05:05:30.535614 np0000005528 nova-scheduler[96588]: DEBUG nova.scheduler.manager [None req-b19bc5c6-bd0d-40af-bad7-04abc117059f tempest-ServersNegativeTestJSON-1929565230 tempest-ServersNegativeTestJSON-1929565230-project-member] Starting to schedule for instances: ['46c4c254-8f6a-42d7-9dc8-aa4e9eb50590'] {{(pid=96588) select_destinations /opt/stack/nova/nova/scheduler/manager.py:209}}
Jul 21 05:05:30.536756 np0000005528 nova-scheduler[96588]: DEBUG nova.scheduler.request_filter [None req-b19bc5c6-bd0d-40af-bad7-04abc117059f tempest-ServersNegativeTestJSON-1929565230 tempest-ServersNegativeTestJSON-1929565230-project-member] compute_status_filter request filter added forbidden trait COMPUTE_STATUS_DISABLED {{(pid=96588) compute_status_filter /opt/stack/nova/nova/scheduler/request_filter.py:253}}
Jul 21 05:05:30.536756 np0000005528 nova-scheduler[96588]: DEBUG nova.scheduler.request_filter [None req-b19bc5c6-bd0d-40af-bad7-04abc117059f tempest-ServersNegativeTestJSON-1929565230 tempest-ServersNegativeTestJSON-1929565230-project-member] Request filter 'compute_status_filter' took 0.0 seconds {{(pid=96588) wrapper /opt/stack/nova/nova/scheduler/request_filter.py:46}}
Jul 21 05:05:30.538420 np0000005528 nova-scheduler[96588]: DEBUG nova.scheduler.request_filter [None req-b19bc5c6-bd0d-40af-bad7-04abc117059f tempest-ServersNegativeTestJSON-1929565230 tempest-ServersNegativeTestJSON-1929565230-project-member] Request filter 'accelerators_filter' took 0.0 seconds {{(pid=96588) wrapper /opt/stack/nova/nova/scheduler/request_filter.py:46}}
Jul 21 05:05:30.538693 np0000005528 nova-scheduler[96588]: DEBUG nova.scheduler.request_filter [None req-b19bc5c6-bd0d-40af-bad7-04abc117059f tempest-ServersNegativeTestJSON-1929565230 tempest-ServersNegativeTestJSON-1929565230-project-member] Request filter 'packed_virtqueue_filter' took 0.0 seconds {{(pid=96588) wrapper /opt/stack/nova/nova/scheduler/request_filter.py:46}}
Jul 21 05:05:30.539117 np0000005528 nova-scheduler[96588]: DEBUG nova.scheduler.request_filter [None req-b19bc5c6-bd0d-40af-bad7-04abc117059f tempest-ServersNegativeTestJSON-1929565230 tempest-ServersNegativeTestJSON-1929565230-project-member] Request filter 'remote_managed_ports_filter' took 0.0 seconds {{(pid=96588) wrapper /opt/stack/nova/nova/scheduler/request_filter.py:46}}
Jul 21 05:05:30.539356 np0000005528 nova-scheduler[96588]: DEBUG nova.scheduler.request_filter [None req-b19bc5c6-bd0d-40af-bad7-04abc117059f tempest-ServersNegativeTestJSON-1929565230 tempest-ServersNegativeTestJSON-1929565230-project-member] ephemeral_encryption_filter skipped {{(pid=96588) ephemeral_encryption_filter /opt/stack/nova/nova/scheduler/request_filter.py:426}}
Jul 21 05:05:30.539586 np0000005528 nova-scheduler[96588]: DEBUG nova.scheduler.request_filter [None req-b19bc5c6-bd0d-40af-bad7-04abc117059f tempest-ServersNegativeTestJSON-1929565230 tempest-ServersNegativeTestJSON-1929565230-project-member] virtio_sound_filter skipped {{(pid=96588) virtio_sound_filter /opt/stack/nova/nova/scheduler/request_filter.py:460}}
Jul 21 05:05:30.540173 np0000005528 nova-scheduler[96588]: DEBUG nova.scheduler.request_filter [None req-b19bc5c6-bd0d-40af-bad7-04abc117059f tempest-ServersNegativeTestJSON-1929565230 tempest-ServersNegativeTestJSON-1929565230-project-member] tpm_secret_security_filter skipped {{(pid=96588) tpm_secret_security_filter /opt/stack/nova/nova/scheduler/request_filter.py:477}}
Jul 21 05:05:31.146595 np0000005528 nova-scheduler[96588]: INFO nova.utils [None req-b19bc5c6-bd0d-40af-bad7-04abc117059f tempest-ServersNegativeTestJSON-1929565230 tempest-ServersNegativeTestJSON-1929565230-project-member] The cell worker thread pool ForkProcess-4.cell_worker is initialized
Jul 21 05:05:31.147116 np0000005528 nova-scheduler[96588]: DEBUG oslo_concurrency.lockutils [None req-b19bc5c6-bd0d-40af-bad7-04abc117059f tempest-ServersNegativeTestJSON-1929565230 tempest-ServersNegativeTestJSON-1929565230-project-member] Acquiring lock "4e80dbf6-394a-4738-b6f8-6438bf99b805" by "nova.context.set_target_cell..get_or_set_cached_cell_and_set_connections" {{(pid=96588) inner /opt/stack/data/venv/lib/python3.12/site-packages/oslo_concurrency/lockutils.py:512}}
Jul 21 05:05:31.148203 np0000005528 nova-scheduler[96588]: DEBUG oslo_concurrency.lockutils [None req-b19bc5c6-bd0d-40af-bad7-04abc117059f tempest-ServersNegativeTestJSON-1929565230 tempest-ServersNegativeTestJSON-1929565230-project-member] Lock "4e80dbf6-394a-4738-b6f8-6438bf99b805" acquired by "nova.context.set_target_cell..get_or_set_cached_cell_and_set_connections" :: waited 0.000s {{(pid=96588) inner /opt/stack/data/venv/lib/python3.12/site-packages/oslo_concurrency/lockutils.py:525}}
Jul 21 05:05:31.149589 np0000005528 nova-scheduler[96588]: DEBUG oslo_concurrency.lockutils [None req-b19bc5c6-bd0d-40af-bad7-04abc117059f tempest-ServersNegativeTestJSON-1929565230 tempest-ServersNegativeTestJSON-1929565230-project-member] Lock "4e80dbf6-394a-4738-b6f8-6438bf99b805" "released" by "nova.context.set_target_cell..get_or_set_cached_cell_and_set_connections" :: held 0.002s {{(pid=96588) inner /opt/stack/data/venv/lib/python3.12/site-packages/oslo_concurrency/lockutils.py:544}}
Jul 21 05:05:31.151807 np0000005528 nova-scheduler[96588]: INFO dbcounter [None req-b19bc5c6-bd0d-40af-bad7-04abc117059f tempest-ServersNegativeTestJSON-1929565230 tempest-ServersNegativeTestJSON-1929565230-project-member] Registered counter for database nova_cell1
Jul 21 05:05:31.193231 np0000005528 nova-scheduler[96588]: DEBUG oslo_db.sqlalchemy.engines [None req-b19bc5c6-bd0d-40af-bad7-04abc117059f tempest-ServersNegativeTestJSON-1929565230 tempest-ServersNegativeTestJSON-1929565230-project-member] MySQL server mode set to STRICT_TRANS_TABLES,STRICT_ALL_TABLES,NO_ZERO_IN_DATE,NO_ZERO_DATE,ERROR_FOR_DIVISION_BY_ZERO,TRADITIONAL,NO_ENGINE_SUBSTITUTION {{(pid=96588) _check_effective_sql_mode /opt/stack/data/venv/lib/python3.12/site-packages/oslo_db/sqlalchemy/engines.py:325}}
Jul 21 05:05:31.201030 np0000005528 nova-scheduler[96588]: DEBUG dbcounter [-] [96588] Writer thread running {{(pid=96588) stat_writer /opt/stack/data/venv/lib/python3.12/site-packages/dbcounter.py:102}}
Jul 21 05:05:31.211675 np0000005528 nova-scheduler[96588]: DEBUG oslo_db.sqlalchemy.engines [None req-b19bc5c6-bd0d-40af-bad7-04abc117059f tempest-ServersNegativeTestJSON-1929565230 tempest-ServersNegativeTestJSON-1929565230-project-member] Parent process 95383 forked (96588) with an open database connection, which is being discarded and recreated. {{(pid=96588) checkout /opt/stack/data/venv/lib/python3.12/site-packages/oslo_db/sqlalchemy/engines.py:402}}
Jul 21 05:05:31.255769 np0000005528 nova-scheduler[96588]: DEBUG dbcounter [-] [96588] Writer thread running {{(pid=96588) stat_writer /opt/stack/data/venv/lib/python3.12/site-packages/dbcounter.py:102}}
Jul 21 05:05:31.258377 np0000005528 nova-scheduler[96588]: DEBUG oslo_concurrency.lockutils [None req-b19bc5c6-bd0d-40af-bad7-04abc117059f tempest-ServersNegativeTestJSON-1929565230 tempest-ServersNegativeTestJSON-1929565230-project-member] Acquiring lock "4e80dbf6-394a-4738-b6f8-6438bf99b805" by "nova.context.set_target_cell..get_or_set_cached_cell_and_set_connections" {{(pid=96588) inner /opt/stack/data/venv/lib/python3.12/site-packages/oslo_concurrency/lockutils.py:512}}
Jul 21 05:05:31.258511 np0000005528 nova-scheduler[96588]: DEBUG oslo_concurrency.lockutils [None req-b19bc5c6-bd0d-40af-bad7-04abc117059f tempest-ServersNegativeTestJSON-1929565230 tempest-ServersNegativeTestJSON-1929565230-project-member] Lock "4e80dbf6-394a-4738-b6f8-6438bf99b805" acquired by "nova.context.set_target_cell..get_or_set_cached_cell_and_set_connections" :: waited 0.000s {{(pid=96588) inner /opt/stack/data/venv/lib/python3.12/site-packages/oslo_concurrency/lockutils.py:525}}
