Jun 12 09:14:35.101584 np0000002723 devstack@n-api.service[86705]: DEBUG nova.api.openstack.wsgi [None req-d2d9d9ec-62cb-40f0-ac76-b013232ab212 admin admin] Action: 'create', calling method: >, body: {"flavor": {"disk": 80, "swap": 0, "id": "4", "vcpus": 4, "OS-FLV-EXT-DATA:ephemeral": 0, "ram": 8192, "os-flavor-access:is_public": true, "name": "m1.large"}} {{(pid=86705) _process_stack /opt/stack/nova/nova/api/openstack/wsgi.py:549}}
Jun 12 09:14:35.115541 np0000002723 devstack@n-api.service[86705]: INFO nova.api.openstack.requestlog [None req-d2d9d9ec-62cb-40f0-ac76-b013232ab212 admin admin] 10.4.3.9 "POST /compute/v2.1/flavors" status: 200 len: 401 microversion: 2.61 time: 0.016006
Jun 12 09:14:35.115798 np0000002723 devstack@n-api.service[86705]: [pid: 86705|app: 0|req: 7/21] 10.4.3.9 () {72 vars in 1384 bytes} [Fri Jun 12 09:14:35 2026] POST /compute/v2.1/flavors => generated 401 bytes in 16 msecs (HTTP/1.1 200) 9 headers in 359 bytes (1 switches on core 0)
Jun 12 09:14:35.126101 np0000002723 devstack@n-api.service[86707]: DEBUG nova.api.openstack.wsgi [None req-b5af591b-1561-443a-9ad8-5cba7cb23710 admin admin] Action: 'create', calling method: >, body: {"extra_specs": {"hw_rng:allowed": "True"}} {{(pid=86707) _process_stack /opt/stack/nova/nova/api/openstack/wsgi.py:549}}
Jun 12 09:14:35.140728 np0000002723 devstack@n-api.service[86707]: INFO nova.api.openstack.requestlog [None req-b5af591b-1561-443a-9ad8-5cba7cb23710 admin admin] 10.4.3.9 "POST /compute/v2.1/flavors/4/os-extra_specs" status: 200 len: 43 microversion: 2.61 time: 0.016346
Jun 12 09:14:35.141145 np0000002723 devstack@n-api.service[86707]: [pid: 86707|app: 0|req: 7/22] 10.4.3.9 () {72 vars in 1434 bytes} [Fri Jun 12 09:14:35 2026] POST /compute/v2.1/flavors/4/os-extra_specs => generated 43 bytes in 17 msecs (HTTP/1.1 200) 9 headers in 358 bytes (1 switches on core 0)
Jun 12 09:14:35.343819 np0000002723 devstack@n-api.service[86706]: DEBUG nova.api.openstack.wsgi [None req-fa984773-ca33-4f68-8eb0-75a25f021e73 admin admin] Action: 'create', calling method: >, body: {"flavor": {"disk": 160, "swap": 0, "id": "5", "vcpus": 8, "OS-FLV-EXT-DATA:ephemeral": 0, "ram": 16384, "os-flavor-access:is_public": true, "name": "m1.xlarge"}} {{(pid=86706) _process_stack /opt/stack/nova/nova/api/openstack/wsgi.py:549}}
Jun 12 09:14:35.357745 np0000002723 devstack@n-api.service[86706]: INFO nova.api.openstack.requestlog [None req-fa984773-ca33-4f68-8eb0-75a25f021e73 admin admin] 10.4.3.9 "POST /compute/v2.1/flavors" status: 200 len: 404 microversion: 2.61 time: 0.015446
Jun 12 09:14:35.358284 np0000002723 devstack@n-api.service[86706]: [pid: 86706|app: 0|req: 9/23] 10.4.3.9 () {72 vars in 1384 bytes} [Fri Jun 12 09:14:35 2026] POST /compute/v2.1/flavors => generated 404 bytes in 16 msecs (HTTP/1.1 200) 9 headers in 359 bytes (1 switches on core 0)
Jun 12 09:14:35.372622 np0000002723 devstack@n-api.service[86705]: DEBUG nova.api.openstack.wsgi [None req-41cdc9ba-d37d-46fd-ac5d-acba54ed592a admin admin] Action: 'create', calling method: >, body: {"extra_specs": {"hw_rng:allowed": "True"}} {{(pid=86705) _process_stack /opt/stack/nova/nova/api/openstack/wsgi.py:549}}
Jun 12 09:14:35.386791 np0000002723 devstack@n-api.service[86705]: INFO nova.api.openstack.requestlog [None req-41cdc9ba-d37d-46fd-ac5d-acba54ed592a admin admin] 10.4.3.9 "POST /compute/v2.1/flavors/5/os-extra_specs" status: 200 len: 43 microversion: 2.61 time: 0.015855
Jun 12 09:14:35.387307 np0000002723 devstack@n-api.service[86705]: [pid: 86705|app: 0|req: 8/24] 10.4.3.9 () {72 vars in 1434 bytes} [Fri Jun 12 09:14:35 2026] POST /compute/v2.1/flavors/5/os-extra_specs => generated 43 bytes in 16 msecs (HTTP/1.1 200) 9 headers in 358 bytes (2 switches on core 0)
Jun 12 09:14:45.138281 np0000002723 devstack@n-api.service[86707]: DEBUG dbcounter [-] [86707] Writing DB stats nova_api:INSERT=7,nova_api:SELECT=15,nova_api:SAVEPOINT=4,nova_api:RELEASE=4 {{(pid=86707) stat_writer /opt/stack/data/venv/lib/python3.12/site-packages/dbcounter.py:115}}
Jun 12 09:14:45.352575 np0000002723 devstack@n-api.service[86706]: DEBUG dbcounter [-] [86706] Writing DB stats nova_api:SELECT=13,nova_api:SAVEPOINT=3,nova_api:INSERT=6,nova_api:RELEASE=3 {{(pid=86706) stat_writer /opt/stack/data/venv/lib/python3.12/site-packages/dbcounter.py:115}}
Jun 12 09:14:45.384710 np0000002723 devstack@n-api.service[86705]: DEBUG dbcounter [-] [86705] Writing DB stats nova_api:SELECT=14,nova_api:INSERT=7,nova_api:SAVEPOINT=3,nova_api:RELEASE=3 {{(pid=86705) stat_writer /opt/stack/data/venv/lib/python3.12/site-packages/dbcounter.py:115}}
Jun 12 09:14:58.939388 np0000002723 devstack@n-api.service[86707]: DEBUG nova.api.openstack.wsgi [None req-d5141174-faa6-4b3e-b8a8-2da13467504b admin admin] Calling method '>' {{(pid=86707) _process_stack /opt/stack/nova/nova/api/openstack/wsgi.py:551}}
Jun 12 09:14:58.941114 np0000002723 devstack@n-api.service[86707]: DEBUG oslo_concurrency.lockutils [None req-d5141174-faa6-4b3e-b8a8-2da13467504b admin admin] Acquiring lock "00000000-0000-0000-0000-000000000000" by "nova.context.set_target_cell..get_or_set_cached_cell_and_set_connections" {{(pid=86707) inner /opt/stack/data/venv/lib/python3.12/site-packages/oslo_concurrency/lockutils.py:511}}
Jun 12 09:14:58.941448 np0000002723 devstack@n-api.service[86707]: DEBUG oslo_concurrency.lockutils [None req-d5141174-faa6-4b3e-b8a8-2da13467504b admin admin] Lock "00000000-0000-0000-0000-000000000000" acquired by "nova.context.set_target_cell..get_or_set_cached_cell_and_set_connections" :: waited 0.000s {{(pid=86707) inner /opt/stack/data/venv/lib/python3.12/site-packages/oslo_concurrency/lockutils.py:524}}
Jun 12 09:14:58.941570 np0000002723 devstack@n-api.service[86707]: DEBUG oslo_concurrency.lockutils [None req-d5141174-faa6-4b3e-b8a8-2da13467504b admin admin] Lock "00000000-0000-0000-0000-000000000000" "released" by "nova.context.set_target_cell..get_or_set_cached_cell_and_set_connections" :: held 0.000s {{(pid=86707) inner /opt/stack/data/venv/lib/python3.12/site-packages/oslo_concurrency/lockutils.py:543}}
Jun 12 09:14:58.942295 np0000002723 devstack@n-api.service[86707]: DEBUG oslo_concurrency.lockutils [None req-d5141174-faa6-4b3e-b8a8-2da13467504b admin admin] Acquiring lock "d6d77e08-61cc-45bd-8166-7547ded6df61" by "nova.context.set_target_cell..get_or_set_cached_cell_and_set_connections" {{(pid=86707) inner /opt/stack/data/venv/lib/python3.12/site-packages/oslo_concurrency/lockutils.py:511}}
Jun 12 09:14:58.942434 np0000002723 devstack@n-api.service[86707]: DEBUG oslo_concurrency.lockutils [None req-d5141174-faa6-4b3e-b8a8-2da13467504b admin admin] Lock "d6d77e08-61cc-45bd-8166-7547ded6df61" acquired by "nova.context.set_target_cell..get_or_set_cached_cell_and_set_connections" :: waited 0.000s {{(pid=86707) inner /opt/stack/data/venv/lib/python3.12/site-packages/oslo_concurrency/lockutils.py:524}}
Jun 12 09:14:58.942533 np0000002723 devstack@n-api.service[86707]: DEBUG oslo_concurrency.lockutils [None req-d5141174-faa6-4b3e-b8a8-2da13467504b admin admin] Lock "d6d77e08-61cc-45bd-8166-7547ded6df61" "released" by "nova.context.set_target_cell..get_or_set_cached_cell_and_set_connections" :: held 0.000s {{(pid=86707) inner /opt/stack/data/venv/lib/python3.12/site-packages/oslo_concurrency/lockutils.py:543}}
Jun 12 09:14:58.994132 np0000002723 devstack@n-api.service[86707]: INFO nova.api.openstack.requestlog [None req-d5141174-faa6-4b3e-b8a8-2da13467504b admin admin] 10.4.3.9 "GET /compute/v2.1/os-services?binary=nova-compute&host=np0000002723" status: 200 len: 255 microversion: 2.69 time: 0.056211
Jun 12 09:14:58.994413 np0000002723 devstack@n-api.service[86707]: [pid: 86707|app: 0|req: 8/25] 10.4.3.9 () {68 vars in 1430 bytes} [Fri Jun 12 09:14:58 2026] GET /compute/v2.1/os-services?binary=nova-compute&host=np0000002723 => generated 255 bytes in 57 msecs (HTTP/1.1 200) 9 headers in 359 bytes (1 switches on core 0)
Jun 12 09:15:08.948639 np0000002723 devstack@n-api.service[86707]: DEBUG dbcounter [-] [86707] Writing DB stats nova_cell0:SELECT=1 {{(pid=86707) stat_writer /opt/stack/data/venv/lib/python3.12/site-packages/dbcounter.py:115}}
Jun 12 09:15:08.949251 np0000002723 devstack@n-api.service[86707]: DEBUG dbcounter [-] [86707] Writing DB stats nova_cell1:SELECT=1 {{(pid=86707) stat_writer /opt/stack/data/venv/lib/python3.12/site-packages/dbcounter.py:115}}
Jun 12 09:15:08.987500 np0000002723 devstack@n-api.service[86707]: DEBUG dbcounter [-] [86707] Writing DB stats nova_api:SELECT=2 {{(pid=86707) stat_writer /opt/stack/data/venv/lib/python3.12/site-packages/dbcounter.py:115}}
Jun 12 09:15:12.135447 np0000002723 devstack@n-api.service[86706]: DEBUG nova.api.openstack.wsgi [None req-89d91f63-bfbc-4970-8303-d712a61c3c04 admin admin] Calling method '>' {{(pid=86706) _process_stack /opt/stack/nova/nova/api/openstack/wsgi.py:551}}
Jun 12 09:15:12.149157 np0000002723 devstack@n-api.service[86706]: INFO nova.api.openstack.requestlog [None req-89d91f63-bfbc-4970-8303-d712a61c3c04 admin admin] 10.4.3.9 "GET /compute/v2.1/flavors/detail?is_public=True" status: 200 len: 4162 microversion: 2.61 time: 0.015284
Jun 12 09:15:12.149431 np0000002723 devstack@n-api.service[86706]: [pid: 86706|app: 0|req: 10/26] 10.4.3.9 () {68 vars in 1393 bytes} [Fri Jun 12 09:15:12 2026] GET /compute/v2.1/flavors/detail?is_public=True => generated 4162 bytes in 16 msecs (HTTP/1.1 200) 9 headers in 360 bytes (1 switches on core 0)
Jun 12 09:15:12.632551 np0000002723 devstack@n-api.service[86705]: DEBUG nova.api.openstack.wsgi [None req-52978d23-fc23-491e-b195-3e7008ad2203 admin admin] Action: 'create', calling method: >, body: {"flavor": {"disk": 1, "swap": 0, "id": "42", "vcpus": 1, "OS-FLV-EXT-DATA:ephemeral": 0, "ram": 192, "os-flavor-access:is_public": true, "name": "m1.nano"}} {{(pid=86705) _process_stack /opt/stack/nova/nova/api/openstack/wsgi.py:549}}
Jun 12 09:15:12.646022 np0000002723 devstack@n-api.service[86705]: INFO nova.api.openstack.requestlog [None req-52978d23-fc23-491e-b195-3e7008ad2203 admin admin] 10.4.3.9 "POST /compute/v2.1/flavors" status: 200 len: 401 microversion: 2.61 time: 0.015119
Jun 12 09:15:12.646353 np0000002723 devstack@n-api.service[86705]: [pid: 86705|app: 0|req: 9/27] 10.4.3.9 () {72 vars in 1384 bytes} [Fri Jun 12 09:15:12 2026] POST /compute/v2.1/flavors => generated 401 bytes in 16 msecs (HTTP/1.1 200) 9 headers in 359 bytes (1 switches on core 0)
Jun 12 09:15:12.656354 np0000002723 devstack@n-api.service[86707]: DEBUG nova.api.openstack.wsgi [None req-a61142a6-9548-4b1c-987c-8c8ae98d391b admin admin] Action: 'create', calling method: >, body: {"extra_specs": {"hw_rng:allowed": "True"}} {{(pid=86707) _process_stack /opt/stack/nova/nova/api/openstack/wsgi.py:549}}
Jun 12 09:15:12.670667 np0000002723 devstack@n-api.service[86707]: INFO nova.api.openstack.requestlog [None req-a61142a6-9548-4b1c-987c-8c8ae98d391b admin admin] 10.4.3.9 "POST /compute/v2.1/flavors/42/os-extra_specs" status: 200 len: 43 microversion: 2.61 time: 0.015919
Jun 12 09:15:12.670976 np0000002723 devstack@n-api.service[86707]: [pid: 86707|app: 0|req: 9/28] 10.4.3.9 () {72 vars in 1437 bytes} [Fri Jun 12 09:15:12 2026] POST /compute/v2.1/flavors/42/os-extra_specs => generated 43 bytes in 16 msecs (HTTP/1.1 200) 9 headers in 358 bytes (1 switches on core 0)
Jun 12 09:15:13.113802 np0000002723 devstack@n-api.service[86706]: DEBUG nova.api.openstack.wsgi [None req-d1c8d8c1-ee5d-454e-ae8d-e4343b2c362b admin admin] Action: 'create', calling method: >, body: {"flavor": {"disk": 1, "swap": 0, "id": "84", "vcpus": 1, "OS-FLV-EXT-DATA:ephemeral": 0, "ram": 256, "os-flavor-access:is_public": true, "name": "m1.micro"}} {{(pid=86706) _process_stack /opt/stack/nova/nova/api/openstack/wsgi.py:549}}
Jun 12 09:15:13.126641 np0000002723 devstack@n-api.service[86706]: INFO nova.api.openstack.requestlog [None req-d1c8d8c1-ee5d-454e-ae8d-e4343b2c362b admin admin] 10.4.3.9 "POST /compute/v2.1/flavors" status: 200 len: 402 microversion: 2.61 time: 0.014800
Jun 12 09:15:13.126966 np0000002723 devstack@n-api.service[86706]: [pid: 86706|app: 0|req: 11/29] 10.4.3.9 () {72 vars in 1384 bytes} [Fri Jun 12 09:15:13 2026] POST /compute/v2.1/flavors => generated 402 bytes in 15 msecs (HTTP/1.1 200) 9 headers in 359 bytes (1 switches on core 0)
Jun 12 09:15:13.137166 np0000002723 devstack@n-api.service[86705]: DEBUG nova.api.openstack.wsgi [None req-e5c1841f-d1cc-484f-adea-708ef68612cb admin admin] Action: 'create', calling method: >, body: {"extra_specs": {"hw_rng:allowed": "True"}} {{(pid=86705) _process_stack /opt/stack/nova/nova/api/openstack/wsgi.py:549}}
Jun 12 09:15:13.153055 np0000002723 devstack@n-api.service[86705]: INFO nova.api.openstack.requestlog [None req-e5c1841f-d1cc-484f-adea-708ef68612cb admin admin] 10.4.3.9 "POST /compute/v2.1/flavors/84/os-extra_specs" status: 200 len: 43 microversion: 2.61 time: 0.017343
Jun 12 09:15:13.153352 np0000002723 devstack@n-api.service[86705]: [pid: 86705|app: 0|req: 10/30] 10.4.3.9 () {72 vars in 1437 bytes} [Fri Jun 12 09:15:13 2026] POST /compute/v2.1/flavors/84/os-extra_specs => generated 43 bytes in 18 msecs (HTTP/1.1 200) 9 headers in 358 bytes (1 switches on core 0)
Jun 12 09:15:22.667590 np0000002723 devstack@n-api.service[86707]: DEBUG dbcounter [-] [86707] Writing DB stats nova_api:SELECT=3,nova_api:SAVEPOINT=1,nova_api:INSERT=1,nova_api:RELEASE=1 {{(pid=86707) stat_writer /opt/stack/data/venv/lib/python3.12/site-packages/dbcounter.py:115}}
Jun 12 09:15:23.122081 np0000002723 devstack@n-api.service[86706]: DEBUG dbcounter [-] [86706] Writing DB stats nova_api:SELECT=2,nova_api:INSERT=1 {{(pid=86706) stat_writer /opt/stack/data/venv/lib/python3.12/site-packages/dbcounter.py:115}}
Jun 12 09:15:23.150162 np0000002723 devstack@n-api.service[86705]: DEBUG dbcounter [-] [86705] Writing DB stats nova_api:INSERT=2,nova_api:SELECT=4,nova_api:SAVEPOINT=1,nova_api:RELEASE=1 {{(pid=86705) stat_writer /opt/stack/data/venv/lib/python3.12/site-packages/dbcounter.py:115}}
Jun 12 09:16:56.347615 np0000002723 devstack@n-api.service[86707]: DEBUG nova.api.openstack.wsgi [None req-79acfc89-401c-4c2d-8d18-54b72981c6a5 tempest-ServerActionsTestOtherA-1688960835 tempest-ServerActionsTestOtherA-1688960835-project-member] Action: 'create', calling method: >, body: {"keypair": {"name": "tempest-keypair-1158454921", "public_key": "ecdsa-sha2-nistp384 AAAAE2VjZHNhLXNoYTItbmlzdHAzODQAAAAIbmlzdHAzODQAAABhBHxl+qp/IkFfQXAcSt3Mvv9nHwH2OIJSR5S1E4K6si9yQvdX7Mso9UlAejEphmPUHRqAfrXjlVbQM9mg5cCQTj74H5+Et0DGs1b0AV+0luv7nEh4OpLBU42lYM/TOOQ7xQ=="}} {{(pid=86707) _process_stack /opt/stack/nova/nova/api/openstack/wsgi.py:549}}
Jun 12 09:16:56.368735 np0000002723 devstack@n-api.service[86707]: DEBUG nova.quota [None req-79acfc89-401c-4c2d-8d18-54b72981c6a5 tempest-ServerActionsTestOtherA-1688960835 tempest-ServerActionsTestOtherA-1688960835-project-member] Getting quotas for project ba3ec7fcccc9473c84e533d1c0f9e30a. Resources: {'key_pairs'} {{(pid=86707) _get_quotas /opt/stack/nova/nova/quota.py:392}}
Jun 12 09:16:56.374812 np0000002723 devstack@n-api.service[86707]: DEBUG nova.quota [None req-79acfc89-401c-4c2d-8d18-54b72981c6a5 tempest-ServerActionsTestOtherA-1688960835 tempest-ServerActionsTestOtherA-1688960835-project-member] Getting quotas for user c958e7d6ba9e459d9bc6370975d24449 and project ba3ec7fcccc9473c84e533d1c0f9e30a. Resources: {'key_pairs'} {{(pid=86707) _get_quotas /opt/stack/nova/nova/quota.py:382}}
Jun 12 09:16:56.410477 np0000002723 devstack@n-api.service[86707]: INFO nova.api.openstack.requestlog [None req-79acfc89-401c-4c2d-8d18-54b72981c6a5 tempest-ServerActionsTestOtherA-1688960835 tempest-ServerActionsTestOtherA-1688960835-project-member] 10.4.3.9 "POST /compute/v2.1/os-keypairs" status: 200 len: 386 microversion: 2.1 time: 0.531060
Jun 12 09:16:56.411149 np0000002723 devstack@n-api.service[86707]: [pid: 86707|app: 0|req: 10/31] 10.4.3.9 () {68 vars in 1263 bytes} [Fri Jun 12 09:16:55 2026] POST /compute/v2.1/os-keypairs => generated 386 bytes in 532 msecs (HTTP/1.1 200) 9 headers in 357 bytes (1 switches on core 0)
Jun 12 09:16:58.491352 np0000002723 devstack@n-api.service[86706]: DEBUG nova.api.openstack.wsgi [None req-0b9e33a4-c09c-4d2a-b234-0c4f87f888ed tempest-ServerBootFromVolumeStableRescueTest-952089496 tempest-ServerBootFromVolumeStableRescueTest-952089496-project-member] Action: 'create', calling method: >, body: {"server": {"name": "tempest-ServerBootFromVolumeStableRescueTest-server-378942657", "imageRef": "afd6bd2b-0974-4097-8922-9055e0f66027", "flavorRef": "42", "networks": [{"uuid": "a7e82f22-cc72-4903-8a2f-0266ecdfd596"}]}} {{(pid=86706) _process_stack /opt/stack/nova/nova/api/openstack/wsgi.py:549}}
Jun 12 09:16:59.375551 np0000002723 devstack@n-api.service[86705]: DEBUG nova.api.openstack.wsgi [None req-2037f95c-bed8-4b60-83d0-9ea0f5182807 tempest-ServerStableDeviceRescueTest-194260364 tempest-ServerStableDeviceRescueTest-194260364-project-member] Action: 'create', calling method: >, body: {"keypair": {"name": "tempest-keypair-759738379", "public_key": "ecdsa-sha2-nistp384 AAAAE2VjZHNhLXNoYTItbmlzdHAzODQAAAAIbmlzdHAzODQAAABhBJB4TETkFdBbi6VEiS1kW1vKxesu9e1rCDqwp4qs/B0aG3VNqK6oLbY8jqyuMUlUKOkz5ehC+l5r83sTqLuzHnV+iAYLIw1FYPLfXC++iYTIj3RKeCk/rUyBN6AsBkslUQ=="}} {{(pid=86705) _process_stack /opt/stack/nova/nova/api/openstack/wsgi.py:549}}
Jun 12 09:16:59.400834 np0000002723 devstack@n-api.service[86705]: DEBUG nova.quota [None req-2037f95c-bed8-4b60-83d0-9ea0f5182807 tempest-ServerStableDeviceRescueTest-194260364 tempest-ServerStableDeviceRescueTest-194260364-project-member] Getting quotas for project cb4f6ccd0e7446c4967bc094a7ca928a. Resources: {'key_pairs'} {{(pid=86705) _get_quotas /opt/stack/nova/nova/quota.py:392}}
Jun 12 09:16:59.406749 np0000002723 devstack@n-api.service[86705]: DEBUG nova.quota [None req-2037f95c-bed8-4b60-83d0-9ea0f5182807 tempest-ServerStableDeviceRescueTest-194260364 tempest-ServerStableDeviceRescueTest-194260364-project-member] Getting quotas for user 9d40f3e151ee4b8088f47e2076b56170 and project cb4f6ccd0e7446c4967bc094a7ca928a. Resources: {'key_pairs'} {{(pid=86705) _get_quotas /opt/stack/nova/nova/quota.py:382}}
Jun 12 09:16:59.418033 np0000002723 devstack@n-api.service[86706]: DEBUG oslo_concurrency.lockutils [None req-0b9e33a4-c09c-4d2a-b234-0c4f87f888ed tempest-ServerBootFromVolumeStableRescueTest-952089496 tempest-ServerBootFromVolumeStableRescueTest-952089496-project-member] Acquiring lock "00000000-0000-0000-0000-000000000000" by "nova.context.set_target_cell..get_or_set_cached_cell_and_set_connections" {{(pid=86706) inner /opt/stack/data/venv/lib/python3.12/site-packages/oslo_concurrency/lockutils.py:511}}
Jun 12 09:16:59.418493 np0000002723 devstack@n-api.service[86706]: DEBUG oslo_concurrency.lockutils [None req-0b9e33a4-c09c-4d2a-b234-0c4f87f888ed tempest-ServerBootFromVolumeStableRescueTest-952089496 tempest-ServerBootFromVolumeStableRescueTest-952089496-project-member] Lock "00000000-0000-0000-0000-000000000000" acquired by "nova.context.set_target_cell..get_or_set_cached_cell_and_set_connections" :: waited 0.001s {{(pid=86706) inner /opt/stack/data/venv/lib/python3.12/site-packages/oslo_concurrency/lockutils.py:524}}
Jun 12 09:16:59.418781 np0000002723 devstack@n-api.service[86706]: DEBUG oslo_concurrency.lockutils [None req-0b9e33a4-c09c-4d2a-b234-0c4f87f888ed tempest-ServerBootFromVolumeStableRescueTest-952089496 tempest-ServerBootFromVolumeStableRescueTest-952089496-project-member] Lock "00000000-0000-0000-0000-000000000000" "released" by "nova.context.set_target_cell..get_or_set_cached_cell_and_set_connections" :: held 0.000s {{(pid=86706) inner /opt/stack/data/venv/lib/python3.12/site-packages/oslo_concurrency/lockutils.py:543}}
Jun 12 09:16:59.419812 np0000002723 devstack@n-api.service[86706]: DEBUG oslo_concurrency.lockutils [None req-0b9e33a4-c09c-4d2a-b234-0c4f87f888ed tempest-ServerBootFromVolumeStableRescueTest-952089496 tempest-ServerBootFromVolumeStableRescueTest-952089496-project-member] Acquiring lock "d6d77e08-61cc-45bd-8166-7547ded6df61" by "nova.context.set_target_cell..get_or_set_cached_cell_and_set_connections" {{(pid=86706) inner /opt/stack/data/venv/lib/python3.12/site-packages/oslo_concurrency/lockutils.py:511}}
Jun 12 09:16:59.420235 np0000002723 devstack@n-api.service[86706]: DEBUG oslo_concurrency.lockutils [None req-0b9e33a4-c09c-4d2a-b234-0c4f87f888ed tempest-ServerBootFromVolumeStableRescueTest-952089496 tempest-ServerBootFromVolumeStableRescueTest-952089496-project-member] Lock "d6d77e08-61cc-45bd-8166-7547ded6df61" acquired by "nova.context.set_target_cell..get_or_set_cached_cell_and_set_connections" :: waited 0.000s {{(pid=86706) inner /opt/stack/data/venv/lib/python3.12/site-packages/oslo_concurrency/lockutils.py:524}}
Jun 12 09:16:59.420486 np0000002723 devstack@n-api.service[86706]: DEBUG oslo_concurrency.lockutils [None req-0b9e33a4-c09c-4d2a-b234-0c4f87f888ed tempest-ServerBootFromVolumeStableRescueTest-952089496 tempest-ServerBootFromVolumeStableRescueTest-952089496-project-member] Lock "d6d77e08-61cc-45bd-8166-7547ded6df61" "released" by "nova.context.set_target_cell..get_or_set_cached_cell_and_set_connections" :: held 0.000s {{(pid=86706) inner /opt/stack/data/venv/lib/python3.12/site-packages/oslo_concurrency/lockutils.py:543}}
Jun 12 09:16:59.426810 np0000002723 devstack@n-api.service[86706]: DEBUG nova.network.neutron [None req-0b9e33a4-c09c-4d2a-b234-0c4f87f888ed tempest-ServerBootFromVolumeStableRescueTest-952089496 tempest-ServerBootFromVolumeStableRescueTest-952089496-project-member] validate_networks() for [('a7e82f22-cc72-4903-8a2f-0266ecdfd596', None, None, None, None, None)] {{(pid=86706) validate_networks /opt/stack/nova/nova/network/neutron.py:2685}}
Jun 12 09:16:59.429960 np0000002723 devstack@n-api.service[86706]: WARNING neutronclient.v2_0.client [None req-0b9e33a4-c09c-4d2a-b234-0c4f87f888ed tempest-ServerBootFromVolumeStableRescueTest-952089496 tempest-ServerBootFromVolumeStableRescueTest-952089496-project-member] The python binding code in neutronclient is deprecated in favor of OpenstackSDK, please use that as this will be removed in a future release.
Jun 12 09:16:59.447371 np0000002723 devstack@n-api.service[86705]: INFO nova.api.openstack.requestlog [None req-2037f95c-bed8-4b60-83d0-9ea0f5182807 tempest-ServerStableDeviceRescueTest-194260364 tempest-ServerStableDeviceRescueTest-194260364-project-member] 10.4.3.9 "POST /compute/v2.1/os-keypairs" status: 200 len: 385 microversion: 2.1 time: 0.073944
Jun 12 09:16:59.447743 np0000002723 devstack@n-api.service[86705]: [pid: 86705|app: 0|req: 11/32] 10.4.3.9 () {68 vars in 1263 bytes} [Fri Jun 12 09:16:59 2026] POST /compute/v2.1/os-keypairs => generated 385 bytes in 74 msecs (HTTP/1.1 200) 9 headers in 357 bytes (1 switches on core 0)
Jun 12 09:17:02.229211 np0000002723 devstack@n-api.service[86707]: DEBUG nova.api.openstack.wsgi [None req-cd5c778e-2721-4823-a606-5d7d5f39c585 tempest-ServerActionsTestOtherA-1688960835 tempest-ServerActionsTestOtherA-1688960835-project-member] Action: 'create', calling method: >, body: {"server": {"name": "tempest-ServerActionsTestOtherA-server-733783124", "imageRef": "afd6bd2b-0974-4097-8922-9055e0f66027", "flavorRef": "42", "adminPass": "***", "networks": [{"uuid": "1b706258-fd67-45f0-986e-5725db54b9db"}], "security_groups": [{"name": "tempest-securitygroup--917555097"}], "key_name": "tempest-keypair-1158454921", "user_data": "}} {{(pid=86707) _process_stack /opt/stack/nova/nova/api/openstack/wsgi.py:549}}
Jun 12 09:17:02.950558 np0000002723 devstack@n-api.service[86707]: DEBUG oslo_concurrency.lockutils [None req-cd5c778e-2721-4823-a606-5d7d5f39c585 tempest-ServerActionsTestOtherA-1688960835 tempest-ServerActionsTestOtherA-1688960835-project-member] Acquiring lock "00000000-0000-0000-0000-000000000000" by "nova.context.set_target_cell..get_or_set_cached_cell_and_set_connections" {{(pid=86707) inner /opt/stack/data/venv/lib/python3.12/site-packages/oslo_concurrency/lockutils.py:511}}
Jun 12 09:17:02.950888 np0000002723 devstack@n-api.service[86707]: DEBUG oslo_concurrency.lockutils [None req-cd5c778e-2721-4823-a606-5d7d5f39c585 tempest-ServerActionsTestOtherA-1688960835 tempest-ServerActionsTestOtherA-1688960835-project-member] Lock "00000000-0000-0000-0000-000000000000" acquired by "nova.context.set_target_cell..get_or_set_cached_cell_and_set_connections" :: waited 0.001s {{(pid=86707) inner /opt/stack/data/venv/lib/python3.12/site-packages/oslo_concurrency/lockutils.py:524}}
Jun 12 09:17:02.951159 np0000002723 devstack@n-api.service[86707]: DEBUG oslo_concurrency.lockutils [None req-cd5c778e-2721-4823-a606-5d7d5f39c585 tempest-ServerActionsTestOtherA-1688960835 tempest-ServerActionsTestOtherA-1688960835-project-member] Lock "00000000-0000-0000-0000-000000000000" "released" by "nova.context.set_target_cell..get_or_set_cached_cell_and_set_connections" :: held 0.000s {{(pid=86707) inner /opt/stack/data/venv/lib/python3.12/site-packages/oslo_concurrency/lockutils.py:543}}
Jun 12 09:17:02.952134 np0000002723 devstack@n-api.service[86707]: DEBUG oslo_concurrency.lockutils [None req-cd5c778e-2721-4823-a606-5d7d5f39c585 tempest-ServerActionsTestOtherA-1688960835 tempest-ServerActionsTestOtherA-1688960835-project-member] Acquiring lock "d6d77e08-61cc-45bd-8166-7547ded6df61" by "nova.context.set_target_cell..get_or_set_cached_cell_and_set_connections" {{(pid=86707) inner /opt/stack/data/venv/lib/python3.12/site-packages/oslo_concurrency/lockutils.py:511}}
Jun 12 09:17:02.952451 np0000002723 devstack@n-api.service[86707]: DEBUG oslo_concurrency.lockutils [None req-cd5c778e-2721-4823-a606-5d7d5f39c585 tempest-ServerActionsTestOtherA-1688960835 tempest-ServerActionsTestOtherA-1688960835-project-member] Lock "d6d77e08-61cc-45bd-8166-7547ded6df61" acquired by "nova.context.set_target_cell..get_or_set_cached_cell_and_set_connections" :: waited 0.000s {{(pid=86707) inner /opt/stack/data/venv/lib/python3.12/site-packages/oslo_concurrency/lockutils.py:524}}
Jun 12 09:17:02.952709 np0000002723 devstack@n-api.service[86707]: DEBUG oslo_concurrency.lockutils [None req-cd5c778e-2721-4823-a606-5d7d5f39c585 tempest-ServerActionsTestOtherA-1688960835 tempest-ServerActionsTestOtherA-1688960835-project-member] Lock "d6d77e08-61cc-45bd-8166-7547ded6df61" "released" by "nova.context.set_target_cell..get_or_set_cached_cell_and_set_connections" :: held 0.000s {{(pid=86707) inner /opt/stack/data/venv/lib/python3.12/site-packages/oslo_concurrency/lockutils.py:543}}
Jun 12 09:17:02.961254 np0000002723 devstack@n-api.service[86707]: WARNING neutronclient.v2_0.client [None req-cd5c778e-2721-4823-a606-5d7d5f39c585 tempest-ServerActionsTestOtherA-1688960835 tempest-ServerActionsTestOtherA-1688960835-project-member] The python binding code in neutronclient is deprecated in favor of OpenstackSDK, please use that as this will be removed in a future release.
Jun 12 09:17:05.967857 np0000002723 devstack@n-api.service[86706]: WARNING neutronclient.v2_0.client [None req-0b9e33a4-c09c-4d2a-b234-0c4f87f888ed tempest-ServerBootFromVolumeStableRescueTest-952089496 tempest-ServerBootFromVolumeStableRescueTest-952089496-project-member] The python binding code in neutronclient is deprecated in favor of OpenstackSDK, please use that as this will be removed in a future release.
Jun 12 09:17:06.006674 np0000002723 devstack@n-api.service[86707]: DEBUG nova.network.neutron [None req-cd5c778e-2721-4823-a606-5d7d5f39c585 tempest-ServerActionsTestOtherA-1688960835 tempest-ServerActionsTestOtherA-1688960835-project-member] validate_networks() for [('1b706258-fd67-45f0-986e-5725db54b9db', None, None, None, None, None)] {{(pid=86707) validate_networks /opt/stack/nova/nova/network/neutron.py:2685}}
Jun 12 09:17:06.007150 np0000002723 devstack@n-api.service[86707]: WARNING neutronclient.v2_0.client [None req-cd5c778e-2721-4823-a606-5d7d5f39c585 tempest-ServerActionsTestOtherA-1688960835 tempest-ServerActionsTestOtherA-1688960835-project-member] The python binding code in neutronclient is deprecated in favor of OpenstackSDK, please use that as this will be removed in a future release.
Jun 12 09:17:06.381090 np0000002723 devstack@n-api.service[86707]: DEBUG dbcounter [-] [86707] Writing DB stats nova_cell0:SELECT=2 {{(pid=86707) stat_writer /opt/stack/data/venv/lib/python3.12/site-packages/dbcounter.py:115}}
Jun 12 09:17:08.104988 np0000002723 devstack@n-api.service[86705]: DEBUG nova.api.openstack.wsgi [None req-b26532d3-3fac-4c83-a4d9-6cb4a0eab3e8 tempest-ServerStableDeviceRescueTest-194260364 tempest-ServerStableDeviceRescueTest-194260364-project-member] Action: 'create', calling method: >, body: {"server": {"name": "tempest-ServerStableDeviceRescueTest-server-96102343", "imageRef": "afd6bd2b-0974-4097-8922-9055e0f66027", "flavorRef": "42", "networks": [{"uuid": "27d404a0-01b9-4bef-8dc8-7abdb90201a5"}], "security_groups": [{"name": "tempest-securitygroup--1997694580"}], "key_name": "tempest-keypair-759738379", "user_data": "IyEvYmluL3NoCmVjaG8gIlByaW50aW5nIGNpcnJvcyB1c2VyIGF1dGhvcml6ZWQga2V5cyIKY2F0IH5jaXJyb3MvLnNzaC9hdXRob3JpemVkX2tleXMgfHwgdHJ1ZQo="}} {{(pid=86705) _process_stack /opt/stack/nova/nova/api/openstack/wsgi.py:549}}
Jun 12 09:17:08.505727 np0000002723 devstack@n-api.service[86706]: DEBUG dbcounter [-] [86706] Writing DB stats nova_api:SELECT=1 {{(pid=86706) stat_writer /opt/stack/data/venv/lib/python3.12/site-packages/dbcounter.py:115}}
Jun 12 09:17:08.826895 np0000002723 devstack@n-api.service[86705]: DEBUG oslo_concurrency.lockutils [None req-b26532d3-3fac-4c83-a4d9-6cb4a0eab3e8 tempest-ServerStableDeviceRescueTest-194260364 tempest-ServerStableDeviceRescueTest-194260364-project-member] Acquiring lock "00000000-0000-0000-0000-000000000000" by "nova.context.set_target_cell..get_or_set_cached_cell_and_set_connections" {{(pid=86705) inner /opt/stack/data/venv/lib/python3.12/site-packages/oslo_concurrency/lockutils.py:511}}
Jun 12 09:17:08.827370 np0000002723 devstack@n-api.service[86705]: DEBUG oslo_concurrency.lockutils [None req-b26532d3-3fac-4c83-a4d9-6cb4a0eab3e8 tempest-ServerStableDeviceRescueTest-194260364 tempest-ServerStableDeviceRescueTest-194260364-project-member] Lock "00000000-0000-0000-0000-000000000000" acquired by "nova.context.set_target_cell..get_or_set_cached_cell_and_set_connections" :: waited 0.001s {{(pid=86705) inner /opt/stack/data/venv/lib/python3.12/site-packages/oslo_concurrency/lockutils.py:524}}
Jun 12 09:17:08.827785 np0000002723 devstack@n-api.service[86705]: DEBUG oslo_concurrency.lockutils [None req-b26532d3-3fac-4c83-a4d9-6cb4a0eab3e8 tempest-ServerStableDeviceRescueTest-194260364 tempest-ServerStableDeviceRescueTest-194260364-project-member] Lock "00000000-0000-0000-0000-000000000000" "released" by "nova.context.set_target_cell..get_or_set_cached_cell_and_set_connections" :: held 0.000s {{(pid=86705) inner /opt/stack/data/venv/lib/python3.12/site-packages/oslo_concurrency/lockutils.py:543}}
Jun 12 09:17:08.828721 np0000002723 devstack@n-api.service[86705]: DEBUG oslo_concurrency.lockutils [None req-b26532d3-3fac-4c83-a4d9-6cb4a0eab3e8 tempest-ServerStableDeviceRescueTest-194260364 tempest-ServerStableDeviceRescueTest-194260364-project-member] Acquiring lock "d6d77e08-61cc-45bd-8166-7547ded6df61" by "nova.context.set_target_cell..get_or_set_cached_cell_and_set_connections" {{(pid=86705) inner /opt/stack/data/venv/lib/python3.12/site-packages/oslo_concurrency/lockutils.py:511}}
Jun 12 09:17:08.829133 np0000002723 devstack@n-api.service[86705]: DEBUG oslo_concurrency.lockutils [None req-b26532d3-3fac-4c83-a4d9-6cb4a0eab3e8 tempest-ServerStableDeviceRescueTest-194260364 tempest-ServerStableDeviceRescueTest-194260364-project-member] Lock "d6d77e08-61cc-45bd-8166-7547ded6df61" acquired by "nova.context.set_target_cell..get_or_set_cached_cell_and_set_connections" :: waited 0.000s {{(pid=86705) inner /opt/stack/data/venv/lib/python3.12/site-packages/oslo_concurrency/lockutils.py:524}}
Jun 12 09:17:08.829574 np0000002723 devstack@n-api.service[86705]: DEBUG oslo_concurrency.lockutils [None req-b26532d3-3fac-4c83-a4d9-6cb4a0eab3e8 tempest-ServerStableDeviceRescueTest-194260364 tempest-ServerStableDeviceRescueTest-194260364-project-member] Lock "d6d77e08-61cc-45bd-8166-7547ded6df61" "released" by "nova.context.set_target_cell..get_or_set_cached_cell_and_set_connections" :: held 0.000s {{(pid=86705) inner /opt/stack/data/venv/lib/python3.12/site-packages/oslo_concurrency/lockutils.py:543}}
Jun 12 09:17:08.839249 np0000002723 devstack@n-api.service[86705]: WARNING neutronclient.v2_0.client [None req-b26532d3-3fac-4c83-a4d9-6cb4a0eab3e8 tempest-ServerStableDeviceRescueTest-194260364 tempest-ServerStableDeviceRescueTest-194260364-project-member] The python binding code in neutronclient is deprecated in favor of OpenstackSDK, please use that as this will be removed in a future release.
Jun 12 09:17:08.936993 np0000002723 devstack@n-api.service[86707]: WARNING neutronclient.v2_0.client [None req-cd5c778e-2721-4823-a606-5d7d5f39c585 tempest-ServerActionsTestOtherA-1688960835 tempest-ServerActionsTestOtherA-1688960835-project-member] The python binding code in neutronclient is deprecated in favor of OpenstackSDK, please use that as this will be removed in a future release.
Jun 12 09:17:09.415220 np0000002723 devstack@n-api.service[86705]: DEBUG dbcounter [-] [86705] Writing DB stats nova_cell0:SELECT=2 {{(pid=86705) stat_writer /opt/stack/data/venv/lib/python3.12/site-packages/dbcounter.py:115}}
Jun 12 09:17:09.423917 np0000002723 devstack@n-api.service[86706]: DEBUG dbcounter [-] [86706] Writing DB stats nova_cell0:SELECT=1 {{(pid=86706) stat_writer /opt/stack/data/venv/lib/python3.12/site-packages/dbcounter.py:115}}
Jun 12 09:17:09.425226 np0000002723 devstack@n-api.service[86706]: DEBUG dbcounter [-] [86706] Writing DB stats nova_cell1:SELECT=1 {{(pid=86706) stat_writer /opt/stack/data/venv/lib/python3.12/site-packages/dbcounter.py:115}}
Jun 12 09:17:09.624147 np0000002723 devstack@n-api.service[86705]: DEBUG nova.network.neutron [None req-b26532d3-3fac-4c83-a4d9-6cb4a0eab3e8 tempest-ServerStableDeviceRescueTest-194260364 tempest-ServerStableDeviceRescueTest-194260364-project-member] validate_networks() for [('27d404a0-01b9-4bef-8dc8-7abdb90201a5', None, None, None, None, None)] {{(pid=86705) validate_networks /opt/stack/nova/nova/network/neutron.py:2685}}
Jun 12 09:17:09.624622 np0000002723 devstack@n-api.service[86705]: WARNING neutronclient.v2_0.client [None req-b26532d3-3fac-4c83-a4d9-6cb4a0eab3e8 tempest-ServerStableDeviceRescueTest-194260364 tempest-ServerStableDeviceRescueTest-194260364-project-member] The python binding code in neutronclient is deprecated in favor of OpenstackSDK, please use that as this will be removed in a future release.
Jun 12 09:17:09.683581 np0000002723 devstack@n-api.service[86706]: DEBUG nova.virt.hardware [None req-0b9e33a4-c09c-4d2a-b234-0c4f87f888ed tempest-ServerBootFromVolumeStableRescueTest-952089496 tempest-ServerBootFromVolumeStableRescueTest-952089496-project-member] Flavor limits 0:0:0 {{(pid=86706) get_cpu_topology_constraints /opt/stack/nova/nova/virt/hardware.py:488}}
Jun 12 09:17:09.684006 np0000002723 devstack@n-api.service[86706]: DEBUG nova.virt.hardware [None req-0b9e33a4-c09c-4d2a-b234-0c4f87f888ed tempest-ServerBootFromVolumeStableRescueTest-952089496 tempest-ServerBootFromVolumeStableRescueTest-952089496-project-member] Image limits 0:0:0 {{(pid=86706) get_cpu_topology_constraints /opt/stack/nova/nova/virt/hardware.py:492}}
Jun 12 09:17:09.684006 np0000002723 devstack@n-api.service[86706]: DEBUG nova.virt.hardware [None req-0b9e33a4-c09c-4d2a-b234-0c4f87f888ed tempest-ServerBootFromVolumeStableRescueTest-952089496 tempest-ServerBootFromVolumeStableRescueTest-952089496-project-member] Flavor pref 0:0:0 {{(pid=86706) get_cpu_topology_constraints /opt/stack/nova/nova/virt/hardware.py:528}}
Jun 12 09:17:09.684087 np0000002723 devstack@n-api.service[86706]: DEBUG nova.virt.hardware [None req-0b9e33a4-c09c-4d2a-b234-0c4f87f888ed tempest-ServerBootFromVolumeStableRescueTest-952089496 tempest-ServerBootFromVolumeStableRescueTest-952089496-project-member] Image pref 0:0:0 {{(pid=86706) get_cpu_topology_constraints /opt/stack/nova/nova/virt/hardware.py:532}}
Jun 12 09:17:09.684258 np0000002723 devstack@n-api.service[86706]: DEBUG nova.virt.hardware [None req-0b9e33a4-c09c-4d2a-b234-0c4f87f888ed tempest-ServerBootFromVolumeStableRescueTest-952089496 tempest-ServerBootFromVolumeStableRescueTest-952089496-project-member] Chose sockets=0, cores=0, threads=0; limits were sockets=65536, cores=65536, threads=65536 {{(pid=86706) get_cpu_topology_constraints /opt/stack/nova/nova/virt/hardware.py:570}}
Jun 12 09:17:09.696576 np0000002723 devstack@n-api.service[86706]: DEBUG oslo_concurrency.lockutils [None req-0b9e33a4-c09c-4d2a-b234-0c4f87f888ed tempest-ServerBootFromVolumeStableRescueTest-952089496 tempest-ServerBootFromVolumeStableRescueTest-952089496-project-member] Acquiring lock "00000000-0000-0000-0000-000000000000" by "nova.context.set_target_cell..get_or_set_cached_cell_and_set_connections" {{(pid=86706) inner /opt/stack/data/venv/lib/python3.12/site-packages/oslo_concurrency/lockutils.py:511}}
Jun 12 09:17:09.696778 np0000002723 devstack@n-api.service[86706]: DEBUG oslo_concurrency.lockutils [None req-0b9e33a4-c09c-4d2a-b234-0c4f87f888ed tempest-ServerBootFromVolumeStableRescueTest-952089496 tempest-ServerBootFromVolumeStableRescueTest-952089496-project-member] Lock "00000000-0000-0000-0000-000000000000" acquired by "nova.context.set_target_cell..get_or_set_cached_cell_and_set_connections" :: waited 0.000s {{(pid=86706) inner /opt/stack/data/venv/lib/python3.12/site-packages/oslo_concurrency/lockutils.py:524}}
Jun 12 09:17:09.696972 np0000002723 devstack@n-api.service[86706]: DEBUG oslo_concurrency.lockutils [None req-0b9e33a4-c09c-4d2a-b234-0c4f87f888ed tempest-ServerBootFromVolumeStableRescueTest-952089496 tempest-ServerBootFromVolumeStableRescueTest-952089496-project-member] Lock "00000000-0000-0000-0000-000000000000" "released" by "nova.context.set_target_cell..get_or_set_cached_cell_and_set_connections" :: held 0.000s {{(pid=86706) inner /opt/stack/data/venv/lib/python3.12/site-packages/oslo_concurrency/lockutils.py:543}}
Jun 12 09:17:09.697952 np0000002723 devstack@n-api.service[86706]: DEBUG oslo_concurrency.lockutils [None req-0b9e33a4-c09c-4d2a-b234-0c4f87f888ed tempest-ServerBootFromVolumeStableRescueTest-952089496 tempest-ServerBootFromVolumeStableRescueTest-952089496-project-member] Acquiring lock "d6d77e08-61cc-45bd-8166-7547ded6df61" by "nova.context.set_target_cell..get_or_set_cached_cell_and_set_connections" {{(pid=86706) inner /opt/stack/data/venv/lib/python3.12/site-packages/oslo_concurrency/lockutils.py:511}}
Jun 12 09:17:09.698118 np0000002723 devstack@n-api.service[86706]: DEBUG oslo_concurrency.lockutils [None req-0b9e33a4-c09c-4d2a-b234-0c4f87f888ed tempest-ServerBootFromVolumeStableRescueTest-952089496 tempest-ServerBootFromVolumeStableRescueTest-952089496-project-member] Lock "d6d77e08-61cc-45bd-8166-7547ded6df61" acquired by "nova.context.set_target_cell..get_or_set_cached_cell_and_set_connections" :: waited 0.000s {{(pid=86706) inner /opt/stack/data/venv/lib/python3.12/site-packages/oslo_concurrency/lockutils.py:524}}
Jun 12 09:17:09.698311 np0000002723 devstack@n-api.service[86706]: DEBUG oslo_concurrency.lockutils [None req-0b9e33a4-c09c-4d2a-b234-0c4f87f888ed tempest-ServerBootFromVolumeStableRescueTest-952089496 tempest-ServerBootFromVolumeStableRescueTest-952089496-project-member] Lock "d6d77e08-61cc-45bd-8166-7547ded6df61" "released" by "nova.context.set_target_cell..get_or_set_cached_cell_and_set_connections" :: held 0.000s {{(pid=86706) inner /opt/stack/data/venv/lib/python3.12/site-packages/oslo_concurrency/lockutils.py:543}}
Jun 12 09:17:09.722628 np0000002723 devstack@n-api.service[86706]: DEBUG nova.quota [None req-0b9e33a4-c09c-4d2a-b234-0c4f87f888ed tempest-ServerBootFromVolumeStableRescueTest-952089496 tempest-ServerBootFromVolumeStableRescueTest-952089496-project-member] Getting quotas for project 6779f9df3fae40b6bcc69699ef0fe42e. Resources: {'ram', 'cores', 'instances'} {{(pid=86706) _get_quotas /opt/stack/nova/nova/quota.py:392}}
Jun 12 09:17:09.728384 np0000002723 devstack@n-api.service[86706]: DEBUG nova.quota [None req-0b9e33a4-c09c-4d2a-b234-0c4f87f888ed tempest-ServerBootFromVolumeStableRescueTest-952089496 tempest-ServerBootFromVolumeStableRescueTest-952089496-project-member] Getting quotas for user 555a93e05187477f92907b41ccee76b9 and project 6779f9df3fae40b6bcc69699ef0fe42e. Resources: {'ram', 'cores', 'instances'} {{(pid=86706) _get_quotas /opt/stack/nova/nova/quota.py:382}}
Jun 12 09:17:09.736761 np0000002723 devstack@n-api.service[86706]: DEBUG nova.compute.api [None req-0b9e33a4-c09c-4d2a-b234-0c4f87f888ed tempest-ServerBootFromVolumeStableRescueTest-952089496 tempest-ServerBootFromVolumeStableRescueTest-952089496-project-member] Going to run 1 instances... {{(pid=86706) _provision_instances /opt/stack/nova/nova/compute/api.py:1480}}
Jun 12 09:17:09.739531 np0000002723 devstack@n-api.service[86706]: DEBUG nova.compute.api [None req-0b9e33a4-c09c-4d2a-b234-0c4f87f888ed tempest-ServerBootFromVolumeStableRescueTest-952089496 tempest-ServerBootFromVolumeStableRescueTest-952089496-project-member] [instance: 5086a0c6-a3fc-4b76-91e2-1ef0b4741845] block_device_mapping [BlockDeviceMapping(attachment_id=,boot_index=0,connection_info=None,created_at=,delete_on_termination=True,deleted=,deleted_at=,destination_type='local',device_name=None,device_type='disk',disk_bus=None,encrypted=False,encryption_format=None,encryption_options=None,encryption_secret_uuid=None,guest_format=None,id=,image_id='afd6bd2b-0974-4097-8922-9055e0f66027',instance=,instance_uuid=,no_device=False,snapshot_id=None,source_type='image',tag=None,updated_at=,uuid=,volume_id=None,volume_size=None,volume_type=None)] {{(pid=86706) _bdm_validate_set_size_and_instance /opt/stack/nova/nova/compute/api.py:1942}}
Jun 12 09:17:09.819757 np0000002723 devstack@n-api.service[86706]: INFO nova.api.openstack.requestlog [None req-0b9e33a4-c09c-4d2a-b234-0c4f87f888ed tempest-ServerBootFromVolumeStableRescueTest-952089496 tempest-ServerBootFromVolumeStableRescueTest-952089496-project-member] 10.4.3.9 "POST /compute/v2.1/servers" status: 202 len: 376 microversion: 2.87 time: 11.783966
Jun 12 09:17:09.820194 np0000002723 devstack@n-api.service[86706]: [pid: 86706|app: 0|req: 12/33] 10.4.3.9 () {70 vars in 1292 bytes} [Fri Jun 12 09:16:58 2026] POST /compute/v2.1/servers => generated 376 bytes in 11785 msecs (HTTP/1.1 202) 10 headers in 451 bytes (1 switches on core 0)
Jun 12 09:17:09.836105 np0000002723 devstack@n-api.service[86706]: DEBUG nova.api.openstack.wsgi [None req-8a3f3702-5671-4dc4-8b00-14a6ef77a1f3 tempest-ServerBootFromVolumeStableRescueTest-952089496 tempest-ServerBootFromVolumeStableRescueTest-952089496-project-member] Calling method '>' {{(pid=86706) _process_stack /opt/stack/nova/nova/api/openstack/wsgi.py:551}}
Jun 12 09:17:09.837776 np0000002723 devstack@n-api.service[86706]: DEBUG nova.compute.api [None req-8a3f3702-5671-4dc4-8b00-14a6ef77a1f3 tempest-ServerBootFromVolumeStableRescueTest-952089496 tempest-ServerBootFromVolumeStableRescueTest-952089496-project-member] [instance: 5086a0c6-a3fc-4b76-91e2-1ef0b4741845] Fetching instance by UUID {{(pid=86706) get /opt/stack/nova/nova/compute/api.py:3065}}
Jun 12 09:17:09.859159 np0000002723 devstack@n-api.service[86706]: WARNING neutronclient.v2_0.client [None req-8a3f3702-5671-4dc4-8b00-14a6ef77a1f3 tempest-ServerBootFromVolumeStableRescueTest-952089496 tempest-ServerBootFromVolumeStableRescueTest-952089496-project-member] The python binding code in neutronclient is deprecated in favor of OpenstackSDK, please use that as this will be removed in a future release.
Jun 12 09:17:10.106769 np0000002723 devstack@n-api.service[86706]: DEBUG nova.policy [None req-8a3f3702-5671-4dc4-8b00-14a6ef77a1f3 tempest-ServerBootFromVolumeStableRescueTest-952089496 tempest-ServerBootFromVolumeStableRescueTest-952089496-project-member] Policy check for os_compute_api:os-extended-server-attributes failed with credentials {'is_admin': False, 'user_id': '555a93e05187477f92907b41ccee76b9', 'user_domain_id': 'default', 'system_scope': None, 'domain_id': None, 'project_id': '6779f9df3fae40b6bcc69699ef0fe42e', 'project_domain_id': 'default', 'roles': ['member', 'reader'], 'is_admin_project': True, 'service_user_id': None, 'service_user_domain_id': None, 'service_project_id': None, 'service_project_domain_id': None, 'service_roles': []} {{(pid=86706) authorize /opt/stack/nova/nova/policy.py:192}}
Jun 12 09:17:10.116274 np0000002723 devstack@n-api.service[86706]: DEBUG nova.policy [None req-8a3f3702-5671-4dc4-8b00-14a6ef77a1f3 tempest-ServerBootFromVolumeStableRescueTest-952089496 tempest-ServerBootFromVolumeStableRescueTest-952089496-project-member] Policy check for os_compute_api:servers:show:host_status failed with credentials {'is_admin': False, 'user_id': '555a93e05187477f92907b41ccee76b9', 'user_domain_id': 'default', 'system_scope': None, 'domain_id': None, 'project_id': '6779f9df3fae40b6bcc69699ef0fe42e', 'project_domain_id': 'default', 'roles': ['member', 'reader'], 'is_admin_project': True, 'service_user_id': None, 'service_user_domain_id': None, 'service_project_id': None, 'service_project_domain_id': None, 'service_roles': []} {{(pid=86706) authorize /opt/stack/nova/nova/policy.py:192}}
Jun 12 09:17:10.117095 np0000002723 devstack@n-api.service[86706]: DEBUG nova.policy [None req-8a3f3702-5671-4dc4-8b00-14a6ef77a1f3 tempest-ServerBootFromVolumeStableRescueTest-952089496 tempest-ServerBootFromVolumeStableRescueTest-952089496-project-member] Policy check for os_compute_api:servers:show:host_status:unknown-only failed with credentials {'is_admin': False, 'user_id': '555a93e05187477f92907b41ccee76b9', 'user_domain_id': 'default', 'system_scope': None, 'domain_id': None, 'project_id': '6779f9df3fae40b6bcc69699ef0fe42e', 'project_domain_id': 'default', 'roles': ['member', 'reader'], 'is_admin_project': True, 'service_user_id': None, 'service_user_domain_id': None, 'service_project_id': None, 'service_project_domain_id': None, 'service_roles': []} {{(pid=86706) authorize /opt/stack/nova/nova/policy.py:192}}
Jun 12 09:17:10.126035 np0000002723 devstack@n-api.service[86706]: INFO nova.api.openstack.requestlog [None req-8a3f3702-5671-4dc4-8b00-14a6ef77a1f3 tempest-ServerBootFromVolumeStableRescueTest-952089496 tempest-ServerBootFromVolumeStableRescueTest-952089496-project-member] 10.4.3.9 "GET /compute/v2.1/servers/5086a0c6-a3fc-4b76-91e2-1ef0b4741845" status: 200 len: 1391 microversion: 2.87 time: 0.292573
Jun 12 09:17:10.126421 np0000002723 devstack@n-api.service[86706]: [pid: 86706|app: 0|req: 13/34] 10.4.3.9 () {68 vars in 1381 bytes} [Fri Jun 12 09:17:09 2026] GET /compute/v2.1/servers/5086a0c6-a3fc-4b76-91e2-1ef0b4741845 => generated 1391 bytes in 293 msecs (HTTP/1.1 200) 9 headers in 360 bytes (1 switches on core 0)
Jun 12 09:17:11.152220 np0000002723 devstack@n-api.service[86706]: DEBUG nova.api.openstack.wsgi [None req-7089af9d-8ffa-4ac2-a5ef-6cebc5c344c1 tempest-ServerBootFromVolumeStableRescueTest-952089496 tempest-ServerBootFromVolumeStableRescueTest-952089496-project-member] Calling method '>' {{(pid=86706) _process_stack /opt/stack/nova/nova/api/openstack/wsgi.py:551}}
Jun 12 09:17:11.154092 np0000002723 devstack@n-api.service[86706]: DEBUG nova.compute.api [None req-7089af9d-8ffa-4ac2-a5ef-6cebc5c344c1 tempest-ServerBootFromVolumeStableRescueTest-952089496 tempest-ServerBootFromVolumeStableRescueTest-952089496-project-member] [instance: 5086a0c6-a3fc-4b76-91e2-1ef0b4741845] Fetching instance by UUID {{(pid=86706) get /opt/stack/nova/nova/compute/api.py:3065}}
Jun 12 09:17:11.169498 np0000002723 devstack@n-api.service[86706]: WARNING neutronclient.v2_0.client [None req-7089af9d-8ffa-4ac2-a5ef-6cebc5c344c1 tempest-ServerBootFromVolumeStableRescueTest-952089496 tempest-ServerBootFromVolumeStableRescueTest-952089496-project-member] The python binding code in neutronclient is deprecated in favor of OpenstackSDK, please use that as this will be removed in a future release.
Jun 12 09:17:11.686624 np0000002723 devstack@n-api.service[86705]: WARNING neutronclient.v2_0.client [None req-b26532d3-3fac-4c83-a4d9-6cb4a0eab3e8 tempest-ServerStableDeviceRescueTest-194260364 tempest-ServerStableDeviceRescueTest-194260364-project-member] The python binding code in neutronclient is deprecated in favor of OpenstackSDK, please use that as this will be removed in a future release.
Jun 12 09:17:11.711329 np0000002723 devstack@n-api.service[86707]: DEBUG nova.virt.hardware [None req-cd5c778e-2721-4823-a606-5d7d5f39c585 tempest-ServerActionsTestOtherA-1688960835 tempest-ServerActionsTestOtherA-1688960835-project-member] Flavor limits 0:0:0 {{(pid=86707) get_cpu_topology_constraints /opt/stack/nova/nova/virt/hardware.py:488}}
Jun 12 09:17:11.711606 np0000002723 devstack@n-api.service[86707]: DEBUG nova.virt.hardware [None req-cd5c778e-2721-4823-a606-5d7d5f39c585 tempest-ServerActionsTestOtherA-1688960835 tempest-ServerActionsTestOtherA-1688960835-project-member] Image limits 0:0:0 {{(pid=86707) get_cpu_topology_constraints /opt/stack/nova/nova/virt/hardware.py:492}}
Jun 12 09:17:11.711744 np0000002723 devstack@n-api.service[86707]: DEBUG nova.virt.hardware [None req-cd5c778e-2721-4823-a606-5d7d5f39c585 tempest-ServerActionsTestOtherA-1688960835 tempest-ServerActionsTestOtherA-1688960835-project-member] Flavor pref 0:0:0 {{(pid=86707) get_cpu_topology_constraints /opt/stack/nova/nova/virt/hardware.py:528}}
Jun 12 09:17:11.711929 np0000002723 devstack@n-api.service[86707]: DEBUG nova.virt.hardware [None req-cd5c778e-2721-4823-a606-5d7d5f39c585 tempest-ServerActionsTestOtherA-1688960835 tempest-ServerActionsTestOtherA-1688960835-project-member] Image pref 0:0:0 {{(pid=86707) get_cpu_topology_constraints /opt/stack/nova/nova/virt/hardware.py:532}}
