Jun 12 09:14:22.821973 np0000002723 nova-scheduler[95794]: DEBUG cotyledon.oslo_config_glue [-] oslo_limit.collect_timing = False {{(pid=95794) log_opt_values /opt/stack/data/venv/lib/python3.12/site-packages/oslo_config/cfg.py:3253}}
Jun 12 09:14:22.821973 np0000002723 nova-scheduler[95794]: DEBUG cotyledon.oslo_config_glue [-] oslo_limit.connect_retries = None {{(pid=95794) log_opt_values /opt/stack/data/venv/lib/python3.12/site-packages/oslo_config/cfg.py:3253}}
Jun 12 09:14:22.821973 np0000002723 nova-scheduler[95794]: DEBUG cotyledon.oslo_config_glue [-] oslo_limit.connect_retry_delay = None {{(pid=95794) log_opt_values /opt/stack/data/venv/lib/python3.12/site-packages/oslo_config/cfg.py:3253}}
Jun 12 09:14:22.821973 np0000002723 nova-scheduler[95794]: DEBUG cotyledon.oslo_config_glue [-] oslo_limit.endpoint_id = None {{(pid=95794) log_opt_values /opt/stack/data/venv/lib/python3.12/site-packages/oslo_config/cfg.py:3253}}
Jun 12 09:14:22.822205 np0000002723 nova-scheduler[95794]: DEBUG cotyledon.oslo_config_glue [-] oslo_limit.endpoint_interface = public {{(pid=95794) log_opt_values /opt/stack/data/venv/lib/python3.12/site-packages/oslo_config/cfg.py:3253}}
Jun 12 09:14:22.822205 np0000002723 nova-scheduler[95794]: DEBUG cotyledon.oslo_config_glue [-] oslo_limit.endpoint_override = None {{(pid=95794) log_opt_values /opt/stack/data/venv/lib/python3.12/site-packages/oslo_config/cfg.py:3253}}
Jun 12 09:14:22.822205 np0000002723 nova-scheduler[95794]: DEBUG cotyledon.oslo_config_glue [-] oslo_limit.endpoint_region_name = None {{(pid=95794) log_opt_values /opt/stack/data/venv/lib/python3.12/site-packages/oslo_config/cfg.py:3253}}
Jun 12 09:14:22.822205 np0000002723 nova-scheduler[95794]: DEBUG cotyledon.oslo_config_glue [-] oslo_limit.endpoint_service_name = None {{(pid=95794) log_opt_values /opt/stack/data/venv/lib/python3.12/site-packages/oslo_config/cfg.py:3253}}
Jun 12 09:14:22.822205 np0000002723 nova-scheduler[95794]: DEBUG cotyledon.oslo_config_glue [-] oslo_limit.endpoint_service_type = None {{(pid=95794) log_opt_values /opt/stack/data/venv/lib/python3.12/site-packages/oslo_config/cfg.py:3253}}
Jun 12 09:14:22.822205 np0000002723 nova-scheduler[95794]: DEBUG cotyledon.oslo_config_glue [-] oslo_limit.insecure = False {{(pid=95794) log_opt_values /opt/stack/data/venv/lib/python3.12/site-packages/oslo_config/cfg.py:3253}}
Jun 12 09:14:22.822205 np0000002723 nova-scheduler[95794]: DEBUG cotyledon.oslo_config_glue [-] oslo_limit.keyfile = None {{(pid=95794) log_opt_values /opt/stack/data/venv/lib/python3.12/site-packages/oslo_config/cfg.py:3253}}
Jun 12 09:14:22.822205 np0000002723 nova-scheduler[95794]: DEBUG cotyledon.oslo_config_glue [-] oslo_limit.max_version = None {{(pid=95794) log_opt_values /opt/stack/data/venv/lib/python3.12/site-packages/oslo_config/cfg.py:3253}}
Jun 12 09:14:22.822205 np0000002723 nova-scheduler[95794]: DEBUG cotyledon.oslo_config_glue [-] oslo_limit.min_version = None {{(pid=95794) log_opt_values /opt/stack/data/venv/lib/python3.12/site-packages/oslo_config/cfg.py:3253}}
Jun 12 09:14:22.822470 np0000002723 nova-scheduler[95794]: DEBUG cotyledon.oslo_config_glue [-] oslo_limit.region_name = None {{(pid=95794) log_opt_values /opt/stack/data/venv/lib/python3.12/site-packages/oslo_config/cfg.py:3253}}
Jun 12 09:14:22.822470 np0000002723 nova-scheduler[95794]: DEBUG cotyledon.oslo_config_glue [-] oslo_limit.retriable_status_codes = None {{(pid=95794) log_opt_values /opt/stack/data/venv/lib/python3.12/site-packages/oslo_config/cfg.py:3253}}
Jun 12 09:14:22.822470 np0000002723 nova-scheduler[95794]: DEBUG cotyledon.oslo_config_glue [-] oslo_limit.service_name = None {{(pid=95794) log_opt_values /opt/stack/data/venv/lib/python3.12/site-packages/oslo_config/cfg.py:3253}}
Jun 12 09:14:22.822470 np0000002723 nova-scheduler[95794]: DEBUG cotyledon.oslo_config_glue [-] oslo_limit.service_type = None {{(pid=95794) log_opt_values /opt/stack/data/venv/lib/python3.12/site-packages/oslo_config/cfg.py:3253}}
Jun 12 09:14:22.822470 np0000002723 nova-scheduler[95794]: DEBUG cotyledon.oslo_config_glue [-] oslo_limit.split_loggers = False {{(pid=95794) log_opt_values /opt/stack/data/venv/lib/python3.12/site-packages/oslo_config/cfg.py:3253}}
Jun 12 09:14:22.822470 np0000002723 nova-scheduler[95794]: DEBUG cotyledon.oslo_config_glue [-] oslo_limit.status_code_retries = None {{(pid=95794) log_opt_values /opt/stack/data/venv/lib/python3.12/site-packages/oslo_config/cfg.py:3253}}
Jun 12 09:14:22.822470 np0000002723 nova-scheduler[95794]: DEBUG cotyledon.oslo_config_glue [-] oslo_limit.status_code_retry_delay = None {{(pid=95794) log_opt_values /opt/stack/data/venv/lib/python3.12/site-packages/oslo_config/cfg.py:3253}}
Jun 12 09:14:22.822470 np0000002723 nova-scheduler[95794]: DEBUG cotyledon.oslo_config_glue [-] oslo_limit.timeout = None {{(pid=95794) log_opt_values /opt/stack/data/venv/lib/python3.12/site-packages/oslo_config/cfg.py:3253}}
Jun 12 09:14:22.822470 np0000002723 nova-scheduler[95794]: DEBUG cotyledon.oslo_config_glue [-] oslo_limit.valid_interfaces = None {{(pid=95794) log_opt_values /opt/stack/data/venv/lib/python3.12/site-packages/oslo_config/cfg.py:3253}}
Jun 12 09:14:22.822745 np0000002723 nova-scheduler[95794]: DEBUG cotyledon.oslo_config_glue [-] oslo_limit.version = None {{(pid=95794) log_opt_values /opt/stack/data/venv/lib/python3.12/site-packages/oslo_config/cfg.py:3253}}
Jun 12 09:14:22.822745 np0000002723 nova-scheduler[95794]: DEBUG cotyledon.oslo_config_glue [-] oslo_reports.file_event_handler = None {{(pid=95794) log_opt_values /opt/stack/data/venv/lib/python3.12/site-packages/oslo_config/cfg.py:3253}}
Jun 12 09:14:22.822745 np0000002723 nova-scheduler[95794]: DEBUG cotyledon.oslo_config_glue [-] oslo_reports.file_event_handler_interval = 1 {{(pid=95794) log_opt_values /opt/stack/data/venv/lib/python3.12/site-packages/oslo_config/cfg.py:3253}}
Jun 12 09:14:22.822745 np0000002723 nova-scheduler[95794]: DEBUG cotyledon.oslo_config_glue [-] oslo_reports.log_dir = None {{(pid=95794) log_opt_values /opt/stack/data/venv/lib/python3.12/site-packages/oslo_config/cfg.py:3253}}
Jun 12 09:14:22.822745 np0000002723 nova-scheduler[95794]: DEBUG cotyledon.oslo_config_glue [-] ******************************************************************************** {{(pid=95794) log_opt_values /opt/stack/data/venv/lib/python3.12/site-packages/oslo_config/cfg.py:3260}}
Jun 12 09:14:22.822745 np0000002723 nova-scheduler[95794]: DEBUG cotyledon._service_worker [-] Run service ServiceWrapper(2) [95794] {{(pid=95794) wait_forever /opt/stack/data/venv/lib/python3.12/site-packages/cotyledon/_service_worker.py:218}}
Jun 12 09:14:22.822875 np0000002723 nova-scheduler[95792]: INFO dbcounter [None req-790a87ec-2462-49ea-ae84-22474c8c2c45 None None] Registered counter for database nova_cell0
Jun 12 09:14:22.822902 np0000002723 nova-scheduler[95794]: INFO nova.service [-] Starting scheduler node (version 33.1.0)
Jun 12 09:14:22.822902 np0000002723 nova-scheduler[95794]: INFO dbcounter [None req-f68526d2-0316-4719-a93b-9d306aa6bb80 None None] Registered counter for database nova_cell0
Jun 12 09:14:22.842050 np0000002723 nova-scheduler[95792]: DEBUG oslo_db.sqlalchemy.engines [None req-790a87ec-2462-49ea-ae84-22474c8c2c45 None None] MySQL server mode set to STRICT_TRANS_TABLES,STRICT_ALL_TABLES,NO_ZERO_IN_DATE,NO_ZERO_DATE,ERROR_FOR_DIVISION_BY_ZERO,TRADITIONAL,NO_ENGINE_SUBSTITUTION {{(pid=95792) _check_effective_sql_mode /opt/stack/data/venv/lib/python3.12/site-packages/oslo_db/sqlalchemy/engines.py:325}}
Jun 12 09:14:22.845043 np0000002723 nova-scheduler[95790]: DEBUG oslo_db.sqlalchemy.engines [None req-afa20d77-22e8-4164-ad76-bf6323a251d3 None None] MySQL server mode set to STRICT_TRANS_TABLES,STRICT_ALL_TABLES,NO_ZERO_IN_DATE,NO_ZERO_DATE,ERROR_FOR_DIVISION_BY_ZERO,TRADITIONAL,NO_ENGINE_SUBSTITUTION {{(pid=95790) _check_effective_sql_mode /opt/stack/data/venv/lib/python3.12/site-packages/oslo_db/sqlalchemy/engines.py:325}}
Jun 12 09:14:22.853133 np0000002723 nova-scheduler[95792]: DEBUG dbcounter [-] [95792] Writer thread running {{(pid=95792) stat_writer /opt/stack/data/venv/lib/python3.12/site-packages/dbcounter.py:102}}
Jun 12 09:14:22.855264 np0000002723 nova-scheduler[95790]: DEBUG dbcounter [-] [95790] Writer thread running {{(pid=95790) stat_writer /opt/stack/data/venv/lib/python3.12/site-packages/dbcounter.py:102}}
Jun 12 09:14:22.860341 np0000002723 nova-scheduler[95794]: DEBUG oslo_db.sqlalchemy.engines [None req-f68526d2-0316-4719-a93b-9d306aa6bb80 None None] MySQL server mode set to STRICT_TRANS_TABLES,STRICT_ALL_TABLES,NO_ZERO_IN_DATE,NO_ZERO_DATE,ERROR_FOR_DIVISION_BY_ZERO,TRADITIONAL,NO_ENGINE_SUBSTITUTION {{(pid=95794) _check_effective_sql_mode /opt/stack/data/venv/lib/python3.12/site-packages/oslo_db/sqlalchemy/engines.py:325}}
Jun 12 09:14:22.869894 np0000002723 nova-scheduler[95792]: DEBUG nova.service [None req-790a87ec-2462-49ea-ae84-22474c8c2c45 None None] Creating RPC server for service: nova-scheduler on topic: scheduler {{(pid=95792) start /opt/stack/nova/nova/service.py:196}}
Jun 12 09:14:22.870457 np0000002723 nova-scheduler[95794]: DEBUG dbcounter [-] [95794] Writer thread running {{(pid=95794) stat_writer /opt/stack/data/venv/lib/python3.12/site-packages/dbcounter.py:102}}
Jun 12 09:14:22.873529 np0000002723 nova-scheduler[95794]: DEBUG nova.service [None req-f68526d2-0316-4719-a93b-9d306aa6bb80 None None] Creating RPC server for service: nova-scheduler on topic: scheduler {{(pid=95794) start /opt/stack/nova/nova/service.py:196}}
Jun 12 09:14:22.873679 np0000002723 nova-scheduler[95790]: DEBUG nova.service [None req-afa20d77-22e8-4164-ad76-bf6323a251d3 None None] Creating RPC server for service: nova-scheduler on topic: scheduler {{(pid=95790) start /opt/stack/nova/nova/service.py:196}}
Jun 12 09:14:22.896622 np0000002723 nova-scheduler[95794]: DEBUG nova.service [None req-f68526d2-0316-4719-a93b-9d306aa6bb80 None None] Join ServiceGroup membership for this service scheduler {{(pid=95794) start /opt/stack/nova/nova/service.py:222}}
Jun 12 09:14:22.896957 np0000002723 nova-scheduler[95794]: DEBUG nova.servicegroup.drivers.db [None req-f68526d2-0316-4719-a93b-9d306aa6bb80 None None] DB_Driver: join new ServiceGroup member np0000002723 to the scheduler group, service = {{(pid=95794) join /opt/stack/nova/nova/servicegroup/drivers/db.py:44}}
Jun 12 09:14:22.898278 np0000002723 nova-scheduler[95790]: DEBUG nova.service [None req-afa20d77-22e8-4164-ad76-bf6323a251d3 None None] Join ServiceGroup membership for this service scheduler {{(pid=95790) start /opt/stack/nova/nova/service.py:222}}
Jun 12 09:14:22.898475 np0000002723 nova-scheduler[95790]: DEBUG nova.servicegroup.drivers.db [None req-afa20d77-22e8-4164-ad76-bf6323a251d3 None None] DB_Driver: join new ServiceGroup member np0000002723 to the scheduler group, service = {{(pid=95790) join /opt/stack/nova/nova/servicegroup/drivers/db.py:44}}
Jun 12 09:14:22.900574 np0000002723 nova-scheduler[95790]: DEBUG oslo.service.backend._threading.loopingcall [None req-ccef0cc3-efa5-4901-b6b8-5f80f89bfb2a None None] Dynamic interval looping call 'nova.service.Service.periodic_tasks' sleeping for 60.00 seconds {{(pid=95790) _run_loop /opt/stack/data/venv/lib/python3.12/site-packages/oslo_service/backend/_threading/loopingcall.py:125}}
Jun 12 09:14:22.903067 np0000002723 nova-scheduler[95792]: DEBUG nova.service [None req-790a87ec-2462-49ea-ae84-22474c8c2c45 None None] Join ServiceGroup membership for this service scheduler {{(pid=95792) start /opt/stack/nova/nova/service.py:222}}
Jun 12 09:14:22.903362 np0000002723 nova-scheduler[95792]: DEBUG nova.servicegroup.drivers.db [None req-790a87ec-2462-49ea-ae84-22474c8c2c45 None None] DB_Driver: join new ServiceGroup member np0000002723 to the scheduler group, service = {{(pid=95792) join /opt/stack/nova/nova/servicegroup/drivers/db.py:44}}
Jun 12 09:14:27.914583 np0000002723 nova-scheduler[95790]: DEBUG oslo.service.backend._threading.loopingcall [-] Fixed interval looping call 'nova.servicegroup.drivers.db.DbDriver._report_state' sleeping for 119.99 seconds {{(pid=95790) _run_loop /opt/stack/data/venv/lib/python3.12/site-packages/oslo_service/backend/_threading/loopingcall.py:125}}
Jun 12 09:14:27.915572 np0000002723 nova-scheduler[95794]: DEBUG oslo.service.backend._threading.loopingcall [-] Fixed interval looping call 'nova.servicegroup.drivers.db.DbDriver._report_state' sleeping for 119.98 seconds {{(pid=95794) _run_loop /opt/stack/data/venv/lib/python3.12/site-packages/oslo_service/backend/_threading/loopingcall.py:125}}
Jun 12 09:14:27.916268 np0000002723 nova-scheduler[95792]: DEBUG oslo.service.backend._threading.loopingcall [-] Fixed interval looping call 'nova.servicegroup.drivers.db.DbDriver._report_state' sleeping for 119.99 seconds {{(pid=95792) _run_loop /opt/stack/data/venv/lib/python3.12/site-packages/oslo_service/backend/_threading/loopingcall.py:125}}
Jun 12 09:14:31.444082 np0000002723 nova-scheduler[94525]: DEBUG dbcounter [-] [94525] Writing DB stats nova_api:SELECT=3 {{(pid=94525) stat_writer /opt/stack/data/venv/lib/python3.12/site-packages/dbcounter.py:115}}
Jun 12 09:14:31.591211 np0000002723 nova-scheduler[94525]: DEBUG dbcounter [-] [94525] Writing DB stats nova_cell1:SELECT=1 {{(pid=94525) stat_writer /opt/stack/data/venv/lib/python3.12/site-packages/dbcounter.py:115}}
Jun 12 09:14:31.597871 np0000002723 nova-scheduler[94525]: DEBUG dbcounter [-] [94525] Writing DB stats nova_cell0:SELECT=1 {{(pid=94525) stat_writer /opt/stack/data/venv/lib/python3.12/site-packages/dbcounter.py:115}}
Jun 12 09:14:37.911206 np0000002723 nova-scheduler[95790]: DEBUG dbcounter [-] [95790] Writing DB stats nova_cell0:SELECT=5,nova_cell0:INSERT=1,nova_cell0:UPDATE=1 {{(pid=95790) stat_writer /opt/stack/data/venv/lib/python3.12/site-packages/dbcounter.py:115}}
Jun 12 09:14:37.911600 np0000002723 nova-scheduler[95794]: DEBUG dbcounter [-] [95794] Writing DB stats nova_cell0:SELECT=3,nova_cell0:UPDATE=1 {{(pid=95794) stat_writer /opt/stack/data/venv/lib/python3.12/site-packages/dbcounter.py:115}}
Jun 12 09:14:37.911912 np0000002723 nova-scheduler[95792]: DEBUG dbcounter [-] [95792] Writing DB stats nova_cell0:SELECT=4,nova_cell0:INSERT=1,nova_cell0:UPDATE=1 {{(pid=95792) stat_writer /opt/stack/data/venv/lib/python3.12/site-packages/dbcounter.py:115}}
Jun 12 09:15:05.899354 np0000002723 nova-scheduler[95794]: DEBUG oslo.service.backend._threading.loopingcall [None req-788598e0-b05c-489a-a25a-ec56f10eff93 None None] Dynamic interval looping call 'nova.service.Service.periodic_tasks' sleeping for 60.00 seconds {{(pid=95794) _run_loop /opt/stack/data/venv/lib/python3.12/site-packages/oslo_service/backend/_threading/loopingcall.py:125}}
Jun 12 09:15:22.901160 np0000002723 nova-scheduler[95790]: DEBUG oslo.service.backend._threading.loopingcall [None req-ccef0cc3-efa5-4901-b6b8-5f80f89bfb2a None None] Dynamic interval looping call 'nova.service.Service.periodic_tasks' sleeping for 60.00 seconds {{(pid=95790) _run_loop /opt/stack/data/venv/lib/python3.12/site-packages/oslo_service/backend/_threading/loopingcall.py:125}}
Jun 12 09:15:22.905293 np0000002723 nova-scheduler[95792]: DEBUG oslo.service.backend._threading.loopingcall [None req-205dcf2c-0f19-440e-9ec4-1e34eca0bfb1 None None] Dynamic interval looping call 'nova.service.Service.periodic_tasks' sleeping for 60.00 seconds {{(pid=95792) _run_loop /opt/stack/data/venv/lib/python3.12/site-packages/oslo_service/backend/_threading/loopingcall.py:125}}
Jun 12 09:16:05.899856 np0000002723 nova-scheduler[95794]: DEBUG oslo.service.backend._threading.loopingcall [None req-788598e0-b05c-489a-a25a-ec56f10eff93 None None] Dynamic interval looping call 'nova.service.Service.periodic_tasks' sleeping for 60.00 seconds {{(pid=95794) _run_loop /opt/stack/data/venv/lib/python3.12/site-packages/oslo_service/backend/_threading/loopingcall.py:125}}
Jun 12 09:16:22.901592 np0000002723 nova-scheduler[95790]: DEBUG oslo.service.backend._threading.loopingcall [None req-ccef0cc3-efa5-4901-b6b8-5f80f89bfb2a None None] Dynamic interval looping call 'nova.service.Service.periodic_tasks' sleeping for 60.00 seconds {{(pid=95790) _run_loop /opt/stack/data/venv/lib/python3.12/site-packages/oslo_service/backend/_threading/loopingcall.py:125}}
Jun 12 09:16:22.905778 np0000002723 nova-scheduler[95792]: DEBUG oslo.service.backend._threading.loopingcall [None req-205dcf2c-0f19-440e-9ec4-1e34eca0bfb1 None None] Dynamic interval looping call 'nova.service.Service.periodic_tasks' sleeping for 60.00 seconds {{(pid=95792) _run_loop /opt/stack/data/venv/lib/python3.12/site-packages/oslo_service/backend/_threading/loopingcall.py:125}}
Jun 12 09:16:27.904921 np0000002723 nova-scheduler[95794]: DEBUG oslo.service.backend._threading.loopingcall [-] Fixed interval looping call 'nova.servicegroup.drivers.db.DbDriver._report_state' sleeping for 119.99 seconds {{(pid=95794) _run_loop /opt/stack/data/venv/lib/python3.12/site-packages/oslo_service/backend/_threading/loopingcall.py:125}}
Jun 12 09:16:27.908588 np0000002723 nova-scheduler[95790]: DEBUG oslo.service.backend._threading.loopingcall [-] Fixed interval looping call 'nova.servicegroup.drivers.db.DbDriver._report_state' sleeping for 120.00 seconds {{(pid=95790) _run_loop /opt/stack/data/venv/lib/python3.12/site-packages/oslo_service/backend/_threading/loopingcall.py:125}}
Jun 12 09:16:27.911019 np0000002723 nova-scheduler[95792]: DEBUG oslo.service.backend._threading.loopingcall [-] Fixed interval looping call 'nova.servicegroup.drivers.db.DbDriver._report_state' sleeping for 120.00 seconds {{(pid=95792) _run_loop /opt/stack/data/venv/lib/python3.12/site-packages/oslo_service/backend/_threading/loopingcall.py:125}}
Jun 12 09:16:37.898912 np0000002723 nova-scheduler[95794]: DEBUG dbcounter [-] [95794] Writing DB stats nova_cell0:SELECT=1,nova_cell0:UPDATE=1 {{(pid=95794) stat_writer /opt/stack/data/venv/lib/python3.12/site-packages/dbcounter.py:115}}
Jun 12 09:16:37.907089 np0000002723 nova-scheduler[95790]: DEBUG dbcounter [-] [95790] Writing DB stats nova_cell0:SELECT=1 {{(pid=95790) stat_writer /opt/stack/data/venv/lib/python3.12/site-packages/dbcounter.py:115}}
Jun 12 09:16:37.909132 np0000002723 nova-scheduler[95792]: DEBUG dbcounter [-] [95792] Writing DB stats nova_cell0:SELECT=1 {{(pid=95792) stat_writer /opt/stack/data/venv/lib/python3.12/site-packages/dbcounter.py:115}}
Jun 12 09:17:05.900437 np0000002723 nova-scheduler[95794]: DEBUG oslo.service.backend._threading.loopingcall [None req-788598e0-b05c-489a-a25a-ec56f10eff93 None None] Dynamic interval looping call 'nova.service.Service.periodic_tasks' sleeping for 60.00 seconds {{(pid=95794) _run_loop /opt/stack/data/venv/lib/python3.12/site-packages/oslo_service/backend/_threading/loopingcall.py:125}}
Jun 12 09:17:09.900841 np0000002723 nova-scheduler[95794]: DEBUG nova.scheduler.manager [None req-0b9e33a4-c09c-4d2a-b234-0c4f87f888ed tempest-ServerBootFromVolumeStableRescueTest-952089496 tempest-ServerBootFromVolumeStableRescueTest-952089496-project-member] Starting to schedule for instances: ['5086a0c6-a3fc-4b76-91e2-1ef0b4741845'] {{(pid=95794) select_destinations /opt/stack/nova/nova/scheduler/manager.py:210}}
Jun 12 09:17:09.901899 np0000002723 nova-scheduler[95794]: DEBUG nova.scheduler.request_filter [None req-0b9e33a4-c09c-4d2a-b234-0c4f87f888ed tempest-ServerBootFromVolumeStableRescueTest-952089496 tempest-ServerBootFromVolumeStableRescueTest-952089496-project-member] compute_status_filter request filter added forbidden trait COMPUTE_STATUS_DISABLED {{(pid=95794) compute_status_filter /opt/stack/nova/nova/scheduler/request_filter.py:253}}
Jun 12 09:17:09.902007 np0000002723 nova-scheduler[95794]: DEBUG nova.scheduler.request_filter [None req-0b9e33a4-c09c-4d2a-b234-0c4f87f888ed tempest-ServerBootFromVolumeStableRescueTest-952089496 tempest-ServerBootFromVolumeStableRescueTest-952089496-project-member] Request filter 'compute_status_filter' took 0.0 seconds {{(pid=95794) wrapper /opt/stack/nova/nova/scheduler/request_filter.py:46}}
Jun 12 09:17:09.903224 np0000002723 nova-scheduler[95794]: DEBUG nova.scheduler.request_filter [None req-0b9e33a4-c09c-4d2a-b234-0c4f87f888ed tempest-ServerBootFromVolumeStableRescueTest-952089496 tempest-ServerBootFromVolumeStableRescueTest-952089496-project-member] Request filter 'accelerators_filter' took 0.0 seconds {{(pid=95794) wrapper /opt/stack/nova/nova/scheduler/request_filter.py:46}}
Jun 12 09:17:09.905295 np0000002723 nova-scheduler[95794]: DEBUG nova.scheduler.request_filter [None req-0b9e33a4-c09c-4d2a-b234-0c4f87f888ed tempest-ServerBootFromVolumeStableRescueTest-952089496 tempest-ServerBootFromVolumeStableRescueTest-952089496-project-member] Request filter 'packed_virtqueue_filter' took 0.0 seconds {{(pid=95794) wrapper /opt/stack/nova/nova/scheduler/request_filter.py:46}}
Jun 12 09:17:09.905295 np0000002723 nova-scheduler[95794]: DEBUG nova.scheduler.request_filter [None req-0b9e33a4-c09c-4d2a-b234-0c4f87f888ed tempest-ServerBootFromVolumeStableRescueTest-952089496 tempest-ServerBootFromVolumeStableRescueTest-952089496-project-member] Request filter 'remote_managed_ports_filter' took 0.0 seconds {{(pid=95794) wrapper /opt/stack/nova/nova/scheduler/request_filter.py:46}}
Jun 12 09:17:09.905295 np0000002723 nova-scheduler[95794]: DEBUG nova.scheduler.request_filter [None req-0b9e33a4-c09c-4d2a-b234-0c4f87f888ed tempest-ServerBootFromVolumeStableRescueTest-952089496 tempest-ServerBootFromVolumeStableRescueTest-952089496-project-member] ephemeral_encryption_filter skipped {{(pid=95794) ephemeral_encryption_filter /opt/stack/nova/nova/scheduler/request_filter.py:426}}
Jun 12 09:17:09.905295 np0000002723 nova-scheduler[95794]: DEBUG nova.scheduler.request_filter [None req-0b9e33a4-c09c-4d2a-b234-0c4f87f888ed tempest-ServerBootFromVolumeStableRescueTest-952089496 tempest-ServerBootFromVolumeStableRescueTest-952089496-project-member] virtio_sound_filter skipped {{(pid=95794) virtio_sound_filter /opt/stack/nova/nova/scheduler/request_filter.py:460}}
Jun 12 09:17:09.905295 np0000002723 nova-scheduler[95794]: DEBUG nova.scheduler.request_filter [None req-0b9e33a4-c09c-4d2a-b234-0c4f87f888ed tempest-ServerBootFromVolumeStableRescueTest-952089496 tempest-ServerBootFromVolumeStableRescueTest-952089496-project-member] tpm_secret_security_filter skipped {{(pid=95794) tpm_secret_security_filter /opt/stack/nova/nova/scheduler/request_filter.py:477}}
Jun 12 09:17:10.497150 np0000002723 nova-scheduler[95794]: INFO nova.utils [None req-0b9e33a4-c09c-4d2a-b234-0c4f87f888ed tempest-ServerBootFromVolumeStableRescueTest-952089496 tempest-ServerBootFromVolumeStableRescueTest-952089496-project-member] The cell worker thread pool ForkProcess-3.cell_worker is initialized
Jun 12 09:17:10.498230 np0000002723 nova-scheduler[95794]: DEBUG oslo_concurrency.lockutils [None req-0b9e33a4-c09c-4d2a-b234-0c4f87f888ed tempest-ServerBootFromVolumeStableRescueTest-952089496 tempest-ServerBootFromVolumeStableRescueTest-952089496-project-member] Acquiring lock "d6d77e08-61cc-45bd-8166-7547ded6df61" by "nova.context.set_target_cell..get_or_set_cached_cell_and_set_connections" {{(pid=95794) inner /opt/stack/data/venv/lib/python3.12/site-packages/oslo_concurrency/lockutils.py:511}}
Jun 12 09:17:10.498230 np0000002723 nova-scheduler[95794]: DEBUG oslo_concurrency.lockutils [None req-0b9e33a4-c09c-4d2a-b234-0c4f87f888ed tempest-ServerBootFromVolumeStableRescueTest-952089496 tempest-ServerBootFromVolumeStableRescueTest-952089496-project-member] Lock "d6d77e08-61cc-45bd-8166-7547ded6df61" acquired by "nova.context.set_target_cell..get_or_set_cached_cell_and_set_connections" :: waited 0.000s {{(pid=95794) inner /opt/stack/data/venv/lib/python3.12/site-packages/oslo_concurrency/lockutils.py:524}}
Jun 12 09:17:10.499407 np0000002723 nova-scheduler[95794]: DEBUG oslo_concurrency.lockutils [None req-0b9e33a4-c09c-4d2a-b234-0c4f87f888ed tempest-ServerBootFromVolumeStableRescueTest-952089496 tempest-ServerBootFromVolumeStableRescueTest-952089496-project-member] Lock "d6d77e08-61cc-45bd-8166-7547ded6df61" "released" by "nova.context.set_target_cell..get_or_set_cached_cell_and_set_connections" :: held 0.001s {{(pid=95794) inner /opt/stack/data/venv/lib/python3.12/site-packages/oslo_concurrency/lockutils.py:543}}
Jun 12 09:17:10.501567 np0000002723 nova-scheduler[95794]: INFO dbcounter [None req-0b9e33a4-c09c-4d2a-b234-0c4f87f888ed tempest-ServerBootFromVolumeStableRescueTest-952089496 tempest-ServerBootFromVolumeStableRescueTest-952089496-project-member] Registered counter for database nova_cell1
Jun 12 09:17:10.548176 np0000002723 nova-scheduler[95794]: DEBUG oslo_db.sqlalchemy.engines [None req-0b9e33a4-c09c-4d2a-b234-0c4f87f888ed tempest-ServerBootFromVolumeStableRescueTest-952089496 tempest-ServerBootFromVolumeStableRescueTest-952089496-project-member] MySQL server mode set to STRICT_TRANS_TABLES,STRICT_ALL_TABLES,NO_ZERO_IN_DATE,NO_ZERO_DATE,ERROR_FOR_DIVISION_BY_ZERO,TRADITIONAL,NO_ENGINE_SUBSTITUTION {{(pid=95794) _check_effective_sql_mode /opt/stack/data/venv/lib/python3.12/site-packages/oslo_db/sqlalchemy/engines.py:325}}
Jun 12 09:17:10.553725 np0000002723 nova-scheduler[95794]: DEBUG dbcounter [-] [95794] Writer thread running {{(pid=95794) stat_writer /opt/stack/data/venv/lib/python3.12/site-packages/dbcounter.py:102}}
Jun 12 09:17:10.568831 np0000002723 nova-scheduler[95794]: DEBUG oslo_db.sqlalchemy.engines [None req-0b9e33a4-c09c-4d2a-b234-0c4f87f888ed tempest-ServerBootFromVolumeStableRescueTest-952089496 tempest-ServerBootFromVolumeStableRescueTest-952089496-project-member] Parent process 94525 forked (95794) with an open database connection, which is being discarded and recreated. {{(pid=95794) checkout /opt/stack/data/venv/lib/python3.12/site-packages/oslo_db/sqlalchemy/engines.py:402}}
Jun 12 09:17:10.619851 np0000002723 nova-scheduler[95794]: DEBUG dbcounter [-] [95794] Writer thread running {{(pid=95794) stat_writer /opt/stack/data/venv/lib/python3.12/site-packages/dbcounter.py:102}}
Jun 12 09:17:10.624047 np0000002723 nova-scheduler[95794]: DEBUG oslo_concurrency.lockutils [None req-0b9e33a4-c09c-4d2a-b234-0c4f87f888ed tempest-ServerBootFromVolumeStableRescueTest-952089496 tempest-ServerBootFromVolumeStableRescueTest-952089496-project-member] Acquiring lock "d6d77e08-61cc-45bd-8166-7547ded6df61" by "nova.context.set_target_cell..get_or_set_cached_cell_and_set_connections" {{(pid=95794) inner /opt/stack/data/venv/lib/python3.12/site-packages/oslo_concurrency/lockutils.py:511}}
Jun 12 09:17:10.624481 np0000002723 nova-scheduler[95794]: DEBUG oslo_concurrency.lockutils [None req-0b9e33a4-c09c-4d2a-b234-0c4f87f888ed tempest-ServerBootFromVolumeStableRescueTest-952089496 tempest-ServerBootFromVolumeStableRescueTest-952089496-project-member] Lock "d6d77e08-61cc-45bd-8166-7547ded6df61" acquired by "nova.context.set_target_cell..get_or_set_cached_cell_and_set_connections" :: waited 0.000s {{(pid=95794) inner /opt/stack/data/venv/lib/python3.12/site-packages/oslo_concurrency/lockutils.py:524}}
Jun 12 09:17:10.624660 np0000002723 nova-scheduler[95794]: DEBUG oslo_concurrency.lockutils [None req-0b9e33a4-c09c-4d2a-b234-0c4f87f888ed tempest-ServerBootFromVolumeStableRescueTest-952089496 tempest-ServerBootFromVolumeStableRescueTest-952089496-project-member] Lock "d6d77e08-61cc-45bd-8166-7547ded6df61" "released" by "nova.context.set_target_cell..get_or_set_cached_cell_and_set_connections" :: held 0.000s {{(pid=95794) inner /opt/stack/data/venv/lib/python3.12/site-packages/oslo_concurrency/lockutils.py:543}}
Jun 12 09:17:10.628416 np0000002723 nova-scheduler[95794]: DEBUG oslo_concurrency.lockutils [None req-0b9e33a4-c09c-4d2a-b234-0c4f87f888ed tempest-ServerBootFromVolumeStableRescueTest-952089496 tempest-ServerBootFromVolumeStableRescueTest-952089496-project-member] Acquiring lock "('np0000002723', 'np0000002723')" by "nova.scheduler.host_manager.HostState.update.._locked_update" {{(pid=95794) inner /opt/stack/data/venv/lib/python3.12/site-packages/oslo_concurrency/lockutils.py:511}}
Jun 12 09:17:10.628623 np0000002723 nova-scheduler[95794]: DEBUG oslo_concurrency.lockutils [None req-0b9e33a4-c09c-4d2a-b234-0c4f87f888ed tempest-ServerBootFromVolumeStableRescueTest-952089496 tempest-ServerBootFromVolumeStableRescueTest-952089496-project-member] Lock "('np0000002723', 'np0000002723')" acquired by "nova.scheduler.host_manager.HostState.update.._locked_update" :: waited 0.000s {{(pid=95794) inner /opt/stack/data/venv/lib/python3.12/site-packages/oslo_concurrency/lockutils.py:524}}
Jun 12 09:17:10.629887 np0000002723 nova-scheduler[95794]: DEBUG nova.scheduler.host_manager [None req-0b9e33a4-c09c-4d2a-b234-0c4f87f888ed tempest-ServerBootFromVolumeStableRescueTest-952089496 tempest-ServerBootFromVolumeStableRescueTest-952089496-project-member] Update host state from compute node: ComputeNode(cpu_allocation_ratio=4.0,cpu_info='{"arch": "x86_64", "model": "EPYC-Milan", "vendor": "AMD", "topology": {"cells": 1, "sockets": 12, "cores": 1, "threads": 1}, "maxphysaddr": {"mode": "emulate", "bits": 40}, "features": ["bmi1", "pfthreshold", "pdpe1gb", "mtrr", "fpu", "perfctr_core", "fxsr", "pni", "tsc-scale", "arat", "xsaves", "arch-capabilities", "xgetbv1", "nrip-save", "invpcid", "lfence-always-serializing", "svm", "aes", "clwb", "pge", "sse4a", "smap", "xsavec", "pae", "cmp_legacy", "fsrm", "pse36", "pat", "pschange-mc-no", "pse", "amd-psfd", "popcnt", "ssse3", "msr", "3dnowprefetch", "stibp-always-on", "avx2", "v-vmsave-vmload", "rdctl-no", "cmov", "de", "misalignsse", "x2apic", "erms", "ibpb", "umip", "nx", "vmcb-clean", "fxsr_opt", "rdpid", "f16c", "fma", "fsgsbase", "pcid", "mca", "mmx", "sse4.2", "gds-no", "sse4.1", "rdseed", "tsc", "mmxext", "xsaveopt", "lahf_lm", "wbnoinvd", "bmi2", "vaes", "rdtscp", "pause-filter", "pku", "amd-stibp", "clflushopt", "cr8legacy", "sep", "mce", "skip-l1dfl-vmentry", "topoext", "apic", "mds-no", "no-nested-data-bp", "xsave", "vme", "sse2", "avx", "cx16", "npt", "vgif", "sse", "sha-ni", "clzero", "tsc_adjust", "spec-ctrl", "pclmuldq", "lm", "null-sel-clr-base", "abm", "adx", "syscall", "clflush", "amd-ssbd", "hypervisor", "svme-addr-chk", "lbrv", "osvw", "movbe", "smep", "virt-ssbd", "xsaveerptr", "flushbyasid", "ibrs", "ssbd", "tsc-deadline", "stibp", "rdrand", "vpclmulqdq", "cx8"]}',created_at=2026-06-12T09:14:48Z,current_workload=0,deleted=False,deleted_at=None,disk_allocation_ratio=1.0,disk_available_least=74,free_disk_gb=95,free_ram_mb=23518,host='np0000002723',host_ip=10.4.3.9,hypervisor_hostname='np0000002723',hypervisor_type='QEMU',hypervisor_version=8002002,id=1,local_gb=95,local_gb_used=0,mapped=1,memory_mb=24030,memory_mb_used=512,metrics='[]',numa_topology='{"nova_object.name": "NUMATopology", "nova_object.namespace": "nova", "nova_object.version": "1.2", "nova_object.data": {"cells": [{"nova_object.name": "NUMACell", "nova_object.namespace": "nova", "nova_object.version": "1.5", "nova_object.data": {"id": 0, "cpuset": [0, 1, 2, 3, 4, 5, 6, 7, 8, 9, 10, 11], "pcpuset": [0, 1, 2, 3, 4, 5, 6, 7, 8, 9, 10, 11], "memory": 24030, "cpu_usage": 0, "memory_usage": 0, "pinned_cpus": [], "siblings": [[6], [2], [5], [11], [8], [4], [1], [7], [10], [0], [3], [9]], "mempages": [{"nova_object.name": "NUMAPagesTopology", "nova_object.namespace": "nova", "nova_object.version": "1.1", "nova_object.data": {"size_kb": 4, "total": 6151797, "used": 0, "reserved": 0}, "nova_object.changes": ["size_kb", "used", "reserved", "total"]}, {"nova_object.name": "NUMAPagesTopology", "nova_object.namespace": "nova", "nova_object.version": "1.1", "nova_object.data": {"size_kb": 2048, "total": 0, "used": 0, "reserved": 0}, "nova_object.changes": ["size_kb", "used", "reserved", "total"]}, {"nova_object.name": "NUMAPagesTopology", "nova_object.namespace": "nova", "nova_object.version": "1.1", "nova_object.data": {"size_kb": 1048576, "total": 0, "used": 0, "reserved": 0}, "nova_object.changes": ["size_kb", "used", "reserved", "total"]}], "network_metadata": {"nova_object.name": "NetworkMetadata", "nova_object.namespace": "nova", "nova_object.version": "1.0", "nova_object.data": {"physnets": [], "tunneled": false}, "nova_object.changes": ["tunneled", "physnets"]}, "socket": null}, "nova_object.changes": ["memory", "id", "socket", "pcpuset", "pinned_cpus", "cpuset", "network_metadata", "siblings", "cpu_usage", "mempages", "memory_usage"]}]}, "nova_object.changes": ["cells"]}',pci_device_pools=PciDevicePoolList,ram_allocation_ratio=1.0,running_vms=0,service_id=2,stats={failed_builds='0',uptime=' 09:16:34 up 25 min, 2 users, load average: 1.27, 1.40, 0.83
Jun 12 09:17:10.629887 np0000002723 nova-scheduler[95794]: '},supported_hv_specs=[HVSpec,HVSpec,HVSpec,HVSpec,HVSpec,HVSpec,HVSpec,HVSpec,HVSpec,HVSpec,HVSpec,HVSpec,HVSpec,HVSpec,HVSpec,HVSpec,HVSpec,HVSpec,HVSpec,HVSpec,HVSpec,HVSpec,HVSpec,HVSpec,HVSpec],updated_at=2026-06-12T09:16:36Z,uuid=4940f659-e184-4d42-a3e9-2e8bba39f872,vcpus=12,vcpus_used=0) {{(pid=95794) _locked_update /opt/stack/nova/nova/scheduler/host_manager.py:168}}
Jun 12 09:17:10.630880 np0000002723 nova-scheduler[95794]: DEBUG nova.scheduler.host_manager [None req-0b9e33a4-c09c-4d2a-b234-0c4f87f888ed tempest-ServerBootFromVolumeStableRescueTest-952089496 tempest-ServerBootFromVolumeStableRescueTest-952089496-project-member] Update host state with aggregates: [] {{(pid=95794) _locked_update /opt/stack/nova/nova/scheduler/host_manager.py:171}}
Jun 12 09:17:10.631032 np0000002723 nova-scheduler[95794]: DEBUG nova.scheduler.host_manager [None req-0b9e33a4-c09c-4d2a-b234-0c4f87f888ed tempest-ServerBootFromVolumeStableRescueTest-952089496 tempest-ServerBootFromVolumeStableRescueTest-952089496-project-member] Update host state with service dict: {'id': 2, 'uuid': '80634170-45c4-45e1-ba83-72575075e020', 'host': 'np0000002723', 'binary': 'nova-compute', 'topic': 'compute', 'report_count': 2, 'disabled': False, 'disabled_reason': None, 'last_seen_up': datetime.datetime(2026, 6, 12, 9, 16, 57, tzinfo=datetime.timezone.utc), 'forced_down': False, 'version': 72, 'created_at': datetime.datetime(2026, 6, 12, 9, 14, 46, tzinfo=datetime.timezone.utc), 'updated_at': datetime.datetime(2026, 6, 12, 9, 16, 57, tzinfo=datetime.timezone.utc), 'deleted_at': None, 'deleted': False} {{(pid=95794) _locked_update /opt/stack/nova/nova/scheduler/host_manager.py:174}}
Jun 12 09:17:10.631198 np0000002723 nova-scheduler[95794]: DEBUG nova.scheduler.host_manager [None req-0b9e33a4-c09c-4d2a-b234-0c4f87f888ed tempest-ServerBootFromVolumeStableRescueTest-952089496 tempest-ServerBootFromVolumeStableRescueTest-952089496-project-member] Update host state with instances: [] {{(pid=95794) _locked_update /opt/stack/nova/nova/scheduler/host_manager.py:177}}
Jun 12 09:17:10.631373 np0000002723 nova-scheduler[95794]: DEBUG oslo_concurrency.lockutils [None req-0b9e33a4-c09c-4d2a-b234-0c4f87f888ed tempest-ServerBootFromVolumeStableRescueTest-952089496 tempest-ServerBootFromVolumeStableRescueTest-952089496-project-member] Lock "('np0000002723', 'np0000002723')" "released" by "nova.scheduler.host_manager.HostState.update.._locked_update" :: held 0.003s {{(pid=95794) inner /opt/stack/data/venv/lib/python3.12/site-packages/oslo_concurrency/lockutils.py:543}}
Jun 12 09:17:10.632162 np0000002723 nova-scheduler[95794]: DEBUG nova.filters [None req-0b9e33a4-c09c-4d2a-b234-0c4f87f888ed tempest-ServerBootFromVolumeStableRescueTest-952089496 tempest-ServerBootFromVolumeStableRescueTest-952089496-project-member] Starting with 1 host(s) {{(pid=95794) get_filtered_objects /opt/stack/nova/nova/filters.py:70}}
Jun 12 09:17:10.632438 np0000002723 nova-scheduler[95794]: DEBUG nova.filters [None req-0b9e33a4-c09c-4d2a-b234-0c4f87f888ed tempest-ServerBootFromVolumeStableRescueTest-952089496 tempest-ServerBootFromVolumeStableRescueTest-952089496-project-member] Filter ComputeFilter returned 1 host(s) {{(pid=95794) get_filtered_objects /opt/stack/nova/nova/filters.py:102}}
Jun 12 09:17:10.632625 np0000002723 nova-scheduler[95794]: DEBUG nova.filters [None req-0b9e33a4-c09c-4d2a-b234-0c4f87f888ed tempest-ServerBootFromVolumeStableRescueTest-952089496 tempest-ServerBootFromVolumeStableRescueTest-952089496-project-member] Filter ComputeCapabilitiesFilter returned 1 host(s) {{(pid=95794) get_filtered_objects /opt/stack/nova/nova/filters.py:102}}
Jun 12 09:17:10.632908 np0000002723 nova-scheduler[95794]: DEBUG nova.filters [None req-0b9e33a4-c09c-4d2a-b234-0c4f87f888ed tempest-ServerBootFromVolumeStableRescueTest-952089496 tempest-ServerBootFromVolumeStableRescueTest-952089496-project-member] Filter ImagePropertiesFilter returned 1 host(s) {{(pid=95794) get_filtered_objects /opt/stack/nova/nova/filters.py:102}}
Jun 12 09:17:10.633091 np0000002723 nova-scheduler[95794]: DEBUG nova.filters [None req-0b9e33a4-c09c-4d2a-b234-0c4f87f888ed tempest-ServerBootFromVolumeStableRescueTest-952089496 tempest-ServerBootFromVolumeStableRescueTest-952089496-project-member] Filter ServerGroupAntiAffinityFilter returned 1 host(s) {{(pid=95794) get_filtered_objects /opt/stack/nova/nova/filters.py:102}}
Jun 12 09:17:10.633934 np0000002723 nova-scheduler[95794]: DEBUG nova.filters [None req-0b9e33a4-c09c-4d2a-b234-0c4f87f888ed tempest-ServerBootFromVolumeStableRescueTest-952089496 tempest-ServerBootFromVolumeStableRescueTest-952089496-project-member] Filter ServerGroupAffinityFilter returned 1 host(s) {{(pid=95794) get_filtered_objects /opt/stack/nova/nova/filters.py:102}}
Jun 12 09:17:10.633934 np0000002723 nova-scheduler[95794]: DEBUG nova.filters [None req-0b9e33a4-c09c-4d2a-b234-0c4f87f888ed tempest-ServerBootFromVolumeStableRescueTest-952089496 tempest-ServerBootFromVolumeStableRescueTest-952089496-project-member] Filter SameHostFilter returned 1 host(s) {{(pid=95794) get_filtered_objects /opt/stack/nova/nova/filters.py:102}}
Jun 12 09:17:10.633934 np0000002723 nova-scheduler[95794]: DEBUG nova.filters [None req-0b9e33a4-c09c-4d2a-b234-0c4f87f888ed tempest-ServerBootFromVolumeStableRescueTest-952089496 tempest-ServerBootFromVolumeStableRescueTest-952089496-project-member] Filter DifferentHostFilter returned 1 host(s) {{(pid=95794) get_filtered_objects /opt/stack/nova/nova/filters.py:102}}
Jun 12 09:17:10.633934 np0000002723 nova-scheduler[95794]: DEBUG nova.scheduler.manager [None req-0b9e33a4-c09c-4d2a-b234-0c4f87f888ed tempest-ServerBootFromVolumeStableRescueTest-952089496 tempest-ServerBootFromVolumeStableRescueTest-952089496-project-member] Filtered [(np0000002723, np0000002723) ram: 23518MB disk: 75776MB io_ops: 0 instances: 0, allocation_candidates: 1] {{(pid=95794) _get_sorted_hosts /opt/stack/nova/nova/scheduler/manager.py:743}}
Jun 12 09:17:10.634156 np0000002723 nova-scheduler[95794]: DEBUG nova.scheduler.manager [None req-0b9e33a4-c09c-4d2a-b234-0c4f87f888ed tempest-ServerBootFromVolumeStableRescueTest-952089496 tempest-ServerBootFromVolumeStableRescueTest-952089496-project-member] Weighed [WeighedHost [host: (np0000002723, np0000002723) ram: 23518MB disk: 75776MB io_ops: 0 instances: 0, allocation_candidates: 1, weight: 0.0]] {{(pid=95794) _get_sorted_hosts /opt/stack/nova/nova/scheduler/manager.py:765}}
Jun 12 09:17:10.634303 np0000002723 nova-scheduler[95794]: DEBUG nova.scheduler.utils [None req-0b9e33a4-c09c-4d2a-b234-0c4f87f888ed tempest-ServerBootFromVolumeStableRescueTest-952089496 tempest-ServerBootFromVolumeStableRescueTest-952089496-project-member] Attempting to claim resources in the placement API for instance 5086a0c6-a3fc-4b76-91e2-1ef0b4741845 {{(pid=95794) claim_resources /opt/stack/nova/nova/scheduler/utils.py:1345}}
Jun 12 09:17:10.820416 np0000002723 nova-scheduler[95794]: DEBUG nova.scheduler.manager [None req-0b9e33a4-c09c-4d2a-b234-0c4f87f888ed tempest-ServerBootFromVolumeStableRescueTest-952089496 tempest-ServerBootFromVolumeStableRescueTest-952089496-project-member] [instance: 5086a0c6-a3fc-4b76-91e2-1ef0b4741845] Selected host: (np0000002723, np0000002723) ram: 23518MB disk: 75776MB io_ops: 0 instances: 0, allocation_candidates: 1 {{(pid=95794) _consume_selected_host /opt/stack/nova/nova/scheduler/manager.py:625}}
Jun 12 09:17:10.820866 np0000002723 nova-scheduler[95794]: DEBUG oslo_concurrency.lockutils [None req-0b9e33a4-c09c-4d2a-b234-0c4f87f888ed tempest-ServerBootFromVolumeStableRescueTest-952089496 tempest-ServerBootFromVolumeStableRescueTest-952089496-project-member] Acquiring lock "('np0000002723', 'np0000002723')" by "nova.scheduler.host_manager.HostState.consume_from_request.._locked" {{(pid=95794) inner /opt/stack/data/venv/lib/python3.12/site-packages/oslo_concurrency/lockutils.py:511}}
Jun 12 09:17:10.820866 np0000002723 nova-scheduler[95794]: DEBUG oslo_concurrency.lockutils [None req-0b9e33a4-c09c-4d2a-b234-0c4f87f888ed tempest-ServerBootFromVolumeStableRescueTest-952089496 tempest-ServerBootFromVolumeStableRescueTest-952089496-project-member] Lock "('np0000002723', 'np0000002723')" acquired by "nova.scheduler.host_manager.HostState.consume_from_request.._locked" :: waited 0.000s {{(pid=95794) inner /opt/stack/data/venv/lib/python3.12/site-packages/oslo_concurrency/lockutils.py:524}}
Jun 12 09:17:10.821035 np0000002723 nova-scheduler[95794]: DEBUG oslo_concurrency.lockutils [None req-0b9e33a4-c09c-4d2a-b234-0c4f87f888ed tempest-ServerBootFromVolumeStableRescueTest-952089496 tempest-ServerBootFromVolumeStableRescueTest-952089496-project-member] Lock "('np0000002723', 'np0000002723')" "released" by "nova.scheduler.host_manager.HostState.consume_from_request.._locked" :: held 0.000s {{(pid=95794) inner /opt/stack/data/venv/lib/python3.12/site-packages/oslo_concurrency/lockutils.py:543}}
Jun 12 09:17:11.907491 np0000002723 nova-scheduler[95790]: DEBUG nova.scheduler.manager [None req-cd5c778e-2721-4823-a606-5d7d5f39c585 tempest-ServerActionsTestOtherA-1688960835 tempest-ServerActionsTestOtherA-1688960835-project-member] Starting to schedule for instances: ['5d5935ef-4edb-4316-befb-e9d6ef466474'] {{(pid=95790) select_destinations /opt/stack/nova/nova/scheduler/manager.py:210}}
Jun 12 09:17:11.908627 np0000002723 nova-scheduler[95790]: DEBUG nova.scheduler.request_filter [None req-cd5c778e-2721-4823-a606-5d7d5f39c585 tempest-ServerActionsTestOtherA-1688960835 tempest-ServerActionsTestOtherA-1688960835-project-member] compute_status_filter request filter added forbidden trait COMPUTE_STATUS_DISABLED {{(pid=95790) compute_status_filter /opt/stack/nova/nova/scheduler/request_filter.py:253}}
Jun 12 09:17:11.908978 np0000002723 nova-scheduler[95790]: DEBUG nova.scheduler.request_filter [None req-cd5c778e-2721-4823-a606-5d7d5f39c585 tempest-ServerActionsTestOtherA-1688960835 tempest-ServerActionsTestOtherA-1688960835-project-member] Request filter 'compute_status_filter' took 0.0 seconds {{(pid=95790) wrapper /opt/stack/nova/nova/scheduler/request_filter.py:46}}
Jun 12 09:17:11.909596 np0000002723 nova-scheduler[95790]: DEBUG nova.scheduler.request_filter [None req-cd5c778e-2721-4823-a606-5d7d5f39c585 tempest-ServerActionsTestOtherA-1688960835 tempest-ServerActionsTestOtherA-1688960835-project-member] Request filter 'accelerators_filter' took 0.0 seconds {{(pid=95790) wrapper /opt/stack/nova/nova/scheduler/request_filter.py:46}}
Jun 12 09:17:11.909902 np0000002723 nova-scheduler[95790]: DEBUG nova.scheduler.request_filter [None req-cd5c778e-2721-4823-a606-5d7d5f39c585 tempest-ServerActionsTestOtherA-1688960835 tempest-ServerActionsTestOtherA-1688960835-project-member] Request filter 'packed_virtqueue_filter' took 0.0 seconds {{(pid=95790) wrapper /opt/stack/nova/nova/scheduler/request_filter.py:46}}
Jun 12 09:17:11.910457 np0000002723 nova-scheduler[95790]: DEBUG nova.scheduler.request_filter [None req-cd5c778e-2721-4823-a606-5d7d5f39c585 tempest-ServerActionsTestOtherA-1688960835 tempest-ServerActionsTestOtherA-1688960835-project-member] Request filter 'remote_managed_ports_filter' took 0.0 seconds {{(pid=95790) wrapper /opt/stack/nova/nova/scheduler/request_filter.py:46}}
Jun 12 09:17:11.910597 np0000002723 nova-scheduler[95790]: DEBUG nova.scheduler.request_filter [None req-cd5c778e-2721-4823-a606-5d7d5f39c585 tempest-ServerActionsTestOtherA-1688960835 tempest-ServerActionsTestOtherA-1688960835-project-member] ephemeral_encryption_filter skipped {{(pid=95790) ephemeral_encryption_filter /opt/stack/nova/nova/scheduler/request_filter.py:426}}
Jun 12 09:17:11.910784 np0000002723 nova-scheduler[95790]: DEBUG nova.scheduler.request_filter [None req-cd5c778e-2721-4823-a606-5d7d5f39c585 tempest-ServerActionsTestOtherA-1688960835 tempest-ServerActionsTestOtherA-1688960835-project-member] virtio_sound_filter skipped {{(pid=95790) virtio_sound_filter /opt/stack/nova/nova/scheduler/request_filter.py:460}}
Jun 12 09:17:11.910864 np0000002723 nova-scheduler[95790]: DEBUG nova.scheduler.request_filter [None req-cd5c778e-2721-4823-a606-5d7d5f39c585 tempest-ServerActionsTestOtherA-1688960835 tempest-ServerActionsTestOtherA-1688960835-project-member] tpm_secret_security_filter skipped {{(pid=95790) tpm_secret_security_filter /opt/stack/nova/nova/scheduler/request_filter.py:477}}
Jun 12 09:17:12.023088 np0000002723 nova-scheduler[95790]: INFO nova.utils [None req-cd5c778e-2721-4823-a606-5d7d5f39c585 tempest-ServerActionsTestOtherA-1688960835 tempest-ServerActionsTestOtherA-1688960835-project-member] The cell worker thread pool ForkProcess-1.cell_worker is initialized
Jun 12 09:17:12.023769 np0000002723 nova-scheduler[95790]: DEBUG oslo_concurrency.lockutils [None req-cd5c778e-2721-4823-a606-5d7d5f39c585 tempest-ServerActionsTestOtherA-1688960835 tempest-ServerActionsTestOtherA-1688960835-project-member] Acquiring lock "d6d77e08-61cc-45bd-8166-7547ded6df61" by "nova.context.set_target_cell..get_or_set_cached_cell_and_set_connections" {{(pid=95790) inner /opt/stack/data/venv/lib/python3.12/site-packages/oslo_concurrency/lockutils.py:511}}
Jun 12 09:17:12.023769 np0000002723 nova-scheduler[95790]: DEBUG oslo_concurrency.lockutils [None req-cd5c778e-2721-4823-a606-5d7d5f39c585 tempest-ServerActionsTestOtherA-1688960835 tempest-ServerActionsTestOtherA-1688960835-project-member] Lock "d6d77e08-61cc-45bd-8166-7547ded6df61" acquired by "nova.context.set_target_cell..get_or_set_cached_cell_and_set_connections" :: waited 0.000s {{(pid=95790) inner /opt/stack/data/venv/lib/python3.12/site-packages/oslo_concurrency/lockutils.py:524}}
Jun 12 09:17:12.025446 np0000002723 nova-scheduler[95790]: DEBUG oslo_concurrency.lockutils [None req-cd5c778e-2721-4823-a606-5d7d5f39c585 tempest-ServerActionsTestOtherA-1688960835 tempest-ServerActionsTestOtherA-1688960835-project-member] Lock "d6d77e08-61cc-45bd-8166-7547ded6df61" "released" by "nova.context.set_target_cell..get_or_set_cached_cell_and_set_connections" :: held 0.002s {{(pid=95790) inner /opt/stack/data/venv/lib/python3.12/site-packages/oslo_concurrency/lockutils.py:543}}
Jun 12 09:17:12.027397 np0000002723 nova-scheduler[95790]: INFO dbcounter [None req-cd5c778e-2721-4823-a606-5d7d5f39c585 tempest-ServerActionsTestOtherA-1688960835 tempest-ServerActionsTestOtherA-1688960835-project-member] Registered counter for database nova_cell1
Jun 12 09:17:12.082089 np0000002723 nova-scheduler[95790]: DEBUG oslo_db.sqlalchemy.engines [None req-cd5c778e-2721-4823-a606-5d7d5f39c585 tempest-ServerActionsTestOtherA-1688960835 tempest-ServerActionsTestOtherA-1688960835-project-member] MySQL server mode set to STRICT_TRANS_TABLES,STRICT_ALL_TABLES,NO_ZERO_IN_DATE,NO_ZERO_DATE,ERROR_FOR_DIVISION_BY_ZERO,TRADITIONAL,NO_ENGINE_SUBSTITUTION {{(pid=95790) _check_effective_sql_mode /opt/stack/data/venv/lib/python3.12/site-packages/oslo_db/sqlalchemy/engines.py:325}}
Jun 12 09:17:12.092595 np0000002723 nova-scheduler[95790]: DEBUG dbcounter [-] [95790] Writer thread running {{(pid=95790) stat_writer /opt/stack/data/venv/lib/python3.12/site-packages/dbcounter.py:102}}
Jun 12 09:17:12.158233 np0000002723 nova-scheduler[95790]: DEBUG dbcounter [-] [95790] Writer thread running {{(pid=95790) stat_writer /opt/stack/data/venv/lib/python3.12/site-packages/dbcounter.py:102}}
Jun 12 09:17:12.161355 np0000002723 nova-scheduler[95790]: DEBUG oslo_concurrency.lockutils [None req-cd5c778e-2721-4823-a606-5d7d5f39c585 tempest-ServerActionsTestOtherA-1688960835 tempest-ServerActionsTestOtherA-1688960835-project-member] Acquiring lock "d6d77e08-61cc-45bd-8166-7547ded6df61" by "nova.context.set_target_cell..get_or_set_cached_cell_and_set_connections" {{(pid=95790) inner /opt/stack/data/venv/lib/python3.12/site-packages/oslo_concurrency/lockutils.py:511}}
Jun 12 09:17:12.161466 np0000002723 nova-scheduler[95790]: DEBUG oslo_concurrency.lockutils [None req-cd5c778e-2721-4823-a606-5d7d5f39c585 tempest-ServerActionsTestOtherA-1688960835 tempest-ServerActionsTestOtherA-1688960835-project-member] Lock "d6d77e08-61cc-45bd-8166-7547ded6df61" acquired by "nova.context.set_target_cell..get_or_set_cached_cell_and_set_connections" :: waited 0.000s {{(pid=95790) inner /opt/stack/data/venv/lib/python3.12/site-packages/oslo_concurrency/lockutils.py:524}}
Jun 12 09:17:12.161566 np0000002723 nova-scheduler[95790]: DEBUG oslo_concurrency.lockutils [None req-cd5c778e-2721-4823-a606-5d7d5f39c585 tempest-ServerActionsTestOtherA-1688960835 tempest-ServerActionsTestOtherA-1688960835-project-member] Lock "d6d77e08-61cc-45bd-8166-7547ded6df61" "released" by "nova.context.set_target_cell..get_or_set_cached_cell_and_set_connections" :: held 0.000s {{(pid=95790) inner /opt/stack/data/venv/lib/python3.12/site-packages/oslo_concurrency/lockutils.py:543}}
Jun 12 09:17:12.166013 np0000002723 nova-scheduler[95790]: DEBUG oslo_concurrency.lockutils [None req-cd5c778e-2721-4823-a606-5d7d5f39c585 tempest-ServerActionsTestOtherA-1688960835 tempest-ServerActionsTestOtherA-1688960835-project-member] Acquiring lock "('np0000002723', 'np0000002723')" by "nova.scheduler.host_manager.HostState.update.._locked_update" {{(pid=95790) inner /opt/stack/data/venv/lib/python3.12/site-packages/oslo_concurrency/lockutils.py:511}}
