Jun 12 09:13:57.453780 np0000002723 devstack@neutron-api.service[89974]: DEBUG neutron.plugins.ml2.drivers.ovn.mech_driver.ovsdb.ovsdb_monitor [None req-75c66567-4fdb-45f5-bc23-94082903db6f None None] Hash Ring: Node 353e5d8f14355c74ae9e9d9393fa1f5b (host: np0000002723) handling event "create" for row 71fc8228-2010-4297-b9d2-0eb19c84fbc1 (table: Chassis_Private) {{(pid=89974) notify /opt/stack/neutron/neutron/plugins/ml2/drivers/ovn/mech_driver/ovsdb/ovsdb_monitor.py:1015}}
Jun 12 09:13:57.453780 np0000002723 devstack@neutron-api.service[89974]: DEBUG neutron.plugins.ml2.drivers.ovn.mech_driver.ovsdb.ovsdb_monitor [None req-75c66567-4fdb-45f5-bc23-94082903db6f None None] Hash Ring: Node 353e5d8f14355c74ae9e9d9393fa1f5b (host: np0000002723) handling event "create" for row 13c74ce5-2150-479a-b803-56dbf09be037 (table: Encap) {{(pid=89974) notify /opt/stack/neutron/neutron/plugins/ml2/drivers/ovn/mech_driver/ovsdb/ovsdb_monitor.py:1015}}
Jun 12 09:13:57.453780 np0000002723 devstack@neutron-api.service[89974]: INFO neutron.plugins.ml2.drivers.ovn.mech_driver.mech_driver [None req-75c66567-4fdb-45f5-bc23-94082903db6f None None] WorkerService process has finished the post initialization
Jun 12 09:13:57.453895 np0000002723 devstack@neutron-api.service[89974]: DEBUG oslo_concurrency.processutils [None req-75c66567-4fdb-45f5-bc23-94082903db6f None None] Running cmd (subprocess): ovsdb-client transact ssl:10.4.3.9:6641 --timeout 180 -p /opt/stack/data/CA/int-ca/private/devstack-cert.key -c /opt/stack/data/CA/int-ca/devstack-cert.crt -C /opt/stack/data/CA/int-ca/ca-chain.pem ["OVN_Northbound", {"op": "wait", "timeout": 0, "table": "Port_Group", "where": [["name", "==", "pvlan_pg_drop"]], "until": "==", "rows": []}, {"op": "insert", "table": "ACL", "row": {"action": "drop", "direction": "to-lport", "match": "outport == @pvlan_pg_drop && ip", "priority": 1010}, "uuid-name": "pvlandroptoport"}, {"op": "insert", "table": "ACL", "row": {"action": "drop", "direction": "from-lport", "match": "inport == @pvlan_pg_drop && ip", "priority": 1010}, "uuid-name": "pvlandropfromport"}, {"op": "insert", "table": "Port_Group", "row": {"name": "pvlan_pg_drop", "acls": ["set", [["named-uuid", "pvlandroptoport"], ["named-uuid", "pvlandropfromport"]]]}}] {{(pid=89974) execute /opt/stack/data/venv/lib/python3.12/site-packages/oslo_concurrency/processutils.py:440}}
Jun 12 09:13:57.480287 np0000002723 devstack@neutron-api.service[89976]: DEBUG oslo_concurrency.processutils [None req-eaf826ba-b493-40bf-a705-e4657f796949 None None] CMD "ovsdb-client transact ssl:10.4.3.9:6641 --timeout 180 -p /opt/stack/data/CA/int-ca/private/devstack-cert.key -c /opt/stack/data/CA/int-ca/devstack-cert.crt -C /opt/stack/data/CA/int-ca/ca-chain.pem ["OVN_Northbound", {"op": "wait", "timeout": 0, "table": "Port_Group", "where": [["name", "==", "pvlan_pg_drop"]], "until": "==", "rows": []}, {"op": "insert", "table": "ACL", "row": {"action": "drop", "direction": "to-lport", "match": "outport == @pvlan_pg_drop && ip", "priority": 1010}, "uuid-name": "pvlandroptoport"}, {"op": "insert", "table": "ACL", "row": {"action": "drop", "direction": "from-lport", "match": "inport == @pvlan_pg_drop && ip", "priority": 1010}, "uuid-name": "pvlandropfromport"}, {"op": "insert", "table": "Port_Group", "row": {"name": "pvlan_pg_drop", "acls": ["set", [["named-uuid", "pvlandroptoport"], ["named-uuid", "pvlandropfromport"]]]}}]" returned: 0 in 0.031s {{(pid=89976) execute /opt/stack/data/venv/lib/python3.12/site-packages/oslo_concurrency/processutils.py:468}}
Jun 12 09:13:57.482245 np0000002723 devstack@neutron-api.service[89974]: DEBUG oslo_concurrency.processutils [None req-75c66567-4fdb-45f5-bc23-94082903db6f None None] CMD "ovsdb-client transact ssl:10.4.3.9:6641 --timeout 180 -p /opt/stack/data/CA/int-ca/private/devstack-cert.key -c /opt/stack/data/CA/int-ca/devstack-cert.crt -C /opt/stack/data/CA/int-ca/ca-chain.pem ["OVN_Northbound", {"op": "wait", "timeout": 0, "table": "Port_Group", "where": [["name", "==", "pvlan_pg_drop"]], "until": "==", "rows": []}, {"op": "insert", "table": "ACL", "row": {"action": "drop", "direction": "to-lport", "match": "outport == @pvlan_pg_drop && ip", "priority": 1010}, "uuid-name": "pvlandroptoport"}, {"op": "insert", "table": "ACL", "row": {"action": "drop", "direction": "from-lport", "match": "inport == @pvlan_pg_drop && ip", "priority": 1010}, "uuid-name": "pvlandropfromport"}, {"op": "insert", "table": "Port_Group", "row": {"name": "pvlan_pg_drop", "acls": ["set", [["named-uuid", "pvlandroptoport"], ["named-uuid", "pvlandropfromport"]]]}}]" returned: 0 in 0.027s {{(pid=89974) execute /opt/stack/data/venv/lib/python3.12/site-packages/oslo_concurrency/processutils.py:468}}
Jun 12 09:13:57.482379 np0000002723 devstack@neutron-api.service[89976]: WSGI app 0 (mountpoint='') ready in 6 seconds on interpreter 0x7647c6ea3668 pid: 89976 (default app)
Jun 12 09:13:57.483617 np0000002723 devstack@neutron-api.service[89974]: WSGI app 0 (mountpoint='') ready in 6 seconds on interpreter 0x7647c6ea3668 pid: 89974 (default app)
Jun 12 09:13:58.051214 np0000002723 devstack@neutron-api.service[89976]: DEBUG neutron.plugins.ml2.drivers.ovn.mech_driver.ovsdb.ovsdb_monitor [-] Hash Ring: Node 04271f970d6259c9b7746cecf61c4138 (host: np0000002723) handling event "update" for row 785f062c-29ab-4801-95fb-cd6ea6beedbe (table: Connection) {{(pid=89976) notify /opt/stack/neutron/neutron/plugins/ml2/drivers/ovn/mech_driver/ovsdb/ovsdb_monitor.py:1015}}
Jun 12 09:13:58.053551 np0000002723 devstack@neutron-api.service[89975]: DEBUG neutron.common.ovn.hash_ring_manager [-] Allow caching, nodes 3>=3 {{(pid=89975) _wait_startup_before_caching /opt/stack/neutron/neutron/common/ovn/hash_ring_manager.py:65}}
Jun 12 09:13:58.053788 np0000002723 devstack@neutron-api.service[89975]: DEBUG neutron.plugins.ml2.drivers.ovn.mech_driver.ovsdb.ovsdb_monitor [-] Hash Ring: Node 36123e3cdea158ccaa85cfcdb6cb00cc (host: np0000002723) handling event "update" for row 785f062c-29ab-4801-95fb-cd6ea6beedbe (table: Connection) {{(pid=89975) notify /opt/stack/neutron/neutron/plugins/ml2/drivers/ovn/mech_driver/ovsdb/ovsdb_monitor.py:1015}}
Jun 12 09:14:00.558947 np0000002723 devstack@neutron-api.service[89975]: DEBUG neutron.plugins.ml2.drivers.ovn.mech_driver.ovsdb.ovsdb_monitor [-] Hash Ring: Node 36123e3cdea158ccaa85cfcdb6cb00cc (host: np0000002723) handling event "update" for row 785f062c-29ab-4801-95fb-cd6ea6beedbe (table: Connection) {{(pid=89975) notify /opt/stack/neutron/neutron/plugins/ml2/drivers/ovn/mech_driver/ovsdb/ovsdb_monitor.py:1015}}
Jun 12 09:14:00.559339 np0000002723 devstack@neutron-api.service[89976]: DEBUG neutron.plugins.ml2.drivers.ovn.mech_driver.ovsdb.ovsdb_monitor [-] Hash Ring: Node 04271f970d6259c9b7746cecf61c4138 (host: np0000002723) handling event "update" for row 785f062c-29ab-4801-95fb-cd6ea6beedbe (table: Connection) {{(pid=89976) notify /opt/stack/neutron/neutron/plugins/ml2/drivers/ovn/mech_driver/ovsdb/ovsdb_monitor.py:1015}}
Jun 12 09:14:01.523815 np0000002723 devstack@neutron-api.service[89975]: DEBUG neutron.api.wsgi [None req-7493bd3a-cbd7-446f-8fea-93b7d0f55fa5 admin admin] Missing Content-Type {{(pid=89975) get_content_type /opt/stack/neutron/neutron/api/wsgi.py:80}}
Jun 12 09:14:01.524175 np0000002723 devstack@neutron-api.service[89975]: DEBUG neutron.api.wsgi [None req-7493bd3a-cbd7-446f-8fea-93b7d0f55fa5 admin admin] https://10.4.3.9/networking/v2.0/extensions returned with HTTP 200 {{(pid=89975) __call__ /opt/stack/neutron/neutron/api/wsgi.py:540}}
Jun 12 09:14:01.524571 np0000002723 devstack@neutron-api.service[89975]: [pid: 89975|app: 0|req: 2/2] 10.4.3.9 () {64 vars in 1278 bytes} [Fri Jun 12 09:14:00 2026] GET /networking/v2.0/extensions => generated 15873 bytes in 664 msecs (HTTP/1.1 200) 4 headers in 159 bytes (1 switches on core 0)
Jun 12 09:14:01.942135 np0000002723 devstack@neutron-api.service[89976]: DEBUG neutron.api.v2.base [None req-9a3e5061-a0c0-4e1a-bd74-1a08b72f056c admin admin] Request body: {'subnetpool': {'shared': True, 'prefixes': ['10.1.0.0/20'], 'is_default': True, 'name': 'shared-default-subnetpool-v4', 'default_prefixlen': 26}} {{(pid=89976) prepare_request_body /opt/stack/neutron/neutron/api/v2/base.py:727}}
Jun 12 09:14:02.152720 np0000002723 devstack@neutron-api.service[89976]: DEBUG neutron.policy [None req-9a3e5061-a0c0-4e1a-bd74-1a08b72f056c admin admin] Loaded default policies from ['neutron'] under neutron.policies entry points {{(pid=89976) register_rules /opt/stack/neutron/neutron/policy.py:65}}
Jun 12 09:14:02.284847 np0000002723 devstack@neutron-api.service[89976]: DEBUG neutron_lib.callbacks.manager [None req-9a3e5061-a0c0-4e1a-bd74-1a08b72f056c admin admin] Publish callbacks ['neutron.objects.securitygroup.RbacNeutronDbObjectMixin.validate_rbac_policy_change-1441528334603', 'neutron.objects.address_group.RbacNeutronDbObjectMixin.validate_rbac_policy_change-1441528180896', 'neutron.objects.network.RbacNeutronDbObjectMixin.validate_rbac_policy_change-1441528301170', 'neutron.objects.qos.policy.RbacNeutronDbObjectMixin.validate_rbac_policy_change-1441528304458', 'neutron.objects.subnetpool.RbacNeutronDbObjectMixin.validate_rbac_policy_change-1441528284017', 'neutron.objects.address_scope.RbacNeutronDbObjectMixin.validate_rbac_policy_change-1441528384021', 'neutron.plugins.ml2.plugin.External_net_db_mixin._process_ext_policy_create-11624', 'neutron.plugins.ml2.plugin.NeutronDbPluginV2.validate_network_rbac_policy_change-59876'] for rbac-policy (None), before_create {{(pid=89976) _notify_loop /opt/stack/data/venv/lib/python3.12/site-packages/neutron_lib/callbacks/manager.py:184}}
Jun 12 09:14:02.323535 np0000002723 devstack@neutron-api.service[89976]: DEBUG neutron_lib.callbacks.manager [None req-9a3e5061-a0c0-4e1a-bd74-1a08b72f056c admin admin] Publish callbacks [] for subnetpool (None), before_response {{(pid=89976) _notify_loop /opt/stack/data/venv/lib/python3.12/site-packages/neutron_lib/callbacks/manager.py:184}}
Jun 12 09:14:02.324015 np0000002723 devstack@neutron-api.service[89976]: [pid: 89976|app: 0|req: 1/3] 10.4.3.9 () {68 vars in 1322 bytes} [Fri Jun 12 09:14:01 2026] POST /networking/v2.0/subnetpools => generated 533 bytes in 472 msecs (HTTP/1.1 201) 4 headers in 162 bytes (1 switches on core 0)
Jun 12 09:14:02.637059 np0000002723 devstack@neutron-api.service[89974]: DEBUG neutron.api.v2.base [None req-63a95f46-6619-4c61-96a4-8d73cb140054 admin admin] Request body: {'subnetpool': {'shared': True, 'prefixes': ['fd32:ac18:4e95::/56'], 'is_default': True, 'name': 'shared-default-subnetpool-v6', 'default_prefixlen': 64}} {{(pid=89974) prepare_request_body /opt/stack/neutron/neutron/api/v2/base.py:727}}
Jun 12 09:14:02.809792 np0000002723 devstack@neutron-api.service[89974]: DEBUG neutron.policy [None req-63a95f46-6619-4c61-96a4-8d73cb140054 admin admin] Loaded default policies from ['neutron'] under neutron.policies entry points {{(pid=89974) register_rules /opt/stack/neutron/neutron/policy.py:65}}
Jun 12 09:14:02.941757 np0000002723 devstack@neutron-api.service[89974]: DEBUG neutron_lib.callbacks.manager [None req-63a95f46-6619-4c61-96a4-8d73cb140054 admin admin] Publish callbacks ['neutron.objects.securitygroup.RbacNeutronDbObjectMixin.validate_rbac_policy_change-1441528335165', 'neutron.objects.address_group.RbacNeutronDbObjectMixin.validate_rbac_policy_change-1441528181336', 'neutron.objects.network.RbacNeutronDbObjectMixin.validate_rbac_policy_change-1441528299635', 'neutron.objects.qos.policy.RbacNeutronDbObjectMixin.validate_rbac_policy_change-1441528302923', 'neutron.objects.subnetpool.RbacNeutronDbObjectMixin.validate_rbac_policy_change-1441528408431', 'neutron.objects.address_scope.RbacNeutronDbObjectMixin.validate_rbac_policy_change-1441528412892', 'neutron.plugins.ml2.plugin.External_net_db_mixin._process_ext_policy_create-2032279', 'neutron.plugins.ml2.plugin.NeutronDbPluginV2.validate_network_rbac_policy_change-2054831'] for rbac-policy (None), before_create {{(pid=89974) _notify_loop /opt/stack/data/venv/lib/python3.12/site-packages/neutron_lib/callbacks/manager.py:184}}
Jun 12 09:14:02.980820 np0000002723 devstack@neutron-api.service[89974]: DEBUG neutron_lib.callbacks.manager [None req-63a95f46-6619-4c61-96a4-8d73cb140054 admin admin] Publish callbacks [] for subnetpool (None), before_response {{(pid=89974) _notify_loop /opt/stack/data/venv/lib/python3.12/site-packages/neutron_lib/callbacks/manager.py:184}}
Jun 12 09:14:02.981341 np0000002723 devstack@neutron-api.service[89974]: [pid: 89974|app: 0|req: 1/4] 10.4.3.9 () {68 vars in 1322 bytes} [Fri Jun 12 09:14:02 2026] POST /networking/v2.0/subnetpools => generated 543 bytes in 438 msecs (HTTP/1.1 201) 4 headers in 162 bytes (1 switches on core 0)
Jun 12 09:14:03.223344 np0000002723 devstack@neutron-api.service[89975]: DEBUG neutron.api.v2.base [None req-ad01997b-70e8-41ac-9e13-066f9e9b4eea admin admin] Request body: {'network': {'name': 'private', 'admin_state_up': True}} {{(pid=89975) prepare_request_body /opt/stack/neutron/neutron/api/v2/base.py:727}}
Jun 12 09:14:03.260082 np0000002723 devstack@neutron-api.service[89975]: DEBUG neutron.pecan_wsgi.hooks.quota_enforcement [None req-ad01997b-70e8-41ac-9e13-066f9e9b4eea admin admin] Made reservation on behalf of c96b9fe8b2724a4cbbdc5dcd0e653e52 for: {'network': 1} {{(pid=89975) before /opt/stack/neutron/neutron/pecan_wsgi/hooks/quota_enforcement.py:66}}
Jun 12 09:14:03.442426 np0000002723 devstack@neutron-api.service[89975]: DEBUG neutron.policy [None req-ad01997b-70e8-41ac-9e13-066f9e9b4eea admin admin] Loaded default policies from ['neutron'] under neutron.policies entry points {{(pid=89975) register_rules /opt/stack/neutron/neutron/policy.py:65}}
Jun 12 09:14:03.528864 np0000002723 devstack@neutron-api.service[89975]: DEBUG neutron_lib.callbacks.manager [None req-ad01997b-70e8-41ac-9e13-066f9e9b4eea admin admin] Publish callbacks ['neutron.plugins.ml2.plugin.SecurityGroupDbMixin._ensure_default_security_group_handler-219644'] for network (None), before_create {{(pid=89975) _notify_loop /opt/stack/data/venv/lib/python3.12/site-packages/neutron_lib/callbacks/manager.py:184}}
Jun 12 09:14:03.546118 np0000002723 devstack@neutron-api.service[89975]: DEBUG neutron_lib.callbacks.manager [None req-ad01997b-70e8-41ac-9e13-066f9e9b4eea admin admin] Publish callbacks [] for security_group (None), before_create {{(pid=89975) _notify_loop /opt/stack/data/venv/lib/python3.12/site-packages/neutron_lib/callbacks/manager.py:184}}
Jun 12 09:14:03.647803 np0000002723 devstack@neutron-api.service[89975]: DEBUG neutron_lib.callbacks.manager [None req-ad01997b-70e8-41ac-9e13-066f9e9b4eea admin admin] Publish callbacks ['neutron.plugins.ml2.drivers.ovn.mech_driver.mech_driver.OVNMechanismDriver._create_security_group_precommit-254189'] for security_group (40b45b4a-9b8f-4e74-a338-d8fac315778c), precommit_create {{(pid=89975) _notify_loop /opt/stack/data/venv/lib/python3.12/site-packages/neutron_lib/callbacks/manager.py:184}}
Jun 12 09:14:03.647961 np0000002723 devstack@neutron-api.service[89975]: DEBUG neutron.db.ovn_revision_numbers_db [None req-ad01997b-70e8-41ac-9e13-066f9e9b4eea admin admin] create_initial_revision uuid=40b45b4a-9b8f-4e74-a338-d8fac315778c, type=security_groups, rev=-1 {{(pid=89975) create_initial_revision /opt/stack/neutron/neutron/db/ovn_revision_numbers_db.py:98}}
Jun 12 09:14:03.650417 np0000002723 devstack@neutron-api.service[89975]: DEBUG neutron.db.ovn_revision_numbers_db [None req-ad01997b-70e8-41ac-9e13-066f9e9b4eea admin admin] create_initial_revision uuid=04269a80-7e78-43a0-be09-7aa299a8e4dc, type=security_group_rules, rev=-1 {{(pid=89975) create_initial_revision /opt/stack/neutron/neutron/db/ovn_revision_numbers_db.py:98}}
Jun 12 09:14:03.651563 np0000002723 devstack@neutron-api.service[89975]: DEBUG neutron.db.ovn_revision_numbers_db [None req-ad01997b-70e8-41ac-9e13-066f9e9b4eea admin admin] create_initial_revision uuid=2fed636d-d1d2-4f2b-8b3b-c9ef5822703f, type=security_group_rules, rev=-1 {{(pid=89975) create_initial_revision /opt/stack/neutron/neutron/db/ovn_revision_numbers_db.py:98}}
Jun 12 09:14:03.652508 np0000002723 devstack@neutron-api.service[89975]: DEBUG neutron.db.ovn_revision_numbers_db [None req-ad01997b-70e8-41ac-9e13-066f9e9b4eea admin admin] create_initial_revision uuid=6ca1b217-1c06-420e-9c7d-573cf5a6c122, type=security_group_rules, rev=-1 {{(pid=89975) create_initial_revision /opt/stack/neutron/neutron/db/ovn_revision_numbers_db.py:98}}
Jun 12 09:14:03.653465 np0000002723 devstack@neutron-api.service[89975]: DEBUG neutron.db.ovn_revision_numbers_db [None req-ad01997b-70e8-41ac-9e13-066f9e9b4eea admin admin] create_initial_revision uuid=78014b62-e80b-46e5-9228-ff9fa985bb13, type=security_group_rules, rev=-1 {{(pid=89975) create_initial_revision /opt/stack/neutron/neutron/db/ovn_revision_numbers_db.py:98}}
Jun 12 09:14:03.656759 np0000002723 devstack@neutron-api.service[89975]: DEBUG neutron_lib.callbacks.manager [None req-ad01997b-70e8-41ac-9e13-066f9e9b4eea admin admin] Publish callbacks ['neutron.plugins.ml2.drivers.ovn.mech_driver.mech_driver.OVNMechanismDriver._create_security_group-254199', 'neutron.plugins.ml2.ovo_rpc._ObjectChangeHandler.handle_event-132569825'] for security_group (40b45b4a-9b8f-4e74-a338-d8fac315778c), after_create {{(pid=89975) _notify_loop /opt/stack/data/venv/lib/python3.12/site-packages/neutron_lib/callbacks/manager.py:184}}
Jun 12 09:14:03.657624 np0000002723 devstack@neutron-api.service[89975]: DEBUG ovsdbapp.backend.ovs_idl.transaction [-] Running txn n=1 command(idx=0): PgAddCommand(_result=None, name=pg_40b45b4a_9b8f_4e74_a338_d8fac315778c, may_exist=False, columns={'acls': [], 'external_ids': {'neutron:security_group_id': '40b45b4a-9b8f-4e74-a338-d8fac315778c'}}) {{(pid=89975) do_commit /opt/stack/data/venv/lib/python3.12/site-packages/ovsdbapp/backend/ovs_idl/transaction.py:89}}
Jun 12 09:14:03.658758 np0000002723 devstack@neutron-api.service[89975]: DEBUG ovsdbapp.backend.ovs_idl.transaction [-] Running txn n=1 command(idx=1): PgAclAddCommand(_result=None, entity=pg_40b45b4a_9b8f_4e74_a338_d8fac315778c, direction=to-lport, priority=1002, match=outport == @pg_40b45b4a_9b8f_4e74_a338_d8fac315778c && ip4 && ip4.src == $pg_40b45b4a_9b8f_4e74_a338_d8fac315778c_ip4, action=allow-related, log=False, may_exist=True, severity=[], name=[], meter=[], external_ids={'neutron:security_group_rule_id': '04269a80-7e78-43a0-be09-7aa299a8e4dc'}) {{(pid=89975) do_commit /opt/stack/data/venv/lib/python3.12/site-packages/ovsdbapp/backend/ovs_idl/transaction.py:89}}
Jun 12 09:14:03.659078 np0000002723 devstack@neutron-api.service[89975]: DEBUG ovsdbapp.backend.ovs_idl.transaction [-] Running txn n=1 command(idx=2): PgAclAddCommand(_result=None, entity=pg_40b45b4a_9b8f_4e74_a338_d8fac315778c, direction=to-lport, priority=1002, match=outport == @pg_40b45b4a_9b8f_4e74_a338_d8fac315778c && ip6 && ip6.src == $pg_40b45b4a_9b8f_4e74_a338_d8fac315778c_ip6, action=allow-related, log=False, may_exist=True, severity=[], name=[], meter=[], external_ids={'neutron:security_group_rule_id': '2fed636d-d1d2-4f2b-8b3b-c9ef5822703f'}) {{(pid=89975) do_commit /opt/stack/data/venv/lib/python3.12/site-packages/ovsdbapp/backend/ovs_idl/transaction.py:89}}
Jun 12 09:14:03.659348 np0000002723 devstack@neutron-api.service[89975]: DEBUG ovsdbapp.backend.ovs_idl.transaction [-] Running txn n=1 command(idx=3): PgAclAddCommand(_result=None, entity=pg_40b45b4a_9b8f_4e74_a338_d8fac315778c, direction=from-lport, priority=1002, match=inport == @pg_40b45b4a_9b8f_4e74_a338_d8fac315778c && ip6, action=allow-related, log=False, may_exist=True, severity=[], name=[], meter=[], external_ids={'neutron:security_group_rule_id': '6ca1b217-1c06-420e-9c7d-573cf5a6c122'}) {{(pid=89975) do_commit /opt/stack/data/venv/lib/python3.12/site-packages/ovsdbapp/backend/ovs_idl/transaction.py:89}}
Jun 12 09:14:03.659585 np0000002723 devstack@neutron-api.service[89975]: DEBUG ovsdbapp.backend.ovs_idl.transaction [-] Running txn n=1 command(idx=4): PgAclAddCommand(_result=None, entity=pg_40b45b4a_9b8f_4e74_a338_d8fac315778c, direction=from-lport, priority=1002, match=inport == @pg_40b45b4a_9b8f_4e74_a338_d8fac315778c && ip4, action=allow-related, log=False, may_exist=True, severity=[], name=[], meter=[], external_ids={'neutron:security_group_rule_id': '78014b62-e80b-46e5-9228-ff9fa985bb13'}) {{(pid=89975) do_commit /opt/stack/data/venv/lib/python3.12/site-packages/ovsdbapp/backend/ovs_idl/transaction.py:89}}
Jun 12 09:14:03.663382 np0000002723 devstack@neutron-api.service[89975]: DEBUG neutron.plugins.ml2.drivers.ovn.mech_driver.ovsdb.ovsdb_monitor [-] Hash Ring: Node 36123e3cdea158ccaa85cfcdb6cb00cc (host: np0000002723) handling event "create" for row 4c6448d3-73a1-48a7-b616-d30efa550ebb (table: ACL) {{(pid=89975) notify /opt/stack/neutron/neutron/plugins/ml2/drivers/ovn/mech_driver/ovsdb/ovsdb_monitor.py:1015}}
Jun 12 09:14:03.663547 np0000002723 devstack@neutron-api.service[89975]: DEBUG neutron.plugins.ml2.drivers.ovn.mech_driver.ovsdb.ovsdb_monitor [-] Hash Ring: Node 36123e3cdea158ccaa85cfcdb6cb00cc (host: np0000002723) handling event "create" for row 8ac7c6cf-3111-4833-af87-fcf6aa4938f1 (table: ACL) {{(pid=89975) notify /opt/stack/neutron/neutron/plugins/ml2/drivers/ovn/mech_driver/ovsdb/ovsdb_monitor.py:1015}}
Jun 12 09:14:03.663702 np0000002723 devstack@neutron-api.service[89975]: DEBUG neutron.plugins.ml2.drivers.ovn.mech_driver.ovsdb.ovsdb_monitor [-] Hash Ring: Node 36123e3cdea158ccaa85cfcdb6cb00cc (host: np0000002723) handling event "create" for row d655f477-e851-42b8-ba9f-6d3d3ec52571 (table: ACL) {{(pid=89975) notify /opt/stack/neutron/neutron/plugins/ml2/drivers/ovn/mech_driver/ovsdb/ovsdb_monitor.py:1015}}
Jun 12 09:14:03.663809 np0000002723 devstack@neutron-api.service[89975]: DEBUG neutron.plugins.ml2.drivers.ovn.mech_driver.ovsdb.ovsdb_monitor [-] Hash Ring: Node 36123e3cdea158ccaa85cfcdb6cb00cc (host: np0000002723) handling event "create" for row de5b304b-7584-495b-9cf2-676747acec85 (table: ACL) {{(pid=89975) notify /opt/stack/neutron/neutron/plugins/ml2/drivers/ovn/mech_driver/ovsdb/ovsdb_monitor.py:1015}}
Jun 12 09:14:03.663920 np0000002723 devstack@neutron-api.service[89975]: DEBUG neutron.plugins.ml2.drivers.ovn.mech_driver.ovsdb.ovsdb_monitor [-] Hash Ring: Node 36123e3cdea158ccaa85cfcdb6cb00cc (host: np0000002723) handling event "create" for row 9386f655-198a-48f4-95e6-832f28583f6f (table: Port_Group) {{(pid=89975) notify /opt/stack/neutron/neutron/plugins/ml2/drivers/ovn/mech_driver/ovsdb/ovsdb_monitor.py:1015}}
Jun 12 09:14:03.663968 np0000002723 devstack@neutron-api.service[89976]: DEBUG neutron.plugins.ml2.drivers.ovn.mech_driver.ovsdb.ovsdb_monitor [-] Hash Ring: Node 04271f970d6259c9b7746cecf61c4138 (host: np0000002723) handling event "create" for row 4c6448d3-73a1-48a7-b616-d30efa550ebb (table: ACL) {{(pid=89976) notify /opt/stack/neutron/neutron/plugins/ml2/drivers/ovn/mech_driver/ovsdb/ovsdb_monitor.py:1015}}
Jun 12 09:14:03.664756 np0000002723 devstack@neutron-api.service[89974]: DEBUG neutron.plugins.ml2.drivers.ovn.mech_driver.ovsdb.ovsdb_monitor [-] Hash Ring: Node 353e5d8f14355c74ae9e9d9393fa1f5b (host: np0000002723) handling event "create" for row 8ac7c6cf-3111-4833-af87-fcf6aa4938f1 (table: ACL) {{(pid=89974) notify /opt/stack/neutron/neutron/plugins/ml2/drivers/ovn/mech_driver/ovsdb/ovsdb_monitor.py:1015}}
Jun 12 09:14:03.664972 np0000002723 devstack@neutron-api.service[89974]: DEBUG neutron.plugins.ml2.drivers.ovn.mech_driver.ovsdb.ovsdb_monitor [-] Hash Ring: Node 353e5d8f14355c74ae9e9d9393fa1f5b (host: np0000002723) handling event "create" for row d655f477-e851-42b8-ba9f-6d3d3ec52571 (table: ACL) {{(pid=89974) notify /opt/stack/neutron/neutron/plugins/ml2/drivers/ovn/mech_driver/ovsdb/ovsdb_monitor.py:1015}}
Jun 12 09:14:03.688398 np0000002723 devstack@neutron-api.service[89975]: INFO neutron.db.ovn_revision_numbers_db [None req-ad01997b-70e8-41ac-9e13-066f9e9b4eea admin admin] Successfully bumped revision number for resource 40b45b4a-9b8f-4e74-a338-d8fac315778c (type: security_groups) to 1
Jun 12 09:14:03.700411 np0000002723 devstack@neutron-api.service[89975]: INFO neutron.db.ovn_revision_numbers_db [None req-ad01997b-70e8-41ac-9e13-066f9e9b4eea admin admin] Successfully bumped revision number for resource 04269a80-7e78-43a0-be09-7aa299a8e4dc (type: security_group_rules) to 0
Jun 12 09:14:03.709275 np0000002723 devstack@neutron-api.service[89975]: INFO neutron.db.ovn_revision_numbers_db [None req-ad01997b-70e8-41ac-9e13-066f9e9b4eea admin admin] Successfully bumped revision number for resource 2fed636d-d1d2-4f2b-8b3b-c9ef5822703f (type: security_group_rules) to 0
Jun 12 09:14:03.718934 np0000002723 devstack@neutron-api.service[89975]: INFO neutron.db.ovn_revision_numbers_db [None req-ad01997b-70e8-41ac-9e13-066f9e9b4eea admin admin] Successfully bumped revision number for resource 6ca1b217-1c06-420e-9c7d-573cf5a6c122 (type: security_group_rules) to 0
Jun 12 09:14:03.728532 np0000002723 devstack@neutron-api.service[89975]: INFO neutron.db.ovn_revision_numbers_db [None req-ad01997b-70e8-41ac-9e13-066f9e9b4eea admin admin] Successfully bumped revision number for resource 78014b62-e80b-46e5-9228-ff9fa985bb13 (type: security_group_rules) to 0
Jun 12 09:14:03.747779 np0000002723 devstack@neutron-api.service[89975]: DEBUG neutron.api.rpc.handlers.resources_rpc [None req-ad01997b-70e8-41ac-9e13-066f9e9b4eea admin admin] Pushing event updated for resources: {'SecurityGroup': ['ID=40b45b4a-9b8f-4e74-a338-d8fac315778c,revision_number=1']} {{(pid=89975) push /opt/stack/neutron/neutron/api/rpc/handlers/resources_rpc.py:237}}
Jun 12 09:14:03.754450 np0000002723 devstack@neutron-api.service[89975]: DEBUG ovsdbapp.backend.ovs_idl.transaction [-] Running txn n=1 command(idx=0): CheckLivenessCommand(_result=None) {{(pid=89975) do_commit /opt/stack/data/venv/lib/python3.12/site-packages/ovsdbapp/backend/ovs_idl/transaction.py:89}}
Jun 12 09:14:03.756146 np0000002723 devstack@neutron-api.service[89975]: DEBUG neutron.plugins.ml2.drivers.ovn.mech_driver.ovsdb.ovsdb_monitor [-] Hash Ring: Node 36123e3cdea158ccaa85cfcdb6cb00cc (host: np0000002723) handling event "update" for row 99a28c12-140d-456e-a476-77902811455b (table: NB_Global) {{(pid=89975) notify /opt/stack/neutron/neutron/plugins/ml2/drivers/ovn/mech_driver/ovsdb/ovsdb_monitor.py:1015}}
Jun 12 09:14:03.757317 np0000002723 devstack@neutron-api.service[89975]: DEBUG neutron.plugins.ml2.drivers.ovn.mech_driver.ovsdb.ovsdb_monitor [-] Hash Ring: Node 36123e3cdea158ccaa85cfcdb6cb00cc (host: np0000002723) handling event "update" for row 99a28c12-140d-456e-a476-77902811455b (table: NB_Global) {{(pid=89975) notify /opt/stack/neutron/neutron/plugins/ml2/drivers/ovn/mech_driver/ovsdb/ovsdb_monitor.py:1015}}
Jun 12 09:14:03.758589 np0000002723 devstack@neutron-api.service[89974]: DEBUG neutron.plugins.ml2.drivers.ovn.mech_driver.ovsdb.ovsdb_monitor [-] ChassisAgentWriteEvent : Matched Chassis_Private, update, None None {{(pid=89974) matches /opt/stack/neutron/neutron/plugins/ml2/drivers/ovn/mech_driver/ovsdb/ovsdb_monitor.py:64}}
Jun 12 09:14:03.758757 np0000002723 devstack@neutron-api.service[89976]: DEBUG neutron.plugins.ml2.drivers.ovn.mech_driver.ovsdb.ovsdb_monitor [-] ChassisAgentWriteEvent : Matched Chassis_Private, update, None None {{(pid=89976) matches /opt/stack/neutron/neutron/plugins/ml2/drivers/ovn/mech_driver/ovsdb/ovsdb_monitor.py:64}}
Jun 12 09:14:03.759261 np0000002723 devstack@neutron-api.service[89974]: DEBUG neutron.plugins.ml2.drivers.ovn.mech_driver.ovsdb.ovsdb_monitor [-] Hash Ring: Node 353e5d8f14355c74ae9e9d9393fa1f5b (host: np0000002723) handling event "update" for row 71fc8228-2010-4297-b9d2-0eb19c84fbc1 (table: Chassis_Private) {{(pid=89974) notify /opt/stack/neutron/neutron/plugins/ml2/drivers/ovn/mech_driver/ovsdb/ovsdb_monitor.py:1015}}
Jun 12 09:14:03.759342 np0000002723 devstack@neutron-api.service[89975]: DEBUG neutron.plugins.ml2.drivers.ovn.mech_driver.ovsdb.ovsdb_monitor [-] ChassisAgentWriteEvent : Matched Chassis_Private, update, None None {{(pid=89975) matches /opt/stack/neutron/neutron/plugins/ml2/drivers/ovn/mech_driver/ovsdb/ovsdb_monitor.py:64}}
Jun 12 09:14:03.760998 np0000002723 devstack@neutron-api.service[89975]: DEBUG neutron.plugins.ml2.drivers.ovn.mech_driver.ovsdb.ovsdb_monitor [-] Hash Ring: Node 36123e3cdea158ccaa85cfcdb6cb00cc (host: np0000002723) handling event "update" for row 99a28c12-140d-456e-a476-77902811455b (table: NB_Global) {{(pid=89975) notify /opt/stack/neutron/neutron/plugins/ml2/drivers/ovn/mech_driver/ovsdb/ovsdb_monitor.py:1015}}
Jun 12 09:14:03.762278 np0000002723 devstack@neutron-api.service[89975]: DEBUG neutron.plugins.ml2.drivers.ovn.mech_driver.ovsdb.ovsdb_monitor [-] Hash Ring: Node 36123e3cdea158ccaa85cfcdb6cb00cc (host: np0000002723) handling event "update" for row 99a28c12-140d-456e-a476-77902811455b (table: NB_Global) {{(pid=89975) notify /opt/stack/neutron/neutron/plugins/ml2/drivers/ovn/mech_driver/ovsdb/ovsdb_monitor.py:1015}}
Jun 12 09:14:03.762678 np0000002723 devstack@neutron-api.service[89974]: DEBUG neutron.plugins.ml2.drivers.ovn.mech_driver.ovsdb.ovsdb_monitor [-] ChassisOVNAgentWriteEvent : Matched Chassis_Private, update, None None {{(pid=89974) matches /opt/stack/neutron/neutron/plugins/ml2/drivers/ovn/mech_driver/ovsdb/ovsdb_monitor.py:64}}
Jun 12 09:14:03.762970 np0000002723 devstack@neutron-api.service[89974]: DEBUG neutron.plugins.ml2.drivers.ovn.mech_driver.ovsdb.ovsdb_monitor [-] Hash Ring: Node 353e5d8f14355c74ae9e9d9393fa1f5b (host: np0000002723) handling event "update" for row 71fc8228-2010-4297-b9d2-0eb19c84fbc1 (table: Chassis_Private) {{(pid=89974) notify /opt/stack/neutron/neutron/plugins/ml2/drivers/ovn/mech_driver/ovsdb/ovsdb_monitor.py:1015}}
Jun 12 09:14:03.763080 np0000002723 devstack@neutron-api.service[89976]: DEBUG neutron.plugins.ml2.drivers.ovn.mech_driver.ovsdb.ovsdb_monitor [-] ChassisOVNAgentWriteEvent : Matched Chassis_Private, update, None None {{(pid=89976) matches /opt/stack/neutron/neutron/plugins/ml2/drivers/ovn/mech_driver/ovsdb/ovsdb_monitor.py:64}}
Jun 12 09:14:03.764838 np0000002723 devstack@neutron-api.service[89975]: DEBUG neutron.api.rpc.callbacks.version_manager [None req-ad01997b-70e8-41ac-9e13-066f9e9b4eea admin admin] Tracked resource versions report:
Jun 12 09:14:03.764838 np0000002723 devstack@neutron-api.service[89975]: pushed versions:
Jun 12 09:14:03.764838 np0000002723 devstack@neutron-api.service[89975]: { 'AddressGroup': {'1.2'},
Jun 12 09:14:03.764838 np0000002723 devstack@neutron-api.service[89975]: 'Agent': {'1.1'},
Jun 12 09:14:03.764838 np0000002723 devstack@neutron-api.service[89975]: 'ConntrackHelper': {'1.0'},
Jun 12 09:14:03.764838 np0000002723 devstack@neutron-api.service[89975]: 'LocalIPAssociation': {'1.0'},
Jun 12 09:14:03.764838 np0000002723 devstack@neutron-api.service[89975]: 'Log': {'1.0'},
Jun 12 09:14:03.764838 np0000002723 devstack@neutron-api.service[89975]: 'NDPProxy': {'1.0'},
Jun 12 09:14:03.764838 np0000002723 devstack@neutron-api.service[89975]: 'Network': {'1.3'},
Jun 12 09:14:03.764838 np0000002723 devstack@neutron-api.service[89975]: 'Port': {'1.11'},
Jun 12 09:14:03.764838 np0000002723 devstack@neutron-api.service[89975]: 'PortForwarding': {'1.3'},
Jun 12 09:14:03.764838 np0000002723 devstack@neutron-api.service[89975]: 'QosPolicy': {'1.10'},
Jun 12 09:14:03.764838 np0000002723 devstack@neutron-api.service[89975]: 'SecurityGroup': {'1.6'},
Jun 12 09:14:03.764838 np0000002723 devstack@neutron-api.service[89975]: 'SecurityGroupRule': {'1.3'},
Jun 12 09:14:03.764838 np0000002723 devstack@neutron-api.service[89975]: 'SubPort': {'1.0'},
Jun 12 09:14:03.764838 np0000002723 devstack@neutron-api.service[89975]: 'Subnet': {'1.2'},
Jun 12 09:14:03.764838 np0000002723 devstack@neutron-api.service[89975]: 'Trunk': {'1.1'}}
Jun 12 09:14:03.764838 np0000002723 devstack@neutron-api.service[89975]: consumer versions:
Jun 12 09:14:03.764838 np0000002723 devstack@neutron-api.service[89975]: {OVN Controller Gateway agent@np0000002723: {}}
Jun 12 09:14:03.764838 np0000002723 devstack@neutron-api.service[89975]: {{(pid=89975) report /opt/stack/neutron/neutron/api/rpc/callbacks/version_manager.py:183}}
Jun 12 09:14:03.768343 np0000002723 devstack@neutron-api.service[89975]: DEBUG neutron.common.ovn.hash_ring_manager [-] Allow caching, nodes 3>=3 {{(pid=89975) _wait_startup_before_caching /opt/stack/neutron/neutron/common/ovn/hash_ring_manager.py:65}}
Jun 12 09:14:03.768479 np0000002723 devstack@neutron-api.service[89975]: DEBUG neutron.plugins.ml2.drivers.ovn.mech_driver.ovsdb.ovsdb_monitor [-] Hash Ring: Node 36123e3cdea158ccaa85cfcdb6cb00cc (host: np0000002723) handling event "update" for row 71fc8228-2010-4297-b9d2-0eb19c84fbc1 (table: Chassis_Private) {{(pid=89975) notify /opt/stack/neutron/neutron/plugins/ml2/drivers/ovn/mech_driver/ovsdb/ovsdb_monitor.py:1015}}
Jun 12 09:14:03.769568 np0000002723 devstack@neutron-api.service[89975]: DEBUG neutron.plugins.ml2.drivers.ovn.mech_driver.ovsdb.ovsdb_monitor [-] ChassisOVNAgentWriteEvent : Matched Chassis_Private, update, None None {{(pid=89975) matches /opt/stack/neutron/neutron/plugins/ml2/drivers/ovn/mech_driver/ovsdb/ovsdb_monitor.py:64}}
Jun 12 09:14:03.769781 np0000002723 devstack@neutron-api.service[89975]: DEBUG neutron.plugins.ml2.drivers.ovn.mech_driver.ovsdb.ovsdb_monitor [-] Hash Ring: Node 36123e3cdea158ccaa85cfcdb6cb00cc (host: np0000002723) handling event "update" for row 71fc8228-2010-4297-b9d2-0eb19c84fbc1 (table: Chassis_Private) {{(pid=89975) notify /opt/stack/neutron/neutron/plugins/ml2/drivers/ovn/mech_driver/ovsdb/ovsdb_monitor.py:1015}}
Jun 12 09:14:03.809716 np0000002723 devstack@neutron-api.service[89975]: DEBUG neutron.plugins.ml2.drivers.helpers [None req-ad01997b-70e8-41ac-9e13-066f9e9b4eea admin admin] geneve segment allocate from pool success with {'geneve_vni': 21849} {{(pid=89975) allocate_partially_specified_segment /opt/stack/neutron/neutron/plugins/ml2/drivers/helpers.py:142}}
Jun 12 09:14:03.819310 np0000002723 devstack@neutron-api.service[89975]: DEBUG neutron_lib.callbacks.manager [None req-ad01997b-70e8-41ac-9e13-066f9e9b4eea admin admin] Publish callbacks ['neutron.services.segments.db._add_segment_host_mapping_for_segment-8128158672416', 'neutron.plugins.ml2.plugin.Ml2Plugin._handle_segment_change-134160904'] for segment (5fb4e96a-27b5-4559-96ef-7651ce83bd2a), precommit_create {{(pid=89975) _notify_loop /opt/stack/data/venv/lib/python3.12/site-packages/neutron_lib/callbacks/manager.py:184}}
Jun 12 09:14:03.819447 np0000002723 devstack@neutron-api.service[89975]: INFO neutron.db.segments_db [None req-ad01997b-70e8-41ac-9e13-066f9e9b4eea admin admin] Added segment 5fb4e96a-27b5-4559-96ef-7651ce83bd2a of type geneve for network f9ee1dcf-5676-4742-830f-4f3f6058041c
Jun 12 09:14:03.855500 np0000002723 devstack@neutron-api.service[89975]: DEBUG neutron_lib.callbacks.manager [None req-ad01997b-70e8-41ac-9e13-066f9e9b4eea admin admin] Publish callbacks ['neutron.services.auto_allocate.db._ensure_external_network_default_value_callback-8128156972666'] for network (f9ee1dcf-5676-4742-830f-4f3f6058041c), precommit_create {{(pid=89975) _notify_loop /opt/stack/data/venv/lib/python3.12/site-packages/neutron_lib/callbacks/manager.py:184}}
Jun 12 09:14:03.870904 np0000002723 devstack@neutron-api.service[89975]: DEBUG neutron.plugins.ml2.drivers.ovn.mech_driver.mech_driver [None req-ad01997b-70e8-41ac-9e13-066f9e9b4eea admin admin] Validating network segment with type geneve, segmentation ID 21849, physical network None {{(pid=89975) _validate_network_segments /opt/stack/neutron/neutron/plugins/ml2/drivers/ovn/mech_driver/mech_driver.py:643}}
Jun 12 09:14:03.871062 np0000002723 devstack@neutron-api.service[89975]: DEBUG neutron.db.ovn_revision_numbers_db [None req-ad01997b-70e8-41ac-9e13-066f9e9b4eea admin admin] create_initial_revision uuid=f9ee1dcf-5676-4742-830f-4f3f6058041c, type=networks, rev=-1 {{(pid=89975) create_initial_revision /opt/stack/neutron/neutron/db/ovn_revision_numbers_db.py:98}}
Jun 12 09:14:03.884756 np0000002723 devstack@neutron-api.service[89975]: DEBUG neutron_lib.callbacks.manager [None req-ad01997b-70e8-41ac-9e13-066f9e9b4eea admin admin] Publish callbacks ['neutron.plugins.ml2.ovo_rpc._ObjectChangeHandler.handle_event-132569785'] for network (f9ee1dcf-5676-4742-830f-4f3f6058041c), after_create {{(pid=89975) _notify_loop /opt/stack/data/venv/lib/python3.12/site-packages/neutron_lib/callbacks/manager.py:184}}
Jun 12 09:14:03.930628 np0000002723 devstack@neutron-api.service[89975]: DEBUG neutron.api.rpc.handlers.resources_rpc [None req-ad01997b-70e8-41ac-9e13-066f9e9b4eea admin admin] Pushing event updated for resources: {'Network': ['ID=f9ee1dcf-5676-4742-830f-4f3f6058041c,revision_number=1']} {{(pid=89975) push /opt/stack/neutron/neutron/api/rpc/handlers/resources_rpc.py:237}}
Jun 12 09:14:03.937486 np0000002723 devstack@neutron-api.service[89975]: DEBUG ovsdbapp.backend.ovs_idl.transaction [-] Running txn n=1 command(idx=0): AddNetworkCommand(_result=None, network_uuid=f9ee1dcf-5676-4742-830f-4f3f6058041c, may_exist=True, columns={'external_ids': {'neutron:network_name': 'private', 'neutron:mtu': '1372', 'neutron:revision_number': '1', 'neutron:availability_zone_hints': '', 'neutron:provnet-network-type': 'geneve'}, 'other_config': {'mcast_snoop': 'false', 'mcast_flood_unregistered': 'false', 'vlan-passthru': 'false'}}) {{(pid=89975) do_commit /opt/stack/data/venv/lib/python3.12/site-packages/ovsdbapp/backend/ovs_idl/transaction.py:89}}
Jun 12 09:14:03.937654 np0000002723 devstack@neutron-api.service[89975]: DEBUG neutron.common.ovn.utils [-] OVS persist_uuid supported=True {{(pid=89975) ovs_persist_uuid_supported /opt/stack/neutron/neutron/common/ovn/utils.py:1544}}
Jun 12 09:14:03.940796 np0000002723 devstack@neutron-api.service[89975]: DEBUG neutron.plugins.ml2.drivers.ovn.mech_driver.ovsdb.ovsdb_monitor [-] Hash Ring: Node 36123e3cdea158ccaa85cfcdb6cb00cc (host: np0000002723) handling event "create" for row f9ee1dcf-5676-4742-830f-4f3f6058041c (table: Logical_Switch) {{(pid=89975) notify /opt/stack/neutron/neutron/plugins/ml2/drivers/ovn/mech_driver/ovsdb/ovsdb_monitor.py:1015}}
Jun 12 09:14:03.941847 np0000002723 devstack@neutron-api.service[89974]: DEBUG neutron.plugins.ml2.drivers.ovn.mech_driver.ovsdb.ovsdb_monitor [-] Hash Ring: Node 353e5d8f14355c74ae9e9d9393fa1f5b (host: np0000002723) handling event "create" for row f9ee1dcf-5676-4742-830f-4f3f6058041c (table: Logical_Switch) {{(pid=89974) notify /opt/stack/neutron/neutron/plugins/ml2/drivers/ovn/mech_driver/ovsdb/ovsdb_monitor.py:1015}}
Jun 12 09:14:03.945174 np0000002723 devstack@neutron-api.service[89974]: DEBUG neutron.plugins.ml2.drivers.ovn.mech_driver.ovsdb.ovsdb_monitor [-] Hash Ring: Node 353e5d8f14355c74ae9e9d9393fa1f5b (host: np0000002723) handling event "create" for row b22ca82c-8e20-494b-9d06-6957a9029f05 (table: Datapath_Binding) {{(pid=89974) notify /opt/stack/neutron/neutron/plugins/ml2/drivers/ovn/mech_driver/ovsdb/ovsdb_monitor.py:1015}}
Jun 12 09:14:03.950901 np0000002723 devstack@neutron-api.service[89975]: DEBUG neutron.plugins.ml2.drivers.ovn.mech_driver.ovsdb.ovsdb_monitor [-] Hash Ring: Node 36123e3cdea158ccaa85cfcdb6cb00cc (host: np0000002723) handling event "create" for row b22ca82c-8e20-494b-9d06-6957a9029f05 (table: Datapath_Binding) {{(pid=89975) notify /opt/stack/neutron/neutron/plugins/ml2/drivers/ovn/mech_driver/ovsdb/ovsdb_monitor.py:1015}}
Jun 12 09:14:03.967649 np0000002723 devstack@neutron-api.service[89975]: INFO neutron.db.ovn_revision_numbers_db [None req-ad01997b-70e8-41ac-9e13-066f9e9b4eea admin admin] Successfully bumped revision number for resource f9ee1dcf-5676-4742-830f-4f3f6058041c (type: networks) to 1
Jun 12 09:14:04.022016 np0000002723 devstack@neutron-api.service[89975]: DEBUG neutron_lib.callbacks.manager [None req-ad01997b-70e8-41ac-9e13-066f9e9b4eea admin admin] Publish callbacks ['neutron.plugins.ml2.plugin.SecurityGroupDbMixin._ensure_default_security_group_handler-219644'] for port (None), before_create {{(pid=89975) _notify_loop /opt/stack/data/venv/lib/python3.12/site-packages/neutron_lib/callbacks/manager.py:184}}
Jun 12 09:14:04.119111 np0000002723 devstack@neutron-api.service[89975]: DEBUG neutron_lib.callbacks.manager [None req-ad01997b-70e8-41ac-9e13-066f9e9b4eea admin admin] Publish callbacks ['neutron.plugins.ml2.drivers.ovn.mech_driver.mech_driver.OVNMechanismDriver._validate_allowed_address_pairs-254053'] for allowed_address_pair (97a5d3a7-2978-4297-b65b-3d8512015674), before_create {{(pid=89975) _notify_loop /opt/stack/data/venv/lib/python3.12/site-packages/neutron_lib/callbacks/manager.py:184}}
Jun 12 09:14:04.119665 np0000002723 devstack@neutron-api.service[89975]: DEBUG neutron_lib.callbacks.manager [None req-ad01997b-70e8-41ac-9e13-066f9e9b4eea admin admin] Publish callbacks [] for port (97a5d3a7-2978-4297-b65b-3d8512015674), precommit_create {{(pid=89975) _notify_loop /opt/stack/data/venv/lib/python3.12/site-packages/neutron_lib/callbacks/manager.py:184}}
Jun 12 09:14:04.119871 np0000002723 devstack@neutron-api.service[89975]: DEBUG neutron.plugins.ml2.drivers.ovn.mech_driver.mech_driver [None req-ad01997b-70e8-41ac-9e13-066f9e9b4eea admin admin] No provisioning block for port 97a5d3a7-2978-4297-b65b-3d8512015674 since it does not have a host {{(pid=89975) _is_port_provisioning_required /opt/stack/neutron/neutron/plugins/ml2/drivers/ovn/mech_driver/mech_driver.py:896}}
Jun 12 09:14:04.120002 np0000002723 devstack@neutron-api.service[89975]: DEBUG neutron.db.ovn_revision_numbers_db [None req-ad01997b-70e8-41ac-9e13-066f9e9b4eea admin admin] create_initial_revision uuid=97a5d3a7-2978-4297-b65b-3d8512015674, type=ports, rev=-1 {{(pid=89975) create_initial_revision /opt/stack/neutron/neutron/db/ovn_revision_numbers_db.py:98}}
Jun 12 09:14:04.174772 np0000002723 devstack@neutron-api.service[89975]: DEBUG neutron_lib.callbacks.manager [None req-ad01997b-70e8-41ac-9e13-066f9e9b4eea admin admin] Publish callbacks ['neutron.plugins.ml2.ovo_rpc._ObjectChangeHandler.handle_event-132569408'] for port (97a5d3a7-2978-4297-b65b-3d8512015674), after_create {{(pid=89975) _notify_loop /opt/stack/data/venv/lib/python3.12/site-packages/neutron_lib/callbacks/manager.py:184}}
Jun 12 09:14:04.231256 np0000002723 devstack@neutron-api.service[89975]: DEBUG neutron.api.rpc.handlers.resources_rpc [None req-ad01997b-70e8-41ac-9e13-066f9e9b4eea admin admin] Pushing event updated for resources: {'Port': ['ID=97a5d3a7-2978-4297-b65b-3d8512015674,revision_number=1']} {{(pid=89975) push /opt/stack/neutron/neutron/api/rpc/handlers/resources_rpc.py:237}}
Jun 12 09:14:04.263077 np0000002723 devstack@neutron-api.service[89975]: DEBUG neutron.plugins.ml2.drivers.ovn.mech_driver.ovsdb.commands [None req-ad01997b-70e8-41ac-9e13-066f9e9b4eea admin admin] Converting tag [] to a tag_request {{(pid=89975) _tag_column_to_tag_request /opt/stack/neutron/neutron/plugins/ml2/drivers/ovn/mech_driver/ovsdb/commands.py:205}}
Jun 12 09:14:04.264080 np0000002723 devstack@neutron-api.service[89975]: DEBUG ovsdbapp.backend.ovs_idl.transaction [-] Running txn n=1 command(idx=0): AddLSwitchPortCommand(_result=None, lport=97a5d3a7-2978-4297-b65b-3d8512015674, lswitch=neutron-f9ee1dcf-5676-4742-830f-4f3f6058041c, may_exist=True, network_uuid=f9ee1dcf-5676-4742-830f-4f3f6058041c, columns={'addresses': ['fa:16:3e:42:57:9e'], 'external_ids': {'neutron:port_name': '', 'neutron:device_id': 'ovnmeta-f9ee1dcf-5676-4742-830f-4f3f6058041c', 'neutron:project_id': 'c96b9fe8b2724a4cbbdc5dcd0e653e52', 'neutron:cidrs': '', 'neutron:device_owner': 'network:distributed', 'neutron:subnet_pool_addr_scope4': '', 'neutron:subnet_pool_addr_scope6': '', 'neutron:network_name': 'neutron-f9ee1dcf-5676-4742-830f-4f3f6058041c', 'neutron:security_group_ids': '', 'neutron:revision_number': '1', 'neutron:vnic_type': 'normal', 'neutron:port_capabilities': '', 'neutron:mtu': '1372'}, 'parent_name': [], 'enabled': True, 'options': {}, 'type': 'localport', 'port_security': [], 'dhcpv4_options': [], 'dhcpv6_options': [], 'tag_request': []}) {{(pid=89975) do_commit /opt/stack/data/venv/lib/python3.12/site-packages/ovsdbapp/backend/ovs_idl/transaction.py:89}}
Jun 12 09:14:04.264720 np0000002723 devstack@neutron-api.service[89975]: DEBUG ovsdbapp.backend.ovs_idl.transaction [-] Running txn n=1 command(idx=1): QoSDelCommand(_result=None, switch=neutron-f9ee1dcf-5676-4742-830f-4f3f6058041c, conditions=[('direction', '=', 'to-lport'), ('priority', '=', 2002), ('match', '=', 'outport == "97a5d3a7-2978-4297-b65b-3d8512015674"')], if_exists=True) {{(pid=89975) do_commit /opt/stack/data/venv/lib/python3.12/site-packages/ovsdbapp/backend/ovs_idl/transaction.py:89}}
Jun 12 09:14:04.264926 np0000002723 devstack@neutron-api.service[89975]: DEBUG ovsdbapp.backend.ovs_idl.transaction [-] Running txn n=1 command(idx=2): QoSDelCommand(_result=None, switch=neutron-f9ee1dcf-5676-4742-830f-4f3f6058041c, conditions=[('direction', '=', 'from-lport'), ('priority', '=', 2002), ('match', '=', 'inport == "97a5d3a7-2978-4297-b65b-3d8512015674"')], if_exists=True) {{(pid=89975) do_commit /opt/stack/data/venv/lib/python3.12/site-packages/ovsdbapp/backend/ovs_idl/transaction.py:89}}
Jun 12 09:14:04.267626 np0000002723 devstack@neutron-api.service[89975]: DEBUG neutron.plugins.ml2.drivers.ovn.mech_driver.ovsdb.ovsdb_monitor [-] Hash Ring: Node 36123e3cdea158ccaa85cfcdb6cb00cc (host: np0000002723) handling event "update" for row f9ee1dcf-5676-4742-830f-4f3f6058041c (table: Logical_Switch) {{(pid=89975) notify /opt/stack/neutron/neutron/plugins/ml2/drivers/ovn/mech_driver/ovsdb/ovsdb_monitor.py:1015}}
Jun 12 09:14:04.267880 np0000002723 devstack@neutron-api.service[89974]: DEBUG neutron.plugins.ml2.drivers.ovn.mech_driver.ovsdb.ovsdb_monitor [-] Hash Ring: Node 353e5d8f14355c74ae9e9d9393fa1f5b (host: np0000002723) handling event "update" for row f9ee1dcf-5676-4742-830f-4f3f6058041c (table: Logical_Switch) {{(pid=89974) notify /opt/stack/neutron/neutron/plugins/ml2/drivers/ovn/mech_driver/ovsdb/ovsdb_monitor.py:1015}}
Jun 12 09:14:04.268042 np0000002723 devstack@neutron-api.service[89975]: DEBUG neutron.plugins.ml2.drivers.ovn.mech_driver.ovsdb.ovsdb_monitor [-] Hash Ring: Node 36123e3cdea158ccaa85cfcdb6cb00cc (host: np0000002723) handling event "create" for row 99bbbca2-9323-495c-87d0-d04d6c77d648 (table: Logical_Switch_Port) {{(pid=89975) notify /opt/stack/neutron/neutron/plugins/ml2/drivers/ovn/mech_driver/ovsdb/ovsdb_monitor.py:1015}}
Jun 12 09:14:04.268444 np0000002723 devstack@neutron-api.service[89976]: DEBUG neutron.plugins.ml2.drivers.ovn.mech_driver.ovsdb.ovsdb_monitor [-] Hash Ring: Node 04271f970d6259c9b7746cecf61c4138 (host: np0000002723) handling event "create" for row 99bbbca2-9323-495c-87d0-d04d6c77d648 (table: Logical_Switch_Port) {{(pid=89976) notify /opt/stack/neutron/neutron/plugins/ml2/drivers/ovn/mech_driver/ovsdb/ovsdb_monitor.py:1015}}
Jun 12 09:14:04.269081 np0000002723 devstack@neutron-api.service[89975]: DEBUG ovsdbapp.backend.ovs_idl.event [-] Matched CREATE: LogicalSwitchPortCreateEvent(events=('create',), table='Logical_Switch_Port', conditions=[], old_conditions=None), priority=20 to row=Logical_Switch_Port(uuid=99bbbca2-9323-495c-87d0-d04d6c77d648, addresses=['fa:16:3e:42:57:9e'], dhcpv4_options=[], dhcpv6_options=[], dynamic_addresses=[], enabled=True, external_ids={'neutron:cidrs': '', 'neutron:device_id': 'ovnmeta-f9ee1dcf-5676-4742-830f-4f3f6058041c', 'neutron:device_owner': 'network:distributed', 'neutron:mtu': '1372', 'neutron:network_name': 'neutron-f9ee1dcf-5676-4742-830f-4f3f6058041c', 'neutron:port_capabilities': '', 'neutron:port_name': '', 'neutron:project_id': 'c96b9fe8b2724a4cbbdc5dcd0e653e52', 'neutron:revision_number': '1', 'neutron:security_group_ids': '', 'neutron:subnet_pool_addr_scope4': '', 'neutron:subnet_pool_addr_scope6': '', 'neutron:vnic_type': 'normal'}, ha_chassis_group=[], mirror_rules=[], name='97a5d3a7-2978-4297-b65b-3d8512015674', options={}, parent_name=[], port_security=[], tag=[], tag_request=[], type='localport', up=[]) old= {{(pid=89975) matches /opt/stack/data/venv/lib/python3.12/site-packages/ovsdbapp/backend/ovs_idl/event.py:55}}
Jun 12 09:14:04.269540 np0000002723 devstack@neutron-api.service[89976]: DEBUG ovsdbapp.backend.ovs_idl.event [-] Matched CREATE: LogicalSwitchPortCreateEvent(events=('create',), table='Logical_Switch_Port', conditions=[], old_conditions=None), priority=20 to row=Logical_Switch_Port(uuid=99bbbca2-9323-495c-87d0-d04d6c77d648, addresses=['fa:16:3e:42:57:9e'], dhcpv4_options=[], dhcpv6_options=[], dynamic_addresses=[], enabled=True, external_ids={'neutron:cidrs': '', 'neutron:device_id': 'ovnmeta-f9ee1dcf-5676-4742-830f-4f3f6058041c', 'neutron:device_owner': 'network:distributed', 'neutron:mtu': '1372', 'neutron:network_name': 'neutron-f9ee1dcf-5676-4742-830f-4f3f6058041c', 'neutron:port_capabilities': '', 'neutron:port_name': '', 'neutron:project_id': 'c96b9fe8b2724a4cbbdc5dcd0e653e52', 'neutron:revision_number': '1', 'neutron:security_group_ids': '', 'neutron:subnet_pool_addr_scope4': '', 'neutron:subnet_pool_addr_scope6': '', 'neutron:vnic_type': 'normal'}, ha_chassis_group=[], mirror_rules=[], name='97a5d3a7-2978-4297-b65b-3d8512015674', options={}, parent_name=[], port_security=[], tag=[], tag_request=[], type='localport', up=[]) old= {{(pid=89976) matches /opt/stack/data/venv/lib/python3.12/site-packages/ovsdbapp/backend/ovs_idl/event.py:55}}
Jun 12 09:14:04.269948 np0000002723 devstack@neutron-api.service[89975]: INFO neutron.plugins.ml2.drivers.ovn.mech_driver.mech_driver [-] OVN reports status down for port: 97a5d3a7-2978-4297-b65b-3d8512015674
Jun 12 09:14:04.270529 np0000002723 devstack@neutron-api.service[89976]: INFO neutron.plugins.ml2.drivers.ovn.mech_driver.mech_driver [-] OVN reports status down for port: 97a5d3a7-2978-4297-b65b-3d8512015674
