Jun 12 09:14:23.599265 np0000002723 devstack@neutron-api.service[89975]: DEBUG ovsdbapp.backend.ovs_idl.transaction [None req-3db9582f-fc12-4ed0-84d6-4bf3ffb4ebaf None None] Running txn n=1 command(idx=1): UpdateLRouterPortCommand(_result=None, name=lrp-b48bd76c-c5f9-44b3-bb34-6a7e5d0d4a6c, columns={'external_ids': {'neutron:revision_number': '4', 'neutron:subnet_ids': '0a2d5867-70e3-4e4d-961b-d1cf377b37ad', 'neutron:network_name': 'neutron-f9ee1dcf-5676-4742-830f-4f3f6058041c', 'neutron:is_ext_gw': 'False', 'neutron:router_name': 'neutron-88205e8a-e475-4d5b-aa2d-cffbb87ed852'}, 'options': {}, 'networks': ['fd32:ac18:4e95::1/64'], 'ipv6_ra_configs': {'address_mode': 'slaac', 'send_periodic': 'true', 'mtu': '1372'}}, if_exists=False) {{(pid=89975) do_commit /opt/stack/data/venv/lib/python3.12/site-packages/ovsdbapp/backend/ovs_idl/transaction.py:89}}
Jun 12 09:14:23.599612 np0000002723 devstack@neutron-api.service[89975]: DEBUG ovsdbapp.backend.ovs_idl.transaction [None req-3db9582f-fc12-4ed0-84d6-4bf3ffb4ebaf None None] Running txn n=1 command(idx=2): SetLRouterPortInLSwitchPortCommand(_result=None, lswitch_port=b48bd76c-c5f9-44b3-bb34-6a7e5d0d4a6c, lrouter_port=lrp-b48bd76c-c5f9-44b3-bb34-6a7e5d0d4a6c, is_gw_port=False, if_exists=True, lsp_address=router) {{(pid=89975) do_commit /opt/stack/data/venv/lib/python3.12/site-packages/ovsdbapp/backend/ovs_idl/transaction.py:89}}
Jun 12 09:14:23.599955 np0000002723 devstack@neutron-api.service[89975]: DEBUG ovsdbapp.backend.ovs_idl.transaction [None req-3db9582f-fc12-4ed0-84d6-4bf3ffb4ebaf None None] Transaction caused no change {{(pid=89975) do_commit /opt/stack/data/venv/lib/python3.12/site-packages/ovsdbapp/backend/ovs_idl/transaction.py:129}}
Jun 12 09:14:23.663541 np0000002723 devstack@neutron-api.service[89975]: DEBUG ovsdbapp.backend.ovs_idl.transaction [None req-3db9582f-fc12-4ed0-84d6-4bf3ffb4ebaf None None] Running txn n=1 command(idx=0): CheckRevisionNumberCommand(_result=None, name=lrp-b48bd76c-c5f9-44b3-bb34-6a7e5d0d4a6c, resource={'id': 'b48bd76c-c5f9-44b3-bb34-6a7e5d0d4a6c', 'name': '', 'network_id': 'f9ee1dcf-5676-4742-830f-4f3f6058041c', 'project_id': 'c96b9fe8b2724a4cbbdc5dcd0e653e52', 'mac_address': 'fa:16:3e:82:a8:b7', 'admin_state_up': True, 'status': 'ACTIVE', 'device_id': '88205e8a-e475-4d5b-aa2d-cffbb87ed852', 'device_owner': 'network:router_interface', 'standard_attr_id': 24, 'fixed_ips': [{'subnet_id': '0a2d5867-70e3-4e4d-961b-d1cf377b37ad', 'ip_address': 'fd32:ac18:4e95::1'}], 'allowed_address_pairs': [], 'extra_dhcp_opts': [], 'security_groups': [], 'description': '', 'binding:vnic_type': 'normal', 'binding:profile': {}, 'binding:host_id': '', 'binding:vif_type': 'unbound', 'binding:vif_details': {}, 'port_security_enabled': False, 'tags': [], 'created_at': '2026-06-12T09:14:14Z', 'updated_at': '2026-06-12T09:14:17Z', 'revision_number': 4, 'tenant_id': 'c96b9fe8b2724a4cbbdc5dcd0e653e52'}, resource_type=router_ports, if_exists=True) {{(pid=89975) do_commit /opt/stack/data/venv/lib/python3.12/site-packages/ovsdbapp/backend/ovs_idl/transaction.py:89}}
Jun 12 09:14:23.663948 np0000002723 devstack@neutron-api.service[89975]: DEBUG ovsdbapp.backend.ovs_idl.transaction [None req-3db9582f-fc12-4ed0-84d6-4bf3ffb4ebaf None None] Running txn n=1 command(idx=1): UpdateLRouterPortCommand(_result=None, name=lrp-b48bd76c-c5f9-44b3-bb34-6a7e5d0d4a6c, columns={'external_ids': {'neutron:revision_number': '4', 'neutron:subnet_ids': '0a2d5867-70e3-4e4d-961b-d1cf377b37ad', 'neutron:network_name': 'neutron-f9ee1dcf-5676-4742-830f-4f3f6058041c', 'neutron:is_ext_gw': 'False', 'neutron:router_name': 'neutron-88205e8a-e475-4d5b-aa2d-cffbb87ed852'}, 'options': {}, 'networks': ['fd32:ac18:4e95::1/64'], 'ipv6_ra_configs': {'address_mode': 'slaac', 'send_periodic': 'true', 'mtu': '1372'}}, if_exists=False) {{(pid=89975) do_commit /opt/stack/data/venv/lib/python3.12/site-packages/ovsdbapp/backend/ovs_idl/transaction.py:89}}
Jun 12 09:14:23.664395 np0000002723 devstack@neutron-api.service[89975]: DEBUG ovsdbapp.backend.ovs_idl.transaction [None req-3db9582f-fc12-4ed0-84d6-4bf3ffb4ebaf None None] Running txn n=1 command(idx=2): SetLRouterPortInLSwitchPortCommand(_result=None, lswitch_port=b48bd76c-c5f9-44b3-bb34-6a7e5d0d4a6c, lrouter_port=lrp-b48bd76c-c5f9-44b3-bb34-6a7e5d0d4a6c, is_gw_port=False, if_exists=True, lsp_address=router) {{(pid=89975) do_commit /opt/stack/data/venv/lib/python3.12/site-packages/ovsdbapp/backend/ovs_idl/transaction.py:89}}
Jun 12 09:14:23.664824 np0000002723 devstack@neutron-api.service[89975]: DEBUG ovsdbapp.backend.ovs_idl.transaction [None req-3db9582f-fc12-4ed0-84d6-4bf3ffb4ebaf None None] Transaction caused no change {{(pid=89975) do_commit /opt/stack/data/venv/lib/python3.12/site-packages/ovsdbapp/backend/ovs_idl/transaction.py:129}}
Jun 12 09:14:26.382315 np0000002723 devstack@neutron-api.service[89975]: DEBUG futurist.periodics [-] Submitting periodic callback 'neutron.plugins.ml2.drivers.ovn.mech_driver.ovsdb.maintenance.HashRingHealthCheckPeriodics.touch_hash_ring_node' {{(pid=89975) _process_scheduled /opt/stack/data/venv/lib/python3.12/site-packages/futurist/periodics.py:784}}
Jun 12 09:14:26.382739 np0000002723 devstack@neutron-api.service[89975]: DEBUG neutron.plugins.ml2.drivers.ovn.mech_driver.ovsdb.maintenance [-] Touching Hash Ring node "36123e3cdea158ccaa85cfcdb6cb00cc" from periodic health check thread {{(pid=89975) touch_hash_ring_node /opt/stack/neutron/neutron/plugins/ml2/drivers/ovn/mech_driver/ovsdb/maintenance.py:1418}}
Jun 12 09:14:27.305112 np0000002723 devstack@neutron-api.service[89976]: DEBUG futurist.periodics [-] Submitting periodic callback 'neutron.plugins.ml2.drivers.ovn.mech_driver.ovsdb.maintenance.HashRingHealthCheckPeriodics.touch_hash_ring_node' {{(pid=89976) _process_scheduled /opt/stack/data/venv/lib/python3.12/site-packages/futurist/periodics.py:784}}
Jun 12 09:14:27.305592 np0000002723 devstack@neutron-api.service[89976]: DEBUG neutron.plugins.ml2.drivers.ovn.mech_driver.ovsdb.maintenance [-] Touching Hash Ring node "04271f970d6259c9b7746cecf61c4138" from periodic health check thread {{(pid=89976) touch_hash_ring_node /opt/stack/neutron/neutron/plugins/ml2/drivers/ovn/mech_driver/ovsdb/maintenance.py:1418}}
Jun 12 09:14:27.314855 np0000002723 devstack@neutron-api.service[89974]: DEBUG futurist.periodics [-] Submitting periodic callback 'neutron.plugins.ml2.drivers.ovn.mech_driver.ovsdb.maintenance.HashRingHealthCheckPeriodics.touch_hash_ring_node' {{(pid=89974) _process_scheduled /opt/stack/data/venv/lib/python3.12/site-packages/futurist/periodics.py:784}}
Jun 12 09:14:27.315311 np0000002723 devstack@neutron-api.service[89974]: DEBUG neutron.plugins.ml2.drivers.ovn.mech_driver.ovsdb.maintenance [-] Touching Hash Ring node "353e5d8f14355c74ae9e9d9393fa1f5b" from periodic health check thread {{(pid=89974) touch_hash_ring_node /opt/stack/neutron/neutron/plugins/ml2/drivers/ovn/mech_driver/ovsdb/maintenance.py:1418}}
Jun 12 09:14:36.390800 np0000002723 devstack@neutron-api.service[89975]: DEBUG dbcounter [-] [89975] Writing DB stats neutron:SELECT=3313,neutron:INSERT=730,neutron:DELETE=12,neutron:UPDATE=139 {{(pid=89975) stat_writer /opt/stack/data/venv/lib/python3.12/site-packages/dbcounter.py:115}}
Jun 12 09:14:37.312211 np0000002723 devstack@neutron-api.service[89976]: DEBUG dbcounter [-] [89976] Writing DB stats neutron:SELECT=685,neutron:INSERT=20,neutron:DELETE=7,neutron:UPDATE=40 {{(pid=89976) stat_writer /opt/stack/data/venv/lib/python3.12/site-packages/dbcounter.py:115}}
Jun 12 09:14:37.322278 np0000002723 devstack@neutron-api.service[89974]: DEBUG dbcounter [-] [89974] Writing DB stats neutron:SELECT=2333,neutron:INSERT=56,neutron:DELETE=10,neutron:UPDATE=73 {{(pid=89974) stat_writer /opt/stack/data/venv/lib/python3.12/site-packages/dbcounter.py:115}}
Jun 12 09:14:41.382987 np0000002723 devstack@neutron-api.service[89975]: DEBUG futurist.periodics [-] Submitting periodic callback 'neutron.plugins.ml2.drivers.ovn.mech_driver.ovsdb.maintenance.HashRingHealthCheckPeriodics.touch_hash_ring_node' {{(pid=89975) _process_scheduled /opt/stack/data/venv/lib/python3.12/site-packages/futurist/periodics.py:784}}
Jun 12 09:14:41.383385 np0000002723 devstack@neutron-api.service[89975]: DEBUG neutron.plugins.ml2.drivers.ovn.mech_driver.ovsdb.maintenance [-] Touching Hash Ring node "36123e3cdea158ccaa85cfcdb6cb00cc" from periodic health check thread {{(pid=89975) touch_hash_ring_node /opt/stack/neutron/neutron/plugins/ml2/drivers/ovn/mech_driver/ovsdb/maintenance.py:1418}}
Jun 12 09:14:42.305722 np0000002723 devstack@neutron-api.service[89976]: DEBUG futurist.periodics [-] Submitting periodic callback 'neutron.plugins.ml2.drivers.ovn.mech_driver.ovsdb.maintenance.HashRingHealthCheckPeriodics.touch_hash_ring_node' {{(pid=89976) _process_scheduled /opt/stack/data/venv/lib/python3.12/site-packages/futurist/periodics.py:784}}
Jun 12 09:14:42.306174 np0000002723 devstack@neutron-api.service[89976]: DEBUG neutron.plugins.ml2.drivers.ovn.mech_driver.ovsdb.maintenance [-] Touching Hash Ring node "04271f970d6259c9b7746cecf61c4138" from periodic health check thread {{(pid=89976) touch_hash_ring_node /opt/stack/neutron/neutron/plugins/ml2/drivers/ovn/mech_driver/ovsdb/maintenance.py:1418}}
Jun 12 09:14:42.315424 np0000002723 devstack@neutron-api.service[89974]: DEBUG futurist.periodics [-] Submitting periodic callback 'neutron.plugins.ml2.drivers.ovn.mech_driver.ovsdb.maintenance.HashRingHealthCheckPeriodics.touch_hash_ring_node' {{(pid=89974) _process_scheduled /opt/stack/data/venv/lib/python3.12/site-packages/futurist/periodics.py:784}}
Jun 12 09:14:42.315939 np0000002723 devstack@neutron-api.service[89974]: DEBUG neutron.plugins.ml2.drivers.ovn.mech_driver.ovsdb.maintenance [-] Touching Hash Ring node "353e5d8f14355c74ae9e9d9393fa1f5b" from periodic health check thread {{(pid=89974) touch_hash_ring_node /opt/stack/neutron/neutron/plugins/ml2/drivers/ovn/mech_driver/ovsdb/maintenance.py:1418}}
Jun 12 09:14:51.393780 np0000002723 devstack@neutron-api.service[89975]: DEBUG dbcounter [-] [89975] Writing DB stats neutron:UPDATE=1,neutron:SELECT=1 {{(pid=89975) stat_writer /opt/stack/data/venv/lib/python3.12/site-packages/dbcounter.py:115}}
Jun 12 09:14:52.312813 np0000002723 devstack@neutron-api.service[89976]: DEBUG dbcounter [-] [89976] Writing DB stats neutron:UPDATE=1,neutron:SELECT=1 {{(pid=89976) stat_writer /opt/stack/data/venv/lib/python3.12/site-packages/dbcounter.py:115}}
Jun 12 09:14:52.321520 np0000002723 devstack@neutron-api.service[89974]: DEBUG dbcounter [-] [89974] Writing DB stats neutron:UPDATE=1,neutron:SELECT=1 {{(pid=89974) stat_writer /opt/stack/data/venv/lib/python3.12/site-packages/dbcounter.py:115}}
Jun 12 09:14:56.383408 np0000002723 devstack@neutron-api.service[89975]: DEBUG futurist.periodics [-] Submitting periodic callback 'neutron.plugins.ml2.drivers.ovn.mech_driver.ovsdb.maintenance.HashRingHealthCheckPeriodics.touch_hash_ring_node' {{(pid=89975) _process_scheduled /opt/stack/data/venv/lib/python3.12/site-packages/futurist/periodics.py:784}}
Jun 12 09:14:56.383875 np0000002723 devstack@neutron-api.service[89975]: DEBUG neutron.plugins.ml2.drivers.ovn.mech_driver.ovsdb.maintenance [-] Touching Hash Ring node "36123e3cdea158ccaa85cfcdb6cb00cc" from periodic health check thread {{(pid=89975) touch_hash_ring_node /opt/stack/neutron/neutron/plugins/ml2/drivers/ovn/mech_driver/ovsdb/maintenance.py:1418}}
Jun 12 09:14:57.306335 np0000002723 devstack@neutron-api.service[89976]: DEBUG futurist.periodics [-] Submitting periodic callback 'neutron.plugins.ml2.drivers.ovn.mech_driver.ovsdb.maintenance.HashRingHealthCheckPeriodics.touch_hash_ring_node' {{(pid=89976) _process_scheduled /opt/stack/data/venv/lib/python3.12/site-packages/futurist/periodics.py:784}}
Jun 12 09:14:57.306805 np0000002723 devstack@neutron-api.service[89976]: DEBUG neutron.plugins.ml2.drivers.ovn.mech_driver.ovsdb.maintenance [-] Touching Hash Ring node "04271f970d6259c9b7746cecf61c4138" from periodic health check thread {{(pid=89976) touch_hash_ring_node /opt/stack/neutron/neutron/plugins/ml2/drivers/ovn/mech_driver/ovsdb/maintenance.py:1418}}
Jun 12 09:14:57.315956 np0000002723 devstack@neutron-api.service[89974]: DEBUG futurist.periodics [-] Submitting periodic callback 'neutron.plugins.ml2.drivers.ovn.mech_driver.ovsdb.maintenance.HashRingHealthCheckPeriodics.touch_hash_ring_node' {{(pid=89974) _process_scheduled /opt/stack/data/venv/lib/python3.12/site-packages/futurist/periodics.py:784}}
Jun 12 09:14:57.316368 np0000002723 devstack@neutron-api.service[89974]: DEBUG neutron.plugins.ml2.drivers.ovn.mech_driver.ovsdb.maintenance [-] Touching Hash Ring node "353e5d8f14355c74ae9e9d9393fa1f5b" from periodic health check thread {{(pid=89974) touch_hash_ring_node /opt/stack/neutron/neutron/plugins/ml2/drivers/ovn/mech_driver/ovsdb/maintenance.py:1418}}
Jun 12 09:15:06.389317 np0000002723 devstack@neutron-api.service[89975]: DEBUG dbcounter [-] [89975] Writing DB stats neutron:UPDATE=1,neutron:SELECT=1 {{(pid=89975) stat_writer /opt/stack/data/venv/lib/python3.12/site-packages/dbcounter.py:115}}
Jun 12 09:15:07.312524 np0000002723 devstack@neutron-api.service[89976]: DEBUG dbcounter [-] [89976] Writing DB stats neutron:UPDATE=1,neutron:SELECT=1 {{(pid=89976) stat_writer /opt/stack/data/venv/lib/python3.12/site-packages/dbcounter.py:115}}
Jun 12 09:15:07.321923 np0000002723 devstack@neutron-api.service[89974]: DEBUG dbcounter [-] [89974] Writing DB stats neutron:UPDATE=1,neutron:SELECT=1 {{(pid=89974) stat_writer /opt/stack/data/venv/lib/python3.12/site-packages/dbcounter.py:115}}
Jun 12 09:15:11.383937 np0000002723 devstack@neutron-api.service[89975]: DEBUG futurist.periodics [-] Submitting periodic callback 'neutron.plugins.ml2.drivers.ovn.mech_driver.ovsdb.maintenance.HashRingHealthCheckPeriodics.touch_hash_ring_node' {{(pid=89975) _process_scheduled /opt/stack/data/venv/lib/python3.12/site-packages/futurist/periodics.py:784}}
Jun 12 09:15:11.384312 np0000002723 devstack@neutron-api.service[89975]: DEBUG neutron.plugins.ml2.drivers.ovn.mech_driver.ovsdb.maintenance [-] Touching Hash Ring node "36123e3cdea158ccaa85cfcdb6cb00cc" from periodic health check thread {{(pid=89975) touch_hash_ring_node /opt/stack/neutron/neutron/plugins/ml2/drivers/ovn/mech_driver/ovsdb/maintenance.py:1418}}
Jun 12 09:15:12.307051 np0000002723 devstack@neutron-api.service[89976]: DEBUG futurist.periodics [-] Submitting periodic callback 'neutron.plugins.ml2.drivers.ovn.mech_driver.ovsdb.maintenance.HashRingHealthCheckPeriodics.touch_hash_ring_node' {{(pid=89976) _process_scheduled /opt/stack/data/venv/lib/python3.12/site-packages/futurist/periodics.py:784}}
Jun 12 09:15:12.307496 np0000002723 devstack@neutron-api.service[89976]: DEBUG neutron.plugins.ml2.drivers.ovn.mech_driver.ovsdb.maintenance [-] Touching Hash Ring node "04271f970d6259c9b7746cecf61c4138" from periodic health check thread {{(pid=89976) touch_hash_ring_node /opt/stack/neutron/neutron/plugins/ml2/drivers/ovn/mech_driver/ovsdb/maintenance.py:1418}}
Jun 12 09:15:12.316422 np0000002723 devstack@neutron-api.service[89974]: DEBUG futurist.periodics [-] Submitting periodic callback 'neutron.plugins.ml2.drivers.ovn.mech_driver.ovsdb.maintenance.HashRingHealthCheckPeriodics.touch_hash_ring_node' {{(pid=89974) _process_scheduled /opt/stack/data/venv/lib/python3.12/site-packages/futurist/periodics.py:784}}
Jun 12 09:15:12.316797 np0000002723 devstack@neutron-api.service[89974]: DEBUG neutron.plugins.ml2.drivers.ovn.mech_driver.ovsdb.maintenance [-] Touching Hash Ring node "353e5d8f14355c74ae9e9d9393fa1f5b" from periodic health check thread {{(pid=89974) touch_hash_ring_node /opt/stack/neutron/neutron/plugins/ml2/drivers/ovn/mech_driver/ovsdb/maintenance.py:1418}}
Jun 12 09:15:15.788266 np0000002723 devstack@neutron-api.service[89974]: DEBUG neutron.api.wsgi [None req-7d023f40-6c7f-42bf-9c74-cacd2ea17862 admin admin] Missing Content-Type {{(pid=89974) get_content_type /opt/stack/neutron/neutron/api/wsgi.py:80}}
Jun 12 09:15:15.788845 np0000002723 devstack@neutron-api.service[89974]: DEBUG neutron.api.wsgi [None req-7d023f40-6c7f-42bf-9c74-cacd2ea17862 admin admin] https://10.4.3.9/networking/v2.0/extensions returned with HTTP 200 {{(pid=89974) __call__ /opt/stack/neutron/neutron/api/wsgi.py:540}}
Jun 12 09:15:15.789450 np0000002723 devstack@neutron-api.service[89974]: [pid: 89974|app: 0|req: 11/34] 10.4.3.9 () {64 vars in 1278 bytes} [Fri Jun 12 09:15:15 2026] GET /networking/v2.0/extensions => generated 15873 bytes in 4 msecs (HTTP/1.1 200) 4 headers in 159 bytes (1 switches on core 0)
Jun 12 09:15:16.067429 np0000002723 devstack@neutron-api.service[89975]: INFO neutron.pecan_wsgi.hooks.translation [None req-c948fd93-f510-4a12-bfab-d74a6a74d153 admin admin] GET failed (client error): The resource could not be found.
Jun 12 09:15:16.067999 np0000002723 devstack@neutron-api.service[89975]: [pid: 89975|app: 0|req: 13/35] 10.4.3.9 () {64 vars in 1280 bytes} [Fri Jun 12 09:15:16 2026] GET /networking/v2.0/networks/public => generated 108 bytes in 8 msecs (HTTP/1.1 404) 4 headers in 164 bytes (1 switches on core 0)
Jun 12 09:15:16.108032 np0000002723 devstack@neutron-api.service[89976]: DEBUG neutron.pecan_wsgi.hooks.policy_enforcement [None req-2fffd06d-89d0-4d51-85a5-f7a8060802a2 admin admin] Attributes excluded by policy engine: ['standard_attr_id'] {{(pid=89976) _exclude_attributes_by_policy /opt/stack/neutron/neutron/pecan_wsgi/hooks/policy_enforcement.py:256}}
Jun 12 09:15:16.108467 np0000002723 devstack@neutron-api.service[89976]: [pid: 89976|app: 0|req: 12/36] 10.4.3.9 () {64 vars in 1295 bytes} [Fri Jun 12 09:15:16 2026] GET /networking/v2.0/networks?name=public => generated 759 bytes in 34 msecs (HTTP/1.1 200) 4 headers in 157 bytes (1 switches on core 0)
Jun 12 09:15:16.294955 np0000002723 devstack@neutron-api.service[89974]: DEBUG neutron.api.v2.base [None req-e15dabbd-8ab7-4401-9ec9-154f0128cdbd admin admin] Request body: {'network': {'shared': True, 'name': 'shared', 'admin_state_up': True}} {{(pid=89974) prepare_request_body /opt/stack/neutron/neutron/api/v2/base.py:727}}
Jun 12 09:15:16.307395 np0000002723 devstack@neutron-api.service[89974]: DEBUG neutron.pecan_wsgi.hooks.quota_enforcement [None req-e15dabbd-8ab7-4401-9ec9-154f0128cdbd admin admin] Made reservation on behalf of c96b9fe8b2724a4cbbdc5dcd0e653e52 for: {'network': 1} {{(pid=89974) before /opt/stack/neutron/neutron/pecan_wsgi/hooks/quota_enforcement.py:66}}
Jun 12 09:15:16.309903 np0000002723 devstack@neutron-api.service[89974]: DEBUG neutron_lib.callbacks.manager [None req-e15dabbd-8ab7-4401-9ec9-154f0128cdbd admin admin] Publish callbacks ['neutron.plugins.ml2.plugin.SecurityGroupDbMixin._ensure_default_security_group_handler-1983061'] for network (None), before_create {{(pid=89974) _notify_loop /opt/stack/data/venv/lib/python3.12/site-packages/neutron_lib/callbacks/manager.py:184}}
Jun 12 09:15:16.334923 np0000002723 devstack@neutron-api.service[89974]: WARNING neutron.services.revisions.revision_plugin [None req-e15dabbd-8ab7-4401-9ec9-154f0128cdbd admin admin] Could not find related network for resource to bump revision.
Jun 12 09:15:16.359503 np0000002723 devstack@neutron-api.service[89974]: DEBUG neutron.plugins.ml2.drivers.helpers [None req-e15dabbd-8ab7-4401-9ec9-154f0128cdbd admin admin] geneve segment allocate from pool success with {'geneve_vni': 18599} {{(pid=89974) allocate_partially_specified_segment /opt/stack/neutron/neutron/plugins/ml2/drivers/helpers.py:142}}
Jun 12 09:15:16.365617 np0000002723 devstack@neutron-api.service[89974]: DEBUG neutron_lib.callbacks.manager [None req-e15dabbd-8ab7-4401-9ec9-154f0128cdbd admin admin] Publish callbacks ['neutron.plugins.ml2.plugin.Ml2Plugin._handle_segment_change-132276431'] for segment (49e1f1ea-9a44-40a3-93df-ff00f8393c99), precommit_create {{(pid=89974) _notify_loop /opt/stack/data/venv/lib/python3.12/site-packages/neutron_lib/callbacks/manager.py:184}}
Jun 12 09:15:16.365741 np0000002723 devstack@neutron-api.service[89974]: INFO neutron.db.segments_db [None req-e15dabbd-8ab7-4401-9ec9-154f0128cdbd admin admin] Added segment 49e1f1ea-9a44-40a3-93df-ff00f8393c99 of type geneve for network 21a5d16a-c092-4711-bee5-bce2a4da8c0a
Jun 12 09:15:16.377021 np0000002723 devstack@neutron-api.service[89974]: DEBUG neutron_lib.callbacks.manager [None req-e15dabbd-8ab7-4401-9ec9-154f0128cdbd admin admin] Publish callbacks ['neutron.services.auto_allocate.db._ensure_external_network_default_value_callback-8128157335686'] for network (21a5d16a-c092-4711-bee5-bce2a4da8c0a), precommit_create {{(pid=89974) _notify_loop /opt/stack/data/venv/lib/python3.12/site-packages/neutron_lib/callbacks/manager.py:184}}
Jun 12 09:15:16.387116 np0000002723 devstack@neutron-api.service[89974]: DEBUG neutron.plugins.ml2.drivers.ovn.mech_driver.mech_driver [None req-e15dabbd-8ab7-4401-9ec9-154f0128cdbd admin admin] Validating network segment with type geneve, segmentation ID 18599, physical network None {{(pid=89974) _validate_network_segments /opt/stack/neutron/neutron/plugins/ml2/drivers/ovn/mech_driver/mech_driver.py:643}}
Jun 12 09:15:16.387292 np0000002723 devstack@neutron-api.service[89974]: DEBUG neutron.db.ovn_revision_numbers_db [None req-e15dabbd-8ab7-4401-9ec9-154f0128cdbd admin admin] create_initial_revision uuid=21a5d16a-c092-4711-bee5-bce2a4da8c0a, type=networks, rev=-1 {{(pid=89974) create_initial_revision /opt/stack/neutron/neutron/db/ovn_revision_numbers_db.py:98}}
Jun 12 09:15:16.394084 np0000002723 devstack@neutron-api.service[89974]: DEBUG neutron_lib.callbacks.manager [None req-e15dabbd-8ab7-4401-9ec9-154f0128cdbd admin admin] Publish callbacks ['neutron.plugins.ml2.ovo_rpc._ObjectChangeHandler.handle_event-132529791'] for network (21a5d16a-c092-4711-bee5-bce2a4da8c0a), after_create {{(pid=89974) _notify_loop /opt/stack/data/venv/lib/python3.12/site-packages/neutron_lib/callbacks/manager.py:184}}
Jun 12 09:15:16.407147 np0000002723 devstack@neutron-api.service[89974]: DEBUG neutron.api.rpc.handlers.resources_rpc [None req-e15dabbd-8ab7-4401-9ec9-154f0128cdbd admin admin] Pushing event updated for resources: {'Network': ['ID=21a5d16a-c092-4711-bee5-bce2a4da8c0a,revision_number=1']} {{(pid=89974) push /opt/stack/neutron/neutron/api/rpc/handlers/resources_rpc.py:237}}
Jun 12 09:15:16.410756 np0000002723 devstack@neutron-api.service[89974]: DEBUG ovsdbapp.backend.ovs_idl.transaction [None req-3f3d432a-5252-40e7-90ef-ad579f2fc515 None None] Running txn n=1 command(idx=0): CheckLivenessCommand(_result=None) {{(pid=89974) do_commit /opt/stack/data/venv/lib/python3.12/site-packages/ovsdbapp/backend/ovs_idl/transaction.py:89}}
Jun 12 09:15:16.414843 np0000002723 devstack@neutron-api.service[89975]: DEBUG neutron.plugins.ml2.drivers.ovn.mech_driver.ovsdb.ovsdb_monitor [None req-c0341bd8-24af-45e8-9961-9b3d8752ba1b None None] ChassisAgentWriteEvent : Matched Chassis_Private, update, None None {{(pid=89975) matches /opt/stack/neutron/neutron/plugins/ml2/drivers/ovn/mech_driver/ovsdb/ovsdb_monitor.py:64}}
Jun 12 09:15:16.416399 np0000002723 devstack@neutron-api.service[89976]: DEBUG neutron.plugins.ml2.drivers.ovn.mech_driver.ovsdb.ovsdb_monitor [None req-cd62e4bc-d62a-403e-af47-d15b12bba5bd None None] ChassisAgentWriteEvent : Matched Chassis_Private, update, None None {{(pid=89976) matches /opt/stack/neutron/neutron/plugins/ml2/drivers/ovn/mech_driver/ovsdb/ovsdb_monitor.py:64}}
Jun 12 09:15:16.416559 np0000002723 devstack@neutron-api.service[89974]: DEBUG neutron.plugins.ml2.drivers.ovn.mech_driver.ovsdb.ovsdb_monitor [None req-241aa407-99b8-40bc-a553-dfd47b3ade15 None None] ChassisAgentWriteEvent : Matched Chassis_Private, update, None None {{(pid=89974) matches /opt/stack/neutron/neutron/plugins/ml2/drivers/ovn/mech_driver/ovsdb/ovsdb_monitor.py:64}}
Jun 12 09:15:16.422498 np0000002723 devstack@neutron-api.service[89974]: DEBUG neutron.common.ovn.hash_ring_manager [None req-3f3d432a-5252-40e7-90ef-ad579f2fc515 None None] Hash Ring loaded. 3 active nodes. 0 offline nodes {{(pid=89974) _load_hash_ring /opt/stack/neutron/neutron/common/ovn/hash_ring_manager.py:102}}
Jun 12 09:15:16.423758 np0000002723 devstack@neutron-api.service[89975]: DEBUG neutron.common.ovn.hash_ring_manager [None req-c0341bd8-24af-45e8-9961-9b3d8752ba1b None None] Hash Ring loaded. 3 active nodes. 0 offline nodes {{(pid=89975) _load_hash_ring /opt/stack/neutron/neutron/common/ovn/hash_ring_manager.py:102}}
Jun 12 09:15:16.426083 np0000002723 devstack@neutron-api.service[89976]: DEBUG neutron.common.ovn.hash_ring_manager [None req-9006a7f3-a647-412b-a3b3-8fab9ce4c362 None None] Hash Ring loaded. 3 active nodes. 0 offline nodes {{(pid=89976) _load_hash_ring /opt/stack/neutron/neutron/common/ovn/hash_ring_manager.py:102}}
Jun 12 09:15:16.426250 np0000002723 devstack@neutron-api.service[89974]: DEBUG neutron.api.rpc.callbacks.version_manager [None req-e15dabbd-8ab7-4401-9ec9-154f0128cdbd admin admin] Tracked resource versions report:
Jun 12 09:15:16.426250 np0000002723 devstack@neutron-api.service[89974]: pushed versions:
Jun 12 09:15:16.426250 np0000002723 devstack@neutron-api.service[89974]: { 'AddressGroup': {'1.2'},
Jun 12 09:15:16.426250 np0000002723 devstack@neutron-api.service[89974]: 'Agent': {'1.1'},
Jun 12 09:15:16.426250 np0000002723 devstack@neutron-api.service[89974]: 'ConntrackHelper': {'1.0'},
Jun 12 09:15:16.426250 np0000002723 devstack@neutron-api.service[89974]: 'LocalIPAssociation': {'1.0'},
Jun 12 09:15:16.426250 np0000002723 devstack@neutron-api.service[89974]: 'Log': {'1.0'},
Jun 12 09:15:16.426250 np0000002723 devstack@neutron-api.service[89974]: 'NDPProxy': {'1.0'},
Jun 12 09:15:16.426250 np0000002723 devstack@neutron-api.service[89974]: 'Network': {'1.3'},
Jun 12 09:15:16.426250 np0000002723 devstack@neutron-api.service[89974]: 'Port': {'1.11'},
Jun 12 09:15:16.426250 np0000002723 devstack@neutron-api.service[89974]: 'PortForwarding': {'1.3'},
Jun 12 09:15:16.426250 np0000002723 devstack@neutron-api.service[89974]: 'QosPolicy': {'1.10'},
Jun 12 09:15:16.426250 np0000002723 devstack@neutron-api.service[89974]: 'SecurityGroup': {'1.6'},
Jun 12 09:15:16.426250 np0000002723 devstack@neutron-api.service[89974]: 'SecurityGroupRule': {'1.3'},
Jun 12 09:15:16.426250 np0000002723 devstack@neutron-api.service[89974]: 'SubPort': {'1.0'},
Jun 12 09:15:16.426250 np0000002723 devstack@neutron-api.service[89974]: 'Subnet': {'1.2'},
Jun 12 09:15:16.426250 np0000002723 devstack@neutron-api.service[89974]: 'Trunk': {'1.1'}}
Jun 12 09:15:16.426250 np0000002723 devstack@neutron-api.service[89974]: consumer versions:
Jun 12 09:15:16.426250 np0000002723 devstack@neutron-api.service[89974]: { OVN Neutron agent@np0000002723: {},
Jun 12 09:15:16.426250 np0000002723 devstack@neutron-api.service[89974]: OVN Controller Gateway agent@np0000002723: {}}
Jun 12 09:15:16.426250 np0000002723 devstack@neutron-api.service[89974]: {{(pid=89974) report /opt/stack/neutron/neutron/api/rpc/callbacks/version_manager.py:183}}
Jun 12 09:15:16.426672 np0000002723 devstack@neutron-api.service[89975]: DEBUG neutron.common.ovn.hash_ring_manager [None req-3db9582f-fc12-4ed0-84d6-4bf3ffb4ebaf None None] Hash Ring loaded. 3 active nodes. 0 offline nodes {{(pid=89975) _load_hash_ring /opt/stack/neutron/neutron/common/ovn/hash_ring_manager.py:102}}
Jun 12 09:15:16.426672 np0000002723 devstack@neutron-api.service[89975]: DEBUG neutron.plugins.ml2.drivers.ovn.mech_driver.ovsdb.ovsdb_monitor [None req-3db9582f-fc12-4ed0-84d6-4bf3ffb4ebaf None None] Hash Ring: Node 36123e3cdea158ccaa85cfcdb6cb00cc (host: np0000002723) handling event "update" for row 99a28c12-140d-456e-a476-77902811455b (table: NB_Global) {{(pid=89975) notify /opt/stack/neutron/neutron/plugins/ml2/drivers/ovn/mech_driver/ovsdb/ovsdb_monitor.py:1015}}
Jun 12 09:15:16.427373 np0000002723 devstack@neutron-api.service[89975]: DEBUG neutron.plugins.ml2.drivers.ovn.mech_driver.ovsdb.ovsdb_monitor [None req-3db9582f-fc12-4ed0-84d6-4bf3ffb4ebaf None None] Hash Ring: Node 36123e3cdea158ccaa85cfcdb6cb00cc (host: np0000002723) handling event "update" for row 99a28c12-140d-456e-a476-77902811455b (table: NB_Global) {{(pid=89975) notify /opt/stack/neutron/neutron/plugins/ml2/drivers/ovn/mech_driver/ovsdb/ovsdb_monitor.py:1015}}
Jun 12 09:15:16.427713 np0000002723 devstack@neutron-api.service[89975]: DEBUG neutron.plugins.ml2.drivers.ovn.mech_driver.ovsdb.ovsdb_monitor [None req-3db9582f-fc12-4ed0-84d6-4bf3ffb4ebaf None None] Hash Ring: Node 36123e3cdea158ccaa85cfcdb6cb00cc (host: np0000002723) handling event "update" for row 99a28c12-140d-456e-a476-77902811455b (table: NB_Global) {{(pid=89975) notify /opt/stack/neutron/neutron/plugins/ml2/drivers/ovn/mech_driver/ovsdb/ovsdb_monitor.py:1015}}
Jun 12 09:15:16.427781 np0000002723 devstack@neutron-api.service[89974]: DEBUG neutron.common.ovn.hash_ring_manager [None req-241aa407-99b8-40bc-a553-dfd47b3ade15 None None] Hash Ring loaded. 3 active nodes. 0 offline nodes {{(pid=89974) _load_hash_ring /opt/stack/neutron/neutron/common/ovn/hash_ring_manager.py:102}}
Jun 12 09:15:16.428381 np0000002723 devstack@neutron-api.service[89974]: DEBUG neutron.plugins.ml2.drivers.ovn.mech_driver.ovsdb.ovsdb_monitor [None req-241aa407-99b8-40bc-a553-dfd47b3ade15 None None] Hash Ring: Node 353e5d8f14355c74ae9e9d9393fa1f5b (host: np0000002723) handling event "update" for row 71fc8228-2010-4297-b9d2-0eb19c84fbc1 (table: Chassis_Private) {{(pid=89974) notify /opt/stack/neutron/neutron/plugins/ml2/drivers/ovn/mech_driver/ovsdb/ovsdb_monitor.py:1015}}
Jun 12 09:15:16.428439 np0000002723 devstack@neutron-api.service[89975]: DEBUG neutron.plugins.ml2.drivers.ovn.mech_driver.ovsdb.ovsdb_monitor [None req-3db9582f-fc12-4ed0-84d6-4bf3ffb4ebaf None None] Hash Ring: Node 36123e3cdea158ccaa85cfcdb6cb00cc (host: np0000002723) handling event "update" for row 99a28c12-140d-456e-a476-77902811455b (table: NB_Global) {{(pid=89975) notify /opt/stack/neutron/neutron/plugins/ml2/drivers/ovn/mech_driver/ovsdb/ovsdb_monitor.py:1015}}
Jun 12 09:15:16.429043 np0000002723 devstack@neutron-api.service[89976]: DEBUG neutron.common.ovn.hash_ring_manager [None req-cd62e4bc-d62a-403e-af47-d15b12bba5bd None None] Hash Ring loaded. 3 active nodes. 0 offline nodes {{(pid=89976) _load_hash_ring /opt/stack/neutron/neutron/common/ovn/hash_ring_manager.py:102}}
Jun 12 09:15:16.434296 np0000002723 devstack@neutron-api.service[89974]: DEBUG ovsdbapp.backend.ovs_idl.transaction [None req-3f3d432a-5252-40e7-90ef-ad579f2fc515 None None] Running txn n=1 command(idx=0): AddNetworkCommand(_result=None, network_uuid=21a5d16a-c092-4711-bee5-bce2a4da8c0a, may_exist=True, columns={'external_ids': {'neutron:network_name': 'shared', 'neutron:mtu': '1372', 'neutron:revision_number': '1', 'neutron:availability_zone_hints': '', 'neutron:provnet-network-type': 'geneve'}, 'other_config': {'mcast_snoop': 'false', 'mcast_flood_unregistered': 'false', 'vlan-passthru': 'false'}}) {{(pid=89974) do_commit /opt/stack/data/venv/lib/python3.12/site-packages/ovsdbapp/backend/ovs_idl/transaction.py:89}}
Jun 12 09:15:16.437909 np0000002723 devstack@neutron-api.service[89975]: DEBUG neutron.plugins.ml2.drivers.ovn.mech_driver.ovsdb.ovsdb_monitor [None req-3db9582f-fc12-4ed0-84d6-4bf3ffb4ebaf None None] Hash Ring: Node 36123e3cdea158ccaa85cfcdb6cb00cc (host: np0000002723) handling event "create" for row 21a5d16a-c092-4711-bee5-bce2a4da8c0a (table: Logical_Switch) {{(pid=89975) notify /opt/stack/neutron/neutron/plugins/ml2/drivers/ovn/mech_driver/ovsdb/ovsdb_monitor.py:1015}}
Jun 12 09:15:16.439312 np0000002723 devstack@neutron-api.service[89976]: DEBUG neutron.plugins.ml2.drivers.ovn.mech_driver.ovsdb.ovsdb_monitor [None req-cd62e4bc-d62a-403e-af47-d15b12bba5bd None None] Hash Ring: Node 04271f970d6259c9b7746cecf61c4138 (host: np0000002723) handling event "create" for row 7043f312-f220-474f-8696-53c999903879 (table: Datapath_Binding) {{(pid=89976) notify /opt/stack/neutron/neutron/plugins/ml2/drivers/ovn/mech_driver/ovsdb/ovsdb_monitor.py:1015}}
Jun 12 09:15:16.455114 np0000002723 devstack@neutron-api.service[89974]: INFO neutron.db.ovn_revision_numbers_db [None req-e15dabbd-8ab7-4401-9ec9-154f0128cdbd admin admin] Successfully bumped revision number for resource 21a5d16a-c092-4711-bee5-bce2a4da8c0a (type: networks) to 1
Jun 12 09:15:16.465689 np0000002723 devstack@neutron-api.service[89974]: DEBUG neutron_lib.callbacks.manager [None req-e15dabbd-8ab7-4401-9ec9-154f0128cdbd admin admin] Publish callbacks ['neutron.plugins.ml2.plugin.SecurityGroupDbMixin._ensure_default_security_group_handler-1983061'] for port (None), before_create {{(pid=89974) _notify_loop /opt/stack/data/venv/lib/python3.12/site-packages/neutron_lib/callbacks/manager.py:184}}
Jun 12 09:15:16.523973 np0000002723 devstack@neutron-api.service[89974]: DEBUG neutron_lib.callbacks.manager [None req-e15dabbd-8ab7-4401-9ec9-154f0128cdbd admin admin] Publish callbacks ['neutron.plugins.ml2.drivers.ovn.mech_driver.mech_driver.OVNMechanismDriver._validate_allowed_address_pairs-256748'] for allowed_address_pair (a78a6db5-11f8-4b0c-bbf9-5e0c4894542d), before_create {{(pid=89974) _notify_loop /opt/stack/data/venv/lib/python3.12/site-packages/neutron_lib/callbacks/manager.py:184}}
Jun 12 09:15:16.524596 np0000002723 devstack@neutron-api.service[89974]: DEBUG neutron_lib.callbacks.manager [None req-e15dabbd-8ab7-4401-9ec9-154f0128cdbd admin admin] Publish callbacks [] for port (a78a6db5-11f8-4b0c-bbf9-5e0c4894542d), precommit_create {{(pid=89974) _notify_loop /opt/stack/data/venv/lib/python3.12/site-packages/neutron_lib/callbacks/manager.py:184}}
Jun 12 09:15:16.524760 np0000002723 devstack@neutron-api.service[89974]: DEBUG neutron.plugins.ml2.drivers.ovn.mech_driver.mech_driver [None req-e15dabbd-8ab7-4401-9ec9-154f0128cdbd admin admin] No provisioning block for port a78a6db5-11f8-4b0c-bbf9-5e0c4894542d since it does not have a host {{(pid=89974) _is_port_provisioning_required /opt/stack/neutron/neutron/plugins/ml2/drivers/ovn/mech_driver/mech_driver.py:896}}
Jun 12 09:15:16.524856 np0000002723 devstack@neutron-api.service[89974]: DEBUG neutron.db.ovn_revision_numbers_db [None req-e15dabbd-8ab7-4401-9ec9-154f0128cdbd admin admin] create_initial_revision uuid=a78a6db5-11f8-4b0c-bbf9-5e0c4894542d, type=ports, rev=-1 {{(pid=89974) create_initial_revision /opt/stack/neutron/neutron/db/ovn_revision_numbers_db.py:98}}
Jun 12 09:15:16.550375 np0000002723 devstack@neutron-api.service[89974]: DEBUG neutron_lib.callbacks.manager [None req-e15dabbd-8ab7-4401-9ec9-154f0128cdbd admin admin] Publish callbacks ['neutron.plugins.ml2.ovo_rpc._ObjectChangeHandler.handle_event-133967119'] for port (a78a6db5-11f8-4b0c-bbf9-5e0c4894542d), after_create {{(pid=89974) _notify_loop /opt/stack/data/venv/lib/python3.12/site-packages/neutron_lib/callbacks/manager.py:184}}
Jun 12 09:15:16.577560 np0000002723 devstack@neutron-api.service[89974]: DEBUG neutron.api.rpc.handlers.resources_rpc [None req-e15dabbd-8ab7-4401-9ec9-154f0128cdbd admin admin] Pushing event updated for resources: {'Port': ['ID=a78a6db5-11f8-4b0c-bbf9-5e0c4894542d,revision_number=1']} {{(pid=89974) push /opt/stack/neutron/neutron/api/rpc/handlers/resources_rpc.py:237}}
Jun 12 09:15:16.582306 np0000002723 devstack@neutron-api.service[89974]: DEBUG neutron.plugins.ml2.drivers.ovn.mech_driver.ovsdb.commands [None req-e15dabbd-8ab7-4401-9ec9-154f0128cdbd admin admin] Converting tag [] to a tag_request {{(pid=89974) _tag_column_to_tag_request /opt/stack/neutron/neutron/plugins/ml2/drivers/ovn/mech_driver/ovsdb/commands.py:205}}
Jun 12 09:15:16.582749 np0000002723 devstack@neutron-api.service[89974]: DEBUG ovsdbapp.backend.ovs_idl.transaction [None req-3f3d432a-5252-40e7-90ef-ad579f2fc515 None None] Running txn n=1 command(idx=0): AddLSwitchPortCommand(_result=None, lport=a78a6db5-11f8-4b0c-bbf9-5e0c4894542d, lswitch=neutron-21a5d16a-c092-4711-bee5-bce2a4da8c0a, may_exist=True, network_uuid=21a5d16a-c092-4711-bee5-bce2a4da8c0a, columns={'addresses': ['fa:16:3e:1a:3e:49'], 'external_ids': {'neutron:port_name': '', 'neutron:device_id': 'ovnmeta-21a5d16a-c092-4711-bee5-bce2a4da8c0a', 'neutron:project_id': 'c96b9fe8b2724a4cbbdc5dcd0e653e52', 'neutron:cidrs': '', 'neutron:device_owner': 'network:distributed', 'neutron:subnet_pool_addr_scope4': '', 'neutron:subnet_pool_addr_scope6': '', 'neutron:network_name': 'neutron-21a5d16a-c092-4711-bee5-bce2a4da8c0a', 'neutron:security_group_ids': '', 'neutron:revision_number': '1', 'neutron:vnic_type': 'normal', 'neutron:port_capabilities': '', 'neutron:mtu': '1372'}, 'parent_name': [], 'enabled': True, 'options': {}, 'type': 'localport', 'port_security': [], 'dhcpv4_options': [], 'dhcpv6_options': [], 'tag_request': []}) {{(pid=89974) do_commit /opt/stack/data/venv/lib/python3.12/site-packages/ovsdbapp/backend/ovs_idl/transaction.py:89}}
Jun 12 09:15:16.583110 np0000002723 devstack@neutron-api.service[89974]: DEBUG ovsdbapp.backend.ovs_idl.transaction [None req-3f3d432a-5252-40e7-90ef-ad579f2fc515 None None] Running txn n=1 command(idx=1): QoSDelCommand(_result=None, switch=neutron-21a5d16a-c092-4711-bee5-bce2a4da8c0a, conditions=[('direction', '=', 'to-lport'), ('priority', '=', 2002), ('match', '=', 'outport == "a78a6db5-11f8-4b0c-bbf9-5e0c4894542d"')], if_exists=True) {{(pid=89974) do_commit /opt/stack/data/venv/lib/python3.12/site-packages/ovsdbapp/backend/ovs_idl/transaction.py:89}}
Jun 12 09:15:16.583317 np0000002723 devstack@neutron-api.service[89974]: DEBUG ovsdbapp.backend.ovs_idl.transaction [None req-3f3d432a-5252-40e7-90ef-ad579f2fc515 None None] Running txn n=1 command(idx=2): QoSDelCommand(_result=None, switch=neutron-21a5d16a-c092-4711-bee5-bce2a4da8c0a, conditions=[('direction', '=', 'from-lport'), ('priority', '=', 2002), ('match', '=', 'inport == "a78a6db5-11f8-4b0c-bbf9-5e0c4894542d"')], if_exists=True) {{(pid=89974) do_commit /opt/stack/data/venv/lib/python3.12/site-packages/ovsdbapp/backend/ovs_idl/transaction.py:89}}
Jun 12 09:15:16.586937 np0000002723 devstack@neutron-api.service[89976]: DEBUG neutron.plugins.ml2.drivers.ovn.mech_driver.ovsdb.ovsdb_monitor [None req-9006a7f3-a647-412b-a3b3-8fab9ce4c362 None None] Hash Ring: Node 04271f970d6259c9b7746cecf61c4138 (host: np0000002723) handling event "create" for row cde7a82f-b1c7-402b-969e-a6db2d2dae22 (table: Logical_Switch_Port) {{(pid=89976) notify /opt/stack/neutron/neutron/plugins/ml2/drivers/ovn/mech_driver/ovsdb/ovsdb_monitor.py:1015}}
Jun 12 09:15:16.587073 np0000002723 devstack@neutron-api.service[89975]: DEBUG neutron.plugins.ml2.drivers.ovn.mech_driver.ovsdb.ovsdb_monitor [None req-3db9582f-fc12-4ed0-84d6-4bf3ffb4ebaf None None] Hash Ring: Node 36123e3cdea158ccaa85cfcdb6cb00cc (host: np0000002723) handling event "update" for row 21a5d16a-c092-4711-bee5-bce2a4da8c0a (table: Logical_Switch) {{(pid=89975) notify /opt/stack/neutron/neutron/plugins/ml2/drivers/ovn/mech_driver/ovsdb/ovsdb_monitor.py:1015}}
Jun 12 09:15:16.588124 np0000002723 devstack@neutron-api.service[89976]: DEBUG ovsdbapp.backend.ovs_idl.event [None req-9006a7f3-a647-412b-a3b3-8fab9ce4c362 None None] Matched CREATE: LogicalSwitchPortCreateEvent(events=('create',), table='Logical_Switch_Port', conditions=[], old_conditions=None), priority=20 to row=Logical_Switch_Port(uuid=cde7a82f-b1c7-402b-969e-a6db2d2dae22, addresses=['fa:16:3e:1a:3e:49'], dhcpv4_options=[], dhcpv6_options=[], dynamic_addresses=[], enabled=True, external_ids={'neutron:cidrs': '', 'neutron:device_id': 'ovnmeta-21a5d16a-c092-4711-bee5-bce2a4da8c0a', 'neutron:device_owner': 'network:distributed', 'neutron:mtu': '1372', 'neutron:network_name': 'neutron-21a5d16a-c092-4711-bee5-bce2a4da8c0a', 'neutron:port_capabilities': '', 'neutron:port_name': '', 'neutron:project_id': 'c96b9fe8b2724a4cbbdc5dcd0e653e52', 'neutron:revision_number': '1', 'neutron:security_group_ids': '', 'neutron:subnet_pool_addr_scope4': '', 'neutron:subnet_pool_addr_scope6': '', 'neutron:vnic_type': 'normal'}, ha_chassis_group=[], mirror_rules=[], name='a78a6db5-11f8-4b0c-bbf9-5e0c4894542d', options={}, parent_name=[], port_security=[], tag=[], tag_request=[], type='localport', up=[]) old= {{(pid=89976) matches /opt/stack/data/venv/lib/python3.12/site-packages/ovsdbapp/backend/ovs_idl/event.py:55}}
Jun 12 09:15:16.588978 np0000002723 devstack@neutron-api.service[89976]: INFO neutron.plugins.ml2.drivers.ovn.mech_driver.mech_driver [None req-093e8e92-1ebd-4e66-a28c-932d79ac1bf7 None None] OVN reports status down for port: a78a6db5-11f8-4b0c-bbf9-5e0c4894542d
Jun 12 09:15:16.589121 np0000002723 devstack@neutron-api.service[89974]: DEBUG neutron.plugins.ml2.drivers.ovn.mech_driver.ovsdb.ovsdb_monitor [None req-241aa407-99b8-40bc-a553-dfd47b3ade15 None None] Hash Ring: Node 353e5d8f14355c74ae9e9d9393fa1f5b (host: np0000002723) handling event "create" for row 83b50482-1581-4d7e-adb1-442bb92c743b (table: Port_Binding) {{(pid=89974) notify /opt/stack/neutron/neutron/plugins/ml2/drivers/ovn/mech_driver/ovsdb/ovsdb_monitor.py:1015}}
Jun 12 09:15:16.590635 np0000002723 devstack@neutron-api.service[89976]: DEBUG neutron.plugins.ml2.drivers.ovn.mech_driver.ovsdb.ovsdb_monitor [None req-9006a7f3-a647-412b-a3b3-8fab9ce4c362 None None] Hash Ring: Node 04271f970d6259c9b7746cecf61c4138 (host: np0000002723) handling event "update" for row cde7a82f-b1c7-402b-969e-a6db2d2dae22 (table: Logical_Switch_Port) {{(pid=89976) notify /opt/stack/neutron/neutron/plugins/ml2/drivers/ovn/mech_driver/ovsdb/ovsdb_monitor.py:1015}}
Jun 12 09:15:16.610448 np0000002723 devstack@neutron-api.service[89974]: INFO neutron.db.ovn_revision_numbers_db [None req-e15dabbd-8ab7-4401-9ec9-154f0128cdbd admin admin] Successfully bumped revision number for resource a78a6db5-11f8-4b0c-bbf9-5e0c4894542d (type: ports) to 1
Jun 12 09:15:16.610582 np0000002723 devstack@neutron-api.service[89976]: DEBUG neutron.db.provisioning_blocks [None req-093e8e92-1ebd-4e66-a28c-932d79ac1bf7 None None] Transition to ACTIVE for port object a78a6db5-11f8-4b0c-bbf9-5e0c4894542d will not be triggered until provisioned by entity L2. {{(pid=89976) add_provisioning_component /opt/stack/neutron/neutron/db/provisioning_blocks.py:74}}
Jun 12 09:15:16.615890 np0000002723 devstack@neutron-api.service[89974]: DEBUG neutron.pecan_wsgi.hooks.policy_enforcement [None req-e15dabbd-8ab7-4401-9ec9-154f0128cdbd admin admin] Attributes excluded by policy engine: ['standard_attr_id'] {{(pid=89974) _exclude_attributes_by_policy /opt/stack/neutron/neutron/pecan_wsgi/hooks/policy_enforcement.py:256}}
Jun 12 09:15:16.616111 np0000002723 devstack@neutron-api.service[89974]: DEBUG neutron_lib.callbacks.manager [None req-e15dabbd-8ab7-4401-9ec9-154f0128cdbd admin admin] Publish callbacks [] for network (None), before_response {{(pid=89974) _notify_loop /opt/stack/data/venv/lib/python3.12/site-packages/neutron_lib/callbacks/manager.py:184}}
Jun 12 09:15:16.623079 np0000002723 devstack@neutron-api.service[89974]: [pid: 89974|app: 0|req: 12/37] 10.4.3.9 () {68 vars in 1312 bytes} [Fri Jun 12 09:15:16 2026] POST /networking/v2.0/networks => generated 679 bytes in 330 msecs (HTTP/1.1 201) 4 headers in 162 bytes (1 switches on core 0)
Jun 12 09:15:16.628895 np0000002723 devstack@neutron-api.service[89976]: DEBUG neutron.plugins.ml2.plugin [None req-093e8e92-1ebd-4e66-a28c-932d79ac1bf7 None None] Current status of the port a78a6db5-11f8-4b0c-bbf9-5e0c4894542d is: DOWN; New status is: DOWN {{(pid=89976) _update_individual_port_db_status /opt/stack/neutron/neutron/plugins/ml2/plugin.py:2470}}
Jun 12 09:15:16.629902 np0000002723 devstack@neutron-api.service[89976]: DEBUG ovsdbapp.backend.ovs_idl.transaction [None req-9006a7f3-a647-412b-a3b3-8fab9ce4c362 None None] Running txn n=1 command(idx=0): DbRemoveCommand(_result=None, table=Logical_Switch_Port, record=a78a6db5-11f8-4b0c-bbf9-5e0c4894542d, column=external_ids, values=('neutron:host_id',), keyvalues={}, if_exists=True) {{(pid=89976) do_commit /opt/stack/data/venv/lib/python3.12/site-packages/ovsdbapp/backend/ovs_idl/transaction.py:89}}
Jun 12 09:15:16.809814 np0000002723 devstack@neutron-api.service[89975]: INFO neutron.pecan_wsgi.hooks.translation [None req-3084f388-b76e-4e58-a89a-517f62e44bd4 admin admin] GET failed (client error): The resource could not be found.
Jun 12 09:15:16.810448 np0000002723 devstack@neutron-api.service[89975]: [pid: 89975|app: 0|req: 14/38] 10.4.3.9 () {64 vars in 1280 bytes} [Fri Jun 12 09:15:16 2026] GET /networking/v2.0/networks/shared => generated 108 bytes in 8 msecs (HTTP/1.1 404) 4 headers in 164 bytes (1 switches on core 0)
Jun 12 09:15:16.837783 np0000002723 devstack@neutron-api.service[89976]: DEBUG neutron.pecan_wsgi.hooks.policy_enforcement [None req-2f6a52d7-ba17-4d23-a5ba-6d41867482c1 admin admin] Attributes excluded by policy engine: ['standard_attr_id'] {{(pid=89976) _exclude_attributes_by_policy /opt/stack/neutron/neutron/pecan_wsgi/hooks/policy_enforcement.py:256}}
Jun 12 09:15:16.838461 np0000002723 devstack@neutron-api.service[89976]: [pid: 89976|app: 0|req: 13/39] 10.4.3.9 () {64 vars in 1295 bytes} [Fri Jun 12 09:15:16 2026] GET /networking/v2.0/networks?name=shared => generated 663 bytes in 22 msecs (HTTP/1.1 200) 4 headers in 157 bytes (1 switches on core 0)
Jun 12 09:15:16.849169 np0000002723 devstack@neutron-api.service[89974]: DEBUG neutron.api.v2.base [None req-68b5a138-99e7-4a01-a610-9f7bc694cb97 admin admin] Request body: {'subnet': {'network_id': '21a5d16a-c092-4711-bee5-bce2a4da8c0a', 'ip_version': 4, 'description': 'shared-subnet', 'name': 'shared-subnet', 'cidr': '192.168.233.0/24'}} {{(pid=89974) prepare_request_body /opt/stack/neutron/neutron/api/v2/base.py:727}}
Jun 12 09:15:16.859787 np0000002723 devstack@neutron-api.service[89974]: DEBUG neutron.pecan_wsgi.hooks.quota_enforcement [None req-68b5a138-99e7-4a01-a610-9f7bc694cb97 admin admin] Made reservation on behalf of c96b9fe8b2724a4cbbdc5dcd0e653e52 for: {'subnet': 1} {{(pid=89974) before /opt/stack/neutron/neutron/pecan_wsgi/hooks/quota_enforcement.py:66}}
Jun 12 09:15:16.862112 np0000002723 devstack@neutron-api.service[89974]: DEBUG neutron_lib.callbacks.manager [None req-68b5a138-99e7-4a01-a610-9f7bc694cb97 admin admin] Publish callbacks [] for subnet (None), before_create {{(pid=89974) _notify_loop /opt/stack/data/venv/lib/python3.12/site-packages/neutron_lib/callbacks/manager.py:184}}
Jun 12 09:15:16.910517 np0000002723 devstack@neutron-api.service[89974]: DEBUG neutron.db.ovn_revision_numbers_db [None req-68b5a138-99e7-4a01-a610-9f7bc694cb97 admin admin] create_initial_revision uuid=85be89dc-7622-464a-ac95-96a0350bf6a7, type=subnets, rev=-1 {{(pid=89974) create_initial_revision /opt/stack/neutron/neutron/db/ovn_revision_numbers_db.py:98}}
Jun 12 09:15:16.913509 np0000002723 devstack@neutron-api.service[89974]: DEBUG neutron_lib.callbacks.manager [None req-68b5a138-99e7-4a01-a610-9f7bc694cb97 admin admin] Publish callbacks ['neutron.plugins.ml2.ovo_rpc._ObjectChangeHandler.handle_event-132529730'] for subnet (85be89dc-7622-464a-ac95-96a0350bf6a7), after_create {{(pid=89974) _notify_loop /opt/stack/data/venv/lib/python3.12/site-packages/neutron_lib/callbacks/manager.py:184}}
Jun 12 09:15:16.924725 np0000002723 devstack@neutron-api.service[89974]: DEBUG neutron.api.rpc.handlers.resources_rpc [None req-68b5a138-99e7-4a01-a610-9f7bc694cb97 admin admin] Pushing event updated for resources: {'Subnet': ['ID=85be89dc-7622-464a-ac95-96a0350bf6a7,revision_number=0']} {{(pid=89974) push /opt/stack/neutron/neutron/api/rpc/handlers/resources_rpc.py:237}}
Jun 12 09:15:16.962223 np0000002723 devstack@neutron-api.service[89974]: DEBUG neutron_lib.callbacks.manager [None req-68b5a138-99e7-4a01-a610-9f7bc694cb97 admin admin] Publish callbacks ['neutron.plugins.ml2.plugin.SecurityGroupDbMixin._ensure_default_security_group_handler-1983061', 'neutron.services.ovn_l3.plugin.OVNL3RouterPlugin._port_update-8128157332994', 'neutron.db.l3_db.L3_NAT_dbonly_mixin._prevent_internal_ip_change_for_fip-8128158540670'] for port (a78a6db5-11f8-4b0c-bbf9-5e0c4894542d), before_update {{(pid=89974) _notify_loop /opt/stack/data/venv/lib/python3.12/site-packages/neutron_lib/callbacks/manager.py:184}}
Jun 12 09:15:17.031289 np0000002723 devstack@neutron-api.service[89974]: DEBUG neutron.db.db_base_plugin_common [None req-68b5a138-99e7-4a01-a610-9f7bc694cb97 admin admin] Allocated IP 192.168.233.2 (21a5d16a-c092-4711-bee5-bce2a4da8c0a/85be89dc-7622-464a-ac95-96a0350bf6a7/a78a6db5-11f8-4b0c-bbf9-5e0c4894542d) {{(pid=89974) _store_ip_allocation /opt/stack/neutron/neutron/db/db_base_plugin_common.py:131}}
Jun 12 09:15:17.084750 np0000002723 devstack@neutron-api.service[89974]: DEBUG neutron_lib.callbacks.manager [None req-68b5a138-99e7-4a01-a610-9f7bc694cb97 admin admin] Publish callbacks [] for port (a78a6db5-11f8-4b0c-bbf9-5e0c4894542d), precommit_update {{(pid=89974) _notify_loop /opt/stack/data/venv/lib/python3.12/site-packages/neutron_lib/callbacks/manager.py:184}}
Jun 12 09:15:17.084899 np0000002723 devstack@neutron-api.service[89974]: DEBUG neutron.plugins.ml2.drivers.ovn.mech_driver.mech_driver [None req-68b5a138-99e7-4a01-a610-9f7bc694cb97 admin admin] No provisioning block for port a78a6db5-11f8-4b0c-bbf9-5e0c4894542d since it does not have a host {{(pid=89974) _is_port_provisioning_required /opt/stack/neutron/neutron/plugins/ml2/drivers/ovn/mech_driver/mech_driver.py:896}}
Jun 12 09:15:17.093836 np0000002723 devstack@neutron-api.service[89974]: DEBUG neutron_lib.callbacks.manager [None req-68b5a138-99e7-4a01-a610-9f7bc694cb97 admin admin] Publish callbacks ['neutron.plugins.ml2.ovo_rpc._ObjectChangeHandler.handle_event-133967119', 'neutron.services.ovn_l3.plugin.OVNL3RouterPlugin._port_update-8128157332994'] for port (a78a6db5-11f8-4b0c-bbf9-5e0c4894542d), after_update {{(pid=89974) _notify_loop /opt/stack/data/venv/lib/python3.12/site-packages/neutron_lib/callbacks/manager.py:184}}
