Jul 23 08:37:02.809752 np0000005741 devstack@g-api.service[99913]: DEBUG glance_store.backend [-] Attempting to import store file {{(pid=99913) _load_store /opt/stack/data/venv/lib/python3.12/site-packages/glance_store/backend.py:215}}
Jul 23 08:37:02.810283 np0000005741 devstack@g-api.service[99913]: DEBUG glance_store.capabilities [-] Store glance_store._drivers.filesystem.Store doesn't support updating dynamic storage capabilities. Please overwrite 'update_capabilities' method of the store to implement updating logics if needed. {{(pid=99913) update_capabilities /opt/stack/data/venv/lib/python3.12/site-packages/glance_store/capabilities.py:91}}
Jul 23 08:37:02.810367 np0000005741 devstack@g-api.service[99913]: DEBUG glance_store.backend [-] Registering store file with schemes ('file', 'filesystem') {{(pid=99913) create_stores /opt/stack/data/venv/lib/python3.12/site-packages/glance_store/backend.py:261}}
Jul 23 08:37:02.810420 np0000005741 devstack@g-api.service[99913]: DEBUG glance_store.driver [-] Late loading location class glance_store._drivers.filesystem.StoreLocation {{(pid=99913) get_store_location_class /opt/stack/data/venv/lib/python3.12/site-packages/glance_store/driver.py:134}}
Jul 23 08:37:02.810489 np0000005741 devstack@g-api.service[99913]: DEBUG glance_store.location [-] Registering scheme file with {'store': , 'location_class': , 'store_entry': 'file'} {{(pid=99913) register_scheme_map /opt/stack/data/venv/lib/python3.12/site-packages/glance_store/location.py:146}}
Jul 23 08:37:02.810572 np0000005741 devstack@g-api.service[99913]: DEBUG glance_store.location [-] Registering scheme filesystem with {'store': , 'location_class': , 'store_entry': 'file'} {{(pid=99913) register_scheme_map /opt/stack/data/venv/lib/python3.12/site-packages/glance_store/location.py:146}}
Jul 23 08:37:02.810639 np0000005741 devstack@g-api.service[99913]: DEBUG glance_store.backend [-] Attempting to import store http {{(pid=99913) _load_store /opt/stack/data/venv/lib/python3.12/site-packages/glance_store/backend.py:215}}
Jul 23 08:37:02.810824 np0000005741 devstack@g-api.service[99913]: DEBUG glance_store.capabilities [-] Store glance_store._drivers.http.Store doesn't support updating dynamic storage capabilities. Please overwrite 'update_capabilities' method of the store to implement updating logics if needed. {{(pid=99913) update_capabilities /opt/stack/data/venv/lib/python3.12/site-packages/glance_store/capabilities.py:91}}
Jul 23 08:37:02.810978 np0000005741 devstack@g-api.service[99913]: DEBUG glance_store.backend [-] Registering store http with schemes ('http', 'https') {{(pid=99913) create_stores /opt/stack/data/venv/lib/python3.12/site-packages/glance_store/backend.py:261}}
Jul 23 08:37:02.811032 np0000005741 devstack@g-api.service[99913]: DEBUG glance_store.driver [-] Late loading location class glance_store._drivers.http.StoreLocation {{(pid=99913) get_store_location_class /opt/stack/data/venv/lib/python3.12/site-packages/glance_store/driver.py:134}}
Jul 23 08:37:02.811092 np0000005741 devstack@g-api.service[99913]: DEBUG glance_store.location [-] Registering scheme http with {'store': , 'location_class': , 'store_entry': 'http'} {{(pid=99913) register_scheme_map /opt/stack/data/venv/lib/python3.12/site-packages/glance_store/location.py:146}}
Jul 23 08:37:02.811144 np0000005741 devstack@g-api.service[99913]: DEBUG glance_store.location [-] Registering scheme https with {'store': , 'location_class': , 'store_entry': 'http'} {{(pid=99913) register_scheme_map /opt/stack/data/venv/lib/python3.12/site-packages/glance_store/location.py:146}}
Jul 23 08:37:02.811243 np0000005741 devstack@g-api.service[99913]: DEBUG glance_store.backend [-] Attempting to import store swift {{(pid=99913) _load_store /opt/stack/data/venv/lib/python3.12/site-packages/glance_store/backend.py:215}}
Jul 23 08:37:02.812309 np0000005741 devstack@g-api.service[99913]: DEBUG glance_store.capabilities [-] Store glance_store._drivers.swift.store.SingleTenantStore doesn't support updating dynamic storage capabilities. Please overwrite 'update_capabilities' method of the store to implement updating logics if needed. {{(pid=99913) update_capabilities /opt/stack/data/venv/lib/python3.12/site-packages/glance_store/capabilities.py:91}}
Jul 23 08:37:02.812381 np0000005741 devstack@g-api.service[99913]: DEBUG glance_store.driver [-] Late loading location class glance_store._drivers.swift.store.StoreLocation {{(pid=99913) get_store_location_class /opt/stack/data/venv/lib/python3.12/site-packages/glance_store/driver.py:134}}
Jul 23 08:37:02.812448 np0000005741 devstack@g-api.service[99913]: DEBUG glance_store.location [-] Registering scheme swift+https with {'store': , 'location_class': , 'store_entry': 'swift'} {{(pid=99913) register_scheme_map /opt/stack/data/venv/lib/python3.12/site-packages/glance_store/location.py:146}}
Jul 23 08:37:02.812490 np0000005741 devstack@g-api.service[99913]: DEBUG glance_store.location [-] Registering scheme swift+https with {'store': , 'location_class': , 'store_entry': 'swift'} {{(pid=99913) register_scheme_map /opt/stack/data/venv/lib/python3.12/site-packages/glance_store/location.py:146}}
Jul 23 08:37:02.812555 np0000005741 devstack@g-api.service[99913]: DEBUG glance_store.location [-] Registering scheme swift with {'store': , 'location_class': , 'store_entry': 'swift'} {{(pid=99913) register_scheme_map /opt/stack/data/venv/lib/python3.12/site-packages/glance_store/location.py:146}}
Jul 23 08:37:02.812606 np0000005741 devstack@g-api.service[99913]: DEBUG glance_store.location [-] Registering scheme swift+https with {'store': , 'location_class': , 'store_entry': 'swift'} {{(pid=99913) register_scheme_map /opt/stack/data/venv/lib/python3.12/site-packages/glance_store/location.py:146}}
Jul 23 08:37:02.812655 np0000005741 devstack@g-api.service[99913]: DEBUG glance_store.location [-] Registering scheme swift with {'store': , 'location_class': , 'store_entry': 'swift'} {{(pid=99913) register_scheme_map /opt/stack/data/venv/lib/python3.12/site-packages/glance_store/location.py:146}}
Jul 23 08:37:02.812706 np0000005741 devstack@g-api.service[99913]: DEBUG glance_store.location [-] Registering scheme swift+http with {'store': , 'location_class': , 'store_entry': 'swift'} {{(pid=99913) register_scheme_map /opt/stack/data/venv/lib/python3.12/site-packages/glance_store/location.py:146}}
Jul 23 08:37:02.812757 np0000005741 devstack@g-api.service[99913]: DEBUG glance_store.location [-] Registering scheme swift+https with {'store': , 'location_class': , 'store_entry': 'swift'} {{(pid=99913) register_scheme_map /opt/stack/data/venv/lib/python3.12/site-packages/glance_store/location.py:146}}
Jul 23 08:37:02.812805 np0000005741 devstack@g-api.service[99913]: DEBUG glance_store.location [-] Registering scheme swift with {'store': , 'location_class': , 'store_entry': 'swift'} {{(pid=99913) register_scheme_map /opt/stack/data/venv/lib/python3.12/site-packages/glance_store/location.py:146}}
Jul 23 08:37:02.812855 np0000005741 devstack@g-api.service[99913]: DEBUG glance_store.location [-] Registering scheme swift+http with {'store': , 'location_class': , 'store_entry': 'swift'} {{(pid=99913) register_scheme_map /opt/stack/data/venv/lib/python3.12/site-packages/glance_store/location.py:146}}
Jul 23 08:37:02.812906 np0000005741 devstack@g-api.service[99913]: DEBUG glance_store.location [-] Registering scheme swift+config with {'store': , 'location_class': , 'store_entry': 'swift'} {{(pid=99913) register_scheme_map /opt/stack/data/venv/lib/python3.12/site-packages/glance_store/location.py:146}}
Jul 23 08:37:02.813142 np0000005741 devstack@g-api.service[99913]: DEBUG glance.sqlite_migration [-] SQLite caching database not located, skipping migration {{(pid=99913) get_db_path /opt/stack/glance/glance/sqlite_migration.py:68}}
Jul 23 08:37:02.813358 np0000005741 devstack@g-api.service[99913]: WARNING glance.common.wsgi_app [-] Import methods are enabled but staging directory /tmp/staging/ does not exist; Imports will fail!
Jul 23 08:37:02.923102 np0000005741 devstack@g-api.service[99914]: DEBUG glance.common.config [None req-7daa9c7b-9e5c-4a77-8fe7-dba605e89958 None None] Loading glance-api-keystone+cachemanagement from /etc/glance/glance-api-paste.ini {{(pid=99914) load_paste_app /opt/stack/glance/glance/common/config.py:765}}
Jul 23 08:37:02.926556 np0000005741 devstack@g-api.service[99912]: DEBUG glance.common.config [None req-5c374bc0-0d11-46fd-b714-979e80af5fdd None None] Loading glance-api-keystone+cachemanagement from /etc/glance/glance-api-paste.ini {{(pid=99912) load_paste_app /opt/stack/glance/glance/common/config.py:765}}
Jul 23 08:37:02.947440 np0000005741 devstack@g-api.service[99913]: DEBUG glance.common.config [None req-64bec9d6-e43a-4f8e-b473-a67267e4342d None None] Loading glance-api-keystone+cachemanagement from /etc/glance/glance-api-paste.ini {{(pid=99913) load_paste_app /opt/stack/glance/glance/common/config.py:765}}
Jul 23 08:37:03.531924 np0000005741 devstack@g-api.service[99914]: INFO glance.image_cache [None req-7daa9c7b-9e5c-4a77-8fe7-dba605e89958 None None] Image cache loaded driver 'centralized_db'.
Jul 23 08:37:03.535188 np0000005741 devstack@g-api.service[99913]: INFO glance.image_cache [None req-64bec9d6-e43a-4f8e-b473-a67267e4342d None None] Image cache loaded driver 'centralized_db'.
Jul 23 08:37:03.538080 np0000005741 devstack@g-api.service[99912]: INFO glance.image_cache [None req-5c374bc0-0d11-46fd-b714-979e80af5fdd None None] Image cache loaded driver 'centralized_db'.
Jul 23 08:37:03.579493 np0000005741 devstack@g-api.service[99914]: INFO dbcounter [None req-7daa9c7b-9e5c-4a77-8fe7-dba605e89958 None None] Registered counter for database glance
Jul 23 08:37:03.589512 np0000005741 devstack@g-api.service[99912]: INFO dbcounter [None req-5c374bc0-0d11-46fd-b714-979e80af5fdd None None] Registered counter for database glance
Jul 23 08:37:03.606568 np0000005741 devstack@g-api.service[99913]: INFO dbcounter [None req-64bec9d6-e43a-4f8e-b473-a67267e4342d None None] Registered counter for database glance
Jul 23 08:37:03.618694 np0000005741 devstack@g-api.service[99914]: DEBUG oslo_db.sqlalchemy.engines [None req-7daa9c7b-9e5c-4a77-8fe7-dba605e89958 None None] MySQL server mode set to STRICT_TRANS_TABLES,STRICT_ALL_TABLES,NO_ZERO_IN_DATE,NO_ZERO_DATE,ERROR_FOR_DIVISION_BY_ZERO,TRADITIONAL,NO_ENGINE_SUBSTITUTION {{(pid=99914) _check_effective_sql_mode /opt/stack/data/venv/lib/python3.12/site-packages/oslo_db/sqlalchemy/engines.py:325}}
Jul 23 08:37:03.630942 np0000005741 devstack@g-api.service[99912]: DEBUG oslo_db.sqlalchemy.engines [None req-5c374bc0-0d11-46fd-b714-979e80af5fdd None None] MySQL server mode set to STRICT_TRANS_TABLES,STRICT_ALL_TABLES,NO_ZERO_IN_DATE,NO_ZERO_DATE,ERROR_FOR_DIVISION_BY_ZERO,TRADITIONAL,NO_ENGINE_SUBSTITUTION {{(pid=99912) _check_effective_sql_mode /opt/stack/data/venv/lib/python3.12/site-packages/oslo_db/sqlalchemy/engines.py:325}}
Jul 23 08:37:03.639199 np0000005741 devstack@g-api.service[99914]: DEBUG dbcounter [-] [99914] Writer thread running {{(pid=99914) stat_writer /opt/stack/data/venv/lib/python3.12/site-packages/dbcounter.py:102}}
Jul 23 08:37:03.646023 np0000005741 devstack@g-api.service[99913]: DEBUG oslo_db.sqlalchemy.engines [None req-64bec9d6-e43a-4f8e-b473-a67267e4342d None None] MySQL server mode set to STRICT_TRANS_TABLES,STRICT_ALL_TABLES,NO_ZERO_IN_DATE,NO_ZERO_DATE,ERROR_FOR_DIVISION_BY_ZERO,TRADITIONAL,NO_ENGINE_SUBSTITUTION {{(pid=99913) _check_effective_sql_mode /opt/stack/data/venv/lib/python3.12/site-packages/oslo_db/sqlalchemy/engines.py:325}}
Jul 23 08:37:03.652823 np0000005741 devstack@g-api.service[99912]: DEBUG dbcounter [-] [99912] Writer thread running {{(pid=99912) stat_writer /opt/stack/data/venv/lib/python3.12/site-packages/dbcounter.py:102}}
Jul 23 08:37:03.656132 np0000005741 devstack@g-api.service[99912]: DEBUG glance.image_cache.drivers.centralized_db [None req-5c374bc0-0d11-46fd-b714-979e80af5fdd None None] Node reference is already recorded, ignoring it {{(pid=99912) configure /opt/stack/glance/glance/image_cache/drivers/centralized_db.py:71}}
Jul 23 08:37:03.667793 np0000005741 devstack@g-api.service[99913]: DEBUG dbcounter [-] [99913] Writer thread running {{(pid=99913) stat_writer /opt/stack/data/venv/lib/python3.12/site-packages/dbcounter.py:102}}
Jul 23 08:37:03.671719 np0000005741 devstack@g-api.service[99913]: DEBUG glance.image_cache.drivers.centralized_db [None req-64bec9d6-e43a-4f8e-b473-a67267e4342d None None] Node reference is already recorded, ignoring it {{(pid=99913) configure /opt/stack/glance/glance/image_cache/drivers/centralized_db.py:71}}
Jul 23 08:37:03.678780 np0000005741 devstack@g-api.service[99913]: INFO glance.image_cache [None req-64bec9d6-e43a-4f8e-b473-a67267e4342d None None] Image cache loaded driver 'centralized_db'.
Jul 23 08:37:03.749124 np0000005741 devstack@g-api.service[99914]: INFO glance.image_cache [None req-7daa9c7b-9e5c-4a77-8fe7-dba605e89958 None None] Image cache loaded driver 'centralized_db'.
Jul 23 08:37:03.754104 np0000005741 devstack@g-api.service[99912]: INFO glance.image_cache [None req-5c374bc0-0d11-46fd-b714-979e80af5fdd None None] Image cache loaded driver 'centralized_db'.
Jul 23 08:37:03.756423 np0000005741 devstack@g-api.service[99914]: DEBUG glance.image_cache.drivers.centralized_db [None req-7daa9c7b-9e5c-4a77-8fe7-dba605e89958 None None] Node reference is already recorded, ignoring it {{(pid=99914) configure /opt/stack/glance/glance/image_cache/drivers/centralized_db.py:71}}
Jul 23 08:37:03.760857 np0000005741 devstack@g-api.service[99914]: DEBUG glance.api.v2.cached_images [None req-7daa9c7b-9e5c-4a77-8fe7-dba605e89958 None None] Started cache worker thread {{(pid=99914) __init__ /opt/stack/glance/glance/api/v2/cached_images.py:71}}
Jul 23 08:37:03.761248 np0000005741 devstack@g-api.service[99912]: DEBUG glance.image_cache.drivers.centralized_db [None req-5c374bc0-0d11-46fd-b714-979e80af5fdd None None] Node reference is already recorded, ignoring it {{(pid=99912) configure /opt/stack/glance/glance/image_cache/drivers/centralized_db.py:71}}
Jul 23 08:37:03.761565 np0000005741 devstack@g-api.service[99914]: INFO glance.image_cache [None req-7daa9c7b-9e5c-4a77-8fe7-dba605e89958 None None] Image cache loaded driver 'centralized_db'.
Jul 23 08:37:03.765983 np0000005741 devstack@g-api.service[99912]: DEBUG glance.api.v2.cached_images [None req-5c374bc0-0d11-46fd-b714-979e80af5fdd None None] Started cache worker thread {{(pid=99912) __init__ /opt/stack/glance/glance/api/v2/cached_images.py:71}}
Jul 23 08:37:03.766529 np0000005741 devstack@g-api.service[99912]: INFO glance.image_cache [None req-5c374bc0-0d11-46fd-b714-979e80af5fdd None None] Image cache loaded driver 'centralized_db'.
Jul 23 08:37:03.768510 np0000005741 devstack@g-api.service[99914]: DEBUG glance.image_cache.drivers.centralized_db [None req-7daa9c7b-9e5c-4a77-8fe7-dba605e89958 None None] Node reference is already recorded, ignoring it {{(pid=99914) configure /opt/stack/glance/glance/image_cache/drivers/centralized_db.py:71}}
Jul 23 08:37:03.773028 np0000005741 devstack@g-api.service[99914]: INFO glance.api.middleware.cache_manage [None req-7daa9c7b-9e5c-4a77-8fe7-dba605e89958 None None] Initialized image cache management middleware
Jul 23 08:37:03.773165 np0000005741 devstack@g-api.service[99914]: INFO glance.image_cache [None req-7daa9c7b-9e5c-4a77-8fe7-dba605e89958 None None] Image cache loaded driver 'centralized_db'.
Jul 23 08:37:03.774197 np0000005741 devstack@g-api.service[99912]: DEBUG glance.image_cache.drivers.centralized_db [None req-5c374bc0-0d11-46fd-b714-979e80af5fdd None None] Node reference is already recorded, ignoring it {{(pid=99912) configure /opt/stack/glance/glance/image_cache/drivers/centralized_db.py:71}}
Jul 23 08:37:03.778661 np0000005741 devstack@g-api.service[99912]: INFO glance.api.middleware.cache_manage [None req-5c374bc0-0d11-46fd-b714-979e80af5fdd None None] Initialized image cache management middleware
Jul 23 08:37:03.778796 np0000005741 devstack@g-api.service[99912]: INFO glance.image_cache [None req-5c374bc0-0d11-46fd-b714-979e80af5fdd None None] Image cache loaded driver 'centralized_db'.
Jul 23 08:37:03.779730 np0000005741 devstack@g-api.service[99914]: DEBUG glance.image_cache.drivers.centralized_db [None req-7daa9c7b-9e5c-4a77-8fe7-dba605e89958 None None] Node reference is already recorded, ignoring it {{(pid=99914) configure /opt/stack/glance/glance/image_cache/drivers/centralized_db.py:71}}
Jul 23 08:37:03.780864 np0000005741 devstack@g-api.service[99913]: DEBUG glance.image_cache.drivers.centralized_db [None req-64bec9d6-e43a-4f8e-b473-a67267e4342d None None] Node reference is already recorded, ignoring it {{(pid=99913) configure /opt/stack/glance/glance/image_cache/drivers/centralized_db.py:71}}
Jul 23 08:37:03.784351 np0000005741 devstack@g-api.service[99914]: INFO glance.api.middleware.cache [None req-7daa9c7b-9e5c-4a77-8fe7-dba605e89958 None None] Initialized image cache middleware
Jul 23 08:37:03.785614 np0000005741 devstack@g-api.service[99913]: DEBUG glance.api.v2.cached_images [None req-64bec9d6-e43a-4f8e-b473-a67267e4342d None None] Started cache worker thread {{(pid=99913) __init__ /opt/stack/glance/glance/api/v2/cached_images.py:71}}
Jul 23 08:37:03.786309 np0000005741 devstack@g-api.service[99913]: INFO glance.image_cache [None req-64bec9d6-e43a-4f8e-b473-a67267e4342d None None] Image cache loaded driver 'centralized_db'.
Jul 23 08:37:03.787004 np0000005741 devstack@g-api.service[99912]: DEBUG glance.image_cache.drivers.centralized_db [None req-5c374bc0-0d11-46fd-b714-979e80af5fdd None None] Node reference is already recorded, ignoring it {{(pid=99912) configure /opt/stack/glance/glance/image_cache/drivers/centralized_db.py:71}}
Jul 23 08:37:03.793122 np0000005741 devstack@g-api.service[99913]: DEBUG glance.image_cache.drivers.centralized_db [None req-64bec9d6-e43a-4f8e-b473-a67267e4342d None None] Node reference is already recorded, ignoring it {{(pid=99913) configure /opt/stack/glance/glance/image_cache/drivers/centralized_db.py:71}}
Jul 23 08:37:03.793207 np0000005741 devstack@g-api.service[99912]: INFO glance.api.middleware.cache [None req-5c374bc0-0d11-46fd-b714-979e80af5fdd None None] Initialized image cache middleware
Jul 23 08:37:03.794436 np0000005741 devstack@g-api.service[99914]: DEBUG glance.common.config [None req-7daa9c7b-9e5c-4a77-8fe7-dba605e89958 None None] ******************************************************************************** {{(pid=99914) log_opt_values /opt/stack/data/venv/lib/python3.12/site-packages/oslo_config/cfg.py:3226}}
Jul 23 08:37:03.794555 np0000005741 devstack@g-api.service[99914]: DEBUG glance.common.config [None req-7daa9c7b-9e5c-4a77-8fe7-dba605e89958 None None] Configuration options gathered from: {{(pid=99914) log_opt_values /opt/stack/data/venv/lib/python3.12/site-packages/oslo_config/cfg.py:3227}}
Jul 23 08:37:03.794790 np0000005741 devstack@g-api.service[99914]: DEBUG glance.common.config [None req-7daa9c7b-9e5c-4a77-8fe7-dba605e89958 None None] command line args: [] {{(pid=99914) log_opt_values /opt/stack/data/venv/lib/python3.12/site-packages/oslo_config/cfg.py:3228}}
Jul 23 08:37:03.794904 np0000005741 devstack@g-api.service[99914]: DEBUG glance.common.config [None req-7daa9c7b-9e5c-4a77-8fe7-dba605e89958 None None] config files: ['/etc/glance/glance-image-import.conf', '/etc/glance/glance-api.conf'] {{(pid=99914) log_opt_values /opt/stack/data/venv/lib/python3.12/site-packages/oslo_config/cfg.py:3229}}
Jul 23 08:37:03.794962 np0000005741 devstack@g-api.service[99914]: DEBUG glance.common.config [None req-7daa9c7b-9e5c-4a77-8fe7-dba605e89958 None None] ================================================================================ {{(pid=99914) log_opt_values /opt/stack/data/venv/lib/python3.12/site-packages/oslo_config/cfg.py:3234}}
Jul 23 08:37:03.795086 np0000005741 devstack@g-api.service[99914]: DEBUG glance.common.config [None req-7daa9c7b-9e5c-4a77-8fe7-dba605e89958 None None] allow_anonymous_access = False {{(pid=99914) log_opt_values /opt/stack/data/venv/lib/python3.12/site-packages/oslo_config/cfg.py:3242}}
Jul 23 08:37:03.795175 np0000005741 devstack@g-api.service[99914]: DEBUG glance.common.config [None req-7daa9c7b-9e5c-4a77-8fe7-dba605e89958 None None] api_limit_max = 1000 {{(pid=99914) log_opt_values /opt/stack/data/venv/lib/python3.12/site-packages/oslo_config/cfg.py:3242}}
Jul 23 08:37:03.795338 np0000005741 devstack@g-api.service[99914]: DEBUG glance.common.config [None req-7daa9c7b-9e5c-4a77-8fe7-dba605e89958 None None] config_dir = [] {{(pid=99914) log_opt_values /opt/stack/data/venv/lib/python3.12/site-packages/oslo_config/cfg.py:3242}}
Jul 23 08:37:03.795423 np0000005741 devstack@g-api.service[99914]: DEBUG glance.common.config [None req-7daa9c7b-9e5c-4a77-8fe7-dba605e89958 None None] config_file = ['/etc/glance/glance-image-import.conf', '/etc/glance/glance-api.conf'] {{(pid=99914) log_opt_values /opt/stack/data/venv/lib/python3.12/site-packages/oslo_config/cfg.py:3242}}
Jul 23 08:37:03.795532 np0000005741 devstack@g-api.service[99914]: DEBUG glance.common.config [None req-7daa9c7b-9e5c-4a77-8fe7-dba605e89958 None None] config_source = [] {{(pid=99914) log_opt_values /opt/stack/data/venv/lib/python3.12/site-packages/oslo_config/cfg.py:3242}}
Jul 23 08:37:03.795632 np0000005741 devstack@g-api.service[99914]: DEBUG glance.common.config [None req-7daa9c7b-9e5c-4a77-8fe7-dba605e89958 None None] control_exchange = glance {{(pid=99914) log_opt_values /opt/stack/data/venv/lib/python3.12/site-packages/oslo_config/cfg.py:3242}}
Jul 23 08:37:03.795701 np0000005741 devstack@g-api.service[99914]: DEBUG glance.common.config [None req-7daa9c7b-9e5c-4a77-8fe7-dba605e89958 None None] debug = True {{(pid=99914) log_opt_values /opt/stack/data/venv/lib/python3.12/site-packages/oslo_config/cfg.py:3242}}
Jul 23 08:37:03.795844 np0000005741 devstack@g-api.service[99914]: DEBUG glance.common.config [None req-7daa9c7b-9e5c-4a77-8fe7-dba605e89958 None None] default_log_levels = ['amqp=WARN', 'boto=WARN', 'sqlalchemy=WARN', 'suds=INFO', 'oslo.messaging=INFO', 'oslo_messaging=INFO', 'iso8601=WARN', 'requests.packages.urllib3.connectionpool=WARN', 'urllib3.connectionpool=WARN', 'websocket=WARN', 'requests.packages.urllib3.util.retry=WARN', 'urllib3.util.retry=WARN', 'keystonemiddleware=WARN', 'routes.middleware=WARN', 'stevedore=WARN', 'taskflow=WARN', 'keystoneauth=WARN', 'oslo.cache=INFO', 'oslo_policy=INFO', 'dogpile.core.dogpile=INFO'] {{(pid=99914) log_opt_values /opt/stack/data/venv/lib/python3.12/site-packages/oslo_config/cfg.py:3242}}
Jul 23 08:37:03.795942 np0000005741 devstack@g-api.service[99914]: DEBUG glance.common.config [None req-7daa9c7b-9e5c-4a77-8fe7-dba605e89958 None None] default_publisher_id = image.localhost {{(pid=99914) log_opt_values /opt/stack/data/venv/lib/python3.12/site-packages/oslo_config/cfg.py:3242}}
Jul 23 08:37:03.796023 np0000005741 devstack@g-api.service[99914]: DEBUG glance.common.config [None req-7daa9c7b-9e5c-4a77-8fe7-dba605e89958 None None] delayed_delete = False {{(pid=99914) log_opt_values /opt/stack/data/venv/lib/python3.12/site-packages/oslo_config/cfg.py:3242}}
Jul 23 08:37:03.796119 np0000005741 devstack@g-api.service[99914]: DEBUG glance.common.config [None req-7daa9c7b-9e5c-4a77-8fe7-dba605e89958 None None] digest_algorithm = sha256 {{(pid=99914) log_opt_values /opt/stack/data/venv/lib/python3.12/site-packages/oslo_config/cfg.py:3242}}
Jul 23 08:37:03.796213 np0000005741 devstack@g-api.service[99914]: DEBUG glance.common.config [None req-7daa9c7b-9e5c-4a77-8fe7-dba605e89958 None None] disabled_notifications = [] {{(pid=99914) log_opt_values /opt/stack/data/venv/lib/python3.12/site-packages/oslo_config/cfg.py:3242}}
Jul 23 08:37:03.796366 np0000005741 devstack@g-api.service[99914]: DEBUG glance.common.config [None req-7daa9c7b-9e5c-4a77-8fe7-dba605e89958 None None] do_secure_hash = True {{(pid=99914) log_opt_values /opt/stack/data/venv/lib/python3.12/site-packages/oslo_config/cfg.py:3242}}
Jul 23 08:37:03.796462 np0000005741 devstack@g-api.service[99914]: DEBUG glance.common.config [None req-7daa9c7b-9e5c-4a77-8fe7-dba605e89958 None None] enabled_backends = None {{(pid=99914) log_opt_values /opt/stack/data/venv/lib/python3.12/site-packages/oslo_config/cfg.py:3242}}
Jul 23 08:37:03.796581 np0000005741 devstack@g-api.service[99914]: DEBUG glance.common.config [None req-7daa9c7b-9e5c-4a77-8fe7-dba605e89958 None None] enabled_import_methods = ['glance-direct', 'web-download', 'copy-image'] {{(pid=99914) log_opt_values /opt/stack/data/venv/lib/python3.12/site-packages/oslo_config/cfg.py:3242}}
Jul 23 08:37:03.796674 np0000005741 devstack@g-api.service[99914]: DEBUG glance.common.config [None req-7daa9c7b-9e5c-4a77-8fe7-dba605e89958 None None] fatal_deprecations = False {{(pid=99914) log_opt_values /opt/stack/data/venv/lib/python3.12/site-packages/oslo_config/cfg.py:3242}}
Jul 23 08:37:03.796766 np0000005741 devstack@g-api.service[99914]: DEBUG glance.common.config [None req-7daa9c7b-9e5c-4a77-8fe7-dba605e89958 None None] hashing_algorithm = sha512 {{(pid=99914) log_opt_values /opt/stack/data/venv/lib/python3.12/site-packages/oslo_config/cfg.py:3242}}
Jul 23 08:37:03.796854 np0000005741 devstack@g-api.service[99914]: DEBUG glance.common.config [None req-7daa9c7b-9e5c-4a77-8fe7-dba605e89958 None None] http_retries = 3 {{(pid=99914) log_opt_values /opt/stack/data/venv/lib/python3.12/site-packages/oslo_config/cfg.py:3242}}
Jul 23 08:37:03.796943 np0000005741 devstack@g-api.service[99914]: DEBUG glance.common.config [None req-7daa9c7b-9e5c-4a77-8fe7-dba605e89958 None None] image_cache_dir = /opt/stack/data/glance/cache/ {{(pid=99914) log_opt_values /opt/stack/data/venv/lib/python3.12/site-packages/oslo_config/cfg.py:3242}}
Jul 23 08:37:03.797035 np0000005741 devstack@g-api.service[99914]: DEBUG glance.common.config [None req-7daa9c7b-9e5c-4a77-8fe7-dba605e89958 None None] image_cache_driver = centralized_db {{(pid=99914) log_opt_values /opt/stack/data/venv/lib/python3.12/site-packages/oslo_config/cfg.py:3242}}
Jul 23 08:37:03.797123 np0000005741 devstack@g-api.service[99914]: DEBUG glance.common.config [None req-7daa9c7b-9e5c-4a77-8fe7-dba605e89958 None None] image_cache_max_size = 10737418240 {{(pid=99914) log_opt_values /opt/stack/data/venv/lib/python3.12/site-packages/oslo_config/cfg.py:3242}}
Jul 23 08:37:03.797213 np0000005741 devstack@g-api.service[99914]: DEBUG glance.common.config [None req-7daa9c7b-9e5c-4a77-8fe7-dba605e89958 None None] image_cache_sqlite_db = cache.db {{(pid=99914) log_opt_values /opt/stack/data/venv/lib/python3.12/site-packages/oslo_config/cfg.py:3242}}
Jul 23 08:37:03.797307 np0000005741 devstack@g-api.service[99914]: DEBUG glance.common.config [None req-7daa9c7b-9e5c-4a77-8fe7-dba605e89958 None None] image_cache_stall_time = 86400 {{(pid=99914) log_opt_values /opt/stack/data/venv/lib/python3.12/site-packages/oslo_config/cfg.py:3242}}
Jul 23 08:37:03.797414 np0000005741 devstack@g-api.service[99914]: DEBUG glance.common.config [None req-7daa9c7b-9e5c-4a77-8fe7-dba605e89958 None None] image_location_quota = 10 {{(pid=99914) log_opt_values /opt/stack/data/venv/lib/python3.12/site-packages/oslo_config/cfg.py:3242}}
Jul 23 08:37:03.797476 np0000005741 devstack@g-api.service[99913]: INFO glance.api.middleware.cache_manage [None req-64bec9d6-e43a-4f8e-b473-a67267e4342d None None] Initialized image cache management middleware
Jul 23 08:37:03.797537 np0000005741 devstack@g-api.service[99914]: DEBUG glance.common.config [None req-7daa9c7b-9e5c-4a77-8fe7-dba605e89958 None None] image_member_quota = 128 {{(pid=99914) log_opt_values /opt/stack/data/venv/lib/python3.12/site-packages/oslo_config/cfg.py:3242}}
Jul 23 08:37:03.797589 np0000005741 devstack@g-api.service[99913]: INFO glance.image_cache [None req-64bec9d6-e43a-4f8e-b473-a67267e4342d None None] Image cache loaded driver 'centralized_db'.
Jul 23 08:37:03.797632 np0000005741 devstack@g-api.service[99914]: DEBUG glance.common.config [None req-7daa9c7b-9e5c-4a77-8fe7-dba605e89958 None None] image_property_quota = 128 {{(pid=99914) log_opt_values /opt/stack/data/venv/lib/python3.12/site-packages/oslo_config/cfg.py:3242}}
Jul 23 08:37:03.797680 np0000005741 devstack@g-api.service[99914]: DEBUG glance.common.config [None req-7daa9c7b-9e5c-4a77-8fe7-dba605e89958 None None] image_size_cap = 1099511627776 {{(pid=99914) log_opt_values /opt/stack/data/venv/lib/python3.12/site-packages/oslo_config/cfg.py:3242}}
Jul 23 08:37:03.797753 np0000005741 devstack@g-api.service[99914]: DEBUG glance.common.config [None req-7daa9c7b-9e5c-4a77-8fe7-dba605e89958 None None] image_tag_quota = 128 {{(pid=99914) log_opt_values /opt/stack/data/venv/lib/python3.12/site-packages/oslo_config/cfg.py:3242}}
Jul 23 08:37:03.797843 np0000005741 devstack@g-api.service[99914]: DEBUG glance.common.config [None req-7daa9c7b-9e5c-4a77-8fe7-dba605e89958 None None] instance_format = [instance: %(uuid)s] {{(pid=99914) log_opt_values /opt/stack/data/venv/lib/python3.12/site-packages/oslo_config/cfg.py:3242}}
Jul 23 08:37:03.797931 np0000005741 devstack@g-api.service[99914]: DEBUG glance.common.config [None req-7daa9c7b-9e5c-4a77-8fe7-dba605e89958 None None] instance_uuid_format = [instance: %(uuid)s] {{(pid=99914) log_opt_values /opt/stack/data/venv/lib/python3.12/site-packages/oslo_config/cfg.py:3242}}
Jul 23 08:37:03.798020 np0000005741 devstack@g-api.service[99914]: DEBUG glance.common.config [None req-7daa9c7b-9e5c-4a77-8fe7-dba605e89958 None None] limit_param_default = 25 {{(pid=99914) log_opt_values /opt/stack/data/venv/lib/python3.12/site-packages/oslo_config/cfg.py:3242}}
Jul 23 08:37:03.798113 np0000005741 devstack@g-api.service[99914]: DEBUG glance.common.config [None req-7daa9c7b-9e5c-4a77-8fe7-dba605e89958 None None] log_color = False {{(pid=99914) log_opt_values /opt/stack/data/venv/lib/python3.12/site-packages/oslo_config/cfg.py:3242}}
Jul 23 08:37:03.798201 np0000005741 devstack@g-api.service[99914]: DEBUG glance.common.config [None req-7daa9c7b-9e5c-4a77-8fe7-dba605e89958 None None] log_config_append = None {{(pid=99914) log_opt_values /opt/stack/data/venv/lib/python3.12/site-packages/oslo_config/cfg.py:3242}}
Jul 23 08:37:03.798292 np0000005741 devstack@g-api.service[99914]: DEBUG glance.common.config [None req-7daa9c7b-9e5c-4a77-8fe7-dba605e89958 None None] log_date_format = %Y-%m-%d %H:%M:%S {{(pid=99914) log_opt_values /opt/stack/data/venv/lib/python3.12/site-packages/oslo_config/cfg.py:3242}}
Jul 23 08:37:03.798411 np0000005741 devstack@g-api.service[99914]: DEBUG glance.common.config [None req-7daa9c7b-9e5c-4a77-8fe7-dba605e89958 None None] log_dir = None {{(pid=99914) log_opt_values /opt/stack/data/venv/lib/python3.12/site-packages/oslo_config/cfg.py:3242}}
Jul 23 08:37:03.798496 np0000005741 devstack@g-api.service[99914]: DEBUG glance.common.config [None req-7daa9c7b-9e5c-4a77-8fe7-dba605e89958 None None] log_file = None {{(pid=99914) log_opt_values /opt/stack/data/venv/lib/python3.12/site-packages/oslo_config/cfg.py:3242}}
Jul 23 08:37:03.798592 np0000005741 devstack@g-api.service[99914]: DEBUG glance.common.config [None req-7daa9c7b-9e5c-4a77-8fe7-dba605e89958 None None] log_rotate_interval = 1 {{(pid=99914) log_opt_values /opt/stack/data/venv/lib/python3.12/site-packages/oslo_config/cfg.py:3242}}
Jul 23 08:37:03.798709 np0000005741 devstack@g-api.service[99914]: DEBUG glance.common.config [None req-7daa9c7b-9e5c-4a77-8fe7-dba605e89958 None None] log_rotate_interval_type = days {{(pid=99914) log_opt_values /opt/stack/data/venv/lib/python3.12/site-packages/oslo_config/cfg.py:3242}}
Jul 23 08:37:03.798805 np0000005741 devstack@g-api.service[99914]: DEBUG glance.common.config [None req-7daa9c7b-9e5c-4a77-8fe7-dba605e89958 None None] log_rotation_type = none {{(pid=99914) log_opt_values /opt/stack/data/venv/lib/python3.12/site-packages/oslo_config/cfg.py:3242}}
Jul 23 08:37:03.798862 np0000005741 devstack@g-api.service[99914]: DEBUG glance.common.config [None req-7daa9c7b-9e5c-4a77-8fe7-dba605e89958 None None] logging_context_format_string = %(color)s%(levelname)s %(name)s [%(global_request_id)s %(request_id)s %(project_name)s %(user_name)s%(color)s] %(instance)s%(color)s%(message)s {{(pid=99914) log_opt_values /opt/stack/data/venv/lib/python3.12/site-packages/oslo_config/cfg.py:3242}}
Jul 23 08:37:03.798944 np0000005741 devstack@g-api.service[99914]: DEBUG glance.common.config [None req-7daa9c7b-9e5c-4a77-8fe7-dba605e89958 None None] logging_debug_format_suffix = {{(pid=%(process)d) %(funcName)s %(pathname)s:%(lineno)d}} {{(pid=99914) log_opt_values /opt/stack/data/venv/lib/python3.12/site-packages/oslo_config/cfg.py:3242}}
Jul 23 08:37:03.799019 np0000005741 devstack@g-api.service[99914]: DEBUG glance.common.config [None req-7daa9c7b-9e5c-4a77-8fe7-dba605e89958 None None] logging_default_format_string = %(color)s%(levelname)s %(name)s [-%(color)s] %(instance)s%(color)s%(message)s {{(pid=99914) log_opt_values /opt/stack/data/venv/lib/python3.12/site-packages/oslo_config/cfg.py:3242}}
Jul 23 08:37:03.799103 np0000005741 devstack@g-api.service[99914]: DEBUG glance.common.config [None req-7daa9c7b-9e5c-4a77-8fe7-dba605e89958 None None] logging_exception_prefix = ERROR %(name)s %(instance)s {{(pid=99914) log_opt_values /opt/stack/data/venv/lib/python3.12/site-packages/oslo_config/cfg.py:3242}}
Jul 23 08:37:03.799158 np0000005741 devstack@g-api.service[99914]: DEBUG glance.common.config [None req-7daa9c7b-9e5c-4a77-8fe7-dba605e89958 None None] logging_user_identity_format = %(user)s %(project)s %(domain)s %(system_scope)s %(user_domain)s %(project_domain)s {{(pid=99914) log_opt_values /opt/stack/data/venv/lib/python3.12/site-packages/oslo_config/cfg.py:3242}}
Jul 23 08:37:03.799248 np0000005741 devstack@g-api.service[99914]: DEBUG glance.common.config [None req-7daa9c7b-9e5c-4a77-8fe7-dba605e89958 None None] max_logfile_count = 30 {{(pid=99914) log_opt_values /opt/stack/data/venv/lib/python3.12/site-packages/oslo_config/cfg.py:3242}}
Jul 23 08:37:03.799362 np0000005741 devstack@g-api.service[99914]: DEBUG glance.common.config [None req-7daa9c7b-9e5c-4a77-8fe7-dba605e89958 None None] max_logfile_size_mb = 200 {{(pid=99914) log_opt_values /opt/stack/data/venv/lib/python3.12/site-packages/oslo_config/cfg.py:3242}}
Jul 23 08:37:03.799452 np0000005741 devstack@g-api.service[99914]: DEBUG glance.common.config [None req-7daa9c7b-9e5c-4a77-8fe7-dba605e89958 None None] max_request_id_length = 64 {{(pid=99914) log_opt_values /opt/stack/data/venv/lib/python3.12/site-packages/oslo_config/cfg.py:3242}}
Jul 23 08:37:03.799554 np0000005741 devstack@g-api.service[99914]: DEBUG glance.common.config [None req-7daa9c7b-9e5c-4a77-8fe7-dba605e89958 None None] metadata_encryption_key = **** {{(pid=99914) log_opt_values /opt/stack/data/venv/lib/python3.12/site-packages/oslo_config/cfg.py:3242}}
Jul 23 08:37:03.799647 np0000005741 devstack@g-api.service[99914]: DEBUG glance.common.config [None req-7daa9c7b-9e5c-4a77-8fe7-dba605e89958 None None] node_staging_uri = file:///tmp/staging/ {{(pid=99914) log_opt_values /opt/stack/data/venv/lib/python3.12/site-packages/oslo_config/cfg.py:3242}}
Jul 23 08:37:03.799762 np0000005741 devstack@g-api.service[99914]: DEBUG glance.common.config [None req-7daa9c7b-9e5c-4a77-8fe7-dba605e89958 None None] property_protection_file = None {{(pid=99914) log_opt_values /opt/stack/data/venv/lib/python3.12/site-packages/oslo_config/cfg.py:3242}}
Jul 23 08:37:03.799864 np0000005741 devstack@g-api.service[99914]: DEBUG glance.common.config [None req-7daa9c7b-9e5c-4a77-8fe7-dba605e89958 None None] property_protection_rule_format = roles {{(pid=99914) log_opt_values /opt/stack/data/venv/lib/python3.12/site-packages/oslo_config/cfg.py:3242}}
Jul 23 08:37:03.799957 np0000005741 devstack@g-api.service[99914]: DEBUG glance.common.config [None req-7daa9c7b-9e5c-4a77-8fe7-dba605e89958 None None] public_endpoint = https://10.4.3.51/image {{(pid=99914) log_opt_values /opt/stack/data/venv/lib/python3.12/site-packages/oslo_config/cfg.py:3242}}
Jul 23 08:37:03.800039 np0000005741 devstack@g-api.service[99914]: DEBUG glance.common.config [None req-7daa9c7b-9e5c-4a77-8fe7-dba605e89958 None None] publish_errors = False {{(pid=99914) log_opt_values /opt/stack/data/venv/lib/python3.12/site-packages/oslo_config/cfg.py:3242}}
Jul 23 08:37:03.800125 np0000005741 devstack@g-api.service[99914]: DEBUG glance.common.config [None req-7daa9c7b-9e5c-4a77-8fe7-dba605e89958 None None] pydev_worker_debug_host = None {{(pid=99914) log_opt_values /opt/stack/data/venv/lib/python3.12/site-packages/oslo_config/cfg.py:3242}}
Jul 23 08:37:03.800215 np0000005741 devstack@g-api.service[99914]: DEBUG glance.common.config [None req-7daa9c7b-9e5c-4a77-8fe7-dba605e89958 None None] pydev_worker_debug_port = 5678 {{(pid=99914) log_opt_values /opt/stack/data/venv/lib/python3.12/site-packages/oslo_config/cfg.py:3242}}
Jul 23 08:37:03.800310 np0000005741 devstack@g-api.service[99914]: DEBUG glance.common.config [None req-7daa9c7b-9e5c-4a77-8fe7-dba605e89958 None None] rate_limit_burst = 0 {{(pid=99914) log_opt_values /opt/stack/data/venv/lib/python3.12/site-packages/oslo_config/cfg.py:3242}}
Jul 23 08:37:03.800408 np0000005741 devstack@g-api.service[99914]: DEBUG glance.common.config [None req-7daa9c7b-9e5c-4a77-8fe7-dba605e89958 None None] rate_limit_except_level = CRITICAL {{(pid=99914) log_opt_values /opt/stack/data/venv/lib/python3.12/site-packages/oslo_config/cfg.py:3242}}
Jul 23 08:37:03.800490 np0000005741 devstack@g-api.service[99914]: DEBUG glance.common.config [None req-7daa9c7b-9e5c-4a77-8fe7-dba605e89958 None None] rate_limit_interval = 0 {{(pid=99914) log_opt_values /opt/stack/data/venv/lib/python3.12/site-packages/oslo_config/cfg.py:3242}}
Jul 23 08:37:03.800586 np0000005741 devstack@g-api.service[99914]: DEBUG glance.common.config [None req-7daa9c7b-9e5c-4a77-8fe7-dba605e89958 None None] scrub_pool_size = 1 {{(pid=99914) log_opt_values /opt/stack/data/venv/lib/python3.12/site-packages/oslo_config/cfg.py:3242}}
Jul 23 08:37:03.800670 np0000005741 devstack@g-api.service[99914]: DEBUG glance.common.config [None req-7daa9c7b-9e5c-4a77-8fe7-dba605e89958 None None] scrub_time = 0 {{(pid=99914) log_opt_values /opt/stack/data/venv/lib/python3.12/site-packages/oslo_config/cfg.py:3242}}
Jul 23 08:37:03.800752 np0000005741 devstack@g-api.service[99914]: DEBUG glance.common.config [None req-7daa9c7b-9e5c-4a77-8fe7-dba605e89958 None None] shell_completion = None {{(pid=99914) log_opt_values /opt/stack/data/venv/lib/python3.12/site-packages/oslo_config/cfg.py:3242}}
Jul 23 08:37:03.800841 np0000005741 devstack@g-api.service[99914]: DEBUG glance.common.config [None req-7daa9c7b-9e5c-4a77-8fe7-dba605e89958 None None] show_image_direct_url = False {{(pid=99914) log_opt_values /opt/stack/data/venv/lib/python3.12/site-packages/oslo_config/cfg.py:3242}}
Jul 23 08:37:03.801032 np0000005741 devstack@g-api.service[99914]: WARNING oslo_config.cfg [None req-7daa9c7b-9e5c-4a77-8fe7-dba605e89958 None None] Deprecated: Option "show_multiple_locations" from group "DEFAULT" is deprecated for removal (Use of this option, deprecated since Newton, is a security risk and will be removed once we figure out a way to satisfy those use cases that currently require it. An earlier announcement that the same functionality can be achieved with greater granularity by using policies is incorrect. You cannot work around this option via policy configuration at the present time, though that is the direction we believe the fix will take. Please keep an eye on the Glance release notes to stay up to date on progress in addressing this issue.). Its value may be silently ignored in the future.
Jul 23 08:37:03.801132 np0000005741 devstack@g-api.service[99914]: DEBUG glance.common.config [None req-7daa9c7b-9e5c-4a77-8fe7-dba605e89958 None None] show_multiple_locations = False {{(pid=99914) log_opt_values /opt/stack/data/venv/lib/python3.12/site-packages/oslo_config/cfg.py:3242}}
Jul 23 08:37:03.801224 np0000005741 devstack@g-api.service[99914]: DEBUG glance.common.config [None req-7daa9c7b-9e5c-4a77-8fe7-dba605e89958 None None] syslog_log_facility = LOG_USER {{(pid=99914) log_opt_values /opt/stack/data/venv/lib/python3.12/site-packages/oslo_config/cfg.py:3242}}
Jul 23 08:37:03.801342 np0000005741 devstack@g-api.service[99914]: DEBUG glance.common.config [None req-7daa9c7b-9e5c-4a77-8fe7-dba605e89958 None None] transport_url = **** {{(pid=99914) log_opt_values /opt/stack/data/venv/lib/python3.12/site-packages/oslo_config/cfg.py:3242}}
Jul 23 08:37:03.801436 np0000005741 devstack@g-api.service[99914]: DEBUG glance.common.config [None req-7daa9c7b-9e5c-4a77-8fe7-dba605e89958 None None] use_journal = False {{(pid=99914) log_opt_values /opt/stack/data/venv/lib/python3.12/site-packages/oslo_config/cfg.py:3242}}
Jul 23 08:37:03.801537 np0000005741 devstack@g-api.service[99914]: DEBUG glance.common.config [None req-7daa9c7b-9e5c-4a77-8fe7-dba605e89958 None None] use_json = False {{(pid=99914) log_opt_values /opt/stack/data/venv/lib/python3.12/site-packages/oslo_config/cfg.py:3242}}
Jul 23 08:37:03.801631 np0000005741 devstack@g-api.service[99914]: DEBUG glance.common.config [None req-7daa9c7b-9e5c-4a77-8fe7-dba605e89958 None None] use_keystone_limits = True {{(pid=99914) log_opt_values /opt/stack/data/venv/lib/python3.12/site-packages/oslo_config/cfg.py:3242}}
Jul 23 08:37:03.801718 np0000005741 devstack@g-api.service[99914]: DEBUG glance.common.config [None req-7daa9c7b-9e5c-4a77-8fe7-dba605e89958 None None] use_stderr = False {{(pid=99914) log_opt_values /opt/stack/data/venv/lib/python3.12/site-packages/oslo_config/cfg.py:3242}}
Jul 23 08:37:03.801809 np0000005741 devstack@g-api.service[99914]: DEBUG glance.common.config [None req-7daa9c7b-9e5c-4a77-8fe7-dba605e89958 None None] use_syslog = False {{(pid=99914) log_opt_values /opt/stack/data/venv/lib/python3.12/site-packages/oslo_config/cfg.py:3242}}
Jul 23 08:37:03.801898 np0000005741 devstack@g-api.service[99914]: DEBUG glance.common.config [None req-7daa9c7b-9e5c-4a77-8fe7-dba605e89958 None None] user_storage_quota = 0 {{(pid=99914) log_opt_values /opt/stack/data/venv/lib/python3.12/site-packages/oslo_config/cfg.py:3242}}
Jul 23 08:37:03.801989 np0000005741 devstack@g-api.service[99914]: DEBUG glance.common.config [None req-7daa9c7b-9e5c-4a77-8fe7-dba605e89958 None None] worker_self_reference_url = http://127.0.0.1:60999 {{(pid=99914) log_opt_values /opt/stack/data/venv/lib/python3.12/site-packages/oslo_config/cfg.py:3242}}
Jul 23 08:37:03.802089 np0000005741 devstack@g-api.service[99914]: DEBUG glance.common.config [None req-7daa9c7b-9e5c-4a77-8fe7-dba605e89958 None None] oslo_concurrency.disable_process_locking = False {{(pid=99914) log_opt_values /opt/stack/data/venv/lib/python3.12/site-packages/oslo_config/cfg.py:3253}}
Jul 23 08:37:03.802183 np0000005741 devstack@g-api.service[99914]: DEBUG glance.common.config [None req-7daa9c7b-9e5c-4a77-8fe7-dba605e89958 None None] oslo_concurrency.lock_path = /opt/stack/data/glance/locks {{(pid=99914) log_opt_values /opt/stack/data/venv/lib/python3.12/site-packages/oslo_config/cfg.py:3253}}
Jul 23 08:37:03.802277 np0000005741 devstack@g-api.service[99914]: DEBUG glance.common.config [None req-7daa9c7b-9e5c-4a77-8fe7-dba605e89958 None None] oslo_middleware.enable_proxy_headers_parsing = False {{(pid=99914) log_opt_values /opt/stack/data/venv/lib/python3.12/site-packages/oslo_config/cfg.py:3253}}
Jul 23 08:37:03.802865 np0000005741 devstack@g-api.service[99914]: DEBUG glance.common.config [None req-7daa9c7b-9e5c-4a77-8fe7-dba605e89958 None None] oslo_middleware.http_basic_auth_user_file = /etc/htpasswd {{(pid=99914) log_opt_values /opt/stack/data/venv/lib/python3.12/site-packages/oslo_config/cfg.py:3253}}
Jul 23 08:37:03.802865 np0000005741 devstack@g-api.service[99914]: DEBUG glance.common.config [None req-7daa9c7b-9e5c-4a77-8fe7-dba605e89958 None None] paste_deploy.config_file = None {{(pid=99914) log_opt_values /opt/stack/data/venv/lib/python3.12/site-packages/oslo_config/cfg.py:3253}}
Jul 23 08:37:03.802865 np0000005741 devstack@g-api.service[99914]: DEBUG glance.common.config [None req-7daa9c7b-9e5c-4a77-8fe7-dba605e89958 None None] paste_deploy.flavor = keystone+cachemanagement {{(pid=99914) log_opt_values /opt/stack/data/venv/lib/python3.12/site-packages/oslo_config/cfg.py:3253}}
Jul 23 08:37:03.802865 np0000005741 devstack@g-api.service[99914]: DEBUG glance.common.config [None req-7daa9c7b-9e5c-4a77-8fe7-dba605e89958 None None] image_format.container_formats = ['ami', 'ari', 'aki', 'bare', 'ovf', 'ova', 'docker', 'compressed'] {{(pid=99914) log_opt_values /opt/stack/data/venv/lib/python3.12/site-packages/oslo_config/cfg.py:3253}}
Jul 23 08:37:03.802865 np0000005741 devstack@g-api.service[99914]: DEBUG glance.common.config [None req-7daa9c7b-9e5c-4a77-8fe7-dba605e89958 None None] image_format.disk_formats = ['ami', 'ari', 'aki', 'vhd', 'vhdx', 'vmdk', 'raw', 'qcow2', 'vdi', 'iso', 'ploop'] {{(pid=99914) log_opt_values /opt/stack/data/venv/lib/python3.12/site-packages/oslo_config/cfg.py:3253}}
Jul 23 08:37:03.802865 np0000005741 devstack@g-api.service[99914]: DEBUG glance.common.config [None req-7daa9c7b-9e5c-4a77-8fe7-dba605e89958 None None] image_format.gpt_safety_checks_nonfatal = [] {{(pid=99914) log_opt_values /opt/stack/data/venv/lib/python3.12/site-packages/oslo_config/cfg.py:3253}}
Jul 23 08:37:03.803146 np0000005741 devstack@g-api.service[99914]: DEBUG glance.common.config [None req-7daa9c7b-9e5c-4a77-8fe7-dba605e89958 None None] image_format.require_image_format_match = True {{(pid=99914) log_opt_values /opt/stack/data/venv/lib/python3.12/site-packages/oslo_config/cfg.py:3253}}
Jul 23 08:37:03.803146 np0000005741 devstack@g-api.service[99914]: DEBUG glance.common.config [None req-7daa9c7b-9e5c-4a77-8fe7-dba605e89958 None None] image_format.vmdk_allowed_types = ['streamOptimized', 'monolithicSparse'] {{(pid=99914) log_opt_values /opt/stack/data/venv/lib/python3.12/site-packages/oslo_config/cfg.py:3253}}
Jul 23 08:37:03.803146 np0000005741 devstack@g-api.service[99914]: DEBUG glance.common.config [None req-7daa9c7b-9e5c-4a77-8fe7-dba605e89958 None None] task.task_executor = taskflow {{(pid=99914) log_opt_values /opt/stack/data/venv/lib/python3.12/site-packages/oslo_config/cfg.py:3253}}
Jul 23 08:37:03.803278 np0000005741 devstack@g-api.service[99914]: DEBUG glance.common.config [None req-7daa9c7b-9e5c-4a77-8fe7-dba605e89958 None None] task.task_time_to_live = 48 {{(pid=99914) log_opt_values /opt/stack/data/venv/lib/python3.12/site-packages/oslo_config/cfg.py:3253}}
Jul 23 08:37:03.803354 np0000005741 devstack@g-api.service[99914]: DEBUG glance.common.config [None req-7daa9c7b-9e5c-4a77-8fe7-dba605e89958 None None] task.work_dir = None {{(pid=99914) log_opt_values /opt/stack/data/venv/lib/python3.12/site-packages/oslo_config/cfg.py:3253}}
Jul 23 08:37:03.803475 np0000005741 devstack@g-api.service[99914]: DEBUG glance.common.config [None req-7daa9c7b-9e5c-4a77-8fe7-dba605e89958 None None] wsgi.python_interpreter = /opt/stack/data/venv/bin/python3 {{(pid=99914) log_opt_values /opt/stack/data/venv/lib/python3.12/site-packages/oslo_config/cfg.py:3253}}
Jul 23 08:37:03.803570 np0000005741 devstack@g-api.service[99914]: DEBUG glance.common.config [None req-7daa9c7b-9e5c-4a77-8fe7-dba605e89958 None None] wsgi.task_pool_threads = 16 {{(pid=99914) log_opt_values /opt/stack/data/venv/lib/python3.12/site-packages/oslo_config/cfg.py:3253}}
Jul 23 08:37:03.803674 np0000005741 devstack@g-api.service[99914]: DEBUG glance.common.config [None req-7daa9c7b-9e5c-4a77-8fe7-dba605e89958 None None] import_filtering_opts.allowed_hosts = [] {{(pid=99914) log_opt_values /opt/stack/data/venv/lib/python3.12/site-packages/oslo_config/cfg.py:3253}}
Jul 23 08:37:03.803761 np0000005741 devstack@g-api.service[99914]: DEBUG glance.common.config [None req-7daa9c7b-9e5c-4a77-8fe7-dba605e89958 None None] import_filtering_opts.allowed_ports = [80, 443] {{(pid=99914) log_opt_values /opt/stack/data/venv/lib/python3.12/site-packages/oslo_config/cfg.py:3253}}
Jul 23 08:37:03.803868 np0000005741 devstack@g-api.service[99914]: DEBUG glance.common.config [None req-7daa9c7b-9e5c-4a77-8fe7-dba605e89958 None None] import_filtering_opts.allowed_schemes = ['http', 'https'] {{(pid=99914) log_opt_values /opt/stack/data/venv/lib/python3.12/site-packages/oslo_config/cfg.py:3253}}
Jul 23 08:37:03.803926 np0000005741 devstack@g-api.service[99913]: DEBUG glance.image_cache.drivers.centralized_db [None req-64bec9d6-e43a-4f8e-b473-a67267e4342d None None] Node reference is already recorded, ignoring it {{(pid=99913) configure /opt/stack/glance/glance/image_cache/drivers/centralized_db.py:71}}
Jul 23 08:37:03.803980 np0000005741 devstack@g-api.service[99914]: DEBUG glance.common.config [None req-7daa9c7b-9e5c-4a77-8fe7-dba605e89958 None None] import_filtering_opts.disallowed_hosts = [] {{(pid=99914) log_opt_values /opt/stack/data/venv/lib/python3.12/site-packages/oslo_config/cfg.py:3253}}
Jul 23 08:37:03.804032 np0000005741 devstack@g-api.service[99914]: DEBUG glance.common.config [None req-7daa9c7b-9e5c-4a77-8fe7-dba605e89958 None None] import_filtering_opts.disallowed_ports = [] {{(pid=99914) log_opt_values /opt/stack/data/venv/lib/python3.12/site-packages/oslo_config/cfg.py:3253}}
Jul 23 08:37:03.804107 np0000005741 devstack@g-api.service[99914]: DEBUG glance.common.config [None req-7daa9c7b-9e5c-4a77-8fe7-dba605e89958 None None] import_filtering_opts.disallowed_schemes = [] {{(pid=99914) log_opt_values /opt/stack/data/venv/lib/python3.12/site-packages/oslo_config/cfg.py:3253}}
Jul 23 08:37:03.804204 np0000005741 devstack@g-api.service[99914]: DEBUG glance.common.config [None req-7daa9c7b-9e5c-4a77-8fe7-dba605e89958 None None] oslo_messaging_metrics.metrics_buffer_size = 1000 {{(pid=99914) log_opt_values /opt/stack/data/venv/lib/python3.12/site-packages/oslo_config/cfg.py:3253}}
