Jul 23 08:44:55.864211 np0000005741 devstack@g-api.service[99913]: DEBUG glance.api.middleware.version_negotiation [None req-2df3b8d0-e643-42ca-b557-c10e76efee5d tempest-VolumesActionsTest-1667606765 tempest-VolumesActionsTest-1667606765-project-member] Determining version of request: GET /v2/images/ce179d19-93d6-4561-8120-486e2b0cd76f Accept: application/json {{(pid=99913) process_request /opt/stack/glance/glance/api/middleware/version_negotiation.py:44}}
Jul 23 08:44:55.864789 np0000005741 devstack@g-api.service[99913]: DEBUG glance.api.middleware.version_negotiation [None req-2df3b8d0-e643-42ca-b557-c10e76efee5d tempest-VolumesActionsTest-1667606765 tempest-VolumesActionsTest-1667606765-project-member] Using url versioning {{(pid=99913) process_request /opt/stack/glance/glance/api/middleware/version_negotiation.py:57}}
Jul 23 08:44:55.864789 np0000005741 devstack@g-api.service[99913]: DEBUG glance.api.middleware.version_negotiation [None req-2df3b8d0-e643-42ca-b557-c10e76efee5d tempest-VolumesActionsTest-1667606765 tempest-VolumesActionsTest-1667606765-project-member] Matched version: v2 {{(pid=99913) process_request /opt/stack/glance/glance/api/middleware/version_negotiation.py:69}}
Jul 23 08:44:55.864789 np0000005741 devstack@g-api.service[99913]: DEBUG glance.api.middleware.version_negotiation [None req-2df3b8d0-e643-42ca-b557-c10e76efee5d tempest-VolumesActionsTest-1667606765 tempest-VolumesActionsTest-1667606765-project-member] new path /v2/images/ce179d19-93d6-4561-8120-486e2b0cd76f {{(pid=99913) process_request /opt/stack/glance/glance/api/middleware/version_negotiation.py:70}}
Jul 23 08:44:55.880045 np0000005741 devstack@g-api.service[99913]: [pid: 99913|app: 0|req: 143/408] 127.0.0.1 () {40 vars in 834 bytes} [Thu Jul 23 08:44:55 2026] GET /v2/images/ce179d19-93d6-4561-8120-486e2b0cd76f => generated 650 bytes in 16 msecs (HTTP/1.1 200) 4 headers in 157 bytes (1 switches on core 0)
Jul 23 08:44:56.896040 np0000005741 devstack@g-api.service[99914]: DEBUG glance.api.middleware.version_negotiation [None req-604bd6ec-dc37-48ae-82b7-94a808979f7d tempest-VolumesActionsTest-1667606765 tempest-VolumesActionsTest-1667606765-project-member] Determining version of request: GET /v2/images/ce179d19-93d6-4561-8120-486e2b0cd76f Accept: application/json {{(pid=99914) process_request /opt/stack/glance/glance/api/middleware/version_negotiation.py:44}}
Jul 23 08:44:56.896040 np0000005741 devstack@g-api.service[99914]: DEBUG glance.api.middleware.version_negotiation [None req-604bd6ec-dc37-48ae-82b7-94a808979f7d tempest-VolumesActionsTest-1667606765 tempest-VolumesActionsTest-1667606765-project-member] Using url versioning {{(pid=99914) process_request /opt/stack/glance/glance/api/middleware/version_negotiation.py:57}}
Jul 23 08:44:56.896040 np0000005741 devstack@g-api.service[99914]: DEBUG glance.api.middleware.version_negotiation [None req-604bd6ec-dc37-48ae-82b7-94a808979f7d tempest-VolumesActionsTest-1667606765 tempest-VolumesActionsTest-1667606765-project-member] Matched version: v2 {{(pid=99914) process_request /opt/stack/glance/glance/api/middleware/version_negotiation.py:69}}
Jul 23 08:44:56.896040 np0000005741 devstack@g-api.service[99914]: DEBUG glance.api.middleware.version_negotiation [None req-604bd6ec-dc37-48ae-82b7-94a808979f7d tempest-VolumesActionsTest-1667606765 tempest-VolumesActionsTest-1667606765-project-member] new path /v2/images/ce179d19-93d6-4561-8120-486e2b0cd76f {{(pid=99914) process_request /opt/stack/glance/glance/api/middleware/version_negotiation.py:70}}
Jul 23 08:44:56.919513 np0000005741 devstack@g-api.service[99914]: [pid: 99914|app: 0|req: 134/409] 127.0.0.1 () {40 vars in 834 bytes} [Thu Jul 23 08:44:56 2026] GET /v2/images/ce179d19-93d6-4561-8120-486e2b0cd76f => generated 650 bytes in 24 msecs (HTTP/1.1 200) 4 headers in 157 bytes (1 switches on core 0)
Jul 23 08:44:57.517946 np0000005741 devstack@g-api.service[99912]: DEBUG swiftclient [None req-5c263828-63d7-47be-8a5a-9315b7aac6dc tempest-VolumesActionsTest-1667606765 tempest-VolumesActionsTest-1667606765-project-member] REQ: curl -i https://10.4.3.51:8080/v1/AUTH_4b6a0a6984cc435987777674e6d9a5b6/glance/ce179d19-93d6-4561-8120-486e2b0cd76f-00003 -X PUT -H "X-Auth-Token: gAAAAABqYdSBGUp9..." {{(pid=99912) http_log /opt/stack/data/venv/lib/python3.12/site-packages/swiftclient/client.py:160}}
Jul 23 08:44:57.520094 np0000005741 devstack@g-api.service[99912]: DEBUG swiftclient [None req-5c263828-63d7-47be-8a5a-9315b7aac6dc tempest-VolumesActionsTest-1667606765 tempest-VolumesActionsTest-1667606765-project-member] RESP STATUS: 201 Created {{(pid=99912) http_log /opt/stack/data/venv/lib/python3.12/site-packages/swiftclient/client.py:161}}
Jul 23 08:44:57.520423 np0000005741 devstack@g-api.service[99912]: DEBUG swiftclient [None req-5c263828-63d7-47be-8a5a-9315b7aac6dc tempest-VolumesActionsTest-1667606765 tempest-VolumesActionsTest-1667606765-project-member] RESP HEADERS: {'Date': 'Thu, 23 Jul 2026 08:44:57 GMT', 'Server': 'Apache/2.4.58 (Ubuntu)', 'Content-Type': 'text/html; charset=UTF-8', 'Content-Length': '0', 'Etag': 'eda9a9889837ac4bc81d6387d92c1bec', 'Last-Modified': 'Thu, 23 Jul 2026 08:44:55 GMT', 'X-Trans-Id': 'txa15bd2c08cbe4020b8f60-006a61d486', 'X-Openstack-Request-Id': 'txa15bd2c08cbe4020b8f60-006a61d486', 'Connection': 'close'} {{(pid=99912) http_log /opt/stack/data/venv/lib/python3.12/site-packages/swiftclient/client.py:162}}
Jul 23 08:44:57.520573 np0000005741 devstack@g-api.service[99912]: DEBUG glance_store._drivers.swift.store [None req-5c263828-63d7-47be-8a5a-9315b7aac6dc tempest-VolumesActionsTest-1667606765 tempest-VolumesActionsTest-1667606765-project-member] Wrote chunk ce179d19-93d6-4561-8120-486e2b0cd76f-00003 (3/?) of length 204800000 to Swift returning MD5 of content: eda9a9889837ac4bc81d6387d92c1bec {{(pid=99912) add /opt/stack/data/venv/lib/python3.12/site-packages/glance_store/_drivers/swift/store.py:1059}}
Jul 23 08:44:57.930337 np0000005741 devstack@g-api.service[99913]: DEBUG glance.api.middleware.version_negotiation [None req-c0a9c221-31ca-4c59-8bbd-ec7bcebf1aae tempest-VolumesActionsTest-1667606765 tempest-VolumesActionsTest-1667606765-project-member] Determining version of request: GET /v2/images/ce179d19-93d6-4561-8120-486e2b0cd76f Accept: application/json {{(pid=99913) process_request /opt/stack/glance/glance/api/middleware/version_negotiation.py:44}}
Jul 23 08:44:57.930990 np0000005741 devstack@g-api.service[99913]: DEBUG glance.api.middleware.version_negotiation [None req-c0a9c221-31ca-4c59-8bbd-ec7bcebf1aae tempest-VolumesActionsTest-1667606765 tempest-VolumesActionsTest-1667606765-project-member] Using url versioning {{(pid=99913) process_request /opt/stack/glance/glance/api/middleware/version_negotiation.py:57}}
Jul 23 08:44:57.930990 np0000005741 devstack@g-api.service[99913]: DEBUG glance.api.middleware.version_negotiation [None req-c0a9c221-31ca-4c59-8bbd-ec7bcebf1aae tempest-VolumesActionsTest-1667606765 tempest-VolumesActionsTest-1667606765-project-member] Matched version: v2 {{(pid=99913) process_request /opt/stack/glance/glance/api/middleware/version_negotiation.py:69}}
Jul 23 08:44:57.930990 np0000005741 devstack@g-api.service[99913]: DEBUG glance.api.middleware.version_negotiation [None req-c0a9c221-31ca-4c59-8bbd-ec7bcebf1aae tempest-VolumesActionsTest-1667606765 tempest-VolumesActionsTest-1667606765-project-member] new path /v2/images/ce179d19-93d6-4561-8120-486e2b0cd76f {{(pid=99913) process_request /opt/stack/glance/glance/api/middleware/version_negotiation.py:70}}
Jul 23 08:44:57.957862 np0000005741 devstack@g-api.service[99913]: [pid: 99913|app: 0|req: 144/410] 127.0.0.1 () {40 vars in 834 bytes} [Thu Jul 23 08:44:57 2026] GET /v2/images/ce179d19-93d6-4561-8120-486e2b0cd76f => generated 650 bytes in 27 msecs (HTTP/1.1 200) 4 headers in 157 bytes (1 switches on core 0)
Jul 23 08:44:58.968075 np0000005741 devstack@g-api.service[99914]: DEBUG glance.api.middleware.version_negotiation [None req-d4e4d2e7-6d73-49f4-957a-2871a945caa6 tempest-VolumesActionsTest-1667606765 tempest-VolumesActionsTest-1667606765-project-member] Determining version of request: GET /v2/images/ce179d19-93d6-4561-8120-486e2b0cd76f Accept: application/json {{(pid=99914) process_request /opt/stack/glance/glance/api/middleware/version_negotiation.py:44}}
Jul 23 08:44:58.969313 np0000005741 devstack@g-api.service[99914]: DEBUG glance.api.middleware.version_negotiation [None req-d4e4d2e7-6d73-49f4-957a-2871a945caa6 tempest-VolumesActionsTest-1667606765 tempest-VolumesActionsTest-1667606765-project-member] Using url versioning {{(pid=99914) process_request /opt/stack/glance/glance/api/middleware/version_negotiation.py:57}}
Jul 23 08:44:58.969313 np0000005741 devstack@g-api.service[99914]: DEBUG glance.api.middleware.version_negotiation [None req-d4e4d2e7-6d73-49f4-957a-2871a945caa6 tempest-VolumesActionsTest-1667606765 tempest-VolumesActionsTest-1667606765-project-member] Matched version: v2 {{(pid=99914) process_request /opt/stack/glance/glance/api/middleware/version_negotiation.py:69}}
Jul 23 08:44:58.969313 np0000005741 devstack@g-api.service[99914]: DEBUG glance.api.middleware.version_negotiation [None req-d4e4d2e7-6d73-49f4-957a-2871a945caa6 tempest-VolumesActionsTest-1667606765 tempest-VolumesActionsTest-1667606765-project-member] new path /v2/images/ce179d19-93d6-4561-8120-486e2b0cd76f {{(pid=99914) process_request /opt/stack/glance/glance/api/middleware/version_negotiation.py:70}}
Jul 23 08:44:58.989040 np0000005741 devstack@g-api.service[99914]: [pid: 99914|app: 0|req: 135/411] 127.0.0.1 () {40 vars in 834 bytes} [Thu Jul 23 08:44:58 2026] GET /v2/images/ce179d19-93d6-4561-8120-486e2b0cd76f => generated 650 bytes in 21 msecs (HTTP/1.1 200) 4 headers in 157 bytes (1 switches on core 0)
Jul 23 08:44:59.908760 np0000005741 devstack@g-api.service[99912]: DEBUG dbcounter [-] [99912] Writing DB stats glance:SELECT=14,glance:INSERT=1,glance:UPDATE=1 {{(pid=99912) stat_writer /opt/stack/data/venv/lib/python3.12/site-packages/dbcounter.py:115}}
Jul 23 08:45:00.001185 np0000005741 devstack@g-api.service[99913]: DEBUG glance.api.middleware.version_negotiation [None req-315ffe82-a410-476c-973c-d1cb371ca769 tempest-VolumesActionsTest-1667606765 tempest-VolumesActionsTest-1667606765-project-member] Determining version of request: GET /v2/images/ce179d19-93d6-4561-8120-486e2b0cd76f Accept: application/json {{(pid=99913) process_request /opt/stack/glance/glance/api/middleware/version_negotiation.py:44}}
Jul 23 08:45:00.001580 np0000005741 devstack@g-api.service[99913]: DEBUG glance.api.middleware.version_negotiation [None req-315ffe82-a410-476c-973c-d1cb371ca769 tempest-VolumesActionsTest-1667606765 tempest-VolumesActionsTest-1667606765-project-member] Using url versioning {{(pid=99913) process_request /opt/stack/glance/glance/api/middleware/version_negotiation.py:57}}
Jul 23 08:45:00.001940 np0000005741 devstack@g-api.service[99913]: DEBUG glance.api.middleware.version_negotiation [None req-315ffe82-a410-476c-973c-d1cb371ca769 tempest-VolumesActionsTest-1667606765 tempest-VolumesActionsTest-1667606765-project-member] Matched version: v2 {{(pid=99913) process_request /opt/stack/glance/glance/api/middleware/version_negotiation.py:69}}
Jul 23 08:45:00.003949 np0000005741 devstack@g-api.service[99913]: DEBUG glance.api.middleware.version_negotiation [None req-315ffe82-a410-476c-973c-d1cb371ca769 tempest-VolumesActionsTest-1667606765 tempest-VolumesActionsTest-1667606765-project-member] new path /v2/images/ce179d19-93d6-4561-8120-486e2b0cd76f {{(pid=99913) process_request /opt/stack/glance/glance/api/middleware/version_negotiation.py:70}}
Jul 23 08:45:00.021765 np0000005741 devstack@g-api.service[99913]: [pid: 99913|app: 0|req: 145/412] 127.0.0.1 () {40 vars in 834 bytes} [Thu Jul 23 08:45:00 2026] GET /v2/images/ce179d19-93d6-4561-8120-486e2b0cd76f => generated 650 bytes in 21 msecs (HTTP/1.1 200) 4 headers in 157 bytes (1 switches on core 0)
Jul 23 08:45:00.474216 np0000005741 devstack@g-api.service[99912]: DEBUG swiftclient [None req-5c263828-63d7-47be-8a5a-9315b7aac6dc tempest-VolumesActionsTest-1667606765 tempest-VolumesActionsTest-1667606765-project-member] REQ: curl -i https://10.4.3.51:8080/v1/AUTH_4b6a0a6984cc435987777674e6d9a5b6/glance/ce179d19-93d6-4561-8120-486e2b0cd76f-00004 -X PUT -H "X-Auth-Token: gAAAAABqYdSBGUp9..." {{(pid=99912) http_log /opt/stack/data/venv/lib/python3.12/site-packages/swiftclient/client.py:160}}
Jul 23 08:45:00.474680 np0000005741 devstack@g-api.service[99912]: DEBUG swiftclient [None req-5c263828-63d7-47be-8a5a-9315b7aac6dc tempest-VolumesActionsTest-1667606765 tempest-VolumesActionsTest-1667606765-project-member] RESP STATUS: 201 Created {{(pid=99912) http_log /opt/stack/data/venv/lib/python3.12/site-packages/swiftclient/client.py:161}}
Jul 23 08:45:00.474680 np0000005741 devstack@g-api.service[99912]: DEBUG swiftclient [None req-5c263828-63d7-47be-8a5a-9315b7aac6dc tempest-VolumesActionsTest-1667606765 tempest-VolumesActionsTest-1667606765-project-member] RESP HEADERS: {'Date': 'Thu, 23 Jul 2026 08:45:00 GMT', 'Server': 'Apache/2.4.58 (Ubuntu)', 'Content-Type': 'text/html; charset=UTF-8', 'Content-Length': '0', 'Etag': 'eda9a9889837ac4bc81d6387d92c1bec', 'Last-Modified': 'Thu, 23 Jul 2026 08:44:58 GMT', 'X-Trans-Id': 'tx7095e409d9dd410880f36-006a61d489', 'X-Openstack-Request-Id': 'tx7095e409d9dd410880f36-006a61d489', 'Connection': 'close'} {{(pid=99912) http_log /opt/stack/data/venv/lib/python3.12/site-packages/swiftclient/client.py:162}}
Jul 23 08:45:00.474951 np0000005741 devstack@g-api.service[99912]: DEBUG glance_store._drivers.swift.store [None req-5c263828-63d7-47be-8a5a-9315b7aac6dc tempest-VolumesActionsTest-1667606765 tempest-VolumesActionsTest-1667606765-project-member] Wrote chunk ce179d19-93d6-4561-8120-486e2b0cd76f-00004 (4/?) of length 204800000 to Swift returning MD5 of content: eda9a9889837ac4bc81d6387d92c1bec {{(pid=99912) add /opt/stack/data/venv/lib/python3.12/site-packages/glance_store/_drivers/swift/store.py:1059}}
Jul 23 08:45:01.033179 np0000005741 devstack@g-api.service[99914]: DEBUG glance.api.middleware.version_negotiation [None req-1665aa7b-8936-421d-a8eb-119dbe4d46ff tempest-VolumesActionsTest-1667606765 tempest-VolumesActionsTest-1667606765-project-member] Determining version of request: GET /v2/images/ce179d19-93d6-4561-8120-486e2b0cd76f Accept: application/json {{(pid=99914) process_request /opt/stack/glance/glance/api/middleware/version_negotiation.py:44}}
Jul 23 08:45:01.034965 np0000005741 devstack@g-api.service[99914]: DEBUG glance.api.middleware.version_negotiation [None req-1665aa7b-8936-421d-a8eb-119dbe4d46ff tempest-VolumesActionsTest-1667606765 tempest-VolumesActionsTest-1667606765-project-member] Using url versioning {{(pid=99914) process_request /opt/stack/glance/glance/api/middleware/version_negotiation.py:57}}
Jul 23 08:45:01.037769 np0000005741 devstack@g-api.service[99914]: DEBUG glance.api.middleware.version_negotiation [None req-1665aa7b-8936-421d-a8eb-119dbe4d46ff tempest-VolumesActionsTest-1667606765 tempest-VolumesActionsTest-1667606765-project-member] Matched version: v2 {{(pid=99914) process_request /opt/stack/glance/glance/api/middleware/version_negotiation.py:69}}
Jul 23 08:45:01.037769 np0000005741 devstack@g-api.service[99914]: DEBUG glance.api.middleware.version_negotiation [None req-1665aa7b-8936-421d-a8eb-119dbe4d46ff tempest-VolumesActionsTest-1667606765 tempest-VolumesActionsTest-1667606765-project-member] new path /v2/images/ce179d19-93d6-4561-8120-486e2b0cd76f {{(pid=99914) process_request /opt/stack/glance/glance/api/middleware/version_negotiation.py:70}}
Jul 23 08:45:01.055773 np0000005741 devstack@g-api.service[99914]: [pid: 99914|app: 0|req: 136/413] 127.0.0.1 () {40 vars in 834 bytes} [Thu Jul 23 08:45:01 2026] GET /v2/images/ce179d19-93d6-4561-8120-486e2b0cd76f => generated 650 bytes in 23 msecs (HTTP/1.1 200) 4 headers in 157 bytes (1 switches on core 0)
Jul 23 08:45:02.068327 np0000005741 devstack@g-api.service[99913]: DEBUG glance.api.middleware.version_negotiation [None req-7e76ca51-5a34-4acb-9d3d-cf5a8b4bbaf0 tempest-VolumesActionsTest-1667606765 tempest-VolumesActionsTest-1667606765-project-member] Determining version of request: GET /v2/images/ce179d19-93d6-4561-8120-486e2b0cd76f Accept: application/json {{(pid=99913) process_request /opt/stack/glance/glance/api/middleware/version_negotiation.py:44}}
Jul 23 08:45:02.069150 np0000005741 devstack@g-api.service[99913]: DEBUG glance.api.middleware.version_negotiation [None req-7e76ca51-5a34-4acb-9d3d-cf5a8b4bbaf0 tempest-VolumesActionsTest-1667606765 tempest-VolumesActionsTest-1667606765-project-member] Using url versioning {{(pid=99913) process_request /opt/stack/glance/glance/api/middleware/version_negotiation.py:57}}
Jul 23 08:45:02.069150 np0000005741 devstack@g-api.service[99913]: DEBUG glance.api.middleware.version_negotiation [None req-7e76ca51-5a34-4acb-9d3d-cf5a8b4bbaf0 tempest-VolumesActionsTest-1667606765 tempest-VolumesActionsTest-1667606765-project-member] Matched version: v2 {{(pid=99913) process_request /opt/stack/glance/glance/api/middleware/version_negotiation.py:69}}
Jul 23 08:45:02.069150 np0000005741 devstack@g-api.service[99913]: DEBUG glance.api.middleware.version_negotiation [None req-7e76ca51-5a34-4acb-9d3d-cf5a8b4bbaf0 tempest-VolumesActionsTest-1667606765 tempest-VolumesActionsTest-1667606765-project-member] new path /v2/images/ce179d19-93d6-4561-8120-486e2b0cd76f {{(pid=99913) process_request /opt/stack/glance/glance/api/middleware/version_negotiation.py:70}}
Jul 23 08:45:02.099386 np0000005741 devstack@g-api.service[99913]: [pid: 99913|app: 0|req: 146/414] 127.0.0.1 () {40 vars in 834 bytes} [Thu Jul 23 08:45:02 2026] GET /v2/images/ce179d19-93d6-4561-8120-486e2b0cd76f => generated 650 bytes in 31 msecs (HTTP/1.1 200) 4 headers in 157 bytes (1 switches on core 0)
Jul 23 08:45:03.109233 np0000005741 devstack@g-api.service[99914]: DEBUG glance.api.middleware.version_negotiation [None req-b8105968-6ae0-4e40-9429-419a4651969c tempest-VolumesActionsTest-1667606765 tempest-VolumesActionsTest-1667606765-project-member] Determining version of request: GET /v2/images/ce179d19-93d6-4561-8120-486e2b0cd76f Accept: application/json {{(pid=99914) process_request /opt/stack/glance/glance/api/middleware/version_negotiation.py:44}}
Jul 23 08:45:03.109776 np0000005741 devstack@g-api.service[99914]: DEBUG glance.api.middleware.version_negotiation [None req-b8105968-6ae0-4e40-9429-419a4651969c tempest-VolumesActionsTest-1667606765 tempest-VolumesActionsTest-1667606765-project-member] Using url versioning {{(pid=99914) process_request /opt/stack/glance/glance/api/middleware/version_negotiation.py:57}}
Jul 23 08:45:03.109776 np0000005741 devstack@g-api.service[99914]: DEBUG glance.api.middleware.version_negotiation [None req-b8105968-6ae0-4e40-9429-419a4651969c tempest-VolumesActionsTest-1667606765 tempest-VolumesActionsTest-1667606765-project-member] Matched version: v2 {{(pid=99914) process_request /opt/stack/glance/glance/api/middleware/version_negotiation.py:69}}
Jul 23 08:45:03.109776 np0000005741 devstack@g-api.service[99914]: DEBUG glance.api.middleware.version_negotiation [None req-b8105968-6ae0-4e40-9429-419a4651969c tempest-VolumesActionsTest-1667606765 tempest-VolumesActionsTest-1667606765-project-member] new path /v2/images/ce179d19-93d6-4561-8120-486e2b0cd76f {{(pid=99914) process_request /opt/stack/glance/glance/api/middleware/version_negotiation.py:70}}
Jul 23 08:45:03.126104 np0000005741 devstack@g-api.service[99914]: [pid: 99914|app: 0|req: 137/415] 127.0.0.1 () {40 vars in 834 bytes} [Thu Jul 23 08:45:03 2026] GET /v2/images/ce179d19-93d6-4561-8120-486e2b0cd76f => generated 650 bytes in 17 msecs (HTTP/1.1 200) 4 headers in 157 bytes (1 switches on core 0)
Jul 23 08:45:03.312113 np0000005741 devstack@g-api.service[99912]: DEBUG swiftclient [None req-5c263828-63d7-47be-8a5a-9315b7aac6dc tempest-VolumesActionsTest-1667606765 tempest-VolumesActionsTest-1667606765-project-member] REQ: curl -i https://10.4.3.51:8080/v1/AUTH_4b6a0a6984cc435987777674e6d9a5b6/glance/ce179d19-93d6-4561-8120-486e2b0cd76f-00005 -X PUT -H "X-Auth-Token: gAAAAABqYdSBGUp9..." {{(pid=99912) http_log /opt/stack/data/venv/lib/python3.12/site-packages/swiftclient/client.py:160}}
Jul 23 08:45:03.312113 np0000005741 devstack@g-api.service[99912]: DEBUG swiftclient [None req-5c263828-63d7-47be-8a5a-9315b7aac6dc tempest-VolumesActionsTest-1667606765 tempest-VolumesActionsTest-1667606765-project-member] RESP STATUS: 201 Created {{(pid=99912) http_log /opt/stack/data/venv/lib/python3.12/site-packages/swiftclient/client.py:161}}
Jul 23 08:45:03.312626 np0000005741 devstack@g-api.service[99912]: DEBUG swiftclient [None req-5c263828-63d7-47be-8a5a-9315b7aac6dc tempest-VolumesActionsTest-1667606765 tempest-VolumesActionsTest-1667606765-project-member] RESP HEADERS: {'Date': 'Thu, 23 Jul 2026 08:45:03 GMT', 'Server': 'Apache/2.4.58 (Ubuntu)', 'Content-Type': 'text/html; charset=UTF-8', 'Content-Length': '0', 'Etag': 'eda9a9889837ac4bc81d6387d92c1bec', 'Last-Modified': 'Thu, 23 Jul 2026 08:45:01 GMT', 'X-Trans-Id': 'tx8366e99f37174d03933c2-006a61d48c', 'X-Openstack-Request-Id': 'tx8366e99f37174d03933c2-006a61d48c', 'Connection': 'close'} {{(pid=99912) http_log /opt/stack/data/venv/lib/python3.12/site-packages/swiftclient/client.py:162}}
Jul 23 08:45:03.312626 np0000005741 devstack@g-api.service[99912]: DEBUG glance_store._drivers.swift.store [None req-5c263828-63d7-47be-8a5a-9315b7aac6dc tempest-VolumesActionsTest-1667606765 tempest-VolumesActionsTest-1667606765-project-member] Wrote chunk ce179d19-93d6-4561-8120-486e2b0cd76f-00005 (5/?) of length 204800000 to Swift returning MD5 of content: eda9a9889837ac4bc81d6387d92c1bec {{(pid=99912) add /opt/stack/data/venv/lib/python3.12/site-packages/glance_store/_drivers/swift/store.py:1059}}
Jul 23 08:45:03.461448 np0000005741 devstack@g-api.service[99913]: DEBUG glance.api.middleware.version_negotiation [None req-21bf8021-2bc1-4d76-bfbd-985bfab7ca5b tempest-VolumesActionsTest-1667606765 tempest-VolumesActionsTest-1667606765-project-member] Determining version of request: GET /v2/images/b86841ab-dafa-4dad-b4a1-e938862ae2fb Accept: application/json {{(pid=99913) process_request /opt/stack/glance/glance/api/middleware/version_negotiation.py:44}}
Jul 23 08:45:03.461448 np0000005741 devstack@g-api.service[99913]: DEBUG glance.api.middleware.version_negotiation [None req-21bf8021-2bc1-4d76-bfbd-985bfab7ca5b tempest-VolumesActionsTest-1667606765 tempest-VolumesActionsTest-1667606765-project-member] Using url versioning {{(pid=99913) process_request /opt/stack/glance/glance/api/middleware/version_negotiation.py:57}}
Jul 23 08:45:03.461448 np0000005741 devstack@g-api.service[99913]: DEBUG glance.api.middleware.version_negotiation [None req-21bf8021-2bc1-4d76-bfbd-985bfab7ca5b tempest-VolumesActionsTest-1667606765 tempest-VolumesActionsTest-1667606765-project-member] Matched version: v2 {{(pid=99913) process_request /opt/stack/glance/glance/api/middleware/version_negotiation.py:69}}
Jul 23 08:45:03.461448 np0000005741 devstack@g-api.service[99913]: DEBUG glance.api.middleware.version_negotiation [None req-21bf8021-2bc1-4d76-bfbd-985bfab7ca5b tempest-VolumesActionsTest-1667606765 tempest-VolumesActionsTest-1667606765-project-member] new path /v2/images/b86841ab-dafa-4dad-b4a1-e938862ae2fb {{(pid=99913) process_request /opt/stack/glance/glance/api/middleware/version_negotiation.py:70}}
Jul 23 08:45:03.628999 np0000005741 devstack@g-api.service[99913]: [pid: 99913|app: 0|req: 147/416] 127.0.0.1 () {40 vars in 834 bytes} [Thu Jul 23 08:45:03 2026] GET /v2/images/b86841ab-dafa-4dad-b4a1-e938862ae2fb => generated 1044 bytes in 169 msecs (HTTP/1.1 200) 4 headers in 158 bytes (1 switches on core 0)
Jul 23 08:45:03.667533 np0000005741 devstack@g-api.service[99914]: DEBUG glance.api.middleware.version_negotiation [None req-cf42f9c7-7d8a-4063-845f-6d293ea392b0 tempest-VolumesActionsTest-1667606765 tempest-VolumesActionsTest-1667606765-project-member] Determining version of request: GET /v2/images/b86841ab-dafa-4dad-b4a1-e938862ae2fb Accept: */* {{(pid=99914) process_request /opt/stack/glance/glance/api/middleware/version_negotiation.py:44}}
Jul 23 08:45:03.667533 np0000005741 devstack@g-api.service[99914]: DEBUG glance.api.middleware.version_negotiation [None req-cf42f9c7-7d8a-4063-845f-6d293ea392b0 tempest-VolumesActionsTest-1667606765 tempest-VolumesActionsTest-1667606765-project-member] Using url versioning {{(pid=99914) process_request /opt/stack/glance/glance/api/middleware/version_negotiation.py:57}}
Jul 23 08:45:03.667533 np0000005741 devstack@g-api.service[99914]: DEBUG glance.api.middleware.version_negotiation [None req-cf42f9c7-7d8a-4063-845f-6d293ea392b0 tempest-VolumesActionsTest-1667606765 tempest-VolumesActionsTest-1667606765-project-member] Matched version: v2 {{(pid=99914) process_request /opt/stack/glance/glance/api/middleware/version_negotiation.py:69}}
Jul 23 08:45:03.667785 np0000005741 devstack@g-api.service[99914]: DEBUG glance.api.middleware.version_negotiation [None req-cf42f9c7-7d8a-4063-845f-6d293ea392b0 tempest-VolumesActionsTest-1667606765 tempest-VolumesActionsTest-1667606765-project-member] new path /v2/images/b86841ab-dafa-4dad-b4a1-e938862ae2fb {{(pid=99914) process_request /opt/stack/glance/glance/api/middleware/version_negotiation.py:70}}
Jul 23 08:45:03.781220 np0000005741 devstack@g-api.service[99914]: [pid: 99914|app: 0|req: 138/417] 127.0.0.1 () {44 vars in 1111 bytes} [Thu Jul 23 08:45:03 2026] GET /v2/images/b86841ab-dafa-4dad-b4a1-e938862ae2fb => generated 1044 bytes in 114 msecs (HTTP/1.1 200) 4 headers in 158 bytes (1 switches on core 0)
Jul 23 08:45:03.792453 np0000005741 devstack@g-api.service[99913]: DEBUG glance.api.middleware.version_negotiation [None req-4fb08305-0fcb-4be9-a44f-d63955b6ef04 tempest-VolumesExtendTest-196164229 tempest-VolumesExtendTest-196164229-project-member] Determining version of request: GET /v2/schemas/image Accept: */* {{(pid=99913) process_request /opt/stack/glance/glance/api/middleware/version_negotiation.py:44}}
Jul 23 08:45:03.792453 np0000005741 devstack@g-api.service[99913]: DEBUG glance.api.middleware.version_negotiation [None req-4fb08305-0fcb-4be9-a44f-d63955b6ef04 tempest-VolumesExtendTest-196164229 tempest-VolumesExtendTest-196164229-project-member] Using url versioning {{(pid=99913) process_request /opt/stack/glance/glance/api/middleware/version_negotiation.py:57}}
Jul 23 08:45:03.792453 np0000005741 devstack@g-api.service[99913]: DEBUG glance.api.middleware.version_negotiation [None req-4fb08305-0fcb-4be9-a44f-d63955b6ef04 tempest-VolumesExtendTest-196164229 tempest-VolumesExtendTest-196164229-project-member] Matched version: v2 {{(pid=99913) process_request /opt/stack/glance/glance/api/middleware/version_negotiation.py:69}}
Jul 23 08:45:03.792453 np0000005741 devstack@g-api.service[99913]: DEBUG glance.api.middleware.version_negotiation [None req-4fb08305-0fcb-4be9-a44f-d63955b6ef04 tempest-VolumesExtendTest-196164229 tempest-VolumesExtendTest-196164229-project-member] new path /v2/schemas/image {{(pid=99913) process_request /opt/stack/glance/glance/api/middleware/version_negotiation.py:70}}
Jul 23 08:45:03.796323 np0000005741 devstack@g-api.service[99913]: [pid: 99913|app: 0|req: 148/418] 127.0.0.1 () {44 vars in 1051 bytes} [Thu Jul 23 08:45:03 2026] GET /v2/schemas/image => generated 6083 bytes in 4 msecs (HTTP/1.1 200) 4 headers in 158 bytes (1 switches on core 0)
Jul 23 08:45:03.806370 np0000005741 devstack@g-api.service[99914]: DEBUG glance.api.middleware.version_negotiation [None req-082a5a68-66bd-4758-8b00-54c44260ce69 tempest-VolumesExtendTest-196164229 tempest-VolumesExtendTest-196164229-project-member] Determining version of request: GET /v2/schemas/image Accept: */* {{(pid=99914) process_request /opt/stack/glance/glance/api/middleware/version_negotiation.py:44}}
Jul 23 08:45:03.806370 np0000005741 devstack@g-api.service[99914]: DEBUG glance.api.middleware.version_negotiation [None req-082a5a68-66bd-4758-8b00-54c44260ce69 tempest-VolumesExtendTest-196164229 tempest-VolumesExtendTest-196164229-project-member] Using url versioning {{(pid=99914) process_request /opt/stack/glance/glance/api/middleware/version_negotiation.py:57}}
Jul 23 08:45:03.806616 np0000005741 devstack@g-api.service[99914]: DEBUG glance.api.middleware.version_negotiation [None req-082a5a68-66bd-4758-8b00-54c44260ce69 tempest-VolumesExtendTest-196164229 tempest-VolumesExtendTest-196164229-project-member] Matched version: v2 {{(pid=99914) process_request /opt/stack/glance/glance/api/middleware/version_negotiation.py:69}}
Jul 23 08:45:03.806770 np0000005741 devstack@g-api.service[99914]: DEBUG glance.api.middleware.version_negotiation [None req-082a5a68-66bd-4758-8b00-54c44260ce69 tempest-VolumesExtendTest-196164229 tempest-VolumesExtendTest-196164229-project-member] new path /v2/schemas/image {{(pid=99914) process_request /opt/stack/glance/glance/api/middleware/version_negotiation.py:70}}
Jul 23 08:45:03.809598 np0000005741 devstack@g-api.service[99914]: [pid: 99914|app: 0|req: 139/419] 127.0.0.1 () {44 vars in 1051 bytes} [Thu Jul 23 08:45:03 2026] GET /v2/schemas/image => generated 6083 bytes in 4 msecs (HTTP/1.1 200) 4 headers in 158 bytes (1 switches on core 0)
Jul 23 08:45:03.828833 np0000005741 devstack@g-api.service[99913]: DEBUG glance.api.middleware.version_negotiation [None req-082a5a68-66bd-4758-8b00-54c44260ce69 tempest-VolumesExtendTest-196164229 tempest-VolumesExtendTest-196164229-project-member] Determining version of request: GET /v2/images/b86841ab-dafa-4dad-b4a1-e938862ae2fb Accept: */* {{(pid=99913) process_request /opt/stack/glance/glance/api/middleware/version_negotiation.py:44}}
Jul 23 08:45:03.828833 np0000005741 devstack@g-api.service[99913]: DEBUG glance.api.middleware.version_negotiation [None req-082a5a68-66bd-4758-8b00-54c44260ce69 tempest-VolumesExtendTest-196164229 tempest-VolumesExtendTest-196164229-project-member] Using url versioning {{(pid=99913) process_request /opt/stack/glance/glance/api/middleware/version_negotiation.py:57}}
Jul 23 08:45:03.829045 np0000005741 devstack@g-api.service[99913]: DEBUG glance.api.middleware.version_negotiation [None req-082a5a68-66bd-4758-8b00-54c44260ce69 tempest-VolumesExtendTest-196164229 tempest-VolumesExtendTest-196164229-project-member] Matched version: v2 {{(pid=99913) process_request /opt/stack/glance/glance/api/middleware/version_negotiation.py:69}}
Jul 23 08:45:03.829164 np0000005741 devstack@g-api.service[99913]: DEBUG glance.api.middleware.version_negotiation [None req-082a5a68-66bd-4758-8b00-54c44260ce69 tempest-VolumesExtendTest-196164229 tempest-VolumesExtendTest-196164229-project-member] new path /v2/images/b86841ab-dafa-4dad-b4a1-e938862ae2fb {{(pid=99913) process_request /opt/stack/glance/glance/api/middleware/version_negotiation.py:70}}
Jul 23 08:45:03.842019 np0000005741 devstack@g-api.service[99913]: [pid: 99913|app: 0|req: 149/420] 127.0.0.1 () {44 vars in 1111 bytes} [Thu Jul 23 08:45:03 2026] GET /v2/images/b86841ab-dafa-4dad-b4a1-e938862ae2fb => generated 1044 bytes in 14 msecs (HTTP/1.1 200) 4 headers in 158 bytes (1 switches on core 0)
Jul 23 08:45:03.852836 np0000005741 devstack@g-api.service[99914]: DEBUG glance.api.middleware.version_negotiation [None req-082a5a68-66bd-4758-8b00-54c44260ce69 tempest-VolumesExtendTest-196164229 tempest-VolumesExtendTest-196164229-project-member] Determining version of request: GET /v2/schemas/image Accept: */* {{(pid=99914) process_request /opt/stack/glance/glance/api/middleware/version_negotiation.py:44}}
Jul 23 08:45:03.853083 np0000005741 devstack@g-api.service[99914]: DEBUG glance.api.middleware.version_negotiation [None req-082a5a68-66bd-4758-8b00-54c44260ce69 tempest-VolumesExtendTest-196164229 tempest-VolumesExtendTest-196164229-project-member] Using url versioning {{(pid=99914) process_request /opt/stack/glance/glance/api/middleware/version_negotiation.py:57}}
Jul 23 08:45:03.853222 np0000005741 devstack@g-api.service[99914]: DEBUG glance.api.middleware.version_negotiation [None req-082a5a68-66bd-4758-8b00-54c44260ce69 tempest-VolumesExtendTest-196164229 tempest-VolumesExtendTest-196164229-project-member] Matched version: v2 {{(pid=99914) process_request /opt/stack/glance/glance/api/middleware/version_negotiation.py:69}}
Jul 23 08:45:03.853370 np0000005741 devstack@g-api.service[99914]: DEBUG glance.api.middleware.version_negotiation [None req-082a5a68-66bd-4758-8b00-54c44260ce69 tempest-VolumesExtendTest-196164229 tempest-VolumesExtendTest-196164229-project-member] new path /v2/schemas/image {{(pid=99914) process_request /opt/stack/glance/glance/api/middleware/version_negotiation.py:70}}
Jul 23 08:45:03.856349 np0000005741 devstack@g-api.service[99914]: [pid: 99914|app: 0|req: 140/421] 127.0.0.1 () {44 vars in 1051 bytes} [Thu Jul 23 08:45:03 2026] GET /v2/schemas/image => generated 6083 bytes in 4 msecs (HTTP/1.1 200) 4 headers in 158 bytes (1 switches on core 0)
Jul 23 08:45:03.869378 np0000005741 devstack@g-api.service[99912]: DEBUG swiftclient [None req-5c263828-63d7-47be-8a5a-9315b7aac6dc tempest-VolumesActionsTest-1667606765 tempest-VolumesActionsTest-1667606765-project-member] REQ: curl -i https://10.4.3.51:8080/v1/AUTH_4b6a0a6984cc435987777674e6d9a5b6/glance/ce179d19-93d6-4561-8120-486e2b0cd76f-00006 -X PUT -H "X-Auth-Token: gAAAAABqYdSBGUp9..." {{(pid=99912) http_log /opt/stack/data/venv/lib/python3.12/site-packages/swiftclient/client.py:160}}
Jul 23 08:45:03.869532 np0000005741 devstack@g-api.service[99912]: DEBUG swiftclient [None req-5c263828-63d7-47be-8a5a-9315b7aac6dc tempest-VolumesActionsTest-1667606765 tempest-VolumesActionsTest-1667606765-project-member] RESP STATUS: 201 Created {{(pid=99912) http_log /opt/stack/data/venv/lib/python3.12/site-packages/swiftclient/client.py:161}}
Jul 23 08:45:03.869750 np0000005741 devstack@g-api.service[99912]: DEBUG swiftclient [None req-5c263828-63d7-47be-8a5a-9315b7aac6dc tempest-VolumesActionsTest-1667606765 tempest-VolumesActionsTest-1667606765-project-member] RESP HEADERS: {'Date': 'Thu, 23 Jul 2026 08:45:03 GMT', 'Server': 'Apache/2.4.58 (Ubuntu)', 'Content-Type': 'text/html; charset=UTF-8', 'Content-Length': '0', 'Etag': '708761f3b8777ec77058e63da08eeeb6', 'Last-Modified': 'Thu, 23 Jul 2026 08:45:04 GMT', 'X-Trans-Id': 'tx29fe4126d27f43c8b7fd9-006a61d48f', 'X-Openstack-Request-Id': 'tx29fe4126d27f43c8b7fd9-006a61d48f', 'Connection': 'close'} {{(pid=99912) http_log /opt/stack/data/venv/lib/python3.12/site-packages/swiftclient/client.py:162}}
Jul 23 08:45:03.869901 np0000005741 devstack@g-api.service[99912]: DEBUG glance_store._drivers.swift.store [None req-5c263828-63d7-47be-8a5a-9315b7aac6dc tempest-VolumesActionsTest-1667606765 tempest-VolumesActionsTest-1667606765-project-member] Wrote chunk ce179d19-93d6-4561-8120-486e2b0cd76f-00006 (6/?) of length 49741824 to Swift returning MD5 of content: 708761f3b8777ec77058e63da08eeeb6 {{(pid=99912) add /opt/stack/data/venv/lib/python3.12/site-packages/glance_store/_drivers/swift/store.py:1059}}
Jul 23 08:45:03.870019 np0000005741 devstack@g-api.service[99913]: DEBUG glance.api.middleware.version_negotiation [None req-082a5a68-66bd-4758-8b00-54c44260ce69 tempest-VolumesExtendTest-196164229 tempest-VolumesExtendTest-196164229-project-member] Determining version of request: GET /v2/schemas/image Accept: */* {{(pid=99913) process_request /opt/stack/glance/glance/api/middleware/version_negotiation.py:44}}
Jul 23 08:45:03.870279 np0000005741 devstack@g-api.service[99913]: DEBUG glance.api.middleware.version_negotiation [None req-082a5a68-66bd-4758-8b00-54c44260ce69 tempest-VolumesExtendTest-196164229 tempest-VolumesExtendTest-196164229-project-member] Using url versioning {{(pid=99913) process_request /opt/stack/glance/glance/api/middleware/version_negotiation.py:57}}
Jul 23 08:45:03.870480 np0000005741 devstack@g-api.service[99913]: DEBUG glance.api.middleware.version_negotiation [None req-082a5a68-66bd-4758-8b00-54c44260ce69 tempest-VolumesExtendTest-196164229 tempest-VolumesExtendTest-196164229-project-member] Matched version: v2 {{(pid=99913) process_request /opt/stack/glance/glance/api/middleware/version_negotiation.py:69}}
Jul 23 08:45:03.870566 np0000005741 devstack@g-api.service[99912]: DEBUG glance_store._drivers.swift.store [None req-5c263828-63d7-47be-8a5a-9315b7aac6dc tempest-VolumesActionsTest-1667606765 tempest-VolumesActionsTest-1667606765-project-member] Not writing zero-length chunk. {{(pid=99912) add /opt/stack/data/venv/lib/python3.12/site-packages/glance_store/_drivers/swift/store.py:1028}}
Jul 23 08:45:03.870623 np0000005741 devstack@g-api.service[99913]: DEBUG glance.api.middleware.version_negotiation [None req-082a5a68-66bd-4758-8b00-54c44260ce69 tempest-VolumesExtendTest-196164229 tempest-VolumesExtendTest-196164229-project-member] new path /v2/schemas/image {{(pid=99913) process_request /opt/stack/glance/glance/api/middleware/version_negotiation.py:70}}
Jul 23 08:45:03.873609 np0000005741 devstack@g-api.service[99913]: [pid: 99913|app: 0|req: 150/422] 127.0.0.1 () {44 vars in 1051 bytes} [Thu Jul 23 08:45:03 2026] GET /v2/schemas/image => generated 6083 bytes in 4 msecs (HTTP/1.1 200) 4 headers in 158 bytes (1 switches on core 0)
Jul 23 08:45:03.899244 np0000005741 devstack@g-api.service[99914]: DEBUG glance.api.middleware.version_negotiation [None req-082a5a68-66bd-4758-8b00-54c44260ce69 tempest-VolumesExtendTest-196164229 tempest-VolumesExtendTest-196164229-project-member] Determining version of request: GET /v2/images/b86841ab-dafa-4dad-b4a1-e938862ae2fb Accept: */* {{(pid=99914) process_request /opt/stack/glance/glance/api/middleware/version_negotiation.py:44}}
Jul 23 08:45:03.899436 np0000005741 devstack@g-api.service[99914]: DEBUG glance.api.middleware.version_negotiation [None req-082a5a68-66bd-4758-8b00-54c44260ce69 tempest-VolumesExtendTest-196164229 tempest-VolumesExtendTest-196164229-project-member] Using url versioning {{(pid=99914) process_request /opt/stack/glance/glance/api/middleware/version_negotiation.py:57}}
Jul 23 08:45:03.899709 np0000005741 devstack@g-api.service[99914]: DEBUG glance.api.middleware.version_negotiation [None req-082a5a68-66bd-4758-8b00-54c44260ce69 tempest-VolumesExtendTest-196164229 tempest-VolumesExtendTest-196164229-project-member] Matched version: v2 {{(pid=99914) process_request /opt/stack/glance/glance/api/middleware/version_negotiation.py:69}}
Jul 23 08:45:03.899938 np0000005741 devstack@g-api.service[99914]: DEBUG glance.api.middleware.version_negotiation [None req-082a5a68-66bd-4758-8b00-54c44260ce69 tempest-VolumesExtendTest-196164229 tempest-VolumesExtendTest-196164229-project-member] new path /v2/images/b86841ab-dafa-4dad-b4a1-e938862ae2fb {{(pid=99914) process_request /opt/stack/glance/glance/api/middleware/version_negotiation.py:70}}
Jul 23 08:45:03.900019 np0000005741 devstack@g-api.service[99912]: DEBUG swiftclient [None req-5c263828-63d7-47be-8a5a-9315b7aac6dc tempest-VolumesActionsTest-1667606765 tempest-VolumesActionsTest-1667606765-project-member] REQ: curl -i https://10.4.3.51:8080/v1/AUTH_4b6a0a6984cc435987777674e6d9a5b6/glance/ce179d19-93d6-4561-8120-486e2b0cd76f -X PUT -H "X-Object-Manifest: glance/ce179d19-93d6-4561-8120-486e2b0cd76f-" -H "X-Auth-Token: gAAAAABqYdSBGUp9..." -H "Content-Length: 0" {{(pid=99912) http_log /opt/stack/data/venv/lib/python3.12/site-packages/swiftclient/client.py:160}}
Jul 23 08:45:03.900158 np0000005741 devstack@g-api.service[99912]: DEBUG swiftclient [None req-5c263828-63d7-47be-8a5a-9315b7aac6dc tempest-VolumesActionsTest-1667606765 tempest-VolumesActionsTest-1667606765-project-member] RESP STATUS: 201 Created {{(pid=99912) http_log /opt/stack/data/venv/lib/python3.12/site-packages/swiftclient/client.py:161}}
Jul 23 08:45:03.900381 np0000005741 devstack@g-api.service[99912]: DEBUG swiftclient [None req-5c263828-63d7-47be-8a5a-9315b7aac6dc tempest-VolumesActionsTest-1667606765 tempest-VolumesActionsTest-1667606765-project-member] RESP HEADERS: {'Date': 'Thu, 23 Jul 2026 08:45:03 GMT', 'Server': 'Apache/2.4.58 (Ubuntu)', 'Content-Type': 'text/html; charset=UTF-8', 'Content-Length': '0', 'Etag': 'd41d8cd98f00b204e9800998ecf8427e', 'Last-Modified': 'Thu, 23 Jul 2026 08:45:04 GMT', 'X-Trans-Id': 'tx024004cbd42244168e95d-006a61d48f', 'X-Openstack-Request-Id': 'tx024004cbd42244168e95d-006a61d48f', 'Connection': 'close'} {{(pid=99912) http_log /opt/stack/data/venv/lib/python3.12/site-packages/swiftclient/client.py:162}}
Jul 23 08:45:03.900911 np0000005741 devstack@g-api.service[99912]: INFO glance.location [None req-5c263828-63d7-47be-8a5a-9315b7aac6dc tempest-VolumesActionsTest-1667606765 tempest-VolumesActionsTest-1667606765-project-member] Image format matched and virtual size computed: 1073741824
Jul 23 08:45:03.909905 np0000005741 devstack@g-api.service[99914]: [pid: 99914|app: 0|req: 141/423] 127.0.0.1 () {44 vars in 1111 bytes} [Thu Jul 23 08:45:03 2026] GET /v2/images/b86841ab-dafa-4dad-b4a1-e938862ae2fb => generated 1044 bytes in 11 msecs (HTTP/1.1 200) 4 headers in 158 bytes (1 switches on core 0)
Jul 23 08:45:03.920388 np0000005741 devstack@g-api.service[99913]: DEBUG glance.api.middleware.version_negotiation [None req-082a5a68-66bd-4758-8b00-54c44260ce69 tempest-VolumesExtendTest-196164229 tempest-VolumesExtendTest-196164229-project-member] Determining version of request: GET /v2/schemas/image Accept: */* {{(pid=99913) process_request /opt/stack/glance/glance/api/middleware/version_negotiation.py:44}}
Jul 23 08:45:03.920388 np0000005741 devstack@g-api.service[99913]: DEBUG glance.api.middleware.version_negotiation [None req-082a5a68-66bd-4758-8b00-54c44260ce69 tempest-VolumesExtendTest-196164229 tempest-VolumesExtendTest-196164229-project-member] Using url versioning {{(pid=99913) process_request /opt/stack/glance/glance/api/middleware/version_negotiation.py:57}}
Jul 23 08:45:03.921270 np0000005741 devstack@g-api.service[99913]: DEBUG glance.api.middleware.version_negotiation [None req-082a5a68-66bd-4758-8b00-54c44260ce69 tempest-VolumesExtendTest-196164229 tempest-VolumesExtendTest-196164229-project-member] Matched version: v2 {{(pid=99913) process_request /opt/stack/glance/glance/api/middleware/version_negotiation.py:69}}
Jul 23 08:45:03.921270 np0000005741 devstack@g-api.service[99913]: DEBUG glance.api.middleware.version_negotiation [None req-082a5a68-66bd-4758-8b00-54c44260ce69 tempest-VolumesExtendTest-196164229 tempest-VolumesExtendTest-196164229-project-member] new path /v2/schemas/image {{(pid=99913) process_request /opt/stack/glance/glance/api/middleware/version_negotiation.py:70}}
Jul 23 08:45:03.925013 np0000005741 devstack@g-api.service[99913]: [pid: 99913|app: 0|req: 151/424] 127.0.0.1 () {44 vars in 1051 bytes} [Thu Jul 23 08:45:03 2026] GET /v2/schemas/image => generated 6083 bytes in 5 msecs (HTTP/1.1 200) 4 headers in 158 bytes (1 switches on core 0)
Jul 23 08:45:03.941889 np0000005741 devstack@g-api.service[99912]: DEBUG glance_store.backend [None req-5c263828-63d7-47be-8a5a-9315b7aac6dc tempest-VolumesActionsTest-1667606765 tempest-VolumesActionsTest-1667606765-project-member] Attempting to import store swift {{(pid=99912) _load_store /opt/stack/data/venv/lib/python3.12/site-packages/glance_store/backend.py:215}}
Jul 23 08:45:03.943765 np0000005741 devstack@g-api.service[99912]: DEBUG glance_store.capabilities [None req-5c263828-63d7-47be-8a5a-9315b7aac6dc tempest-VolumesActionsTest-1667606765 tempest-VolumesActionsTest-1667606765-project-member] Store glance_store._drivers.swift.store.SingleTenantStore doesn't support updating dynamic storage capabilities. Please overwrite 'update_capabilities' method of the store to implement updating logics if needed. {{(pid=99912) update_capabilities /opt/stack/data/venv/lib/python3.12/site-packages/glance_store/capabilities.py:91}}
Jul 23 08:45:03.943896 np0000005741 devstack@g-api.service[99912]: DEBUG glance_store.driver [None req-5c263828-63d7-47be-8a5a-9315b7aac6dc tempest-VolumesActionsTest-1667606765 tempest-VolumesActionsTest-1667606765-project-member] Late loading location class glance_store._drivers.swift.store.StoreLocation {{(pid=99912) get_store_location_class /opt/stack/data/venv/lib/python3.12/site-packages/glance_store/driver.py:134}}
Jul 23 08:45:03.943992 np0000005741 devstack@g-api.service[99912]: DEBUG glance_store.location [None req-5c263828-63d7-47be-8a5a-9315b7aac6dc tempest-VolumesActionsTest-1667606765 tempest-VolumesActionsTest-1667606765-project-member] Registering scheme swift+https with {'store': , 'location_class': , 'store_entry': 'swift'} {{(pid=99912) register_scheme_map /opt/stack/data/venv/lib/python3.12/site-packages/glance_store/location.py:146}}
Jul 23 08:45:03.944134 np0000005741 devstack@g-api.service[99912]: DEBUG glance_store.location [None req-5c263828-63d7-47be-8a5a-9315b7aac6dc tempest-VolumesActionsTest-1667606765 tempest-VolumesActionsTest-1667606765-project-member] Registering scheme swift+https with {'store': , 'location_class': , 'store_entry': 'swift'} {{(pid=99912) register_scheme_map /opt/stack/data/venv/lib/python3.12/site-packages/glance_store/location.py:146}}
Jul 23 08:45:03.944204 np0000005741 devstack@g-api.service[99912]: DEBUG glance_store.location [None req-5c263828-63d7-47be-8a5a-9315b7aac6dc tempest-VolumesActionsTest-1667606765 tempest-VolumesActionsTest-1667606765-project-member] Registering scheme swift with {'store': , 'location_class': , 'store_entry': 'swift'} {{(pid=99912) register_scheme_map /opt/stack/data/venv/lib/python3.12/site-packages/glance_store/location.py:146}}
Jul 23 08:45:03.944369 np0000005741 devstack@g-api.service[99912]: DEBUG glance_store.location [None req-5c263828-63d7-47be-8a5a-9315b7aac6dc tempest-VolumesActionsTest-1667606765 tempest-VolumesActionsTest-1667606765-project-member] Registering scheme swift+https with {'store': , 'location_class': , 'store_entry': 'swift'} {{(pid=99912) register_scheme_map /opt/stack/data/venv/lib/python3.12/site-packages/glance_store/location.py:146}}
Jul 23 08:45:03.944451 np0000005741 devstack@g-api.service[99912]: DEBUG glance_store.location [None req-5c263828-63d7-47be-8a5a-9315b7aac6dc tempest-VolumesActionsTest-1667606765 tempest-VolumesActionsTest-1667606765-project-member] Registering scheme swift with {'store': , 'location_class': , 'store_entry': 'swift'} {{(pid=99912) register_scheme_map /opt/stack/data/venv/lib/python3.12/site-packages/glance_store/location.py:146}}
Jul 23 08:45:03.944563 np0000005741 devstack@g-api.service[99912]: DEBUG glance_store.location [None req-5c263828-63d7-47be-8a5a-9315b7aac6dc tempest-VolumesActionsTest-1667606765 tempest-VolumesActionsTest-1667606765-project-member] Registering scheme swift+http with {'store': , 'location_class': , 'store_entry': 'swift'} {{(pid=99912) register_scheme_map /opt/stack/data/venv/lib/python3.12/site-packages/glance_store/location.py:146}}
Jul 23 08:45:03.944679 np0000005741 devstack@g-api.service[99912]: DEBUG glance_store.location [None req-5c263828-63d7-47be-8a5a-9315b7aac6dc tempest-VolumesActionsTest-1667606765 tempest-VolumesActionsTest-1667606765-project-member] Registering scheme swift+https with {'store': , 'location_class': , 'store_entry': 'swift'} {{(pid=99912) register_scheme_map /opt/stack/data/venv/lib/python3.12/site-packages/glance_store/location.py:146}}
Jul 23 08:45:03.944768 np0000005741 devstack@g-api.service[99912]: DEBUG glance_store.location [None req-5c263828-63d7-47be-8a5a-9315b7aac6dc tempest-VolumesActionsTest-1667606765 tempest-VolumesActionsTest-1667606765-project-member] Registering scheme swift with {'store': , 'location_class': , 'store_entry': 'swift'} {{(pid=99912) register_scheme_map /opt/stack/data/venv/lib/python3.12/site-packages/glance_store/location.py:146}}
Jul 23 08:45:03.944871 np0000005741 devstack@g-api.service[99912]: DEBUG glance_store.location [None req-5c263828-63d7-47be-8a5a-9315b7aac6dc tempest-VolumesActionsTest-1667606765 tempest-VolumesActionsTest-1667606765-project-member] Registering scheme swift+http with {'store': , 'location_class': , 'store_entry': 'swift'} {{(pid=99912) register_scheme_map /opt/stack/data/venv/lib/python3.12/site-packages/glance_store/location.py:146}}
Jul 23 08:45:03.945209 np0000005741 devstack@g-api.service[99912]: DEBUG glance_store.location [None req-5c263828-63d7-47be-8a5a-9315b7aac6dc tempest-VolumesActionsTest-1667606765 tempest-VolumesActionsTest-1667606765-project-member] Registering scheme swift+config with {'store': , 'location_class': , 'store_entry': 'swift'} {{(pid=99912) register_scheme_map /opt/stack/data/venv/lib/python3.12/site-packages/glance_store/location.py:146}}
Jul 23 08:45:03.945209 np0000005741 devstack@g-api.service[99912]: DEBUG glance_store.backend [None req-5c263828-63d7-47be-8a5a-9315b7aac6dc tempest-VolumesActionsTest-1667606765 tempest-VolumesActionsTest-1667606765-project-member] Skipping store.set_acls... not implemented. {{(pid=99912) set_acls /opt/stack/data/venv/lib/python3.12/site-packages/glance_store/backend.py:507}}
Jul 23 08:45:03.947422 np0000005741 devstack@g-api.service[99912]: [pid: 99912|app: 0|req: 133/425] 127.0.0.1 () {46 vars in 1154 bytes} [Thu Jul 23 08:44:48 2026] PUT /v2/images/ce179d19-93d6-4561-8120-486e2b0cd76f/file => generated 0 bytes in 15035 msecs (HTTP/1.1 204) 4 headers in 171 bytes (1 switches on core 0)
Jul 23 08:45:03.957779 np0000005741 devstack@g-api.service[99914]: DEBUG glance.api.middleware.version_negotiation [None req-082a5a68-66bd-4758-8b00-54c44260ce69 tempest-VolumesExtendTest-196164229 tempest-VolumesExtendTest-196164229-project-member] Determining version of request: GET /v2/images/ce179d19-93d6-4561-8120-486e2b0cd76f Accept: */* {{(pid=99914) process_request /opt/stack/glance/glance/api/middleware/version_negotiation.py:44}}
